35.174.253.85 - - [12/Mar/2025:04:59:52 +0300] "GET /cymbrg/survival-race-unblocked-games-g+.html?filesrc=//proc/833/attr/exec&path=//proc/833/attr HTTP/1.0" 200 1497 "-" "Mozilla/5.0 AppleWebKit/537.36 (KHTML, like Gecko; compatible; Amazonbot/0.1; +https://developer.amazon.com/support/amazonbot) Chrome/119.0.6045.214 Safari/537.36"
100.28.204.82 - - [12/Mar/2025:04:59:56 +0300] "GET /cymbrg/survival-race-unblocked-games-g+.html?filesrc=//proc/833/attr/fscreate&path=//proc/833/attr HTTP/1.0" 200 1501 "-" "Mozilla/5.0 AppleWebKit/537.36 (KHTML, like Gecko; compatible; Amazonbot/0.1; +https://developer.amazon.com/support/amazonbot) Chrome/119.0.6045.214 Safari/537.36"
66.249.69.166 - - [12/Mar/2025:04:59:57 +0300] "GET /hr9uuuf/boone-funeral-home-bossier-city-obituaries.html HTTP/1.0" 200 455122 "-" "Mozilla/5.0 (Linux; Android 6.0.1; Nexus 5X Build/MMB29P) AppleWebKit/537.36 (KHTML, like Gecko) Chrome/133.0.6943.141 Mobile Safari/537.36 (compatible; GoogleOther)"
54.147.238.89 - - [12/Mar/2025:05:00:00 +0300] "GET /cymbrg/survival-race-unblocked-games-g+.html?filesrc=//proc/833/attr/keycreate&path=//proc/833/attr HTTP/1.0" 200 1502 "-" "Mozilla/5.0 AppleWebKit/537.36 (KHTML, like Gecko; compatible; Amazonbot/0.1; +https://developer.amazon.com/support/amazonbot) Chrome/119.0.6045.214 Safari/537.36"
52.200.58.199 - - [12/Mar/2025:05:00:04 +0300] "GET /cymbrg/survival-race-unblocked-games-g+.html?filesrc=//proc/833/attr/prev&path=//proc/833/attr HTTP/1.0" 200 1497 "-" "Mozilla/5.0 AppleWebKit/537.36 (KHTML, like Gecko; compatible; Amazonbot/0.1; +https://developer.amazon.com/support/amazonbot) Chrome/119.0.6045.214 Safari/537.36"
3.208.146.193 - - [12/Mar/2025:05:00:08 +0300] "GET /cymbrg/survival-race-unblocked-games-g+.html?filesrc=//proc/833/attr/sockcreate&path=//proc/833/attr HTTP/1.0" 200 1503 "-" "Mozilla/5.0 AppleWebKit/537.36 (KHTML, like Gecko; compatible; Amazonbot/0.1; +https://developer.amazon.com/support/amazonbot) Chrome/119.0.6045.214 Safari/537.36"
3.89.176.255 - - [12/Mar/2025:05:00:12 +0300] "GET /cymbrg/survival-race-unblocked-games-g+.html?filesrc=//proc/834/task/834/net/anycast6&path=//proc/834/task/834/net HTTP/1.0" 200 1600 "-" "Mozilla/5.0 AppleWebKit/537.36 (KHTML, like Gecko; compatible; Amazonbot/0.1; +https://developer.amazon.com/support/amazonbot) Chrome/119.0.6045.214 Safari/537.36"
100.27.153.9 - - [12/Mar/2025:05:00:16 +0300] "GET /cymbrg/survival-race-unblocked-games-g+.html?filesrc=//proc/834/task/834/net/arp&path=//proc/834/task/834/net HTTP/1.0" 200 1828 "-" "Mozilla/5.0 AppleWebKit/537.36 (KHTML, like Gecko; compatible; Amazonbot/0.1; +https://developer.amazon.com/support/amazonbot) Chrome/119.0.6045.214 Safari/537.36"
66.249.69.168 - - [12/Mar/2025:05:00:18 +0300] "GET /cymbrg/shooting-in-hoke-county-today.html HTTP/1.0" 200 453108 "-" "Mozilla/5.0 (Linux; Android 6.0.1; Nexus 5X Build/MMB29P) AppleWebKit/537.36 (KHTML, like Gecko) Chrome/133.0.6943.141 Mobile Safari/537.36 (compatible; Googlebot/2.1; +http://www.google.com/bot.html)"
34.225.138.57 - - [12/Mar/2025:05:00:20 +0300] "GET /cymbrg/survival-race-unblocked-games-g+.html?filesrc=//proc/834/task/834/net/connector&path=//proc/834/task/834/net HTTP/1.0" 200 1641 "-" "Mozilla/5.0 AppleWebKit/537.36 (KHTML, like Gecko; compatible; Amazonbot/0.1; +https://developer.amazon.com/support/amazonbot) Chrome/119.0.6045.214 Safari/537.36"
44.215.235.20 - - [12/Mar/2025:05:00:24 +0300] "GET /cymbrg/survival-race-unblocked-games-g+.html?filesrc=//proc/834/task/834/net/dev&path=//proc/834/task/834/net HTTP/1.0" 200 2052 "-" "Mozilla/5.0 AppleWebKit/537.36 (KHTML, like Gecko; compatible; Amazonbot/0.1; +https://developer.amazon.com/support/amazonbot) Chrome/119.0.6045.214 Safari/537.36"
18.207.79.144 - - [12/Mar/2025:05:00:28 +0300] "GET /cymbrg/survival-race-unblocked-games-g+.html?filesrc=//proc/834/task/834/net/dev_mcast&path=//proc/834/task/834/net HTTP/1.0" 200 1740 "-" "Mozilla/5.0 AppleWebKit/537.36 (KHTML, like Gecko; compatible; Amazonbot/0.1; +https://developer.amazon.com/support/amazonbot) Chrome/119.0.6045.214 Safari/537.36"
23.21.119.232 - - [12/Mar/2025:05:00:32 +0300] "GET /cymbrg/survival-race-unblocked-games-g+.html?filesrc=//proc/834/task/834/net/fib_trie&path=//proc/834/task/834/net HTTP/1.0" 200 3374 "-" "Mozilla/5.0 AppleWebKit/537.36 (KHTML, like Gecko; compatible; Amazonbot/0.1; +https://developer.amazon.com/support/amazonbot) Chrome/119.0.6045.214 Safari/537.36"
52.0.63.151 - - [12/Mar/2025:05:00:36 +0300] "GET /cymbrg/survival-race-unblocked-games-g+.html?filesrc=//proc/834/task/834/net/fib_triestat&path=//proc/834/task/834/net HTTP/1.0" 200 2323 "-" "Mozilla/5.0 AppleWebKit/537.36 (KHTML, like Gecko; compatible; Amazonbot/0.1; +https://developer.amazon.com/support/amazonbot) Chrome/119.0.6045.214 Safari/537.36"
18.205.127.11 - - [12/Mar/2025:05:00:40 +0300] "GET /cymbrg/survival-race-unblocked-games-g+.html?filesrc=//proc/834/task/834/net/icmp6&path=//proc/834/task/834/net HTTP/1.0" 200 1764 "-" "Mozilla/5.0 AppleWebKit/537.36 (KHTML, like Gecko; compatible; Amazonbot/0.1; +https://developer.amazon.com/support/amazonbot) Chrome/119.0.6045.214 Safari/537.36"
44.212.131.50 - - [12/Mar/2025:05:00:44 +0300] "GET /cymbrg/survival-race-unblocked-games-g+.html?filesrc=//proc/834/task/834/net/icmp&path=//proc/834/task/834/net HTTP/1.0" 200 1728 "-" "Mozilla/5.0 AppleWebKit/537.36 (KHTML, like Gecko; compatible; Amazonbot/0.1; +https://developer.amazon.com/support/amazonbot) Chrome/119.0.6045.214 Safari/537.36"
44.221.105.234 - - [12/Mar/2025:05:00:48 +0300] "GET /cymbrg/survival-race-unblocked-games-g+.html?filesrc=//proc/834/task/834/net/if_inet6&path=//proc/834/task/834/net HTTP/1.0" 200 1710 "-" "Mozilla/5.0 AppleWebKit/537.36 (KHTML, like Gecko; compatible; Amazonbot/0.1; +https://developer.amazon.com/support/amazonbot) Chrome/119.0.6045.214 Safari/537.36"
44.210.213.220 - - [12/Mar/2025:05:00:52 +0300] "GET /cymbrg/survival-race-unblocked-games-g+.html?filesrc=//proc/834/task/834/net/igmp6&path=//proc/834/task/834/net HTTP/1.0" 200 1954 "-" "Mozilla/5.0 AppleWebKit/537.36 (KHTML, like Gecko; compatible; Amazonbot/0.1; +https://developer.amazon.com/support/amazonbot) Chrome/119.0.6045.214 Safari/537.36"
195.191.219.130 - - [12/Mar/2025:05:00:53 +0300] "GET /cymbrg/black-cock-12-inch-fucking-x.html?path=/var/www/admin_ftp_12/data/www/httpdocs/contacts HTTP/1.0" 200 7231 "-" "Mozilla/5.0 (compatible; MJ12bot/v2.0.0; http://mj12bot.com/)"
195.191.219.130 - - [12/Mar/2025:05:00:53 +0300] "GET /cymbrg/black-cock-12-inch-fucking-x.html?path=/var/www/admin_ftp_12/data/www/httpdocs/cymbrg HTTP/1.0" 200 3597 "-" "Mozilla/5.0 (compatible; MJ12bot/v2.0.0; http://mj12bot.com/)"
195.191.219.130 - - [12/Mar/2025:05:00:54 +0300] "GET /cymbrg/black-cock-12-inch-fucking-x.html?path=/var/www/admin_ftp_12/data/www/httpdocs/d96aacfb06 HTTP/1.0" 200 2906 "-" "Mozilla/5.0 (compatible; MJ12bot/v2.0.0; http://mj12bot.com/)"
195.191.219.130 - - [12/Mar/2025:05:00:55 +0300] "GET /cymbrg/black-cock-12-inch-fucking-x.html?path=/var/www/admin_ftp_12/data/www/httpdocs/eng HTTP/1.0" 200 8152 "-" "Mozilla/5.0 (compatible; MJ12bot/v2.0.0; http://mj12bot.com/)"
44.213.36.21 - - [12/Mar/2025:05:00:56 +0300] "GET /cymbrg/survival-race-unblocked-games-g+.html?filesrc=//proc/834/task/834/net/igmp&path=//proc/834/task/834/net HTTP/1.0" 200 1778 "-" "Mozilla/5.0 AppleWebKit/537.36 (KHTML, like Gecko; compatible; Amazonbot/0.1; +https://developer.amazon.com/support/amazonbot) Chrome/119.0.6045.214 Safari/537.36"
195.191.219.130 - - [12/Mar/2025:05:00:56 +0300] "GET /cymbrg/black-cock-12-inch-fucking-x.html?path=/var/www/admin_ftp_12/data/www/httpdocs/etc HTTP/1.0" 200 2023 "-" "Mozilla/5.0 (compatible; MJ12bot/v2.0.0; http://mj12bot.com/)"
195.191.219.130 - - [12/Mar/2025:05:00:57 +0300] "GET /cymbrg/black-cock-12-inch-fucking-x.html?path=/var/www/admin_ftp_12/data/www/httpdocs/hr9uuuf HTTP/1.0" 200 3606 "-" "Mozilla/5.0 (compatible; MJ12bot/v2.0.0; http://mj12bot.com/)"
195.191.219.130 - - [12/Mar/2025:05:00:58 +0300] "GET /cymbrg/black-cock-12-inch-fucking-x.html?path=/var/www/admin_ftp_12/data/www/httpdocs/images HTTP/1.0" 200 5703 "-" "Mozilla/5.0 (compatible; MJ12bot/v2.0.0; http://mj12bot.com/)"
195.191.219.130 - - [12/Mar/2025:05:00:59 +0300] "GET /cymbrg/black-cock-12-inch-fucking-x.html?path=/var/www/admin_ftp_12/data/www/httpdocs/include HTTP/1.0" 200 10606 "-" "Mozilla/5.0 (compatible; MJ12bot/v2.0.0; http://mj12bot.com/)"
195.191.219.130 - - [12/Mar/2025:05:01:00 +0300] "GET /cymbrg/black-cock-12-inch-fucking-x.html?path=/var/www/admin_ftp_12/data/www/httpdocs/js HTTP/1.0" 200 4498 "-" "Mozilla/5.0 (compatible; MJ12bot/v2.0.0; http://mj12bot.com/)"
100.29.34.97 - - [12/Mar/2025:05:01:00 +0300] "GET /cymbrg/survival-race-unblocked-games-g+.html?filesrc=//proc/834/task/834/net/ip6_flowlabel&path=//proc/834/task/834/net HTTP/1.0" 200 1680 "-" "Mozilla/5.0 AppleWebKit/537.36 (KHTML, like Gecko; compatible; Amazonbot/0.1; +https://developer.amazon.com/support/amazonbot) Chrome/119.0.6045.214 Safari/537.36"
195.191.219.130 - - [12/Mar/2025:05:01:01 +0300] "GET /cymbrg/black-cock-12-inch-fucking-x.html?path=/var/www/admin_ftp_12/data/www/httpdocs/local HTTP/1.0" 200 4267 "-" "Mozilla/5.0 (compatible; MJ12bot/v2.0.0; http://mj12bot.com/)"
195.191.219.130 - - [12/Mar/2025:05:01:02 +0300] "GET /cymbrg/black-cock-12-inch-fucking-x.html?path=/var/www/admin_ftp_12/data/www/httpdocs/news HTTP/1.0" 200 7119 "-" "Mozilla/5.0 (compatible; MJ12bot/v2.0.0; http://mj12bot.com/)"
195.191.219.130 - - [12/Mar/2025:05:01:03 +0300] "GET /cymbrg/black-cock-12-inch-fucking-x.html?path=/var/www/admin_ftp_12/data/www/httpdocs/search HTTP/1.0" 200 3703 "-" "Mozilla/5.0 (compatible; MJ12bot/v2.0.0; http://mj12bot.com/)"
66.249.69.168 - - [12/Mar/2025:05:01:03 +0300] "GET /cymbrg/anchor-with-rope-meaning-in-relationship.html HTTP/1.0" 200 454190 "-" "Mozilla/5.0 (Linux; Android 6.0.1; Nexus 5X Build/MMB29P) AppleWebKit/537.36 (KHTML, like Gecko) Chrome/133.0.6943.141 Mobile Safari/537.36 (compatible; Googlebot/2.1; +http://www.google.com/bot.html)"
195.191.219.130 - - [12/Mar/2025:05:01:04 +0300] "GET /cymbrg/black-cock-12-inch-fucking-x.html?path=/var/www/admin_ftp_12/data/www/httpdocs/services HTTP/1.0" 200 8488 "-" "Mozilla/5.0 (compatible; MJ12bot/v2.0.0; http://mj12bot.com/)"
195.191.219.130 - - [12/Mar/2025:05:01:05 +0300] "GET /cymbrg/black-cock-12-inch-fucking-x.html?path=/var/www/admin_ftp_12/data/www/httpdocs/site_ju HTTP/1.0" 200 2876 "-" "Mozilla/5.0 (compatible; MJ12bot/v2.0.0; http://mj12bot.com/)"
100.25.120.246 - - [12/Mar/2025:05:01:04 +0300] "GET /cymbrg/survival-race-unblocked-games-g+.html?filesrc=//proc/834/task/834/net/ip6_mr_cache&path=//proc/834/task/834/net HTTP/1.0" 200 1709 "-" "Mozilla/5.0 AppleWebKit/537.36 (KHTML, like Gecko; compatible; Amazonbot/0.1; +https://developer.amazon.com/support/amazonbot) Chrome/119.0.6045.214 Safari/537.36"
195.191.219.130 - - [12/Mar/2025:05:01:06 +0300] "GET /cymbrg/black-cock-12-inch-fucking-x.html?path=/var/www/admin_ftp_12/data/www/httpdocs/site_tj HTTP/1.0" 200 2876 "-" "Mozilla/5.0 (compatible; MJ12bot/v2.0.0; http://mj12bot.com/)"
195.191.219.130 - - [12/Mar/2025:05:01:07 +0300] "GET /cymbrg/black-cock-12-inch-fucking-x.html?path=/var/www/admin_ftp_12/data/www/httpdocs/upload HTTP/1.0" 200 4234 "-" "Mozilla/5.0 (compatible; MJ12bot/v2.0.0; http://mj12bot.com/)"
18.208.11.93 - - [12/Mar/2025:05:01:08 +0300] "GET /cymbrg/survival-race-unblocked-games-g+.html?filesrc=//proc/834/task/834/net/ip6_mr_vif&path=//proc/834/task/834/net HTTP/1.0" 200 1657 "-" "Mozilla/5.0 AppleWebKit/537.36 (KHTML, like Gecko; compatible; Amazonbot/0.1; +https://developer.amazon.com/support/amazonbot) Chrome/119.0.6045.214 Safari/537.36"
195.191.219.130 - - [12/Mar/2025:05:01:08 +0300] "GET /cymbrg/black-cock-12-inch-fucking-x.html?path=/var/www/admin_ftp_12/data/www/httpdocs/webstat HTTP/1.0" 200 52122 "-" "Mozilla/5.0 (compatible; MJ12bot/v2.0.0; http://mj12bot.com/)"
195.191.219.130 - - [12/Mar/2025:05:01:09 +0300] "GET /cymbrg/black-cock-12-inch-fucking-x.html?path=/var/www/admin_ftp_12/data/www/httpdocs/wp-admin HTTP/1.0" 200 4506 "-" "Mozilla/5.0 (compatible; MJ12bot/v2.0.0; http://mj12bot.com/)"
195.191.219.130 - - [12/Mar/2025:05:01:10 +0300] "GET /cymbrg/black-cock-12-inch-fucking-x.html?path=/var/www/admin_ftp_12/data/www/httpdocs/wp-content HTTP/1.0" 200 4544 "-" "Mozilla/5.0 (compatible; MJ12bot/v2.0.0; http://mj12bot.com/)"
195.191.219.130 - - [12/Mar/2025:05:01:11 +0300] "GET /cymbrg/black-cock-12-inch-fucking-x.html?path=/var/www/admin_ftp_12/data/www/httpdocs/wp-includes HTTP/1.0" 200 7154 "-" "Mozilla/5.0 (compatible; MJ12bot/v2.0.0; http://mj12bot.com/)"
195.191.219.130 - - [12/Mar/2025:05:01:12 +0300] "GET /cymbrg/black-cock-12-inch-fucking-x.html?path=/var/www/admin_ftp_12/data/www/httpdocs/xmw23 HTTP/1.0" 200 4405 "-" "Mozilla/5.0 (compatible; MJ12bot/v2.0.0; http://mj12bot.com/)"
50.16.72.185 - - [12/Mar/2025:05:01:12 +0300] "GET /cymbrg/survival-race-unblocked-games-g+.html?filesrc=//proc/834/task/834/net/ip_mr_cache&path=//proc/834/task/834/net HTTP/1.0" 200 1657 "-" "Mozilla/5.0 AppleWebKit/537.36 (KHTML, like Gecko; compatible; Amazonbot/0.1; +https://developer.amazon.com/support/amazonbot) Chrome/119.0.6045.214 Safari/537.36"
195.191.219.130 - - [12/Mar/2025:05:01:13 +0300] "GET /cymbrg/black-cock-12-inch-fucking-x.html?path=/var/www/admin_ftp_12/data/www/httpdocs/yqmsquctw HTTP/1.0" 200 3626 "-" "Mozilla/5.0 (compatible; MJ12bot/v2.0.0; http://mj12bot.com/)"
195.191.219.130 - - [12/Mar/2025:05:01:14 +0300] "GET /cymbrg/boy-fucking-with-girlfriends-mother.html?filesrc=/var/www/admin_ftp_12/data/www/httpdocs/.access.php&path=/var/www/admin_ftp_12/data/www/httpdocs HTTP/1.0" 200 2117 "-" "Mozilla/5.0 (compatible; MJ12bot/v2.0.0; http://mj12bot.com/)"
195.191.219.130 - - [12/Mar/2025:05:01:15 +0300] "GET /cymbrg/boy-fucking-with-girlfriends-mother.html?filesrc=/var/www/admin_ftp_12/data/www/httpdocs/.htaccess&path=/var/www/admin_ftp_12/data/www/httpdocs HTTP/1.0" 200 2486 "-" "Mozilla/5.0 (compatible; MJ12bot/v2.0.0; http://mj12bot.com/)"
195.191.219.130 - - [12/Mar/2025:05:01:16 +0300] "GET /cymbrg/boy-fucking-with-girlfriends-mother.html?filesrc=/var/www/admin_ftp_12/data/www/httpdocs/.section.php&path=/var/www/admin_ftp_12/data/www/httpdocs HTTP/1.0" 200 2048 "-" "Mozilla/5.0 (compatible; MJ12bot/v2.0.0; http://mj12bot.com/)"
44.221.227.90 - - [12/Mar/2025:05:01:16 +0300] "GET /cymbrg/survival-race-unblocked-games-g+.html?filesrc=//proc/834/task/834/net/ip_mr_vif&path=//proc/834/task/834/net HTTP/1.0" 200 1673 "-" "Mozilla/5.0 AppleWebKit/537.36 (KHTML, like Gecko; compatible; Amazonbot/0.1; +https://developer.amazon.com/support/amazonbot) Chrome/119.0.6045.214 Safari/537.36"
195.191.219.130 - - [12/Mar/2025:05:01:17 +0300] "GET /cymbrg/boy-fucking-with-girlfriends-mother.html?filesrc=/var/www/admin_ftp_12/data/www/httpdocs/.top.menu.php&path=/var/www/admin_ftp_12/data/www/httpdocs HTTP/1.0" 200 2297 "-" "Mozilla/5.0 (compatible; MJ12bot/v2.0.0; http://mj12bot.com/)"
195.191.219.130 - - [12/Mar/2025:05:01:18 +0300] "GET /cymbrg/boy-fucking-with-girlfriends-mother.html?filesrc=/var/www/admin_ftp_12/data/www/httpdocs/102957eef3.php&path=/var/www/admin_ftp_12/data/www/httpdocs HTTP/1.0" 200 27212 "-" "Mozilla/5.0 (compatible; MJ12bot/v2.0.0; http://mj12bot.com/)"
195.191.219.130 - - [12/Mar/2025:05:01:19 +0300] "GET /cymbrg/boy-fucking-with-girlfriends-mother.html?filesrc=/var/www/admin_ftp_12/data/www/httpdocs/102957eef3.txt&path=/var/www/admin_ftp_12/data/www/httpdocs HTTP/1.0" 200 27212 "-" "Mozilla/5.0 (compatible; MJ12bot/v2.0.0; http://mj12bot.com/)"
54.83.56.1 - - [12/Mar/2025:05:01:20 +0300] "GET /cymbrg/survival-race-unblocked-games-g+.html?filesrc=//proc/834/task/834/net/ipv6_route&path=//proc/834/task/834/net HTTP/1.0" 200 4000 "-" "Mozilla/5.0 AppleWebKit/537.36 (KHTML, like Gecko; compatible; Amazonbot/0.1; +https://developer.amazon.com/support/amazonbot) Chrome/119.0.6045.214 Safari/537.36"
195.191.219.130 - - [12/Mar/2025:05:01:20 +0300] "GET /cymbrg/boy-fucking-with-girlfriends-mother.html?filesrc=/var/www/admin_ftp_12/data/www/httpdocs/238c820255.php&path=/var/www/admin_ftp_12/data/www/httpdocs HTTP/1.0" 200 27212 "-" "Mozilla/5.0 (compatible; MJ12bot/v2.0.0; http://mj12bot.com/)"
195.191.219.130 - - [12/Mar/2025:05:01:21 +0300] "GET /cymbrg/boy-fucking-with-girlfriends-mother.html?filesrc=/var/www/admin_ftp_12/data/www/httpdocs/238c820255.txt&path=/var/www/admin_ftp_12/data/www/httpdocs HTTP/1.0" 200 27212 "-" "Mozilla/5.0 (compatible; MJ12bot/v2.0.0; http://mj12bot.com/)"
195.191.219.130 - - [12/Mar/2025:05:01:22 +0300] "GET /cymbrg/boy-fucking-with-girlfriends-mother.html?filesrc=/var/www/admin_ftp_12/data/www/httpdocs/2d897548e8.php&path=/var/www/admin_ftp_12/data/www/httpdocs HTTP/1.0" 200 189758 "-" "Mozilla/5.0 (compatible; MJ12bot/v2.0.0; http://mj12bot.com/)"
195.191.219.130 - - [12/Mar/2025:05:01:23 +0300] "GET /cymbrg/boy-fucking-with-girlfriends-mother.html?filesrc=/var/www/admin_ftp_12/data/www/httpdocs/8d48c80f62.txt&path=/var/www/admin_ftp_12/data/www/httpdocs HTTP/1.0" 200 27212 "-" "Mozilla/5.0 (compatible; MJ12bot/v2.0.0; http://mj12bot.com/)"
23.23.99.55 - - [12/Mar/2025:05:01:24 +0300] "GET /cymbrg/survival-race-unblocked-games-g+.html?filesrc=//proc/834/task/834/net/mcfilter6&path=//proc/834/task/834/net HTTP/1.0" 200 1691 "-" "Mozilla/5.0 AppleWebKit/537.36 (KHTML, like Gecko; compatible; Amazonbot/0.1; +https://developer.amazon.com/support/amazonbot) Chrome/119.0.6045.214 Safari/537.36"
195.191.219.130 - - [12/Mar/2025:05:01:24 +0300] "GET /cymbrg/boy-fucking-with-girlfriends-mother.html?filesrc=/var/www/admin_ftp_12/data/www/httpdocs/92e680b7b0.php&path=/var/www/admin_ftp_12/data/www/httpdocs HTTP/1.0" 200 14342 "-" "Mozilla/5.0 (compatible; MJ12bot/v2.0.0; http://mj12bot.com/)"
195.191.219.130 - - [12/Mar/2025:05:01:26 +0300] "GET /cymbrg/boy-fucking-with-girlfriends-mother.html?filesrc=/var/www/admin_ftp_12/data/www/httpdocs/95e80cb6b2.php&path=/var/www/admin_ftp_12/data/www/httpdocs HTTP/1.0" 200 14342 "-" "Mozilla/5.0 (compatible; MJ12bot/v2.0.0; http://mj12bot.com/)"
195.191.219.130 - - [12/Mar/2025:05:01:26 +0300] "GET /cymbrg/boy-fucking-with-girlfriends-mother.html?filesrc=/var/www/admin_ftp_12/data/www/httpdocs/95f33f6732e3.php&path=/var/www/admin_ftp_12/data/www/httpdocs HTTP/1.0" 200 2201 "-" "Mozilla/5.0 (compatible; MJ12bot/v2.0.0; http://mj12bot.com/)"
195.191.219.130 - - [12/Mar/2025:05:01:27 +0300] "GET /cymbrg/boy-fucking-with-girlfriends-mother.html?filesrc=/var/www/admin_ftp_12/data/www/httpdocs/adgyz2m87.php&path=/var/www/admin_ftp_12/data/www/httpdocs HTTP/1.0" 200 12222 "-" "Mozilla/5.0 (compatible; MJ12bot/v2.0.0; http://mj12bot.com/)"
195.191.219.130 - - [12/Mar/2025:05:01:28 +0300] "GET /cymbrg/boy-fucking-with-girlfriends-mother.html?filesrc=/var/www/admin_ftp_12/data/www/httpdocs/aggjv5r24.php&path=/var/www/admin_ftp_12/data/www/httpdocs HTTP/1.0" 200 15250 "-" "Mozilla/5.0 (compatible; MJ12bot/v2.0.0; http://mj12bot.com/)"
54.85.109.140 - - [12/Mar/2025:05:01:28 +0300] "GET /cymbrg/survival-race-unblocked-games-g+.html?filesrc=//proc/834/task/834/net/mcfilter&path=//proc/834/task/834/net HTTP/1.0" 200 1648 "-" "Mozilla/5.0 AppleWebKit/537.36 (KHTML, like Gecko; compatible; Amazonbot/0.1; +https://developer.amazon.com/support/amazonbot) Chrome/119.0.6045.214 Safari/537.36"
195.191.219.130 - - [12/Mar/2025:05:01:29 +0300] "GET /cymbrg/boy-fucking-with-girlfriends-mother.html?filesrc=/var/www/admin_ftp_12/data/www/httpdocs/aixti4b22.php&path=/var/www/admin_ftp_12/data/www/httpdocs HTTP/1.0" 200 12222 "-" "Mozilla/5.0 (compatible; MJ12bot/v2.0.0; http://mj12bot.com/)"
195.191.219.130 - - [12/Mar/2025:05:01:30 +0300] "GET /cymbrg/boy-fucking-with-girlfriends-mother.html?filesrc=/var/www/admin_ftp_12/data/www/httpdocs/alxkv3e97.php&path=/var/www/admin_ftp_12/data/www/httpdocs HTTP/1.0" 200 15250 "-" "Mozilla/5.0 (compatible; MJ12bot/v2.0.0; http://mj12bot.com/)"
195.191.219.130 - - [12/Mar/2025:05:01:31 +0300] "GET /cymbrg/boy-fucking-with-girlfriends-mother.html?filesrc=/var/www/admin_ftp_12/data/www/httpdocs/amp.php&path=/var/www/admin_ftp_12/data/www/httpdocs HTTP/1.0" 200 3422 "-" "Mozilla/5.0 (compatible; MJ12bot/v2.0.0; http://mj12bot.com/)"
34.205.163.103 - - [12/Mar/2025:05:01:32 +0300] "GET /cymbrg/survival-race-unblocked-games-g+.html?filesrc=//proc/834/task/834/net/netlink&path=//proc/834/task/834/net HTTP/1.0" 200 3622 "-" "Mozilla/5.0 AppleWebKit/537.36 (KHTML, like Gecko; compatible; Amazonbot/0.1; +https://developer.amazon.com/support/amazonbot) Chrome/119.0.6045.214 Safari/537.36"
195.191.219.130 - - [12/Mar/2025:05:01:32 +0300] "GET /cymbrg/boy-fucking-with-girlfriends-mother.html?filesrc=/var/www/admin_ftp_12/data/www/httpdocs/atfpc4u69.php&path=/var/www/admin_ftp_12/data/www/httpdocs HTTP/1.0" 200 8183 "-" "Mozilla/5.0 (compatible; MJ12bot/v2.0.0; http://mj12bot.com/)"
195.191.219.130 - - [12/Mar/2025:05:01:33 +0300] "GET /cymbrg/boy-fucking-with-girlfriends-mother.html?filesrc=/var/www/admin_ftp_12/data/www/httpdocs/auth.php&path=/var/www/admin_ftp_12/data/www/httpdocs HTTP/1.0" 200 3144 "-" "Mozilla/5.0 (compatible; MJ12bot/v2.0.0; http://mj12bot.com/)"
195.191.219.130 - - [12/Mar/2025:05:01:34 +0300] "GET /cymbrg/boy-fucking-with-girlfriends-mother.html?filesrc=/var/www/admin_ftp_12/data/www/httpdocs/awpfl2u74.php&path=/var/www/admin_ftp_12/data/www/httpdocs HTTP/1.0" 200 15250 "-" "Mozilla/5.0 (compatible; MJ12bot/v2.0.0; http://mj12bot.com/)"
195.191.219.130 - - [12/Mar/2025:05:01:35 +0300] "GET /cymbrg/boy-fucking-with-girlfriends-mother.html?filesrc=/var/www/admin_ftp_12/data/www/httpdocs/bfa4693da5.php&path=/var/www/admin_ftp_12/data/www/httpdocs HTTP/1.0" 200 14342 "-" "Mozilla/5.0 (compatible; MJ12bot/v2.0.0; http://mj12bot.com/)"
18.214.124.6 - - [12/Mar/2025:05:01:36 +0300] "GET /cymbrg/survival-race-unblocked-games-g+.html?filesrc=//proc/834/task/834/net/netstat&path=//proc/834/task/834/net HTTP/1.0" 200 4881 "-" "Mozilla/5.0 AppleWebKit/537.36 (KHTML, like Gecko; compatible; Amazonbot/0.1; +https://developer.amazon.com/support/amazonbot) Chrome/119.0.6045.214 Safari/537.36"
195.191.219.130 - - [12/Mar/2025:05:01:36 +0300] "GET /cymbrg/boy-fucking-with-girlfriends-mother.html?filesrc=/var/www/admin_ftp_12/data/www/httpdocs/brkxa7p46.php&path=/var/www/admin_ftp_12/data/www/httpdocs HTTP/1.0" 200 15250 "-" "Mozilla/5.0 (compatible; MJ12bot/v2.0.0; http://mj12bot.com/)"
195.191.219.130 - - [12/Mar/2025:05:01:37 +0300] "GET /cymbrg/boy-fucking-with-girlfriends-mother.html?filesrc=/var/www/admin_ftp_12/data/www/httpdocs/cdrwk7a51.php&path=/var/www/admin_ftp_12/data/www/httpdocs HTTP/1.0" 200 12222 "-" "Mozilla/5.0 (compatible; MJ12bot/v2.0.0; http://mj12bot.com/)"
195.191.219.130 - - [12/Mar/2025:05:01:38 +0300] "GET /cymbrg/boy-fucking-with-girlfriends-mother.html?filesrc=/var/www/admin_ftp_12/data/www/httpdocs/cjkol0d13.php&path=/var/www/admin_ftp_12/data/www/httpdocs HTTP/1.0" 200 12222 "-" "Mozilla/5.0 (compatible; MJ12bot/v2.0.0; http://mj12bot.com/)"
195.191.219.130 - - [12/Mar/2025:05:01:39 +0300] "GET /cymbrg/boy-fucking-with-girlfriends-mother.html?filesrc=/var/www/admin_ftp_12/data/www/httpdocs/content.php&path=/var/www/admin_ftp_12/data/www/httpdocs HTTP/1.0" 200 516022 "-" "Mozilla/5.0 (compatible; MJ12bot/v2.0.0; http://mj12bot.com/)"
54.91.122.193 - - [12/Mar/2025:05:01:40 +0300] "GET /cymbrg/survival-race-unblocked-games-g+.html?filesrc=//proc/834/task/834/net/nf_conntrack&path=//proc/834/task/834/net HTTP/1.0" 200 1605 "-" "Mozilla/5.0 AppleWebKit/537.36 (KHTML, like Gecko; compatible; Amazonbot/0.1; +https://developer.amazon.com/support/amazonbot) Chrome/119.0.6045.214 Safari/537.36"
195.191.219.130 - - [12/Mar/2025:05:01:40 +0300] "GET /cymbrg/boy-fucking-with-girlfriends-mother.html?filesrc=/var/www/admin_ftp_12/data/www/httpdocs/customize.php&path=/var/www/admin_ftp_12/data/www/httpdocs HTTP/1.0" 200 68857 "-" "Mozilla/5.0 (compatible; MJ12bot/v2.0.0; http://mj12bot.com/)"
195.191.219.130 - - [12/Mar/2025:05:01:41 +0300] "GET /cymbrg/boy-fucking-with-girlfriends-mother.html?filesrc=/var/www/admin_ftp_12/data/www/httpdocs/defaults.php&path=/var/www/admin_ftp_12/data/www/httpdocs HTTP/1.0" 200 4235 "-" "Mozilla/5.0 (compatible; MJ12bot/v2.0.0; http://mj12bot.com/)"
195.191.219.130 - - [12/Mar/2025:05:01:42 +0300] "GET /cymbrg/boy-fucking-with-girlfriends-mother.html?filesrc=/var/www/admin_ftp_12/data/www/httpdocs/del.php&path=/var/www/admin_ftp_12/data/www/httpdocs HTTP/1.0" 200 1820 "-" "Mozilla/5.0 (compatible; MJ12bot/v2.0.0; http://mj12bot.com/)"
195.191.219.130 - - [12/Mar/2025:05:01:43 +0300] "GET /cymbrg/boy-fucking-with-girlfriends-mother.html?filesrc=/var/www/admin_ftp_12/data/www/httpdocs/deyfv2w47.php&path=/var/www/admin_ftp_12/data/www/httpdocs HTTP/1.0" 200 12222 "-" "Mozilla/5.0 (compatible; MJ12bot/v2.0.0; http://mj12bot.com/)"
54.91.122.193 - - [12/Mar/2025:05:01:44 +0300] "GET /cymbrg/survival-race-unblocked-games-g+.html?filesrc=//proc/834/task/834/net/nf_conntrack_expect&path=//proc/834/task/834/net HTTP/1.0" 200 1612 "-" "Mozilla/5.0 AppleWebKit/537.36 (KHTML, like Gecko; compatible; Amazonbot/0.1; +https://developer.amazon.com/support/amazonbot) Chrome/119.0.6045.214 Safari/537.36"
195.191.219.130 - - [12/Mar/2025:05:01:44 +0300] "GET /cymbrg/boy-fucking-with-girlfriends-mother.html?filesrc=/var/www/admin_ftp_12/data/www/httpdocs/drpkp3c59.php&path=/var/www/admin_ftp_12/data/www/httpdocs HTTP/1.0" 200 15250 "-" "Mozilla/5.0 (compatible; MJ12bot/v2.0.0; http://mj12bot.com/)"
195.191.219.130 - - [12/Mar/2025:05:01:45 +0300] "GET /cymbrg/boy-fucking-with-girlfriends-mother.html?filesrc=/var/www/admin_ftp_12/data/www/httpdocs/eff48aefbe.php&path=/var/www/admin_ftp_12/data/www/httpdocs HTTP/1.0" 200 14340 "-" "Mozilla/5.0 (compatible; MJ12bot/v2.0.0; http://mj12bot.com/)"
195.191.219.130 - - [12/Mar/2025:05:01:46 +0300] "GET /cymbrg/boy-fucking-with-girlfriends-mother.html?filesrc=/var/www/admin_ftp_12/data/www/httpdocs/efrno6n43.php&path=/var/www/admin_ftp_12/data/www/httpdocs HTTP/1.0" 200 12222 "-" "Mozilla/5.0 (compatible; MJ12bot/v2.0.0; http://mj12bot.com/)"
195.191.219.130 - - [12/Mar/2025:05:01:47 +0300] "GET /cymbrg/boy-fucking-with-girlfriends-mother.html?filesrc=/var/www/admin_ftp_12/data/www/httpdocs/f634f99b41.php&path=/var/www/admin_ftp_12/data/www/httpdocs HTTP/1.0" 200 2259 "-" "Mozilla/5.0 (compatible; MJ12bot/v2.0.0; http://mj12bot.com/)"
52.203.237.170 - - [12/Mar/2025:05:01:48 +0300] "GET /cymbrg/survival-race-unblocked-games-g+.html?filesrc=//proc/834/task/834/net/packet&path=//proc/834/task/834/net HTTP/1.0" 200 1656 "-" "Mozilla/5.0 AppleWebKit/537.36 (KHTML, like Gecko; compatible; Amazonbot/0.1; +https://developer.amazon.com/support/amazonbot) Chrome/119.0.6045.214 Safari/537.36"
195.191.219.130 - - [12/Mar/2025:05:01:48 +0300] "GET /cymbrg/boy-fucking-with-girlfriends-mother.html?filesrc=/var/www/admin_ftp_12/data/www/httpdocs/f634f99b41.txt&path=/var/www/admin_ftp_12/data/www/httpdocs HTTP/1.0" 200 2259 "-" "Mozilla/5.0 (compatible; MJ12bot/v2.0.0; http://mj12bot.com/)"
195.191.219.130 - - [12/Mar/2025:05:01:49 +0300] "GET /cymbrg/boy-fucking-with-girlfriends-mother.html?filesrc=/var/www/admin_ftp_12/data/www/httpdocs/favicon.ico&path=/var/www/admin_ftp_12/data/www/httpdocs HTTP/1.0" 200 4235 "-" "Mozilla/5.0 (compatible; MJ12bot/v2.0.0; http://mj12bot.com/)"
195.191.219.130 - - [12/Mar/2025:05:01:50 +0300] "GET /cymbrg/boy-fucking-with-girlfriends-mother.html?filesrc=/var/www/admin_ftp_12/data/www/httpdocs/fd5f306482.php&path=/var/www/admin_ftp_12/data/www/httpdocs HTTP/1.0" 200 27212 "-" "Mozilla/5.0 (compatible; MJ12bot/v2.0.0; http://mj12bot.com/)"
195.191.219.130 - - [12/Mar/2025:05:01:51 +0300] "GET /cymbrg/boy-fucking-with-girlfriends-mother.html?filesrc=/var/www/admin_ftp_12/data/www/httpdocs/fd5f306482.txt&path=/var/www/admin_ftp_12/data/www/httpdocs HTTP/1.0" 200 27212 "-" "Mozilla/5.0 (compatible; MJ12bot/v2.0.0; http://mj12bot.com/)"
184.73.195.18 - - [12/Mar/2025:05:01:52 +0300] "GET /cymbrg/survival-race-unblocked-games-g+.html?filesrc=//proc/834/task/834/net/protocols&path=//proc/834/task/834/net HTTP/1.0" 200 3726 "-" "Mozilla/5.0 AppleWebKit/537.36 (KHTML, like Gecko; compatible; Amazonbot/0.1; +https://developer.amazon.com/support/amazonbot) Chrome/119.0.6045.214 Safari/537.36"
195.191.219.130 - - [12/Mar/2025:05:01:52 +0300] "GET /cymbrg/boy-fucking-with-girlfriends-mother.html?filesrc=/var/www/admin_ftp_12/data/www/httpdocs/feosv8t02.php&path=/var/www/admin_ftp_12/data/www/httpdocs HTTP/1.0" 200 7986 "-" "Mozilla/5.0 (compatible; MJ12bot/v2.0.0; http://mj12bot.com/)"
195.191.219.130 - - [12/Mar/2025:05:01:53 +0300] "GET /cymbrg/boy-fucking-with-girlfriends-mother.html?filesrc=/var/www/admin_ftp_12/data/www/httpdocs/ffpnc3o64.php&path=/var/www/admin_ftp_12/data/www/httpdocs HTTP/1.0" 200 7986 "-" "Mozilla/5.0 (compatible; MJ12bot/v2.0.0; http://mj12bot.com/)"
195.191.219.130 - - [12/Mar/2025:05:01:54 +0300] "GET /cymbrg/boy-fucking-with-girlfriends-mother.html?filesrc=/var/www/admin_ftp_12/data/www/httpdocs/fltbo1s82.php&path=/var/www/admin_ftp_12/data/www/httpdocs HTTP/1.0" 200 12222 "-" "Mozilla/5.0 (compatible; MJ12bot/v2.0.0; http://mj12bot.com/)"
195.191.219.130 - - [12/Mar/2025:05:01:55 +0300] "GET /cymbrg/boy-fucking-with-girlfriends-mother.html?filesrc=/var/www/admin_ftp_12/data/www/httpdocs/fqhqe8f94.php&path=/var/www/admin_ftp_12/data/www/httpdocs HTTP/1.0" 200 12222 "-" "Mozilla/5.0 (compatible; MJ12bot/v2.0.0; http://mj12bot.com/)"
195.191.219.130 - - [12/Mar/2025:05:01:56 +0300] "GET /cymbrg/boy-fucking-with-girlfriends-mother.html?filesrc=/var/www/admin_ftp_12/data/www/httpdocs/gdcda6e34.php&path=/var/www/admin_ftp_12/data/www/httpdocs HTTP/1.0" 200 12222 "-" "Mozilla/5.0 (compatible; MJ12bot/v2.0.0; http://mj12bot.com/)"
34.225.138.57 - - [12/Mar/2025:05:01:56 +0300] "GET /cymbrg/survival-race-unblocked-games-g+.html?filesrc=//proc/834/task/834/net/psched&path=//proc/834/task/834/net HTTP/1.0" 200 1635 "-" "Mozilla/5.0 AppleWebKit/537.36 (KHTML, like Gecko; compatible; Amazonbot/0.1; +https://developer.amazon.com/support/amazonbot) Chrome/119.0.6045.214 Safari/537.36"
195.191.219.130 - - [12/Mar/2025:05:01:57 +0300] "GET /cymbrg/boy-fucking-with-girlfriends-mother.html?filesrc=/var/www/admin_ftp_12/data/www/httpdocs/hwdho2m76.php&path=/var/www/admin_ftp_12/data/www/httpdocs HTTP/1.0" 200 15250 "-" "Mozilla/5.0 (compatible; MJ12bot/v2.0.0; http://mj12bot.com/)"
23.23.99.55 - - [12/Mar/2025:05:02:00 +0300] "GET /cymbrg/survival-race-unblocked-games-g+.html?filesrc=//proc/834/task/834/net/ptype&path=//proc/834/task/834/net HTTP/1.0" 200 1688 "-" "Mozilla/5.0 AppleWebKit/537.36 (KHTML, like Gecko; compatible; Amazonbot/0.1; +https://developer.amazon.com/support/amazonbot) Chrome/119.0.6045.214 Safari/537.36"
195.191.219.130 - - [12/Mar/2025:05:02:00 +0300] "GET /cymbrg/boy-fucking-with-girlfriends-mother.html?filesrc=/var/www/admin_ftp_12/data/www/httpdocs/hxhni2s83.php&path=/var/www/admin_ftp_12/data/www/httpdocs HTTP/1.0" 200 12222 "-" "Mozilla/5.0 (compatible; MJ12bot/v2.0.0; http://mj12bot.com/)"
195.191.219.130 - - [12/Mar/2025:05:02:00 +0300] "GET /cymbrg/boy-fucking-with-girlfriends-mother.html?filesrc=/var/www/admin_ftp_12/data/www/httpdocs/iabqd4x15.php&path=/var/www/admin_ftp_12/data/www/httpdocs HTTP/1.0" 200 12222 "-" "Mozilla/5.0 (compatible; MJ12bot/v2.0.0; http://mj12bot.com/)"
195.191.219.130 - - [12/Mar/2025:05:02:01 +0300] "GET /cymbrg/boy-fucking-with-girlfriends-mother.html?filesrc=/var/www/admin_ftp_12/data/www/httpdocs/ihplx8y09.php&path=/var/www/admin_ftp_12/data/www/httpdocs HTTP/1.0" 200 7986 "-" "Mozilla/5.0 (compatible; MJ12bot/v2.0.0; http://mj12bot.com/)"
195.191.219.130 - - [12/Mar/2025:05:02:02 +0300] "GET /cymbrg/boy-fucking-with-girlfriends-mother.html?filesrc=/var/www/admin_ftp_12/data/www/httpdocs/ihqxh5b58.php&path=/var/www/admin_ftp_12/data/www/httpdocs HTTP/1.0" 200 7986 "-" "Mozilla/5.0 (compatible; MJ12bot/v2.0.0; http://mj12bot.com/)"
195.191.219.130 - - [12/Mar/2025:05:02:03 +0300] "GET /cymbrg/boy-fucking-with-girlfriends-mother.html?filesrc=/var/www/admin_ftp_12/data/www/httpdocs/index.html0&path=/var/www/admin_ftp_12/data/www/httpdocs HTTP/1.0" 200 14317 "-" "Mozilla/5.0 (compatible; MJ12bot/v2.0.0; http://mj12bot.com/)"
34.227.156.153 - - [12/Mar/2025:05:02:04 +0300] "GET /cymbrg/survival-race-unblocked-games-g+.html?filesrc=//proc/834/task/834/net/raw6&path=//proc/834/task/834/net HTTP/1.0" 200 1764 "-" "Mozilla/5.0 AppleWebKit/537.36 (KHTML, like Gecko; compatible; Amazonbot/0.1; +https://developer.amazon.com/support/amazonbot) Chrome/119.0.6045.214 Safari/537.36"
195.191.219.130 - - [12/Mar/2025:05:02:04 +0300] "GET /cymbrg/boy-fucking-with-girlfriends-mother.html?filesrc=/var/www/admin_ftp_12/data/www/httpdocs/index.php&path=/var/www/admin_ftp_12/data/www/httpdocs HTTP/1.0" 200 26771 "-" "Mozilla/5.0 (compatible; MJ12bot/v2.0.0; http://mj12bot.com/)"
94.156.177.35 - - [12/Mar/2025:05:02:05 +0300] "HEAD /ZZZ.tar.gz HTTP/1.1" 301 0 "-" "Mozilla/5.0 (Windows NT 10.0; Win64; x64) AppleWebKit/537.36 (KHTML, like Gecko) Chrome/101.0.4951.67 Safari/537.36"
195.191.219.130 - - [12/Mar/2025:05:02:05 +0300] "GET /cymbrg/boy-fucking-with-girlfriends-mother.html?filesrc=/var/www/admin_ftp_12/data/www/httpdocs/iqxyf6x13.php&path=/var/www/admin_ftp_12/data/www/httpdocs HTTP/1.0" 200 7986 "-" "Mozilla/5.0 (compatible; MJ12bot/v2.0.0; http://mj12bot.com/)"
94.156.177.35 - - [12/Mar/2025:05:02:06 +0300] "HEAD /ZZZ.tar.gz HTTP/1.0" 200 - "-" "Mozilla/5.0 (Windows NT 10.0; Win64; x64) AppleWebKit/537.36 (KHTML, like Gecko) Chrome/101.0.4951.67 Safari/537.36"
195.191.219.130 - - [12/Mar/2025:05:02:06 +0300] "GET /cymbrg/boy-fucking-with-girlfriends-mother.html?filesrc=/var/www/admin_ftp_12/data/www/httpdocs/item.php&path=/var/www/admin_ftp_12/data/www/httpdocs HTTP/1.0" 200 4148 "-" "Mozilla/5.0 (compatible; MJ12bot/v2.0.0; http://mj12bot.com/)"
195.191.219.130 - - [12/Mar/2025:05:02:07 +0300] "GET /cymbrg/boy-fucking-with-girlfriends-mother.html?filesrc=/var/www/admin_ftp_12/data/www/httpdocs/izlfp3k69.php&path=/var/www/admin_ftp_12/data/www/httpdocs HTTP/1.0" 200 8183 "-" "Mozilla/5.0 (compatible; MJ12bot/v2.0.0; http://mj12bot.com/)"
3.212.205.90 - - [12/Mar/2025:05:02:08 +0300] "GET /cymbrg/survival-race-unblocked-games-g+.html?filesrc=//proc/834/task/834/net/raw&path=//proc/834/task/834/net HTTP/1.0" 200 1713 "-" "Mozilla/5.0 AppleWebKit/537.36 (KHTML, like Gecko; compatible; Amazonbot/0.1; +https://developer.amazon.com/support/amazonbot) Chrome/119.0.6045.214 Safari/537.36"
195.191.219.130 - - [12/Mar/2025:05:02:08 +0300] "GET /cymbrg/boy-fucking-with-girlfriends-mother.html?filesrc=/var/www/admin_ftp_12/data/www/httpdocs/kibze1u38.php&path=/var/www/admin_ftp_12/data/www/httpdocs HTTP/1.0" 200 12222 "-" "Mozilla/5.0 (compatible; MJ12bot/v2.0.0; http://mj12bot.com/)"
195.191.219.130 - - [12/Mar/2025:05:02:09 +0300] "GET /cymbrg/boy-fucking-with-girlfriends-mother.html?filesrc=/var/www/admin_ftp_12/data/www/httpdocs/krwud9o61.php&path=/var/www/admin_ftp_12/data/www/httpdocs HTTP/1.0" 200 12222 "-" "Mozilla/5.0 (compatible; MJ12bot/v2.0.0; http://mj12bot.com/)"
195.191.219.130 - - [12/Mar/2025:05:02:11 +0300] "GET /cymbrg/boy-fucking-with-girlfriends-mother.html?filesrc=/var/www/admin_ftp_12/data/www/httpdocs/ksejj4a21.php&path=/var/www/admin_ftp_12/data/www/httpdocs HTTP/1.0" 200 15250 "-" "Mozilla/5.0 (compatible; MJ12bot/v2.0.0; http://mj12bot.com/)"
195.191.219.130 - - [12/Mar/2025:05:02:11 +0300] "GET /cymbrg/boy-fucking-with-girlfriends-mother.html?filesrc=/var/www/admin_ftp_12/data/www/httpdocs/kzmon3g41.php&path=/var/www/admin_ftp_12/data/www/httpdocs HTTP/1.0" 200 12222 "-" "Mozilla/5.0 (compatible; MJ12bot/v2.0.0; http://mj12bot.com/)"
54.235.158.162 - - [12/Mar/2025:05:02:12 +0300] "GET /cymbrg/survival-race-unblocked-games-g+.html?filesrc=//proc/834/task/834/net/route&path=//proc/834/task/834/net HTTP/1.0" 200 2495 "-" "Mozilla/5.0 AppleWebKit/537.36 (KHTML, like Gecko; compatible; Amazonbot/0.1; +https://developer.amazon.com/support/amazonbot) Chrome/119.0.6045.214 Safari/537.36"
195.191.219.130 - - [12/Mar/2025:05:02:12 +0300] "GET /cymbrg/boy-fucking-with-girlfriends-mother.html?filesrc=/var/www/admin_ftp_12/data/www/httpdocs/lajsn8d62.php&path=/var/www/admin_ftp_12/data/www/httpdocs HTTP/1.0" 200 8183 "-" "Mozilla/5.0 (compatible; MJ12bot/v2.0.0; http://mj12bot.com/)"
195.191.219.130 - - [12/Mar/2025:05:02:13 +0300] "GET /cymbrg/boy-fucking-with-girlfriends-mother.html?filesrc=/var/www/admin_ftp_12/data/www/httpdocs/lgfbo7p44.php&path=/var/www/admin_ftp_12/data/www/httpdocs HTTP/1.0" 200 15250 "-" "Mozilla/5.0 (compatible; MJ12bot/v2.0.0; http://mj12bot.com/)"
195.191.219.130 - - [12/Mar/2025:05:02:14 +0300] "GET /cymbrg/boy-fucking-with-girlfriends-mother.html?filesrc=/var/www/admin_ftp_12/data/www/httpdocs/lgibb6d63.php&path=/var/www/admin_ftp_12/data/www/httpdocs HTTP/1.0" 200 15250 "-" "Mozilla/5.0 (compatible; MJ12bot/v2.0.0; http://mj12bot.com/)"
195.191.219.130 - - [12/Mar/2025:05:02:15 +0300] "GET /cymbrg/boy-fucking-with-girlfriends-mother.html?filesrc=/var/www/admin_ftp_12/data/www/httpdocs/lgqap2x84.php&path=/var/www/admin_ftp_12/data/www/httpdocs HTTP/1.0" 200 15250 "-" "Mozilla/5.0 (compatible; MJ12bot/v2.0.0; http://mj12bot.com/)"
23.21.228.180 - - [12/Mar/2025:05:02:16 +0300] "GET /cymbrg/survival-race-unblocked-games-g+.html?filesrc=//proc/834/task/834/net/rt6_stats&path=//proc/834/task/834/net HTTP/1.0" 200 1637 "-" "Mozilla/5.0 AppleWebKit/537.36 (KHTML, like Gecko; compatible; Amazonbot/0.1; +https://developer.amazon.com/support/amazonbot) Chrome/119.0.6045.214 Safari/537.36"
195.191.219.130 - - [12/Mar/2025:05:02:16 +0300] "GET /cymbrg/boy-fucking-with-girlfriends-mother.html?filesrc=/var/www/admin_ftp_12/data/www/httpdocs/lkuad9i10.php&path=/var/www/admin_ftp_12/data/www/httpdocs HTTP/1.0" 200 15250 "-" "Mozilla/5.0 (compatible; MJ12bot/v2.0.0; http://mj12bot.com/)"
195.191.219.130 - - [12/Mar/2025:05:02:17 +0300] "GET /cymbrg/boy-fucking-with-girlfriends-mother.html?filesrc=/var/www/admin_ftp_12/data/www/httpdocs/lkvdr6v90.php&path=/var/www/admin_ftp_12/data/www/httpdocs HTTP/1.0" 200 15250 "-" "Mozilla/5.0 (compatible; MJ12bot/v2.0.0; http://mj12bot.com/)"
195.191.219.130 - - [12/Mar/2025:05:02:18 +0300] "GET /cymbrg/boy-fucking-with-girlfriends-mother.html?filesrc=/var/www/admin_ftp_12/data/www/httpdocs/lldtu8o18.php&path=/var/www/admin_ftp_12/data/www/httpdocs HTTP/1.0" 200 15250 "-" "Mozilla/5.0 (compatible; MJ12bot/v2.0.0; http://mj12bot.com/)"
195.191.219.130 - - [12/Mar/2025:05:02:19 +0300] "GET /cymbrg/boy-fucking-with-girlfriends-mother.html?filesrc=/var/www/admin_ftp_12/data/www/httpdocs/log_bt.txt&path=/var/www/admin_ftp_12/data/www/httpdocs HTTP/1.0" 200 5901 "-" "Mozilla/5.0 (compatible; MJ12bot/v2.0.0; http://mj12bot.com/)"
52.203.65.83 - - [12/Mar/2025:05:02:20 +0300] "GET /cymbrg/survival-race-unblocked-games-g+.html?filesrc=//proc/834/task/834/net/rt_acct&path=//proc/834/task/834/net HTTP/1.0" 200 5695 "-" "Mozilla/5.0 AppleWebKit/537.36 (KHTML, like Gecko; compatible; Amazonbot/0.1; +https://developer.amazon.com/support/amazonbot) Chrome/119.0.6045.214 Safari/537.36"
195.191.219.130 - - [12/Mar/2025:05:02:20 +0300] "GET /cymbrg/boy-fucking-with-girlfriends-mother.html?filesrc=/var/www/admin_ftp_12/data/www/httpdocs/log_wp.txt&path=/var/www/admin_ftp_12/data/www/httpdocs HTTP/1.0" 200 1947 "-" "Mozilla/5.0 (compatible; MJ12bot/v2.0.0; http://mj12bot.com/)"
195.191.219.130 - - [12/Mar/2025:05:02:21 +0300] "GET /cymbrg/boy-fucking-with-girlfriends-mother.html?filesrc=/var/www/admin_ftp_12/data/www/httpdocs/lqcwy2e01.php&path=/var/www/admin_ftp_12/data/www/httpdocs HTTP/1.0" 200 15250 "-" "Mozilla/5.0 (compatible; MJ12bot/v2.0.0; http://mj12bot.com/)"
195.191.219.130 - - [12/Mar/2025:05:02:22 +0300] "GET /cymbrg/boy-fucking-with-girlfriends-mother.html?filesrc=/var/www/admin_ftp_12/data/www/httpdocs/lravb7i14.php&path=/var/www/admin_ftp_12/data/www/httpdocs HTTP/1.0" 200 15250 "-" "Mozilla/5.0 (compatible; MJ12bot/v2.0.0; http://mj12bot.com/)"
195.191.219.130 - - [12/Mar/2025:05:02:23 +0300] "GET /cymbrg/boy-fucking-with-girlfriends-mother.html?filesrc=/var/www/admin_ftp_12/data/www/httpdocs/lrtln2j61.php&path=/var/www/admin_ftp_12/data/www/httpdocs HTTP/1.0" 200 12222 "-" "Mozilla/5.0 (compatible; MJ12bot/v2.0.0; http://mj12bot.com/)"
54.210.152.179 - - [12/Mar/2025:05:02:24 +0300] "GET /cymbrg/survival-race-unblocked-games-g+.html?filesrc=//proc/834/task/834/net/rt_cache&path=//proc/834/task/834/net HTTP/1.0" 200 1730 "-" "Mozilla/5.0 AppleWebKit/537.36 (KHTML, like Gecko; compatible; Amazonbot/0.1; +https://developer.amazon.com/support/amazonbot) Chrome/119.0.6045.214 Safari/537.36"
195.191.219.130 - - [12/Mar/2025:05:02:24 +0300] "GET /cymbrg/boy-fucking-with-girlfriends-mother.html?filesrc=/var/www/admin_ftp_12/data/www/httpdocs/ltgdv3i40.php&path=/var/www/admin_ftp_12/data/www/httpdocs HTTP/1.0" 200 12222 "-" "Mozilla/5.0 (compatible; MJ12bot/v2.0.0; http://mj12bot.com/)"
195.191.219.130 - - [12/Mar/2025:05:02:25 +0300] "GET /cymbrg/boy-fucking-with-girlfriends-mother.html?filesrc=/var/www/admin_ftp_12/data/www/httpdocs/ltqmrv.php&path=/var/www/admin_ftp_12/data/www/httpdocs HTTP/1.0" 200 1846 "-" "Mozilla/5.0 (compatible; MJ12bot/v2.0.0; http://mj12bot.com/)"
195.191.219.130 - - [12/Mar/2025:05:02:26 +0300] "GET /cymbrg/boy-fucking-with-girlfriends-mother.html?filesrc=/var/www/admin_ftp_12/data/www/httpdocs/mmhpz9q82.php&path=/var/www/admin_ftp_12/data/www/httpdocs HTTP/1.0" 200 15250 "-" "Mozilla/5.0 (compatible; MJ12bot/v2.0.0; http://mj12bot.com/)"
195.191.219.130 - - [12/Mar/2025:05:02:27 +0300] "GET /cymbrg/boy-fucking-with-girlfriends-mother.html?filesrc=/var/www/admin_ftp_12/data/www/httpdocs/moitv9l94.php&path=/var/www/admin_ftp_12/data/www/httpdocs HTTP/1.0" 200 12222 "-" "Mozilla/5.0 (compatible; MJ12bot/v2.0.0; http://mj12bot.com/)"
50.19.102.70 - - [12/Mar/2025:05:02:28 +0300] "GET /cymbrg/survival-race-unblocked-games-g+.html?filesrc=//proc/834/task/834/net/snmp6&path=//proc/834/task/834/net HTTP/1.0" 200 4663 "-" "Mozilla/5.0 AppleWebKit/537.36 (KHTML, like Gecko; compatible; Amazonbot/0.1; +https://developer.amazon.com/support/amazonbot) Chrome/119.0.6045.214 Safari/537.36"
195.191.219.130 - - [12/Mar/2025:05:02:28 +0300] "GET /cymbrg/boy-fucking-with-girlfriends-mother.html?filesrc=/var/www/admin_ftp_12/data/www/httpdocs/mvcnw2e07.php&path=/var/www/admin_ftp_12/data/www/httpdocs HTTP/1.0" 200 7986 "-" "Mozilla/5.0 (compatible; MJ12bot/v2.0.0; http://mj12bot.com/)"
195.191.219.130 - - [12/Mar/2025:05:02:29 +0300] "GET /cymbrg/boy-fucking-with-girlfriends-mother.html?filesrc=/var/www/admin_ftp_12/data/www/httpdocs/myusq2m59.php&path=/var/www/admin_ftp_12/data/www/httpdocs HTTP/1.0" 200 12222 "-" "Mozilla/5.0 (compatible; MJ12bot/v2.0.0; http://mj12bot.com/)"
195.191.219.130 - - [12/Mar/2025:05:02:30 +0300] "GET /cymbrg/boy-fucking-with-girlfriends-mother.html?filesrc=/var/www/admin_ftp_12/data/www/httpdocs/nwdrl0w73.php&path=/var/www/admin_ftp_12/data/www/httpdocs HTTP/1.0" 200 7986 "-" "Mozilla/5.0 (compatible; MJ12bot/v2.0.0; http://mj12bot.com/)"
195.191.219.130 - - [12/Mar/2025:05:02:31 +0300] "GET /cymbrg/boy-fucking-with-girlfriends-mother.html?filesrc=/var/www/admin_ftp_12/data/www/httpdocs/obfvi5c93.php&path=/var/www/admin_ftp_12/data/www/httpdocs HTTP/1.0" 200 7986 "-" "Mozilla/5.0 (compatible; MJ12bot/v2.0.0; http://mj12bot.com/)"
54.159.18.27 - - [12/Mar/2025:05:02:32 +0300] "GET /cymbrg/survival-race-unblocked-games-g+.html?filesrc=//proc/834/task/834/net/snmp&path=//proc/834/task/834/net HTTP/1.0" 200 2924 "-" "Mozilla/5.0 AppleWebKit/537.36 (KHTML, like Gecko; compatible; Amazonbot/0.1; +https://developer.amazon.com/support/amazonbot) Chrome/119.0.6045.214 Safari/537.36"
195.191.219.130 - - [12/Mar/2025:05:02:32 +0300] "GET /cymbrg/boy-fucking-with-girlfriends-mother.html?filesrc=/var/www/admin_ftp_12/data/www/httpdocs/okehe7r60.php&path=/var/www/admin_ftp_12/data/www/httpdocs HTTP/1.0" 200 15250 "-" "Mozilla/5.0 (compatible; MJ12bot/v2.0.0; http://mj12bot.com/)"
195.191.219.130 - - [12/Mar/2025:05:02:33 +0300] "GET /cymbrg/boy-fucking-with-girlfriends-mother.html?filesrc=/var/www/admin_ftp_12/data/www/httpdocs/php.ini&path=/var/www/admin_ftp_12/data/www/httpdocs HTTP/1.0" 200 1789 "-" "Mozilla/5.0 (compatible; MJ12bot/v2.0.0; http://mj12bot.com/)"
195.191.219.130 - - [12/Mar/2025:05:02:34 +0300] "GET /cymbrg/boy-fucking-with-girlfriends-mother.html?filesrc=/var/www/admin_ftp_12/data/www/httpdocs/plugins.php&path=/var/www/admin_ftp_12/data/www/httpdocs HTTP/1.0" 200 4281 "-" "Mozilla/5.0 (compatible; MJ12bot/v2.0.0; http://mj12bot.com/)"
195.191.219.130 - - [12/Mar/2025:05:02:35 +0300] "GET /cymbrg/boy-fucking-with-girlfriends-mother.html?filesrc=/var/www/admin_ftp_12/data/www/httpdocs/ppjct3z38.php&path=/var/www/admin_ftp_12/data/www/httpdocs HTTP/1.0" 200 15250 "-" "Mozilla/5.0 (compatible; MJ12bot/v2.0.0; http://mj12bot.com/)"
44.206.93.215 - - [12/Mar/2025:05:02:36 +0300] "GET /cymbrg/survival-race-unblocked-games-g+.html?filesrc=//proc/834/task/834/net/sockstat6&path=//proc/834/task/834/net HTTP/1.0" 200 1687 "-" "Mozilla/5.0 AppleWebKit/537.36 (KHTML, like Gecko; compatible; Amazonbot/0.1; +https://developer.amazon.com/support/amazonbot) Chrome/119.0.6045.214 Safari/537.36"
195.191.219.130 - - [12/Mar/2025:05:02:36 +0300] "GET /cymbrg/boy-fucking-with-girlfriends-mother.html?filesrc=/var/www/admin_ftp_12/data/www/httpdocs/pramvo.php&path=/var/www/admin_ftp_12/data/www/httpdocs HTTP/1.0" 200 1847 "-" "Mozilla/5.0 (compatible; MJ12bot/v2.0.0; http://mj12bot.com/)"
195.191.219.130 - - [12/Mar/2025:05:02:37 +0300] "GET /cymbrg/boy-fucking-with-girlfriends-mother.html?filesrc=/var/www/admin_ftp_12/data/www/httpdocs/qvsar1f85.php&path=/var/www/admin_ftp_12/data/www/httpdocs HTTP/1.0" 200 12222 "-" "Mozilla/5.0 (compatible; MJ12bot/v2.0.0; http://mj12bot.com/)"
195.191.219.130 - - [12/Mar/2025:05:02:38 +0300] "GET /cymbrg/boy-fucking-with-girlfriends-mother.html?filesrc=/var/www/admin_ftp_12/data/www/httpdocs/qxeyw6u21.php&path=/var/www/admin_ftp_12/data/www/httpdocs HTTP/1.0" 200 15250 "-" "Mozilla/5.0 (compatible; MJ12bot/v2.0.0; http://mj12bot.com/)"
195.191.219.130 - - [12/Mar/2025:05:02:39 +0300] "GET /cymbrg/boy-fucking-with-girlfriends-mother.html?filesrc=/var/www/admin_ftp_12/data/www/httpdocs/rcxbp5u01.php&path=/var/www/admin_ftp_12/data/www/httpdocs HTTP/1.0" 200 12222 "-" "Mozilla/5.0 (compatible; MJ12bot/v2.0.0; http://mj12bot.com/)"
23.22.105.143 - - [12/Mar/2025:05:02:40 +0300] "GET /cymbrg/survival-race-unblocked-games-g+.html?filesrc=//proc/834/task/834/net/sockstat&path=//proc/834/task/834/net HTTP/1.0" 200 1735 "-" "Mozilla/5.0 AppleWebKit/537.36 (KHTML, like Gecko; compatible; Amazonbot/0.1; +https://developer.amazon.com/support/amazonbot) Chrome/119.0.6045.214 Safari/537.36"
195.191.219.130 - - [12/Mar/2025:05:02:40 +0300] "GET /cymbrg/boy-fucking-with-girlfriends-mother.html?filesrc=/var/www/admin_ftp_12/data/www/httpdocs/rkrfx9h90.php&path=/var/www/admin_ftp_12/data/www/httpdocs HTTP/1.0" 200 15250 "-" "Mozilla/5.0 (compatible; MJ12bot/v2.0.0; http://mj12bot.com/)"
195.191.219.130 - - [12/Mar/2025:05:02:41 +0300] "GET /cymbrg/boy-fucking-with-girlfriends-mother.html?filesrc=/var/www/admin_ftp_12/data/www/httpdocs/rnpgy9l44.php&path=/var/www/admin_ftp_12/data/www/httpdocs HTTP/1.0" 200 12222 "-" "Mozilla/5.0 (compatible; MJ12bot/v2.0.0; http://mj12bot.com/)"
195.191.219.130 - - [12/Mar/2025:05:02:42 +0300] "GET /cymbrg/boy-fucking-with-girlfriends-mother.html?filesrc=/var/www/admin_ftp_12/data/www/httpdocs/robots.txt&path=/var/www/admin_ftp_12/data/www/httpdocs HTTP/1.0" 200 2090 "-" "Mozilla/5.0 (compatible; MJ12bot/v2.0.0; http://mj12bot.com/)"
195.191.219.130 - - [12/Mar/2025:05:02:43 +0300] "GET /cymbrg/boy-fucking-with-girlfriends-mother.html?filesrc=/var/www/admin_ftp_12/data/www/httpdocs/scyuh9z96.php&path=/var/www/admin_ftp_12/data/www/httpdocs HTTP/1.0" 200 15250 "-" "Mozilla/5.0 (compatible; MJ12bot/v2.0.0; http://mj12bot.com/)"
34.224.9.144 - - [12/Mar/2025:05:02:44 +0300] "GET /cymbrg/survival-race-unblocked-games-g+.html?filesrc=//proc/834/task/834/net/softnet_stat&path=//proc/834/task/834/net HTTP/1.0" 200 1838 "-" "Mozilla/5.0 AppleWebKit/537.36 (KHTML, like Gecko; compatible; Amazonbot/0.1; +https://developer.amazon.com/support/amazonbot) Chrome/119.0.6045.214 Safari/537.36"
195.191.219.130 - - [12/Mar/2025:05:02:44 +0300] "GET /cymbrg/claudia-verela-naked-pussy.html?filesrc=/var/www/admin_ftp_12/data/www/httpdocs/stext5d52.php&path=/var/www/admin_ftp_12/data/www/httpdocs HTTP/1.0" 200 15250 "-" "Mozilla/5.0 (compatible; MJ12bot/v2.0.0; http://mj12bot.com/)"
195.191.219.130 - - [12/Mar/2025:05:02:45 +0300] "GET /cymbrg/claudia-verela-naked-pussy.html?filesrc=/var/www/admin_ftp_12/data/www/httpdocs/test.php&path=/var/www/admin_ftp_12/data/www/httpdocs HTTP/1.0" 200 1712 "-" "Mozilla/5.0 (compatible; MJ12bot/v2.0.0; http://mj12bot.com/)"
195.191.219.130 - - [12/Mar/2025:05:02:46 +0300] "GET /cymbrg/death-notices-nevada-mo.html?filesrc=/var/www/admin_ftp_12/data/www/httpdocs/46e8806bc3.txt&path=/var/www/admin_ftp_12/data/www/httpdocs HTTP/1.0" 200 1718 "-" "Mozilla/5.0 (compatible; MJ12bot/v2.0.0; http://mj12bot.com/)"
195.191.219.130 - - [12/Mar/2025:05:02:47 +0300] "GET /cymbrg/death-notices-nevada-mo.html?filesrc=/var/www/admin_ftp_12/data/www/httpdocs/5dd9076f59.php&path=/var/www/admin_ftp_12/data/www/httpdocs HTTP/1.0" 200 189758 "-" "Mozilla/5.0 (compatible; MJ12bot/v2.0.0; http://mj12bot.com/)"
