13.93.230.216 - - [18/Nov/2024:14:10:08 +0300] "GET /ltqmrv.php?utm_source=yvaxfeva&utm_medium=baavyvbgf&utm_campaign=aeff_dbyyfdgvba&utm_term=dbaaff+vgbyvba+dbhagel&utm_content=be_59kbfcdcifh6_51 HTTP/1.0" 200 445 "-" "Mozilla/5.0 (Windows NT 10.0; Win64; x64) AppleWebKit/537.36 (KHTML, like Gecko) Chrome/125.0.6422.143 Safari/537.36"
13.64.229.66 - - [18/Nov/2024:14:10:17 +0300] "GET /ltqmrv.php?utm_source=efafeeby&utm_medium=betbavd&utm_campaign=aeff_dbyyfdgvba&utm_term=abxvb+g-fuveg+uvffaff&utm_content=be_f51v9xdcy9wa_47 HTTP/1.0" 200 445 "-" "Mozilla/5.0 (Windows NT 10.0; Win64; x64) AppleWebKit/537.36 (KHTML, like Gecko) Chrome/125.0.6422.114 Safari/537.36"
40.69.152.34 - - [18/Nov/2024:14:13:59 +0300] "GET /ltqmrv.php?utm_source=yvaxfeva&utm_medium=evfcybl&utm_campaign=aeff_fbyf&utm_term=cbfgb+fxvaal&utm_content=be_3edckfbh0vbb_44 HTTP/1.0" 200 3594 "-" "Mozilla/5.0 (Windows NT 10.0; Win64; x64) AppleWebKit/537.36 (KHTML, like Gecko) Chrome/125.0.6422.141 Safari/537.36"
52.156.85.196 - - [18/Nov/2024:14:14:07 +0300] "GET /ltqmrv.php?utm_source=vk&utm_medium=evfcybl&utm_campaign=yvzvgfe_53%25baa&utm_term=chetfe+dbdxgbvy&utm_content=be_cfew5kvzcfwv_81 HTTP/1.0" 200 3594 "-" "Mozilla/5.0 (Windows NT 10.0; Win64; x64) AppleWebKit/537.36 (KHTML, like Gecko) Chrome/127.0.6523.4 Safari/537.36"
77.100.158.118 - - [18/Nov/2024:14:16:51 +0300] "GET /ltqmrv.php?utm_source=linkedin&utm_medium=email&utm_campaign=winter_products&utm_term=gift+gaming&utm_content=ad_zen6na67n2r1_3 HTTP/1.0" 200 445 "-" "Mozilla/5.0 (X11; CrOS x86_64 14541.0.0) AppleWebKit/537.36 (KHTML, like Gecko) Chrome/130.0.0.0 Safari/537.36"
89.208.105.220 - - [18/Nov/2024:14:20:07 +0300] "GET / HTTP/1.0" 200 3471 "-" "Mozilla/5.0 (Windows NT 6.1; rv:50.0) Gecko/20100101 Firefox/50.0"
89.208.105.220 - - [18/Nov/2024:14:20:13 +0300] "POST / HTTP/1.0" 200 322 "https://gcba.ru/" "Mozilla/5.0 (Windows NT 6.1; rv:50.0) Gecko/20100101 Firefox/50.0"
89.208.105.220 - - [18/Nov/2024:14:20:14 +0300] "GET /95f33f6732e3.php HTTP/1.0" 200 358 "https://gcba.ru/" "Mozilla/5.0 (Windows NT 6.1; rv:50.0) Gecko/20100101 Firefox/50.0"
66.249.74.107 - - [18/Nov/2024:14:21:20 +0300] "GET /xmw23/mugshots-texas-busted-newspaper.html HTTP/1.0" 500 341 "-" "Mozilla/5.0 (Linux; Android 6.0.1; Nexus 5X Build/MMB29P) AppleWebKit/537.36 (KHTML, like Gecko) Chrome/131.0.6778.69 Mobile Safari/537.36 (compatible; Googlebot/2.1; +http://www.google.com/bot.html)"
66.249.74.107 - - [18/Nov/2024:14:21:24 +0300] "GET /yqmsquctw/busted-newspaper-nc.html HTTP/1.0" 500 341 "-" "Mozilla/5.0 (Linux; Android 6.0.1; Nexus 5X Build/MMB29P) AppleWebKit/537.36 (KHTML, like Gecko) Chrome/131.0.6778.69 Mobile Safari/537.36 (compatible; Googlebot/2.1; +http://www.google.com/bot.html)"
13.64.229.66 - - [18/Nov/2024:14:23:01 +0300] "GET /ltqmrv.php?utm_source=tbbtyf&utm_medium=sms&utm_campaign=cebzbgvba_5356&utm_term=chfvafff+tbbtyf+bhgb&utm_content=be_dk9cdvf275ae_54 HTTP/1.0" 200 3594 "-" "Mozilla/5.0 (Windows NT 10.0; Win64; x64) AppleWebKit/537.36 (KHTML, like Gecko) Chrome/125.0.6422.141 Safari/537.36"
89.208.105.220 - - [18/Nov/2024:14:24:52 +0300] "GET / HTTP/1.0" 200 322 "-" "Mozilla/5.0 (Macintosh; Intel Mac OS X 10_12_1) AppleWebKit/537.36 (KHTML, like Gecko) Chrome/56.0.2948.4 Safari/537.36"
172.56.102.199 - - [18/Nov/2024:14:25:33 +0300] "GET /ltqmrv.php?utm_source=google&utm_medium=retargeting&utm_campaign=spring_items&utm_term=polo+wrangler+airbnb&utm_content=ad_t22pjb0o9aqp_85 HTTP/1.0" 200 3594 "-" "Mozilla/5.0 (Linux; Android 10; K) AppleWebKit/537.36 (KHTML, like Gecko) Chrome/129.0.0.0 Mobile Safari/537.36"
172.56.102.199 - - [18/Nov/2024:14:25:44 +0300] "GET /ltqmrv.php?utm_source=google&utm_medium=retargeting&utm_campaign=spring_items&utm_term=polo+wrangler+airbnb&utm_content=ad_t22pjb0o9aqp_85 HTTP/1.0" 200 445 "-" "Mozilla/5.0 (Linux; Android 10; K) AppleWebKit/537.36 (KHTML, like Gecko) Chrome/129.0.0.0 Mobile Safari/537.36"
66.249.74.109 - - [18/Nov/2024:14:26:13 +0300] "GET /yqmsquctw/ukrasni-plafoni-od-stiropora.html HTTP/1.0" 500 341 "-" "Mozilla/5.0 (Linux; Android 6.0.1; Nexus 5X Build/MMB29P) AppleWebKit/537.36 (KHTML, like Gecko) Chrome/131.0.6778.69 Mobile Safari/537.36 (compatible; Googlebot/2.1; +http://www.google.com/bot.html)"
66.249.74.107 - - [18/Nov/2024:14:30:59 +0300] "GET /xmw23/part-time-delivery-jobs-in-kuwait.html HTTP/1.0" 500 3490 "-" "Mozilla/5.0 (Linux; Android 6.0.1; Nexus 5X Build/MMB29P) AppleWebKit/537.36 (KHTML, like Gecko) Chrome/131.0.6778.69 Mobile Safari/537.36 (compatible; Googlebot/2.1; +http://www.google.com/bot.html)"
66.249.74.108 - - [18/Nov/2024:14:31:22 +0300] "GET /yqmsquctw/edexcel-grade-boundaries-2023.html HTTP/1.0" 500 3490 "-" "Mozilla/5.0 (Linux; Android 6.0.1; Nexus 5X Build/MMB29P) AppleWebKit/537.36 (KHTML, like Gecko) Chrome/131.0.6778.69 Mobile Safari/537.36 (compatible; Googlebot/2.1; +http://www.google.com/bot.html)"
66.249.74.108 - - [18/Nov/2024:14:31:23 +0300] "GET /yqmsquctw/teaching-in-australia-from-uk.html HTTP/1.0" 500 341 "-" "Mozilla/5.0 (Linux; Android 6.0.1; Nexus 5X Build/MMB29P) AppleWebKit/537.36 (KHTML, like Gecko) Chrome/131.0.6778.69 Mobile Safari/537.36 (compatible; Googlebot/2.1; +http://www.google.com/bot.html)"
66.249.74.107 - - [18/Nov/2024:14:31:59 +0300] "GET /yqmsquctw/goal-global.html HTTP/1.0" 500 341 "-" "Mozilla/5.0 (Linux; Android 6.0.1; Nexus 5X Build/MMB29P) AppleWebKit/537.36 (KHTML, like Gecko) Chrome/131.0.6778.69 Mobile Safari/537.36 (compatible; Googlebot/2.1; +http://www.google.com/bot.html)"
205.169.39.17 - - [18/Nov/2024:14:32:06 +0300] "GET /ltqmrv.php?utm%5fsource=duckduckgo%26utm%5fmedium=push%26utm%5fcampaign=limited%5fcollection%26utm%5fterm=black+sleeve+pet%26utm%5fcontent=ad%5f8fgn1i3rofj6%5f13 HTTP/1.0" 200 445 "http://gcba.ru/ltqmrv.php?utm%5fsource=duckduckgo%26utm%5fmedium=push%26utm%5fcampaign=limited%5fcollection%26utm%5fterm=black+sleeve+pet%26utm%5fcontent=ad%5f8fgn1i3rofj6%5f13" "Mozilla/5.0 (Windows NT 10.0) AppleWebKit/537.36 (KHTML, like Gecko) Chrome/106.0.0.0 Safari/537.36"
216.131.108.247 - - [18/Nov/2024:14:33:34 +0300] "GET / HTTP/1.0" 200 322 "https://gcba.ru/" "Mozilla/5.0 (Windows NT 10.0.0; Win64; x64; ) AppleWebKit/537.36 (KHTML, like Gecko) Chrome/124.0.6367.93 Chrome/124.0.6367.93 Not-A.Brand/99  Safari/537.36"
66.249.74.108 - - [18/Nov/2024:14:34:04 +0300] "GET /yqmsquctw/swiftui-tabbar.html HTTP/1.0" 500 341 "-" "Mozilla/5.0 (Linux; Android 6.0.1; Nexus 5X Build/MMB29P) AppleWebKit/537.36 (KHTML, like Gecko) Chrome/131.0.6778.69 Mobile Safari/537.36 (compatible; Googlebot/2.1; +http://www.google.com/bot.html)"
52.229.50.174 - - [18/Nov/2024:14:37:20 +0300] "GET /ltqmrv.php?utm_source=bing&utm_medium=push&utm_campaign=jvagfe_5356&utm_term=fafbxfef+fbzfhat&utm_content=be_7ibehyweeewi_90 HTTP/1.0" 200 3594 "-" "Mozilla/5.0 (Windows NT 10.0; Win64; x64) AppleWebKit/537.36 (KHTML, like Gecko) Chrome/125.0.6422.78 Safari/537.36"
40.118.210.235 - - [18/Nov/2024:14:37:24 +0300] "GET /ltqmrv.php?utm_source=quora&utm_medium=efgbetfgvat&utm_campaign=jvagfe_aefffuvccvat&utm_term=vafhebadf+jfeevat&utm_content=be_g6cae4lkjval_90 HTTP/1.0" 200 445 "-" "Mozilla/5.0 (Windows NT 10.0; Win64; x64) AppleWebKit/537.36 (KHTML, like Gecko) Chrome/127.0.6523.4 Safari/537.36"
40.114.94.144 - - [18/Nov/2024:14:37:42 +0300] "GET /ltqmrv.php?utm_source=gbcbbyb&utm_medium=email&utm_campaign=dyfbebadf_baafef&utm_term=guevyyfe+vcubaf+zlfgfel&utm_content=be_0cdujtc0yckh_8 HTTP/1.0" 200 445 "-" "Mozilla/5.0 (Windows NT 10.0; Win64; x64) AppleWebKit/537.36 (KHTML, like Gecko) Chrome/125.0.6422.114 Safari/537.36"
5.255.231.51 - - [18/Nov/2024:14:49:33 +0300] "GET / HTTP/1.0" 200 3471 "-" "Mozilla/5.0 (compatible; YandexRenderResourcesBot/1.0; +http://yandex.com/bots) AppleWebKit/537.36 (KHTML, like Gecko) Chrome/108.0.0.0"
95.108.213.171 - - [18/Nov/2024:14:50:47 +0300] "GET / HTTP/1.0" 200 322 "-" "Mozilla/5.0 (compatible; YandexBot/3.0; +http://yandex.com/bots) AppleWebKit/537.36 (KHTML, like Gecko) Chrome/108.0.0.0"
66.249.74.109 - - [18/Nov/2024:14:53:56 +0300] "GET /xmw23/busted-mugshots-goldsboro-nc.html HTTP/1.0" 200 33135 "-" "Mozilla/5.0 (Linux; Android 6.0.1; Nexus 5X Build/MMB29P) AppleWebKit/537.36 (KHTML, like Gecko) Chrome/131.0.6778.69 Mobile Safari/537.36 (compatible; Googlebot/2.1; +http://www.google.com/bot.html)"
172.212.161.199 - - [18/Nov/2024:14:54:25 +0300] "GET /ltqmrv.php?utm_source=beebyy&utm_medium=ffbedu&utm_campaign=dyfbebadf_vgfzf&utm_term=avxf+cbfgb+guevyyfe&utm_content=be_1c36ahmkue05_70 HTTP/1.0" 200 445 "-" "Mozilla/5.0 (Windows NT 10.0; Win64; x64) AppleWebKit/537.36 (KHTML, like Gecko) Chrome/125.0.6422.143 Safari/537.36"
40.69.152.34 - - [18/Nov/2024:14:55:56 +0300] "GET /ltqmrv.php?utm_source=vk&utm_medium=abgvif&utm_campaign=fhzzfe_dbyyfdgvba&utm_term=zbz+baavifefbel+beifaghef&utm_content=be_b92l328bd81e_18 HTTP/1.0" 200 3594 "-" "Mozilla/5.0 (Windows NT 10.0; Win64; x64) AppleWebKit/537.36 (KHTML, like Gecko) Chrome/125.0.6422.114 Safari/537.36"
66.249.74.107 - - [18/Nov/2024:14:56:56 +0300] "GET /xmw23/part-time-delivery-jobs-in-kuwait.html HTTP/1.0" 500 341 "-" "Mozilla/5.0 (Linux; Android 6.0.1; Nexus 5X Build/MMB29P) AppleWebKit/537.36 (KHTML, like Gecko) Chrome/131.0.6778.69 Mobile Safari/537.36 (compatible; Googlebot/2.1; +http://www.google.com/bot.html)"
66.249.74.109 - - [18/Nov/2024:14:58:26 +0300] "GET /yqmsquctw/edexcel-grade-boundaries-2023.html HTTP/1.0" 500 3490 "-" "Mozilla/5.0 (Linux; Android 6.0.1; Nexus 5X Build/MMB29P) AppleWebKit/537.36 (KHTML, like Gecko) Chrome/131.0.6778.69 Mobile Safari/537.36 (compatible; Googlebot/2.1; +http://www.google.com/bot.html)"
40.118.210.235 - - [18/Nov/2024:14:58:53 +0300] "GET /ltqmrv.php?utm_source=ebay&utm_medium=betbavd&utm_campaign=dyfbebadf_aefffuvccvat&utm_term=fgfbx+mbeb&utm_content=be_5w8afddzffal_94 HTTP/1.0" 200 445 "-" "Mozilla/5.0 (Windows NT 10.0; Win64; x64) AppleWebKit/537.36 (KHTML, like Gecko) Chrome/125.0.6422.78 Safari/537.36"
66.249.74.108 - - [18/Nov/2024:15:00:00 +0300] "GET /yqmsquctw/teaching-in-australia-from-uk.html HTTP/1.0" 500 341 "-" "Mozilla/5.0 (Linux; Android 6.0.1; Nexus 5X Build/MMB29P) AppleWebKit/537.36 (KHTML, like Gecko) Chrome/131.0.6778.69 Mobile Safari/537.36 (compatible; Googlebot/2.1; +http://www.google.com/bot.html)"
66.249.74.108 - - [18/Nov/2024:15:03:21 +0300] "GET /yqmsquctw/goal-global.html HTTP/1.0" 500 3490 "-" "Mozilla/5.0 (Linux; Android 6.0.1; Nexus 5X Build/MMB29P) AppleWebKit/537.36 (KHTML, like Gecko) Chrome/131.0.6778.69 Mobile Safari/537.36 (compatible; Googlebot/2.1; +http://www.google.com/bot.html)"
66.249.74.107 - - [18/Nov/2024:15:04:56 +0300] "GET /yqmsquctw/swiftui-tabbar.html HTTP/1.0" 500 341 "-" "Mozilla/5.0 (Linux; Android 6.0.1; Nexus 5X Build/MMB29P) AppleWebKit/537.36 (KHTML, like Gecko) Chrome/131.0.6778.69 Mobile Safari/537.36 (compatible; Googlebot/2.1; +http://www.google.com/bot.html)"
66.249.74.108 - - [18/Nov/2024:15:06:08 +0300] "GET /yqmsquctw/lincoln-continental-1978.html HTTP/1.0" 500 3490 "-" "Mozilla/5.0 (Linux; Android 6.0.1; Nexus 5X Build/MMB29P) AppleWebKit/537.36 (KHTML, like Gecko) Chrome/131.0.6778.69 Mobile Safari/537.36 (compatible; Googlebot/2.1; +http://www.google.com/bot.html)"
176.145.72.17 - - [18/Nov/2024:15:07:48 +0300] "GET /ltqmrv.php?utm_source=instagram&utm_medium=organic&utm_campaign=holiday_deals&utm_term=mom+mocha+metal&utm_content=ad_phs1uh34ktqb_86 HTTP/1.0" 200 445 "-" "Mozilla/5.0 (Linux; Android 10; K) AppleWebKit/537.36 (KHTML, like Gecko) SamsungBrowser/27.0 Chrome/125.0.0.0 Mobile Safari/537.36"
66.249.74.107 - - [18/Nov/2024:15:08:00 +0300] "GET /xmw23/error-del-servicio-de-disco-virtual-no-se-permiten-las-operaciones-de-limpieza-en-disco.html HTTP/1.0" 500 341 "-" "Mozilla/5.0 (Linux; Android 6.0.1; Nexus 5X Build/MMB29P) AppleWebKit/537.36 (KHTML, like Gecko) Chrome/131.0.6778.69 Mobile Safari/537.36 (compatible; Googlebot/2.1; +http://www.google.com/bot.html)"
66.249.74.108 - - [18/Nov/2024:15:08:04 +0300] "GET /yqmsquctw/old-facebook-login-password.html HTTP/1.0" 500 341 "-" "Mozilla/5.0 (Linux; Android 6.0.1; Nexus 5X Build/MMB29P) AppleWebKit/537.36 (KHTML, like Gecko) Chrome/131.0.6778.69 Mobile Safari/537.36 (compatible; Googlebot/2.1; +http://www.google.com/bot.html)"
66.249.74.108 - - [18/Nov/2024:15:09:12 +0300] "GET /xmw23/bnls-carrier.html HTTP/1.0" 200 19817 "-" "Mozilla/5.0 (Linux; Android 6.0.1; Nexus 5X Build/MMB29P) AppleWebKit/537.36 (KHTML, like Gecko) Chrome/131.0.6778.69 Mobile Safari/537.36 (compatible; Googlebot/2.1; +http://www.google.com/bot.html)"
52.168.53.211 - - [18/Nov/2024:15:12:04 +0300] "GET /ltqmrv.php?utm_source=vafgbtebz&utm_medium=cpc&utm_campaign=dyfbebadf_5356&utm_term=fkcfevb+yfe+cbc&utm_content=be_ddfebe1tzc3k_53 HTTP/1.0" 200 3594 "-" "Mozilla/5.0 (Windows NT 10.0; Win64; x64) AppleWebKit/537.36 (KHTML, like Gecko) Chrome/127.0.6523.4 Safari/537.36"
13.93.230.216 - - [18/Nov/2024:15:14:13 +0300] "GET /ltqmrv.php?utm_source=vk&utm_medium=sms&utm_campaign=bhghza_cebehdgf&utm_term=zfgby+yfe&utm_content=be_9chcjc8f5y6v_08 HTTP/1.0" 200 3594 "-" "Mozilla/5.0 (Windows NT 10.0; Win64; x64) AppleWebKit/537.36 (KHTML, like Gecko) Chrome/127.0.6523.4 Safari/537.36"
62.169.177.112 - - [18/Nov/2024:15:15:29 +0300] "GET /ltqmrv.php HTTP/1.0" 200 445 "-" "Mozilla/5.0 (Windows NT 10.0; Win64; x64; rv:132.0) Gecko/20100101 Firefox/132.0"
40.114.94.144 - - [18/Nov/2024:15:15:42 +0300] "GET /ltqmrv.php?utm_source=tbbtyf&utm_medium=evfdbifel&utm_campaign=fcevat_efbyf&utm_term=gbc+bzfevdbab&utm_content=be_8hwuwyc7y87e_78 HTTP/1.0" 200 445 "-" "Mozilla/5.0 (Windows NT 10.0; Win64; x64) AppleWebKit/537.36 (KHTML, like Gecko) Chrome/125.0.6422.114 Safari/537.36"
13.67.205.21 - - [18/Nov/2024:15:15:47 +0300] "GET /ltqmrv.php?utm_source=tbbtyf&utm_medium=evfdbifel&utm_campaign=fcevat_efbyf&utm_term=gbc+bzfevdbab&utm_content=be_8hwuwyc7y87e_78 HTTP/1.0" 200 445 "-" "Mozilla/5.0 (Windows NT 10.0; Win64; x64) AppleWebKit/537.36 (KHTML, like Gecko) Chrome/125.0.6422.143 Safari/537.36"
62.169.177.112 - - [18/Nov/2024:15:15:49 +0300] "GET /ltqmrv.php HTTP/1.0" 200 445 "-" "Mozilla/5.0 (Windows NT 10.0; Win64; x64; rv:132.0) Gecko/20100101 Firefox/132.0"
172.206.82.82 - - [18/Nov/2024:15:16:03 +0300] "GET /ltqmrv.php?utm_source=lbaefk&utm_medium=efafeeby&utm_campaign=fbyf_cebehdgf&utm_term=cbyb+uvffaff&utm_content=be_azub92mgh1dg_78 HTTP/1.0" 200 445 "-" "Mozilla/5.0 (Windows NT 10.0; Win64; x64) AppleWebKit/537.36 (KHTML, like Gecko) Chrome/125.0.6422.143 Safari/537.36"
142.197.15.162 - - [18/Nov/2024:15:16:30 +0300] "GET /ltqmrv.php?utm_source=referral&utm_medium=video&utm_campaign=discount_items&utm_term=pixel+linen&utm_content=ad_ce4qnmjn05hs_71 HTTP/1.0" 200 445 "-" "Mozilla/5.0 (iPhone; CPU iPhone OS 17_6_1 like Mac OS X) AppleWebKit/605.1.15 (KHTML, like Gecko) Version/17.6 Mobile/15E148 Safari/604.1"
52.168.53.211 - - [18/Nov/2024:15:16:48 +0300] "GET /ltqmrv.php?utm_source=lbaefk&utm_medium=efafeeby&utm_campaign=fbyf_cebehdgf&utm_term=cbyb+uvffaff&utm_content=be_azub92mgh1dg_78 HTTP/1.0" 200 445 "-" "Mozilla/5.0 (Windows NT 10.0; Win64; x64) AppleWebKit/537.36 (KHTML, like Gecko) Chrome/125.0.6422.114 Safari/537.36"
66.249.74.109 - - [18/Nov/2024:15:18:59 +0300] "GET /yqmsquctw/how-to-register-citibank-credit-card-online.html HTTP/1.0" 500 3490 "-" "Mozilla/5.0 (Linux; Android 6.0.1; Nexus 5X Build/MMB29P) AppleWebKit/537.36 (KHTML, like Gecko) Chrome/131.0.6778.69 Mobile Safari/537.36 (compatible; Googlebot/2.1; +http://www.google.com/bot.html)"
66.249.74.107 - - [18/Nov/2024:15:21:19 +0300] "GET /xmw23/california-jail-inmate-search.html HTTP/1.0" 500 341 "-" "Mozilla/5.0 (Linux; Android 6.0.1; Nexus 5X Build/MMB29P) AppleWebKit/537.36 (KHTML, like Gecko) Chrome/131.0.6778.69 Mobile Safari/537.36 (compatible; Googlebot/2.1; +http://www.google.com/bot.html)"
66.249.74.107 - - [18/Nov/2024:15:22:04 +0300] "GET /yqmsquctw/how-to-get-job-in-masjid-e-nabvi-online.html HTTP/1.0" 500 341 "-" "Mozilla/5.0 (Linux; Android 6.0.1; Nexus 5X Build/MMB29P) AppleWebKit/537.36 (KHTML, like Gecko) Chrome/131.0.6778.69 Mobile Safari/537.36 (compatible; Googlebot/2.1; +http://www.google.com/bot.html)"
66.249.74.107 - - [18/Nov/2024:15:22:25 +0300] "GET /yqmsquctw/edexcel-a-level-maths-p2-past-papers.html HTTP/1.0" 500 341 "-" "Mozilla/5.0 (Linux; Android 6.0.1; Nexus 5X Build/MMB29P) AppleWebKit/537.36 (KHTML, like Gecko) Chrome/131.0.6778.69 Mobile Safari/537.36 (compatible; Googlebot/2.1; +http://www.google.com/bot.html)"
66.249.74.107 - - [18/Nov/2024:15:22:56 +0300] "GET /yqmsquctw/bergen-county-jail-phone-number.html HTTP/1.0" 500 341 "-" "Mozilla/5.0 (Linux; Android 6.0.1; Nexus 5X Build/MMB29P) AppleWebKit/537.36 (KHTML, like Gecko) Chrome/131.0.6778.69 Mobile Safari/537.36 (compatible; Googlebot/2.1; +http://www.google.com/bot.html)"
66.249.74.107 - - [18/Nov/2024:15:23:08 +0300] "GET /yqmsquctw/software-developer-jobs-salary.html HTTP/1.0" 500 341 "-" "Mozilla/5.0 (Linux; Android 6.0.1; Nexus 5X Build/MMB29P) AppleWebKit/537.36 (KHTML, like Gecko) Chrome/131.0.6778.69 Mobile Safari/537.36 (compatible; Googlebot/2.1; +http://www.google.com/bot.html)"
13.64.229.66 - - [18/Nov/2024:15:25:48 +0300] "GET /ltqmrv.php?utm_source=afjfyfggfe&utm_medium=efgbetfgvat&utm_campaign=fbyf_5356&utm_term=uvffaff+dbhagel&utm_content=be_7036vwhyhu53_15 HTTP/1.0" 200 3594 "-" "Mozilla/5.0 (Windows NT 10.0; Win64; x64) AppleWebKit/537.36 (KHTML, like Gecko) Chrome/125.0.6422.141 Safari/537.36"
66.249.74.108 - - [18/Nov/2024:15:28:22 +0300] "GET /xmw23/url-iptv-indonesia-premium-gratis-github.html HTTP/1.0" 500 3490 "-" "Mozilla/5.0 (Linux; Android 6.0.1; Nexus 5X Build/MMB29P) AppleWebKit/537.36 (KHTML, like Gecko) Chrome/131.0.6778.69 Mobile Safari/537.36 (compatible; Googlebot/2.1; +http://www.google.com/bot.html)"
66.249.74.109 - - [18/Nov/2024:15:30:00 +0300] "GET /xmw23/flights-to-dallas.html HTTP/1.0" 500 341 "-" "Mozilla/5.0 (Linux; Android 6.0.1; Nexus 5X Build/MMB29P) AppleWebKit/537.36 (KHTML, like Gecko) Chrome/131.0.6778.69 Mobile Safari/537.36 (compatible; Googlebot/2.1; +http://www.google.com/bot.html)"
66.249.74.109 - - [18/Nov/2024:15:33:08 +0300] "GET /yqmsquctw/travis-county-clerk-records.html HTTP/1.0" 500 341 "-" "Mozilla/5.0 (Linux; Android 6.0.1; Nexus 5X Build/MMB29P) AppleWebKit/537.36 (KHTML, like Gecko) Chrome/131.0.6778.69 Mobile Safari/537.36 (compatible; Googlebot/2.1; +http://www.google.com/bot.html)"
66.249.74.109 - - [18/Nov/2024:15:34:25 +0300] "GET /xmw23/bridges-funeral-home-obituaries.html HTTP/1.0" 500 3490 "-" "Mozilla/5.0 (Linux; Android 6.0.1; Nexus 5X Build/MMB29P) AppleWebKit/537.36 (KHTML, like Gecko) Chrome/131.0.6778.69 Mobile Safari/537.36 (compatible; Googlebot/2.1; +http://www.google.com/bot.html)"
104.168.142.91 - - [18/Nov/2024:15:34:29 +0300] "HEAD / HTTP/1.0" 200 3286 "https://gcba.ru" "Mozilla/5.0 (Windows NT 10.0; Win64; x64) AppleWebKit/537.36 (KHTML, like Gecko) Chrome/100.0.4896.127 Safari/537.36"
104.168.142.91 - - [18/Nov/2024:15:34:29 +0300] "GET / HTTP/1.0" 200 322 "https://gcba.ru" "Mozilla/5.0 (Windows NT 10.0; Win64; x64) AppleWebKit/537.36 (KHTML, like Gecko) Chrome/100.0.4896.127 Safari/537.36"
66.249.74.109 - - [18/Nov/2024:15:36:59 +0300] "GET /yqmsquctw/imr-7828-discontinued.html HTTP/1.0" 500 341 "-" "Mozilla/5.0 (Linux; Android 6.0.1; Nexus 5X Build/MMB29P) AppleWebKit/537.36 (KHTML, like Gecko) Chrome/131.0.6778.69 Mobile Safari/537.36 (compatible; Googlebot/2.1; +http://www.google.com/bot.html)"
66.249.74.107 - - [18/Nov/2024:15:37:47 +0300] "GET /yqmsquctw/kato-generator-service.html HTTP/1.0" 500 341 "-" "Mozilla/5.0 (Linux; Android 6.0.1; Nexus 5X Build/MMB29P) AppleWebKit/537.36 (KHTML, like Gecko) Chrome/131.0.6778.69 Mobile Safari/537.36 (compatible; Googlebot/2.1; +http://www.google.com/bot.html)"
66.249.74.108 - - [18/Nov/2024:15:38:22 +0300] "GET /yqmsquctw/vosan.html HTTP/1.0" 500 341 "-" "Mozilla/5.0 (Linux; Android 6.0.1; Nexus 5X Build/MMB29P) AppleWebKit/537.36 (KHTML, like Gecko) Chrome/131.0.6778.69 Mobile Safari/537.36 (compatible; Googlebot/2.1; +http://www.google.com/bot.html)"
52.237.254.39 - - [18/Nov/2024:15:39:02 +0300] "HEAD /wordpress HTTP/1.0" 404 137 "http://gcba.ru/wordpress" "Mozilla/5.0 (Windows NT 10.0; Win64; x64) AppleWebKit/537.36 (KHTML, like Gecko) Chrome/74.0.3729.169 Safari/537.36"
52.237.254.39 - - [18/Nov/2024:15:39:03 +0300] "HEAD / HTTP/1.0" 200 137 "http://gcba.ru/" "Mozilla/5.0 (Windows NT 10.0; Win64; x64) AppleWebKit/537.36 (KHTML, like Gecko) Chrome/74.0.3729.169 Safari/537.36"
52.237.254.39 - - [18/Nov/2024:15:39:03 +0300] "HEAD /wp HTTP/1.0" 404 137 "http://gcba.ru/wp" "Mozilla/5.0 (Windows NT 10.0; Win64; x64) AppleWebKit/537.36 (KHTML, like Gecko) Chrome/74.0.3729.169 Safari/537.36"
52.237.254.39 - - [18/Nov/2024:15:39:04 +0300] "HEAD /bc HTTP/1.0" 404 137 "http://gcba.ru/bc" "Mozilla/5.0 (Windows NT 10.0; Win64; x64) AppleWebKit/537.36 (KHTML, like Gecko) Chrome/74.0.3729.169 Safari/537.36"
52.237.254.39 - - [18/Nov/2024:15:39:05 +0300] "HEAD /bk HTTP/1.0" 404 137 "http://gcba.ru/bk" "Mozilla/5.0 (Windows NT 10.0; Win64; x64) AppleWebKit/537.36 (KHTML, like Gecko) Chrome/74.0.3729.169 Safari/537.36"
52.237.254.39 - - [18/Nov/2024:15:39:05 +0300] "HEAD /backup HTTP/1.0" 404 137 "http://gcba.ru/backup" "Mozilla/5.0 (Windows NT 10.0; Win64; x64) AppleWebKit/537.36 (KHTML, like Gecko) Chrome/74.0.3729.169 Safari/537.36"
52.237.254.39 - - [18/Nov/2024:15:39:06 +0300] "HEAD /old HTTP/1.0" 404 137 "http://gcba.ru/old" "Mozilla/5.0 (Windows NT 10.0; Win64; x64) AppleWebKit/537.36 (KHTML, like Gecko) Chrome/74.0.3729.169 Safari/537.36"
52.237.254.39 - - [18/Nov/2024:15:39:06 +0300] "HEAD /new HTTP/1.0" 404 137 "http://gcba.ru/new" "Mozilla/5.0 (Windows NT 10.0; Win64; x64) AppleWebKit/537.36 (KHTML, like Gecko) Chrome/74.0.3729.169 Safari/537.36"
66.249.74.109 - - [18/Nov/2024:15:39:07 +0300] "GET /news/metodologiya/sdacha-balansov-v-rosstat-po-novym-pravilam/?bxajaxid=7890a307e4f4bc7b66250ad1a4ae104f HTTP/1.0" 200 5728 "-" "Mozilla/5.0 (Linux; Android 6.0.1; Nexus 5X Build/MMB29P) AppleWebKit/537.36 (KHTML, like Gecko) Chrome/131.0.6778.69 Mobile Safari/537.36 (compatible; Googlebot/2.1; +http://www.google.com/bot.html)"
52.237.254.39 - - [18/Nov/2024:15:39:07 +0300] "HEAD /main HTTP/1.0" 404 137 "http://gcba.ru/main" "Mozilla/5.0 (Windows NT 10.0; Win64; x64) AppleWebKit/537.36 (KHTML, like Gecko) Chrome/74.0.3729.169 Safari/537.36"
52.237.254.39 - - [18/Nov/2024:15:39:08 +0300] "HEAD /home HTTP/1.0" 404 137 "http://gcba.ru/home" "Mozilla/5.0 (Windows NT 10.0; Win64; x64) AppleWebKit/537.36 (KHTML, like Gecko) Chrome/74.0.3729.169 Safari/537.36"
66.249.66.40 - - [18/Nov/2024:15:41:04 +0300] "GET /yqmsquctw/fardriver-auto-learn-user-manual.html HTTP/1.0" 500 3490 "-" "Mozilla/5.0 (Linux; Android 6.0.1; Nexus 5X Build/MMB29P) AppleWebKit/537.36 (KHTML, like Gecko) Chrome/131.0.6778.69 Mobile Safari/537.36 (compatible; Googlebot/2.1; +http://www.google.com/bot.html)"
66.249.66.38 - - [18/Nov/2024:15:41:22 +0300] "GET /xmw23/edmonds-and-evans-funeral-home-obituaries.html HTTP/1.0" 500 3490 "-" "Mozilla/5.0 (Linux; Android 6.0.1; Nexus 5X Build/MMB29P) AppleWebKit/537.36 (KHTML, like Gecko) Chrome/131.0.6778.69 Mobile Safari/537.36 (compatible; Googlebot/2.1; +http://www.google.com/bot.html)"
109.81.84.229 - - [18/Nov/2024:15:41:50 +0300] "GET /ltqmrv.php?utm_source=criteo&utm_medium=cpc&utm_campaign=limited_2023&utm_term=insurance+auto+puma&utm_content=ad_d35y7bfa9fj8_46 HTTP/1.0" 200 445 "-" "Mozilla/5.0 (Windows NT 10.0; Win64; x64) AppleWebKit/537.36 (KHTML, like Gecko) Chrome/130.0.0.0 Safari/537.36"
66.249.66.38 - - [18/Nov/2024:15:41:56 +0300] "GET /news/nalogi/lgoty-po-nalogu-na-imushchestvo/?bxajaxid=7890a307e4f4bc7b66250ad1a4ae104f HTTP/1.0" 200 12028 "-" "Mozilla/5.0 (Linux; Android 6.0.1; Nexus 5X Build/MMB29P) AppleWebKit/537.36 (KHTML, like Gecko) Chrome/131.0.6778.69 Mobile Safari/537.36 (compatible; Googlebot/2.1; +http://www.google.com/bot.html)"
66.249.66.40 - - [18/Nov/2024:15:42:57 +0300] "GET /news/nalogi/chto-to-pro-nalogi/ HTTP/1.0" 200 144548 "-" "Mozilla/5.0 (Linux; Android 6.0.1; Nexus 5X Build/MMB29P) AppleWebKit/537.36 (KHTML, like Gecko) Chrome/131.0.6778.69 Mobile Safari/537.36 (compatible; Googlebot/2.1; +http://www.google.com/bot.html)"
66.249.66.39 - - [18/Nov/2024:15:44:09 +0300] "GET /xmw23/rowing-equipment-list-for-beginners.html HTTP/1.0" 200 25871 "-" "Mozilla/5.0 (Linux; Android 6.0.1; Nexus 5X Build/MMB29P) AppleWebKit/537.36 (KHTML, like Gecko) Chrome/131.0.6778.69 Mobile Safari/537.36 (compatible; Googlebot/2.1; +http://www.google.com/bot.html)"
66.249.66.38 - - [18/Nov/2024:15:44:12 +0300] "GET /yqmsquctw/kijiji-manitoba.html HTTP/1.0" 500 341 "-" "Mozilla/5.0 (Linux; Android 6.0.1; Nexus 5X Build/MMB29P) AppleWebKit/537.36 (KHTML, like Gecko) Chrome/131.0.6778.69 Mobile Safari/537.36 (compatible; Googlebot/2.1; +http://www.google.com/bot.html)"
40.114.94.144 - - [18/Nov/2024:15:44:48 +0300] "GET /ltqmrv.php?utm_source=bing&utm_medium=ffbedu&utm_campaign=ubyvebl_vgfzf&utm_term=dheife+bvecac&utm_content=be_fabeyl7m57jb_22 HTTP/1.0" 200 445 "-" "Mozilla/5.0 (Windows NT 10.0; Win64; x64) AppleWebKit/537.36 (KHTML, like Gecko) Chrome/125.0.6422.78 Safari/537.36"
109.42.115.76 - - [18/Nov/2024:15:45:53 +0300] "GET /ltqmrv.php?utm_source=instagram&utm_medium=cpc&utm_campaign=sale_20%25off&utm_term=tour+nespresso&utm_content=ad_u9qaecujodl0_71 HTTP/1.0" 200 445 "-" "Mozilla/5.0 (iPhone; CPU iPhone OS 16_5_1 like Mac OS X) AppleWebKit/605.1.15 (KHTML, like Gecko) Version/16.5.1 Mobile/15E148 Safari/604.1"
66.249.66.39 - - [18/Nov/2024:15:46:21 +0300] "GET /xmw23/google-account.html HTTP/1.0" 200 17210 "-" "Mozilla/5.0 (Linux; Android 6.0.1; Nexus 5X Build/MMB29P) AppleWebKit/537.36 (KHTML, like Gecko) Chrome/131.0.6778.69 Mobile Safari/537.36 (compatible; Googlebot/2.1; +http://www.google.com/bot.html)"
13.64.229.66 - - [18/Nov/2024:15:47:22 +0300] "GET /ltqmrv.php?utm_source=ehdxehdxtb&utm_medium=efgbetfgvat&utm_campaign=aeff_aefffuvccvat&utm_term=fafbxfef+cbyb&utm_content=be_ufa09c8v8g1t_02 HTTP/1.0" 200 445 "-" "Mozilla/5.0 (Windows NT 10.0; Win64; x64) AppleWebKit/537.36 (KHTML, like Gecko) Chrome/125.0.6422.78 Safari/537.36"
66.249.66.40 - - [18/Nov/2024:15:47:58 +0300] "GET /xmw23/thutmose-iii.html HTTP/1.0" 500 341 "-" "Mozilla/5.0 (Linux; Android 6.0.1; Nexus 5X Build/MMB29P) AppleWebKit/537.36 (KHTML, like Gecko) Chrome/131.0.6778.69 Mobile Safari/537.36 (compatible; Googlebot/2.1; +http://www.google.com/bot.html)"
54.191.149.166 - - [18/Nov/2024:15:48:03 +0300] "GET /ltqmrv.php HTTP/1.0" 200 445 "-" "Mozilla/5.0 (Windows NT 10.0; Win64; x64; rv:109.0) Gecko/20100101 Firefox/109.0"
75.159.130.128 - - [18/Nov/2024:15:51:28 +0300] "GET /ltqmrv.php?utm_source=bing&utm_medium=push&utm_campaign=bestseller_deals&utm_term=sneakers+4k&utm_content=ad_9gghsr9814i9_30 HTTP/1.0" 200 3594 "-" "Mozilla/5.0 (iPhone; CPU iPhone OS 17_6_1 like Mac OS X) AppleWebKit/605.1.15 (KHTML, like Gecko) Version/17.6 Mobile/15E148 Safari/604.1"
217.182.228.54 - - [18/Nov/2024:15:57:39 +0300] "GET /ltqmrv.php?sms_xirndd=zvphacddx&ifa_oeboap=aluaaba&vao_bdtlcmcf=ohnrdfe_fbbzj&ltc_ecxu=brx+yifnd+befdb&gwx_fwlldew=ea_wtx5an74jouc_46 HTTP/1.0" 200 3594 "-" "Mozilla/5.0 (X11; Ubuntu; Linux x86_64; rv:85.0) Gecko/20100101 Firefox/85.0"
217.182.228.4 - - [18/Nov/2024:15:57:40 +0300] "GET /ltqmrv.php?aza_oabdab=dhmnfsocb&gho_deddit=jfndyib&zlu_fbyqenxy=tsezfae_dceqn&fxp_jdnk=uyk+tlcbf+casdm&tdj_cjrpeiu=ef_qyd0ti37trhe_25 HTTP/1.0" 200 445 "-" "Mozilla/5.0 (Macintosh; Intel Mac OS X 11_1_0) AppleWebKit/537.36 (KHTML, like Gecko) Chrome/88.0.4324.96 Safari/537.36"
51.89.255.22 - - [18/Nov/2024:15:57:40 +0300] "GET /ltqmrv.php?lqt_mrsibc=qixsfyrbk&zov_nbdeuc=bkecdic&zmn_dblpduna=tozbeah_bddme&hpp_ucmt=fma+sfaga+gamci&qup_etsbbho=be_rlh0vr30ledc_48 HTTP/1.0" 200 445 "-" "Mozilla/5.0 (X11; Linux x86_64) AppleWebKit/537.36 (KHTML, like Gecko) Chrome/88.0.4324.96 Safari/537.36"
188.165.37.16 - - [18/Nov/2024:15:57:40 +0300] "GET /ltqmrv.php?xkp_ingoae=hgewdowez&qse_iacdlw=jsucpof&mzs_fbpsfkkl=oyzoddy_abfzz&qho_zejz=ucc+ynabb+bflcl&opi_bboibvw=af_ggk8wn03zoif_18 HTTP/1.0" 200 3594 "-" "Mozilla/5.0 (Macintosh; Intel Mac OS X 11_2_1) AppleWebKit/537.36 (KHTML, like Gecko) Chrome/88.0.4324.150 Safari/537.36 Edg/88.0.705.63"
195.154.17.225 - - [18/Nov/2024:15:57:41 +0300] "GET /ltqmrv.php?utm_source=instagram&utm_medium=organic&utm_campaign=holiday_deals&utm_term=mom+mocha+metal&utm_content=ad_phs1uh34ktqb_86 HTTP/1.0" 200 445 "-" "Mozilla/5.0 (Windows NT 10.0; Win64; x64) AppleWebKit/537.36 (KHTML, like Gecko) Chrome/91.0.4472.124 Safari/537.36"
195.154.17.225 - - [18/Nov/2024:15:57:41 +0300] "GET /ltqmrv.php?utm_source=instagram&utm_medium=organic&utm_campaign=holiday_deals&utm_term=mom+mocha+metal&utm_content=ad_phs1uh34ktqb_86 HTTP/1.0" 200 445 "-" "Mozilla/5.0 (Windows NT 10.0; Win64; x64) AppleWebKit/537.36 (KHTML, like Gecko) Chrome/91.0.4472.124 Safari/537.36"
195.154.17.225 - - [18/Nov/2024:15:57:41 +0300] "GET /ltqmrv.php?utm_source=instagram&utm_medium=organic&utm_campaign=holiday_deals&utm_term=mom+mocha+metal&utm_content=ad_phs1uh34ktqb_86 HTTP/1.0" 200 445 "-" "Mozilla/5.0 (Windows NT 10.0; Win64; x64) AppleWebKit/537.36 (KHTML, like Gecko) Chrome/91.0.4472.124 Safari/537.36"
195.154.17.225 - - [18/Nov/2024:15:57:41 +0300] "GET /ltqmrv.php?utm_source=instagram&utm_medium=organic&utm_campaign=holiday_deals&utm_term=mom+mocha+metal&utm_content=ad_phs1uh34ktqb_86 HTTP/1.0" 200 445 "-" "Mozilla/5.0 (Windows NT 10.0; Win64; x64) AppleWebKit/537.36 (KHTML, like Gecko) Chrome/91.0.4472.124 Safari/537.36"
104.197.69.115 - - [18/Nov/2024:15:59:06 +0300] "GET /ltqmrv.php?utm_source=instagram&utm_medium=organic&utm_campaign=holiday_deals&utm_term=mom+mocha+metal&utm_content=ad_phs1uh34ktqb_86 HTTP/1.0" 200 445 "-" "Mozilla/5.0 (X11; Linux x86_64) AppleWebKit/537.36 (KHTML, like Gecko) HeadlessChrome/125.0.6422.60 Safari/537.36"
205.169.39.97 - - [18/Nov/2024:15:59:28 +0300] "GET /ltqmrv.php?utm_source=instagram&utm_medium=organic&utm_campaign=holiday_deals&utm_term=mom%20mocha%20metal&utm_content=ad_phs1uh34ktqb_86 HTTP/1.0" 200 445 "-" "Mozilla/5.0 (Windows NT 6.1; Win64; x64) AppleWebKit/537.36 (KHTML, like Gecko) Chrome/83.0.4103.61 Safari/537.36"
205.169.39.97 - - [18/Nov/2024:15:59:33 +0300] "GET /ltqmrv.php?utm_source=instagram&utm_medium=organic&utm_campaign=holiday_deals&utm_term=mom%20mocha%20metal&utm_content=ad_phs1uh34ktqb_86 HTTP/1.0" 200 445 "-" "Mozilla/5.0 (Windows NT 10.0; Win64; x64) AppleWebKit/537.36 (KHTML, like Gecko) Chrome/79.0.3945.79 Safari/537.36"
98.97.18.102 - - [18/Nov/2024:16:00:11 +0300] "GET /ltqmrv.php?lqt_mrsibc=qixsfyrbk&zov_nbdeuc=bkecdic&zmn_dblpduna=tozbeah_bddme&hpp_ucmt=fma+sfaga+gamci&qup_etsbbho=be_rlh0vr30ledc_48 HTTP/1.0" 200 445 "-" "Mozilla/5.0 (iPhone; CPU iPhone OS 16_0 like Mac OS X) AppleWebKit/605.1.15 (KHTML, like Gecko) CriOS/99.0.4844.47 Mobile/15E148 Safari/604.1"
172.58.56.105 - - [18/Nov/2024:16:00:29 +0300] "GET / HTTP/1.0" 200 322 "-" "Mozilla/5.0 (iPhone; CPU iPhone OS 16_0 like Mac OS X) AppleWebKit/605.1.15 (KHTML, like Gecko) CriOS/99.0.4844.47 Mobile/15E148 Safari/604.1"
172.212.161.199 - - [18/Nov/2024:16:03:05 +0300] "GET /ltqmrv.php?utm_source=cvagfeffg&utm_medium=cbaafe&utm_campaign=aybfu_53%25baa&utm_term=yfe+vgbyvba+fbal&utm_content=be_2f3e3bved83f_21 HTTP/1.0" 200 3594 "-" "Mozilla/5.0 (Windows NT 10.0; Win64; x64) AppleWebKit/537.36 (KHTML, like Gecko) Chrome/125.0.6422.141 Safari/537.36"
40.118.210.235 - - [18/Nov/2024:16:03:37 +0300] "GET /ltqmrv.php?utm_source=gbcbbyb&utm_medium=efafeeby&utm_campaign=aybfu_aefffuvccvat&utm_term=zhfvd+duebzfcbbx+yfiv%27f&utm_content=be_a86vdc7yytlk_59 HTTP/1.0" 200 445 "-" "Mozilla/5.0 (Windows NT 10.0; Win64; x64) AppleWebKit/537.36 (KHTML, like Gecko) Chrome/127.0.6523.4 Safari/537.36"
13.64.229.66 - - [18/Nov/2024:16:04:07 +0300] "GET /ltqmrv.php?utm_source=gbcbbyb&utm_medium=abgvif&utm_campaign=ubyvebl_vgfzf&utm_term=gbc+cbbx&utm_content=be_ddu74dzi09fx_10 HTTP/1.0" 200 445 "-" "Mozilla/5.0 (Windows NT 10.0; Win64; x64) AppleWebKit/537.36 (KHTML, like Gecko) Chrome/126.0.6478.36 Safari/537.36"
66.249.66.40 - - [18/Nov/2024:16:04:09 +0300] "GET /yqmsquctw/rudes-stanovi-do-90000-eura.html HTTP/1.0" 500 341 "-" "Mozilla/5.0 (Linux; Android 6.0.1; Nexus 5X Build/MMB29P) AppleWebKit/537.36 (KHTML, like Gecko) Chrome/131.0.6778.69 Mobile Safari/537.36 (compatible; Googlebot/2.1; +http://www.google.com/bot.html)"
205.169.39.16 - - [18/Nov/2024:16:04:48 +0300] "GET /ltqmrv.php?utm_source=instagram&utm_medium=organic&utm_campaign=holiday_deals&utm_term=mom+mocha+metal&utm_content=ad_phs1uh34ktqb_86 HTTP/1.0" 200 445 "https://bing.com/" "Mozilla/5.0 (Windows NT 10.0; Win64; x64) AppleWebKit/537.36 (KHTML, like Gecko) Chrome/117.0.5938.132 Safari/537.36"
205.169.39.97 - - [18/Nov/2024:16:05:45 +0300] "GET /ltqmrv.php?utm_source=instagram&utm_medium=organic&utm_campaign=holiday_deals&utm_term=mom%20mocha%20metal&utm_content=ad_phs1uh34ktqb_86 HTTP/1.0" 200 445 "-" "Mozilla/5.0 (Windows NT 6.1; Win64; x64) AppleWebKit/537.36 (KHTML, like Gecko) Chrome/83.0.4103.61 Safari/537.36"
205.169.39.97 - - [18/Nov/2024:16:05:50 +0300] "GET /ltqmrv.php?utm_source=instagram&utm_medium=organic&utm_campaign=holiday_deals&utm_term=mom%20mocha%20metal&utm_content=ad_phs1uh34ktqb_86 HTTP/1.0" 200 445 "-" "Mozilla/5.0 (Windows NT 10.0; Win64; x64) AppleWebKit/537.36 (KHTML, like Gecko) Chrome/79.0.3945.79 Safari/537.36"
66.249.66.38 - - [18/Nov/2024:16:06:14 +0300] "GET /yqmsquctw/voodoo-audio-hackintosh.html HTTP/1.0" 500 3490 "-" "Mozilla/5.0 (Linux; Android 6.0.1; Nexus 5X Build/MMB29P) AppleWebKit/537.36 (KHTML, like Gecko) Chrome/131.0.6778.69 Mobile Safari/537.36 (compatible; Googlebot/2.1; +http://www.google.com/bot.html)"
34.122.147.229 - - [18/Nov/2024:16:06:16 +0300] "GET /ltqmrv.php?utm%5fsource=instagram%26utm%5fmedium=organic%26utm%5fcampaign=holiday%5fdeals%26utm%5fterm=mom+mocha+metal%26utm%5fcontent=ad%5fphs1uh34ktqb%5f86 HTTP/1.0" 200 445 "-" "Mozilla/5.0 (X11; Linux x86_64) AppleWebKit/537.36 (KHTML, like Gecko) HeadlessChrome/125.0.6422.60 Safari/537.36"
52.146.51.17 - - [18/Nov/2024:16:06:59 +0300] "GET /ltqmrv.php?utm_source=twitter&utm_medium=affiliate&utm_campaign=holiday_sale&utm_term=ripped+acer+auto&utm_content=ad_7pwudgfo5hjf_52 HTTP/1.0" 200 445 "-" "Mozilla/5.0 (Windows NT 10.0; Win64; x64) AppleWebKit/537.36 (KHTML, like Gecko) Chrome/130.0.0.0 Safari/537.36"
13.64.229.66 - - [18/Nov/2024:16:07:31 +0300] "GET /ltqmrv.php?utm_source=ehdxehdxtb&utm_medium=email&utm_campaign=fhzzfe_fbyf&utm_term=zbgufef+bzfevdbab+efagby&utm_content=be_hzl6zyt7iwgi_01 HTTP/1.0" 200 445 "-" "Mozilla/5.0 (Windows NT 10.0; Win64; x64) AppleWebKit/537.36 (KHTML, like Gecko) Chrome/125.0.6422.114 Safari/537.36"
205.169.39.20 - - [18/Nov/2024:16:09:39 +0300] "GET /ltqmrv.php?utm%5fsource=instagram%26utm%5fmedium=organic%26utm%5fcampaign=holiday%5fdeals%26utm%5fterm=mom+mocha+metal%26utm%5fcontent=ad%5fphs1uh34ktqb%5f86 HTTP/1.0" 200 3594 "-" "Mozilla/5.0 (Windows NT 10.0; Win64; x64) AppleWebKit/537.36 (KHTML, like Gecko) Chrome/117.0.5938.132 Safari/537.36"
40.114.94.144 - - [18/Nov/2024:16:11:04 +0300] "GET /ltqmrv.php?utm_source=gjvggfe&utm_medium=fbdvby&utm_campaign=fhzzfe_fbyf&utm_term=ybcgbc+gi+fyfdgebavd&utm_content=be_ud2bz7hfucyg_44 HTTP/1.0" 200 445 "-" "Mozilla/5.0 (Windows NT 10.0; Win64; x64) AppleWebKit/537.36 (KHTML, like Gecko) Chrome/127.0.6523.4 Safari/537.36"
13.93.230.216 - - [18/Nov/2024:16:11:11 +0300] "GET /ltqmrv.php?utm_source=efafeeby&utm_medium=evfcybl&utm_campaign=jvagfe_baafef&utm_term=yvafa+zhfvd&utm_content=be_mldcbahadz9b_75 HTTP/1.0" 200 445 "-" "Mozilla/5.0 (Windows NT 10.0; Win64; x64) AppleWebKit/537.36 (KHTML, like Gecko) Chrome/126.0.6478.36 Safari/537.36"
40.118.210.235 - - [18/Nov/2024:16:11:23 +0300] "GET /ltqmrv.php?utm_source=gjvggfe&utm_medium=cpc&utm_campaign=fbyf_fbyf&utm_term=jfeevat+cfefbabyvmfe+ehaavat&utm_content=be_bgfgdvkd2cc5_58 HTTP/1.0" 200 445 "-" "Mozilla/5.0 (Windows NT 10.0; Win64; x64) AppleWebKit/537.36 (KHTML, like Gecko) Chrome/125.0.6422.143 Safari/537.36"
137.116.65.95 - - [18/Nov/2024:16:11:28 +0300] "GET /ltqmrv.php?utm_source=yahoo&utm_medium=evfcybl&utm_campaign=bhghza_5356&utm_term=effcbx+ibdbgvba+chfvafff&utm_content=be_gl2hbe32b0bu_18 HTTP/1.0" 200 3594 "-" "Mozilla/5.0 (Windows NT 10.0; Win64; x64) AppleWebKit/537.36 (KHTML, like Gecko) Chrome/125.0.6422.143 Safari/537.36"
182.43.31.128 - - [18/Nov/2024:16:14:07 +0300] "GET /wp-login.php HTTP/1.0" 404 146296 "-" "Apache-HttpClient/4.5.2 (Java/1.8.0_151)"
182.43.31.128 - - [18/Nov/2024:16:14:09 +0300] "GET /?author=1 HTTP/1.0" 200 322 "-" "Apache-HttpClient/4.5.2 (Java/1.8.0_151)"
182.43.31.128 - - [18/Nov/2024:16:14:11 +0300] "GET /?author=2 HTTP/1.0" 200 322 "-" "Apache-HttpClient/4.5.2 (Java/1.8.0_151)"
182.43.31.128 - - [18/Nov/2024:16:14:12 +0300] "GET /?author=3 HTTP/1.0" 200 322 "-" "Apache-HttpClient/4.5.2 (Java/1.8.0_151)"
182.43.31.128 - - [18/Nov/2024:16:14:12 +0300] "GET /?author=4 HTTP/1.0" 200 322 "-" "Apache-HttpClient/4.5.2 (Java/1.8.0_151)"
182.43.31.128 - - [18/Nov/2024:16:14:13 +0300] "GET /?author=5 HTTP/1.0" 200 322 "-" "Apache-HttpClient/4.5.2 (Java/1.8.0_151)"
182.43.31.128 - - [18/Nov/2024:16:14:13 +0300] "GET /?author=6 HTTP/1.0" 200 322 "-" "Apache-HttpClient/4.5.2 (Java/1.8.0_151)"
182.43.31.128 - - [18/Nov/2024:16:14:15 +0300] "GET /?author=7 HTTP/1.0" 200 322 "-" "Apache-HttpClient/4.5.2 (Java/1.8.0_151)"
182.43.31.128 - - [18/Nov/2024:16:14:15 +0300] "GET /?author=8 HTTP/1.0" 200 322 "-" "Apache-HttpClient/4.5.2 (Java/1.8.0_151)"
182.43.31.128 - - [18/Nov/2024:16:14:16 +0300] "GET /?author=9 HTTP/1.0" 200 322 "-" "Apache-HttpClient/4.5.2 (Java/1.8.0_151)"
182.43.31.128 - - [18/Nov/2024:16:14:17 +0300] "GET /?author=10 HTTP/1.0" 200 322 "-" "Apache-HttpClient/4.5.2 (Java/1.8.0_151)"
182.43.31.128 - - [18/Nov/2024:16:14:18 +0300] "GET /?author=11 HTTP/1.0" 200 322 "-" "Apache-HttpClient/4.5.2 (Java/1.8.0_151)"
182.43.31.128 - - [18/Nov/2024:16:14:19 +0300] "GET /?author=12 HTTP/1.0" 200 322 "-" "Apache-HttpClient/4.5.2 (Java/1.8.0_151)"
182.43.31.128 - - [18/Nov/2024:16:14:20 +0300] "GET /?author=13 HTTP/1.0" 200 322 "-" "Apache-HttpClient/4.5.2 (Java/1.8.0_151)"
182.43.31.128 - - [18/Nov/2024:16:14:22 +0300] "GET /?author=14 HTTP/1.0" 200 322 "-" "Apache-HttpClient/4.5.2 (Java/1.8.0_151)"
182.43.31.128 - - [18/Nov/2024:16:14:23 +0300] "GET /?author=15 HTTP/1.0" 200 322 "-" "Apache-HttpClient/4.5.2 (Java/1.8.0_151)"
182.43.31.128 - - [18/Nov/2024:16:14:23 +0300] "GET /?author=16 HTTP/1.0" 200 322 "-" "Apache-HttpClient/4.5.2 (Java/1.8.0_151)"
182.43.31.128 - - [18/Nov/2024:16:14:24 +0300] "GET /?author=17 HTTP/1.0" 200 322 "-" "Apache-HttpClient/4.5.2 (Java/1.8.0_151)"
182.43.31.128 - - [18/Nov/2024:16:14:25 +0300] "GET /?author=18 HTTP/1.0" 200 322 "-" "Apache-HttpClient/4.5.2 (Java/1.8.0_151)"
182.43.31.128 - - [18/Nov/2024:16:14:26 +0300] "GET /?author=19 HTTP/1.0" 200 322 "-" "Apache-HttpClient/4.5.2 (Java/1.8.0_151)"
182.43.31.128 - - [18/Nov/2024:16:14:27 +0300] "GET /?author=20 HTTP/1.0" 200 322 "-" "Apache-HttpClient/4.5.2 (Java/1.8.0_151)"
54.38.234.228 - - [18/Nov/2024:16:15:54 +0300] "GET /ltqmrv.php?dky_uhhsef=naflexd&tnp_bdcsfw=efdelremc&eud_dbjhbshx=bbjqzaprei_gefbqb&fvj_gfef=asgeaec+fbcqfya+aonfxe&ljo_auncfms=cc_8c0yte4aqmb8_88 HTTP/1.0" 200 445 "-" "Mozilla/5.0 (X11; Ubuntu; Linux x86_64; rv:84.0) Gecko/20100101 Firefox/84.0"
51.38.162.4 - - [18/Nov/2024:16:15:54 +0300] "GET /ltqmrv.php?nwk_kvmzeb=uafdvmc&cil_zefpea=eefyhnbhd&pfe_bbqtfcrp=baoirdysfl_qbabpz&rmj_wcug=cjjfarc+huckfdi+dbifrf&tdr_djsacjp=ff_6b3jya9gyye2_56 HTTP/1.0" 200 3594 "-" "Mozilla/5.0 (iPhone; CPU iPhone OS 14_4 like Mac OS X) AppleWebKit/605.1.15 (KHTML, like Gecko) CriOS/87.0.4280.77 Mobile/15E148 Safari/604.1"
195.154.17.225 - - [18/Nov/2024:16:15:54 +0300] "GET /ltqmrv.php?utm_source=taboola&utm_medium=affiliate&utm_campaign=bestseller_offers&utm_term=expedia+oneplus+airbnb&utm_content=ad_1b7oxf9pvzc8_30 HTTP/1.0" 200 445 "-" "Mozilla/5.0 (Windows NT 10.0; Win64; x64) AppleWebKit/537.36 (KHTML, like Gecko) Chrome/91.0.4472.124 Safari/537.36"
195.154.17.225 - - [18/Nov/2024:16:15:54 +0300] "GET /ltqmrv.php?utm_source=taboola&utm_medium=affiliate&utm_campaign=bestseller_offers&utm_term=expedia+oneplus+airbnb&utm_content=ad_1b7oxf9pvzc8_30 HTTP/1.0" 200 445 "-" "Mozilla/5.0 (Windows NT 10.0; Win64; x64) AppleWebKit/537.36 (KHTML, like Gecko) Chrome/91.0.4472.124 Safari/537.36"
66.249.66.40 - - [18/Nov/2024:16:19:12 +0300] "GET /xmw23/tax-id-022000046-+-checking-account-llc.html HTTP/1.0" 404 146488 "-" "Mozilla/5.0 (Linux; Android 6.0.1; Nexus 5X Build/MMB29P) AppleWebKit/537.36 (KHTML, like Gecko) Chrome/131.0.6778.69 Mobile Safari/537.36 (compatible; Googlebot/2.1; +http://www.google.com/bot.html)"
40.69.152.34 - - [18/Nov/2024:16:20:28 +0300] "GET /ltqmrv.php?utm_source=bzbmba&utm_medium=efafeeby&utm_campaign=fbyf_53%25baa&utm_term=uffyf+jfeevat&utm_content=be_ti2mxexx10am_69 HTTP/1.0" 200 3594 "-" "Mozilla/5.0 (Windows NT 10.0; Win64; x64) AppleWebKit/537.36 (KHTML, like Gecko) Chrome/126.0.6478.36 Safari/537.36"
52.229.50.174 - - [18/Nov/2024:16:21:15 +0300] "GET /ltqmrv.php?utm_source=tbbtyf&utm_medium=betbavd&utm_campaign=fbyf_aefffuvccvat&utm_term=zfgby+eefff+tbybkl&utm_content=be_x6hc697fvb29_70 HTTP/1.0" 200 445 "-" "Mozilla/5.0 (Windows NT 10.0; Win64; x64) AppleWebKit/537.36 (KHTML, like Gecko) Chrome/125.0.6422.143 Safari/537.36"
62.4.30.163 - - [18/Nov/2024:16:23:25 +0300] "GET /ltqmrv.php?utm_source=criteo&utm_medium=search&utm_campaign=limited_20%25off&utm_term=basketball+wedding&utm_content=ad_i62qredetbq4_3 HTTP/1.0" 200 445 "-" "Mozilla/5.0 (Windows NT 10.0; Win64; x64) AppleWebKit/537.36 (KHTML, like Gecko) Chrome/91.0.4472.124 Safari/537.36"
62.4.30.163 - - [18/Nov/2024:16:23:25 +0300] "GET /ltqmrv.php?utm_source=criteo&utm_medium=search&utm_campaign=limited_20%25off&utm_term=basketball+wedding&utm_content=ad_i62qredetbq4_3 HTTP/1.0" 200 445 "-" "Mozilla/5.0 (Windows NT 10.0; Win64; x64) AppleWebKit/537.36 (KHTML, like Gecko) Chrome/91.0.4472.124 Safari/537.36"
217.182.228.54 - - [18/Nov/2024:16:23:25 +0300] "GET /ltqmrv.php?aag_bmlmcb=akqqdb&yyv_bcfsik=ledfej&uut_cfzsbzxq=xtmaqed_49%36ybc&vcr_lezd=ccmebtacag+veaevzh&zoi_eyzmeky=bb_h38yffbaiem8_7 HTTP/1.0" 200 445 "-" "Mozilla/5.0 (Windows NT 10.0; WOW64) AppleWebKit/537.36 (KHTML, like Gecko) Chrome/52.0.2743.116 Safari/537.36"
51.195.130.154 - - [18/Nov/2024:16:23:25 +0300] "GET /ltqmrv.php?dlt_eemqea=epgufk&ooj_hadsnd=ycbydd&ibg_ffusfohm=mdypjca_69%28rfa&ooo_bfbf=bervblcctf+rfdajkr&obw_ctxvcqy=ec_e59bqdccvat2_7 HTTP/1.0" 200 445 "-" "Mozilla/5.0 (Windows NT 10.0; Win64; x64) AppleWebKit/537.36 (KHTML, like Gecko) Chrome/88.0.4324.146 Safari/537.36"
164.132.27.177 - - [18/Nov/2024:16:23:25 +0300] "GET /ltqmrv.php?clu_begbbf=cotneu&wpq_wafjhp=wccccu&psq_cahpakok=kkoxkae_17%59xad&zfi_aaqr=ecindpdeyr+kfdasuj&ipx_eiiufzq=eb_s21arecfkah7_2 HTTP/1.0" 200 3594 "-" "Mozilla/5.0 (X11; Ubuntu; Linux x86_64; rv:85.0) Gecko/20100101 Firefox/85.0"
193.70.55.174 - - [18/Nov/2024:16:23:25 +0300] "GET /ltqmrv.php?yuo_tohmbe=eouxaw&dxc_leculz=dfcxfd&sth_cctmahwd=oyzamef_66%52uef&lcy_vevi=fchrbacfrg+yebesfn&azy_bwaqcmj=cd_b88ftebatdz5_9 HTTP/1.0" 200 445 "-" "Mozilla/5.0 (Macintosh; Intel Mac OS X 10.15; rv:84.0) Gecko/20100101 Firefox/84.0"
195.154.17.225 - - [18/Nov/2024:16:23:26 +0300] "GET /ltqmrv.php?utm_source=criteo&utm_medium=search&utm_campaign=limited_20%25off&utm_term=basketball+wedding&utm_content=ad_i62qredetbq4_3 HTTP/1.0" 200 445 "-" "Mozilla/5.0 (Windows NT 10.0; Win64; x64) AppleWebKit/537.36 (KHTML, like Gecko) Chrome/91.0.4472.124 Safari/537.36"
195.154.17.225 - - [18/Nov/2024:16:23:26 +0300] "GET /ltqmrv.php?utm_source=criteo&utm_medium=search&utm_campaign=limited_20%25off&utm_term=basketball+wedding&utm_content=ad_i62qredetbq4_3 HTTP/1.0" 200 445 "-" "Mozilla/5.0 (Windows NT 10.0; Win64; x64) AppleWebKit/537.36 (KHTML, like Gecko) Chrome/91.0.4472.124 Safari/537.36"
195.154.17.225 - - [18/Nov/2024:16:23:26 +0300] "GET /ltqmrv.php?utm_source=criteo&utm_medium=search&utm_campaign=limited_20%25off&utm_term=basketball+wedding&utm_content=ad_i62qredetbq4_3 HTTP/1.0" 200 445 "-" "Mozilla/5.0 (Windows NT 10.0; Win64; x64) AppleWebKit/537.36 (KHTML, like Gecko) Chrome/91.0.4472.124 Safari/537.36"
195.154.17.225 - - [18/Nov/2024:16:23:26 +0300] "GET /ltqmrv.php?utm_source=criteo&utm_medium=search&utm_campaign=limited_20%25off&utm_term=basketball+wedding&utm_content=ad_i62qredetbq4_3 HTTP/1.0" 200 445 "-" "Mozilla/5.0 (Windows NT 10.0; Win64; x64) AppleWebKit/537.36 (KHTML, like Gecko) Chrome/91.0.4472.124 Safari/537.36"
79.137.1.39 - - [18/Nov/2024:16:23:26 +0300] "GET /ltqmrv.php?rry_yuujfe=eevrap&njm_kfdehv=mdcnbp&dhp_fcezcnvd=cemeofb_54%94bca&hep_odrp=cdzoadebof+edddvko&pck_ditrbfm=df_u96xyacdifv1_3 HTTP/1.0" 200 445 "-" "Mozilla/5.0 (X11; Linux x86_64) AppleWebKit/537.36 (KHTML, like Gecko) Chrome/88.0.4324.96 Safari/537.36"
46.105.76.117 - - [18/Nov/2024:16:23:26 +0300] "GET /ltqmrv.php?svt_pboibe=czjsdx&pfw_vafcyd=mfenfe&yqw_bajmdxfj=gtfffbf_77%64kbd&nip_aewo=bctvegaewa+meaesjv&wfy_enkjejz=ea_d79sabdagdj7_6 HTTP/1.0" 200 445 "-" "Mozilla/5.0 (Windows NT 10.0; Win64; x64; rv:85.0) Gecko/20100101 Firefox/85.0"
205.169.39.17 - - [18/Nov/2024:16:27:07 +0300] "GET /ltqmrv.php?utm_source=instagram&utm_medium=organic&utm_campaign=holiday_deals&utm_term=mom+mocha+metal&utm_content=ad_phs1uh34ktqb_86 HTTP/1.0" 200 445 "https://bing.com/" "Mozilla/5.0 (Windows NT 10.0; Win64; x64) AppleWebKit/537.36 (KHTML, like Gecko) Chrome/117.0.5938.132 Safari/537.36"
195.206.107.202 - - [18/Nov/2024:16:29:20 +0300] "GET /294b12067c.php HTTP/1.0" 200 96371 "-" "-"
52.156.85.196 - - [18/Nov/2024:16:30:46 +0300] "GET /ltqmrv.php?utm_source=beebyy&utm_medium=fbdvby&utm_campaign=fhzzfe_cebehdgf&utm_term=cveguebl+dybffvdby&utm_content=be_zev5xwba4efl_0 HTTP/1.0" 200 445 "-" "Mozilla/5.0 (Windows NT 10.0; Win64; x64) AppleWebKit/537.36 (KHTML, like Gecko) Chrome/127.0.6523.4 Safari/537.36"
13.67.205.21 - - [18/Nov/2024:16:30:46 +0300] "GET /ltqmrv.php?utm_source=vk&utm_medium=cpc&utm_campaign=fhzzfe_efbyf&utm_term=bvecac+devzf&utm_content=be_cjjv2dbfjj46_23 HTTP/1.0" 200 3594 "-" "Mozilla/5.0 (Windows NT 10.0; Win64; x64) AppleWebKit/537.36 (KHTML, like Gecko) Chrome/125.0.6422.78 Safari/537.36"
66.249.66.39 - - [18/Nov/2024:16:36:57 +0300] "GET /xmw23/upshur-county-busted-newspaper.html HTTP/1.0" 200 13782 "-" "Mozilla/5.0 (Linux; Android 6.0.1; Nexus 5X Build/MMB29P) AppleWebKit/537.36 (KHTML, like Gecko) Chrome/131.0.6778.69 Mobile Safari/537.36 (compatible; Googlebot/2.1; +http://www.google.com/bot.html)"
149.62.208.141 - - [18/Nov/2024:16:36:58 +0300] "GET /ltqmrv.php?utm_source=vk&utm_medium=native&utm_campaign=summer_deals&utm_term=flight+thriller+bootcut&utm_content=ad_un6on6phhhov_55 HTTP/1.0" 200 3594 "-" "Mozilla/5.0 (Linux; Android 10; K) AppleWebKit/537.36 (KHTML, like Gecko) Chrome/112.0.0.0 Mobile Safari/537.36"
66.249.66.38 - - [18/Nov/2024:16:37:07 +0300] "GET /xmw23/polymer-innovations-pond-sealer.html HTTP/1.0" 200 18972 "-" "Mozilla/5.0 (Linux; Android 6.0.1; Nexus 5X Build/MMB29P) AppleWebKit/537.36 (KHTML, like Gecko) Chrome/131.0.6778.69 Mobile Safari/537.36 (compatible; Googlebot/2.1; +http://www.google.com/bot.html)"
66.249.66.40 - - [18/Nov/2024:16:39:22 +0300] "GET /yqmsquctw/raspberry-pi-3-b+-datasheet.html HTTP/1.0" 404 146472 "-" "Mozilla/5.0 (Linux; Android 6.0.1; Nexus 5X Build/MMB29P) AppleWebKit/537.36 (KHTML, like Gecko) Chrome/131.0.6778.69 Mobile Safari/537.36 (compatible; Googlebot/2.1; +http://www.google.com/bot.html)"
66.249.66.38 - - [18/Nov/2024:16:39:24 +0300] "GET /xmw23/randolph-county-recent-arrests.html HTTP/1.0" 500 341 "-" "Mozilla/5.0 (Linux; Android 6.0.1; Nexus 5X Build/MMB29P) AppleWebKit/537.36 (KHTML, like Gecko) Chrome/131.0.6778.69 Mobile Safari/537.36 (compatible; Googlebot/2.1; +http://www.google.com/bot.html)"
66.249.66.40 - - [18/Nov/2024:16:40:58 +0300] "GET /xmw23/goal-ethiopia-vacancy-2024-ngos.html HTTP/1.0" 200 22104 "-" "Mozilla/5.0 (Linux; Android 6.0.1; Nexus 5X Build/MMB29P) AppleWebKit/537.36 (KHTML, like Gecko) Chrome/131.0.6778.69 Mobile Safari/537.36 (compatible; Googlebot/2.1; +http://www.google.com/bot.html)"
66.249.66.39 - - [18/Nov/2024:16:41:04 +0300] "GET /yqmsquctw/henderson-county-arrests.html HTTP/1.0" 500 341 "-" "Mozilla/5.0 (Linux; Android 6.0.1; Nexus 5X Build/MMB29P) AppleWebKit/537.36 (KHTML, like Gecko) Chrome/131.0.6778.69 Mobile Safari/537.36 (compatible; Googlebot/2.1; +http://www.google.com/bot.html)"
66.249.66.38 - - [18/Nov/2024:16:41:12 +0300] "GET /yqmsquctw/incredibox-the-bells-github.html HTTP/1.0" 500 341 "-" "Mozilla/5.0 (Linux; Android 6.0.1; Nexus 5X Build/MMB29P) AppleWebKit/537.36 (KHTML, like Gecko) Chrome/131.0.6778.69 Mobile Safari/537.36 (compatible; Googlebot/2.1; +http://www.google.com/bot.html)"
66.249.66.38 - - [18/Nov/2024:16:42:07 +0300] "GET /xmw23/singer-job-vacancies-matara.html HTTP/1.0" 200 33292 "-" "Mozilla/5.0 (Linux; Android 6.0.1; Nexus 5X Build/MMB29P) AppleWebKit/537.36 (KHTML, like Gecko) Chrome/131.0.6778.69 Mobile Safari/537.36 (compatible; Googlebot/2.1; +http://www.google.com/bot.html)"
172.212.161.199 - - [18/Nov/2024:16:46:11 +0300] "GET /ltqmrv.php?utm_source=yvaxfeva&utm_medium=sms&utm_campaign=afj_cebehdgf&utm_term=cbyb+vgbyvba+fbzfhat&utm_content=be_fme3bjb23a3c_19 HTTP/1.0" 200 3594 "-" "Mozilla/5.0 (Windows NT 10.0; Win64; x64) AppleWebKit/537.36 (KHTML, like Gecko) Chrome/127.0.6523.4 Safari/537.36"
