79.173.92.212 - - [13/Nov/2024:00:24:45 +0300] "GET /images/logo.png HTTP/2.0" 200 32379 "https://gcba.ru/bitrix/cache/css/s1/for_news/template_180244c91f5cb0e220406ab26e066c21/template_180244c91f5cb0e220406ab26e066c21_v1.css?172545594412862" "Mozilla/5.0 (Windows NT 10.0; Win64; x64; ) AppleWebKit/537.36 (KHTML, like Gecko) Chrome/126.0.6478.234 Not/A)Brand/8 YaBrowser/24.7.3.1250 Yowser/2.5 Safari/537.36"
35.94.130.165 - - [13/Nov/2024:01:16:17 +0300] "GET /robots.txt HTTP/2.0" 200 187 "-" "Mozilla/5.0 (compatible; wpbot/1.1; +https://forms.gle/ajBaxygz9jSR8p8G9)"
37.113.52.224 - - [13/Nov/2024:02:27:44 +0300] "GET gcba.ru HTTP/1.0" 400 150 "-" "-"
66.249.66.37 - - [13/Nov/2024:02:44:52 +0300] "GET /robots.txt HTTP/1.1" 200 198 "-" "Mozilla/5.0 (compatible; Googlebot/2.1; +http://www.google.com/bot.html)"
66.249.66.35 - - [13/Nov/2024:03:32:47 +0300] "GET /xmw23/facebook-issue.html HTTP/1.0" 500 3490 "-" "Mozilla/5.0 (Linux; Android 6.0.1; Nexus 5X Build/MMB29P) AppleWebKit/537.36 (KHTML, like Gecko) Chrome/130.0.6723.116 Mobile Safari/537.36 (compatible; Googlebot/2.1; +http://www.google.com/bot.html)"
66.249.66.37 - - [13/Nov/2024:03:33:42 +0300] "GET /yqmsquctw/2007-peterbilt-jake-brake-fuse-location.html HTTP/1.0" 500 341 "-" "Mozilla/5.0 (Linux; Android 6.0.1; Nexus 5X Build/MMB29P) AppleWebKit/537.36 (KHTML, like Gecko) Chrome/130.0.6723.116 Mobile Safari/537.36 (compatible; Googlebot/2.1; +http://www.google.com/bot.html)"
66.249.66.35 - - [13/Nov/2024:03:34:42 +0300] "GET /xmw23/facebook-account-support-chat.html HTTP/1.0" 500 3490 "-" "Mozilla/5.0 (Linux; Android 6.0.1; Nexus 5X Build/MMB29P) AppleWebKit/537.36 (KHTML, like Gecko) Chrome/130.0.6723.116 Mobile Safari/537.36 (compatible; Googlebot/2.1; +http://www.google.com/bot.html)"
66.249.66.36 - - [13/Nov/2024:03:35:00 +0300] "GET /xmw23/polovni-automobili-mazda-do-2000-evra.html HTTP/1.0" 500 341 "-" "Mozilla/5.0 (Linux; Android 6.0.1; Nexus 5X Build/MMB29P) AppleWebKit/537.36 (KHTML, like Gecko) Chrome/130.0.6723.116 Mobile Safari/537.36 (compatible; Googlebot/2.1; +http://www.google.com/bot.html)"
66.249.66.35 - - [13/Nov/2024:03:35:43 +0300] "GET /news/nalogi/s-1-yanvarya-2017-goda-vnosyatsya-izmeneniya-pri-ischislenii-aktsizov/?bxajaxid=7890a307e4f4bc7b66250ad1a4ae104f HTTP/1.0" 200 15215 "-" "Mozilla/5.0 (Linux; Android 6.0.1; Nexus 5X Build/MMB29P) AppleWebKit/537.36 (KHTML, like Gecko) Chrome/130.0.6723.116 Mobile Safari/537.36 (compatible; GoogleOther)"
66.249.66.36 - - [13/Nov/2024:03:39:09 +0300] "GET /xmw23/unity-free-camera-script.html HTTP/1.0" 500 341 "-" "Mozilla/5.0 (Linux; Android 6.0.1; Nexus 5X Build/MMB29P) AppleWebKit/537.36 (KHTML, like Gecko) Chrome/130.0.6723.116 Mobile Safari/537.36 (compatible; Googlebot/2.1; +http://www.google.com/bot.html)"
66.249.66.37 - - [13/Nov/2024:03:42:43 +0300] "GET /xmw23/grace-funeral-home-lubbock.html HTTP/1.0" 500 3490 "-" "Mozilla/5.0 (Linux; Android 6.0.1; Nexus 5X Build/MMB29P) AppleWebKit/537.36 (KHTML, like Gecko) Chrome/130.0.6723.116 Mobile Safari/537.36 (compatible; Googlebot/2.1; +http://www.google.com/bot.html)"
66.249.66.35 - - [13/Nov/2024:03:43:29 +0300] "GET /yqmsquctw/vnc-server-windows.html HTTP/1.0" 500 3490 "-" "Mozilla/5.0 (Linux; Android 6.0.1; Nexus 5X Build/MMB29P) AppleWebKit/537.36 (KHTML, like Gecko) Chrome/130.0.6723.116 Mobile Safari/537.36 (compatible; Googlebot/2.1; +http://www.google.com/bot.html)"
66.249.66.36 - - [13/Nov/2024:03:46:23 +0300] "GET /yqmsquctw/kijiji-general-labour-jobs-cash-toronto.html HTTP/1.0" 500 341 "-" "Mozilla/5.0 (Linux; Android 6.0.1; Nexus 5X Build/MMB29P) AppleWebKit/537.36 (KHTML, like Gecko) Chrome/130.0.6723.116 Mobile Safari/537.36 (compatible; Googlebot/2.1; +http://www.google.com/bot.html)"
89.208.105.220 - - [13/Nov/2024:03:46:37 +0300] "GET / HTTP/1.0" 200 322 "-" "Mozilla/5.0 (Macintosh; Intel Mac OS X 10_12_1) AppleWebKit/537.36 (KHTML, like Gecko) Chrome/53.0.2827.1 Safari/537.36"
89.208.105.220 - - [13/Nov/2024:03:46:37 +0300] "GET /95f33f6732e3.php HTTP/1.0" 200 358 "https://gcba.ru/" "Mozilla/5.0 (Macintosh; Intel Mac OS X 10_12_1) AppleWebKit/537.36 (KHTML, like Gecko) Chrome/53.0.2827.1 Safari/537.36"
89.208.105.220 - - [13/Nov/2024:03:46:40 +0300] "GET /95f33f6732e3.php HTTP/1.0" 200 358 "https://gcba.ru/95f33f6732e3.php" "Mozilla/5.0 (Macintosh; Intel Mac OS X 10_12_1) AppleWebKit/537.36 (KHTML, like Gecko) Chrome/53.0.2827.1 Safari/537.36"
66.249.66.37 - - [13/Nov/2024:03:48:16 +0300] "GET /xmw23/food-packing-jobs-in-canada.html HTTP/1.0" 500 3490 "-" "Mozilla/5.0 (Linux; Android 6.0.1; Nexus 5X Build/MMB29P) AppleWebKit/537.36 (KHTML, like Gecko) Chrome/130.0.6723.116 Mobile Safari/537.36 (compatible; Googlebot/2.1; +http://www.google.com/bot.html)"
66.249.66.37 - - [13/Nov/2024:03:49:00 +0300] "GET /yqmsquctw/kaufman-county-jail-visitation.html HTTP/1.0" 500 341 "-" "Mozilla/5.0 (Linux; Android 6.0.1; Nexus 5X Build/MMB29P) AppleWebKit/537.36 (KHTML, like Gecko) Chrome/130.0.6723.116 Mobile Safari/537.36 (compatible; Googlebot/2.1; +http://www.google.com/bot.html)"
66.249.66.35 - - [13/Nov/2024:03:51:48 +0300] "GET /yqmsquctw/catawba-county-clerk-of-court-phone-number.html HTTP/1.0" 500 3490 "-" "Mozilla/5.0 (Linux; Android 6.0.1; Nexus 5X Build/MMB29P) AppleWebKit/537.36 (KHTML, like Gecko) Chrome/130.0.6723.116 Mobile Safari/537.36 (compatible; Googlebot/2.1; +http://www.google.com/bot.html)"
63.141.245.34 - - [13/Nov/2024:03:53:05 +0300] "GET / HTTP/1.0" 200 322 "-" "Mozilla/5.0 (Windows NT 10.0; Win64; x64) AppleWebKit/537.36 (KHTML, like Gecko) Chrome/91.0.4472.106 Safari/537.36"
63.141.245.34 - - [13/Nov/2024:03:53:06 +0300] "GET / HTTP/1.0" 200 322 "-" "Mozilla/5.0 (compatible; Googlebot/2.1; +http://www.google.com/bot.html)"
63.141.245.34 - - [13/Nov/2024:03:53:07 +0300] "GET /index.php?params=1 HTTP/1.0" 200 322 "-" "Mozilla/5.0 (Windows NT 10.0; Win64; x64) AppleWebKit/537.36 (KHTML, like Gecko) Chrome/91.0.4472.106 Safari/537.36"
66.249.66.37 - - [13/Nov/2024:03:54:49 +0300] "GET /xmw23/unity-explorer.html HTTP/1.0" 500 3490 "-" "Mozilla/5.0 (Linux; Android 6.0.1; Nexus 5X Build/MMB29P) AppleWebKit/537.36 (KHTML, like Gecko) Chrome/130.0.6723.116 Mobile Safari/537.36 (compatible; Googlebot/2.1; +http://www.google.com/bot.html)"
66.249.66.35 - - [13/Nov/2024:03:58:13 +0300] "GET /news/pravo/po-dolgam-firmy-budet-platit-ee-khozyain/ HTTP/1.0" 200 43710 "-" "Mozilla/5.0 (Linux; Android 6.0.1; Nexus 5X Build/MMB29P) AppleWebKit/537.36 (KHTML, like Gecko) Chrome/130.0.6723.116 Mobile Safari/537.36 (compatible; GoogleOther)"
66.249.66.37 - - [13/Nov/2024:03:58:14 +0300] "GET /news/pravo/po-dolgam-firmy-budet-platit-ee-khozyain/?bxrand=1731456000000 HTTP/1.0" 200 7992 "https://gcba.ru/news/pravo/po-dolgam-firmy-budet-platit-ee-khozyain/" "Mozilla/5.0 (Linux; Android 6.0.1; Nexus 5X Build/MMB29P) AppleWebKit/537.36 (KHTML, like Gecko) Chrome/130.0.6723.69 Mobile Safari/537.36 (compatible; Googlebot/2.1; +http://www.google.com/bot.html)"
45.90.61.221 - - [13/Nov/2024:04:01:09 +0300] "GET / HTTP/1.0" 200 3471 "-" "Mozilla/5.0 (Windows NT 10.0; Win64; x64) AppleWebKit/537.36 (KHTML, like Gecko) Chrome/94.0.4606.61 Safari/537.36"
66.249.66.37 - - [13/Nov/2024:04:01:26 +0300] "GET /yqmsquctw/register-citibank-online-account.html HTTP/1.0" 500 341 "-" "Mozilla/5.0 (Linux; Android 6.0.1; Nexus 5X Build/MMB29P) AppleWebKit/537.36 (KHTML, like Gecko) Chrome/130.0.6723.116 Mobile Safari/537.36 (compatible; Googlebot/2.1; +http://www.google.com/bot.html)"
66.249.66.35 - - [13/Nov/2024:04:01:53 +0300] "GET /yqmsquctw/visa-sponsorship-farm-jobs-in-new-zealand-for-foreigners.html HTTP/1.0" 500 341 "-" "Mozilla/5.0 (Linux; Android 6.0.1; Nexus 5X Build/MMB29P) AppleWebKit/537.36 (KHTML, like Gecko) Chrome/130.0.6723.116 Mobile Safari/537.36 (compatible; Googlebot/2.1; +http://www.google.com/bot.html)"
66.249.66.37 - - [13/Nov/2024:04:03:00 +0300] "GET /yqmsquctw/caregiver-visa-sponsorship-jobs.html HTTP/1.0" 500 341 "-" "Mozilla/5.0 (Linux; Android 6.0.1; Nexus 5X Build/MMB29P) AppleWebKit/537.36 (KHTML, like Gecko) Chrome/130.0.6723.116 Mobile Safari/537.36 (compatible; Googlebot/2.1; +http://www.google.com/bot.html)"
45.90.60.249 - - [13/Nov/2024:04:03:08 +0300] "GET / HTTP/1.0" 200 322 "-" "Mozilla/5.0 (Windows NT 10.0; Win64; x64) AppleWebKit/537.36 (KHTML, like Gecko) Chrome/94.0.4606.61 Safari/537.36"
66.249.66.35 - - [13/Nov/2024:04:03:58 +0300] "GET /xmw23/body-found-in-peoria-az-today.html HTTP/1.0" 500 341 "-" "Mozilla/5.0 (Linux; Android 6.0.1; Nexus 5X Build/MMB29P) AppleWebKit/537.36 (KHTML, like Gecko) Chrome/130.0.6723.116 Mobile Safari/537.36 (compatible; Googlebot/2.1; +http://www.google.com/bot.html)"
66.249.66.35 - - [13/Nov/2024:04:04:00 +0300] "GET /yqmsquctw/avengers-fanfiction-avengers-make-fun-of-peter.html HTTP/1.0" 500 341 "-" "Mozilla/5.0 (Linux; Android 6.0.1; Nexus 5X Build/MMB29P) AppleWebKit/537.36 (KHTML, like Gecko) Chrome/130.0.6723.116 Mobile Safari/537.36 (compatible; Googlebot/2.1; +http://www.google.com/bot.html)"
63.141.245.34 - - [13/Nov/2024:04:04:27 +0300] "GET / HTTP/1.0" 200 322 "-" "Mozilla/5.0 (Windows NT 10.0; Win64; x64) AppleWebKit/537.36 (KHTML, like Gecko) Chrome/91.0.4472.106 Safari/537.36"
63.141.245.34 - - [13/Nov/2024:04:04:28 +0300] "GET / HTTP/1.0" 200 322 "-" "Mozilla/5.0 (compatible; Googlebot/2.1; +http://www.google.com/bot.html)"
63.141.245.34 - - [13/Nov/2024:04:04:29 +0300] "GET /index.php?params=1 HTTP/1.0" 200 322 "-" "Mozilla/5.0 (Windows NT 10.0; Win64; x64) AppleWebKit/537.36 (KHTML, like Gecko) Chrome/91.0.4472.106 Safari/537.36"
193.202.81.226 - - [13/Nov/2024:04:04:29 +0300] "GET /eff48aefbe.php HTTP/1.0" 200 64960 "-" "-"
194.104.10.86 - - [13/Nov/2024:04:04:43 +0300] "POST /eff48aefbe.php HTTP/1.0" 200 62632 "-" "-"
194.104.10.86 - - [13/Nov/2024:04:04:48 +0300] "GET /drpkp3c59.php HTTP/1.0" 200 322 "-" "-"
5.42.107.248 - - [13/Nov/2024:04:05:30 +0300] "GET /accesson.php HTTP/1.0" 404 64108 "-" "Mozilla/5.0 (Windows NT 10.0) AppleWebKit/537.36 (KHTML, like Gecko) Chrome/49.0.2645.71 Safari/537.36"
5.42.107.248 - - [13/Nov/2024:04:05:31 +0300] "GET /95f33f6732e3.php HTTP/1.0" 200 358 "https://gcba.ru/accesson.php" "Mozilla/5.0 (Windows NT 10.0) AppleWebKit/537.36 (KHTML, like Gecko) Chrome/49.0.2645.71 Safari/537.36"
66.249.66.37 - - [13/Nov/2024:04:07:23 +0300] "GET /yqmsquctw/craigslist-charlotte-nc-cars-for-sale-by-owner.html HTTP/1.0" 500 3490 "-" "Mozilla/5.0 (Linux; Android 6.0.1; Nexus 5X Build/MMB29P) AppleWebKit/537.36 (KHTML, like Gecko) Chrome/130.0.6723.116 Mobile Safari/537.36 (compatible; Googlebot/2.1; +http://www.google.com/bot.html)"
66.249.66.35 - - [13/Nov/2024:04:07:47 +0300] "GET /yqmsquctw/ili9488-driver-download.html HTTP/1.0" 500 341 "-" "Mozilla/5.0 (Linux; Android 6.0.1; Nexus 5X Build/MMB29P) AppleWebKit/537.36 (KHTML, like Gecko) Chrome/130.0.6723.116 Mobile Safari/537.36 (compatible; Googlebot/2.1; +http://www.google.com/bot.html)"
79.137.248.92 - - [13/Nov/2024:04:07:51 +0300] "GET /95f33f6732e3.php HTTP/1.0" 200 358 "-" "Mozilla/5.0 (Macintosh; Intel Mac OS X 10.8; rv:50.0) Gecko/20100101 Firefox/50.0"
79.137.248.92 - - [13/Nov/2024:04:07:51 +0300] "POST /95f33f6732e3.php HTTP/1.0" 200 360 "https://gcba.ru/95f33f6732e3.php" "Mozilla/5.0 (Macintosh; Intel Mac OS X 10.8; rv:50.0) Gecko/20100101 Firefox/50.0"
79.137.248.92 - - [13/Nov/2024:04:10:14 +0300] "GET /95f33f6732e3.php HTTP/1.0" 200 358 "-" "Mozilla/5.0 (X11; Linux i686) AppleWebKit/537.36 (KHTML, like Gecko) Chrome/56.0.2968.45 Safari/537.36"
79.137.248.92 - - [13/Nov/2024:04:10:16 +0300] "POST /95f33f6732e3.php HTTP/1.0" 500 387 "https://gcba.ru/95f33f6732e3.php" "Mozilla/5.0 (X11; Linux i686) AppleWebKit/537.36 (KHTML, like Gecko) Chrome/56.0.2968.45 Safari/537.36"
66.249.66.37 - - [13/Nov/2024:04:12:11 +0300] "GET /yqmsquctw/modern-forms-fan-receiver-replacement.html HTTP/1.0" 500 341 "-" "Mozilla/5.0 (Linux; Android 6.0.1; Nexus 5X Build/MMB29P) AppleWebKit/537.36 (KHTML, like Gecko) Chrome/130.0.6723.116 Mobile Safari/537.36 (compatible; Googlebot/2.1; +http://www.google.com/bot.html)"
66.249.66.35 - - [13/Nov/2024:04:12:59 +0300] "GET /yqmsquctw/webster-county-jail-commissary.html HTTP/1.0" 500 3490 "-" "Mozilla/5.0 (Linux; Android 6.0.1; Nexus 5X Build/MMB29P) AppleWebKit/537.36 (KHTML, like Gecko) Chrome/130.0.6723.116 Mobile Safari/537.36 (compatible; Googlebot/2.1; +http://www.google.com/bot.html)"
66.249.66.37 - - [13/Nov/2024:04:13:24 +0300] "GET /xmw23/scarborough-town-centre-jobs.html HTTP/1.0" 500 341 "-" "Mozilla/5.0 (Linux; Android 6.0.1; Nexus 5X Build/MMB29P) AppleWebKit/537.36 (KHTML, like Gecko) Chrome/130.0.6723.116 Mobile Safari/537.36 (compatible; Googlebot/2.1; +http://www.google.com/bot.html)"
66.249.66.36 - - [13/Nov/2024:04:14:14 +0300] "GET /xmw23/visa-sponsorship-jobs-in-germany-2024-official-website.html HTTP/1.0" 500 341 "-" "Mozilla/5.0 (Linux; Android 6.0.1; Nexus 5X Build/MMB29P) AppleWebKit/537.36 (KHTML, like Gecko) Chrome/130.0.6723.116 Mobile Safari/537.36 (compatible; Googlebot/2.1; +http://www.google.com/bot.html)"
66.249.66.37 - - [13/Nov/2024:04:16:17 +0300] "GET /yqmsquctw/chicago-tribune.html HTTP/1.0" 500 3490 "-" "Mozilla/5.0 (Linux; Android 6.0.1; Nexus 5X Build/MMB29P) AppleWebKit/537.36 (KHTML, like Gecko) Chrome/130.0.6723.116 Mobile Safari/537.36 (compatible; Googlebot/2.1; +http://www.google.com/bot.html)"
66.249.66.37 - - [13/Nov/2024:04:18:41 +0300] "GET /xmw23/career-vault.html HTTP/1.0" 500 3490 "-" "Mozilla/5.0 (Linux; Android 6.0.1; Nexus 5X Build/MMB29P) AppleWebKit/537.36 (KHTML, like Gecko) Chrome/130.0.6723.116 Mobile Safari/537.36 (compatible; Googlebot/2.1; +http://www.google.com/bot.html)"
66.249.66.35 - - [13/Nov/2024:04:19:10 +0300] "GET /yqmsquctw/freemason-members.html HTTP/1.0" 500 341 "-" "Mozilla/5.0 (Linux; Android 6.0.1; Nexus 5X Build/MMB29P) AppleWebKit/537.36 (KHTML, like Gecko) Chrome/130.0.6723.116 Mobile Safari/537.36 (compatible; Googlebot/2.1; +http://www.google.com/bot.html)"
66.249.66.35 - - [13/Nov/2024:04:20:43 +0300] "GET /news/nalogi/fns-vnov-vzyalas-za-vzaimootnosheniya-s-samozanyatymi/?bxajaxid=7890a307e4f4bc7b66250ad1a4ae104f HTTP/1.0" 200 12050 "-" "Mozilla/5.0 (Linux; Android 6.0.1; Nexus 5X Build/MMB29P) AppleWebKit/537.36 (KHTML, like Gecko) Chrome/130.0.6723.116 Mobile Safari/537.36 (compatible; GoogleOther)"
66.249.66.37 - - [13/Nov/2024:04:25:05 +0300] "GET /yqmsquctw/recently-booked-texas.html HTTP/1.0" 500 3490 "-" "Mozilla/5.0 (Linux; Android 6.0.1; Nexus 5X Build/MMB29P) AppleWebKit/537.36 (KHTML, like Gecko) Chrome/130.0.6723.116 Mobile Safari/537.36 (compatible; Googlebot/2.1; +http://www.google.com/bot.html)"
66.249.66.35 - - [13/Nov/2024:04:30:09 +0300] "GET /yqmsquctw/serija-osveta-glumci.html HTTP/1.0" 500 3490 "-" "Mozilla/5.0 (Linux; Android 6.0.1; Nexus 5X Build/MMB29P) AppleWebKit/537.36 (KHTML, like Gecko) Chrome/130.0.6723.116 Mobile Safari/537.36 (compatible; Googlebot/2.1; +http://www.google.com/bot.html)"
66.249.66.36 - - [13/Nov/2024:04:30:55 +0300] "GET /yqmsquctw/harvey-nichols-manchester.html HTTP/1.0" 500 341 "-" "Mozilla/5.0 (Linux; Android 6.0.1; Nexus 5X Build/MMB29P) AppleWebKit/537.36 (KHTML, like Gecko) Chrome/130.0.6723.116 Mobile Safari/537.36 (compatible; Googlebot/2.1; +http://www.google.com/bot.html)"
79.137.248.92 - - [13/Nov/2024:04:32:02 +0300] "POST /95f33f6732e3.php HTTP/1.0" 200 3516 "-" "Mozilla/5.0 (Windows NT 10.0; rv:50.0) Gecko/20100101 Firefox/50.0"
79.137.248.92 - - [13/Nov/2024:04:32:02 +0300] "POST /95f33f6732e3.php HTTP/1.0" 200 360 "https://gcba.ru/95f33f6732e3.php" "Mozilla/5.0 (Windows NT 10.0; rv:50.0) Gecko/20100101 Firefox/50.0"
79.137.248.92 - - [13/Nov/2024:04:32:03 +0300] "GET /102957eef3.php HTTP/1.0" 500 341 "https://gcba.ru/95f33f6732e3.php" "Mozilla/5.0 (Windows NT 10.0; rv:50.0) Gecko/20100101 Firefox/50.0"
79.137.248.92 - - [13/Nov/2024:04:32:07 +0300] "POST /95f33f6732e3.php HTTP/1.0" 200 360 "https://gcba.ru/102957eef3.php" "Mozilla/5.0 (Windows NT 10.0; rv:50.0) Gecko/20100101 Firefox/50.0"
79.137.248.92 - - [13/Nov/2024:04:32:11 +0300] "GET /102957eef3.php HTTP/1.0" 500 341 "https://gcba.ru/95f33f6732e3.php" "Mozilla/5.0 (Windows NT 10.0; rv:50.0) Gecko/20100101 Firefox/50.0"
66.249.66.36 - - [13/Nov/2024:04:32:21 +0300] "GET /yqmsquctw/tft-skin-changer.html HTTP/1.0" 500 341 "-" "Mozilla/5.0 (Linux; Android 6.0.1; Nexus 5X Build/MMB29P) AppleWebKit/537.36 (KHTML, like Gecko) Chrome/130.0.6723.116 Mobile Safari/537.36 (compatible; Googlebot/2.1; +http://www.google.com/bot.html)"
79.137.248.92 - - [13/Nov/2024:04:35:51 +0300] "POST /95f33f6732e3.php HTTP/1.0" 200 3516 "-" "Mozilla/5.0 (Windows NT 6.2; WOW64) AppleWebKit/537.36 (KHTML, like Gecko) Chrome/51.0.2725.29 Safari/537.36"
79.137.248.92 - - [13/Nov/2024:04:35:51 +0300] "POST /95f33f6732e3.php HTTP/1.0" 200 360 "https://gcba.ru/95f33f6732e3.php" "Mozilla/5.0 (Windows NT 6.2; WOW64) AppleWebKit/537.36 (KHTML, like Gecko) Chrome/51.0.2725.29 Safari/537.36"
79.137.248.92 - - [13/Nov/2024:04:35:52 +0300] "GET /294b12067c.php HTTP/1.0" 200 65031 "https://gcba.ru/95f33f6732e3.php" "Mozilla/5.0 (Windows NT 6.2; WOW64) AppleWebKit/537.36 (KHTML, like Gecko) Chrome/51.0.2725.29 Safari/537.36"
79.137.248.92 - - [13/Nov/2024:04:35:52 +0300] "GET /294b12067c.php HTTP/1.0" 200 64973 "https://gcba.ru/294b12067c.php" "Mozilla/5.0 (Windows NT 6.2; WOW64) AppleWebKit/537.36 (KHTML, like Gecko) Chrome/51.0.2725.29 Safari/537.36"
79.137.248.92 - - [13/Nov/2024:04:35:52 +0300] "GET /294b12067c.php HTTP/1.0" 200 64944 "https://gcba.ru/294b12067c.php" "Mozilla/5.0 (Windows NT 6.2; WOW64) AppleWebKit/537.36 (KHTML, like Gecko) Chrome/51.0.2725.29 Safari/537.36"
89.208.105.220 - - [13/Nov/2024:04:36:38 +0300] "GET / HTTP/1.0" 200 322 "-" "Mozilla/5.0 (Macintosh; Intel Mac OS X 10.12; rv:50.0) Gecko/20100101 Firefox/50.0"
89.208.105.220 - - [13/Nov/2024:04:36:39 +0300] "POST / HTTP/1.0" 200 322 "https://gcba.ru/" "Mozilla/5.0 (Macintosh; Intel Mac OS X 10.12; rv:50.0) Gecko/20100101 Firefox/50.0"
89.208.105.220 - - [13/Nov/2024:04:36:39 +0300] "GET /95f33f6732e3.php HTTP/1.0" 200 358 "https://gcba.ru/" "Mozilla/5.0 (Macintosh; Intel Mac OS X 10.12; rv:50.0) Gecko/20100101 Firefox/50.0"
66.249.66.36 - - [13/Nov/2024:04:39:09 +0300] "GET /xmw23/existing-home-sales.html HTTP/1.0" 200 29453 "-" "Mozilla/5.0 (Linux; Android 6.0.1; Nexus 5X Build/MMB29P) AppleWebKit/537.36 (KHTML, like Gecko) Chrome/130.0.6723.116 Mobile Safari/537.36 (compatible; Googlebot/2.1; +http://www.google.com/bot.html)"
66.249.66.36 - - [13/Nov/2024:04:39:17 +0300] "GET /yqmsquctw/aluminijske-ograde-bauhaus.html HTTP/1.0" 500 341 "-" "Mozilla/5.0 (Linux; Android 6.0.1; Nexus 5X Build/MMB29P) AppleWebKit/537.36 (KHTML, like Gecko) Chrome/130.0.6723.116 Mobile Safari/537.36 (compatible; Googlebot/2.1; +http://www.google.com/bot.html)"
79.137.248.92 - - [13/Nov/2024:04:40:09 +0300] "POST /95f33f6732e3.php HTTP/1.0" 200 3516 "-" "Mozilla/5.0 (Windows NT 6.2) AppleWebKit/537.36 (KHTML, like Gecko) Chrome/55.0.2904.7 Safari/537.36"
79.137.248.92 - - [13/Nov/2024:04:40:11 +0300] "POST /95f33f6732e3.php HTTP/1.0" 200 360 "https://gcba.ru/95f33f6732e3.php" "Mozilla/5.0 (Windows NT 6.2) AppleWebKit/537.36 (KHTML, like Gecko) Chrome/55.0.2904.7 Safari/537.36"
79.137.248.92 - - [13/Nov/2024:04:40:12 +0300] "GET /5dd9076f59.php HTTP/1.0" 200 6187 "https://gcba.ru/95f33f6732e3.php" "Mozilla/5.0 (Windows NT 6.2) AppleWebKit/537.36 (KHTML, like Gecko) Chrome/55.0.2904.7 Safari/537.36"
79.137.248.92 - - [13/Nov/2024:04:40:14 +0300] "GET /5dd9076f59.php HTTP/1.0" 200 6129 "https://gcba.ru/5dd9076f59.php" "Mozilla/5.0 (Windows NT 6.2) AppleWebKit/537.36 (KHTML, like Gecko) Chrome/55.0.2904.7 Safari/537.36"
79.137.248.92 - - [13/Nov/2024:04:40:16 +0300] "GET /5dd9076f59.php HTTP/1.0" 200 6129 "https://gcba.ru/5dd9076f59.php" "Mozilla/5.0 (Windows NT 6.2) AppleWebKit/537.36 (KHTML, like Gecko) Chrome/55.0.2904.7 Safari/537.36"
66.249.66.35 - - [13/Nov/2024:04:40:56 +0300] "GET /yqmsquctw/map-of-zambia-with-towns-and-roads.html HTTP/1.0" 500 341 "-" "Mozilla/5.0 (Linux; Android 6.0.1; Nexus 5X Build/MMB29P) AppleWebKit/537.36 (KHTML, like Gecko) Chrome/130.0.6723.116 Mobile Safari/537.36 (compatible; Googlebot/2.1; +http://www.google.com/bot.html)"
66.249.66.35 - - [13/Nov/2024:04:43:52 +0300] "GET /news/nalogi/novyy-spets-rezhim-avtomatizirovannaya-uproshchennaya-sistema-nalogooblozheniya/ HTTP/1.0" 200 54448 "-" "Mozilla/5.0 (Linux; Android 6.0.1; Nexus 5X Build/MMB29P) AppleWebKit/537.36 (KHTML, like Gecko) Chrome/130.0.6723.116 Mobile Safari/537.36 (compatible; GoogleOther)"
66.249.66.36 - - [13/Nov/2024:04:44:28 +0300] "GET /news/nalogi/novyy-spets-rezhim-avtomatizirovannaya-uproshchennaya-sistema-nalogooblozheniya/?bxrand=1731456000000 HTTP/1.0" 200 4923 "https://gcba.ru/news/nalogi/novyy-spets-rezhim-avtomatizirovannaya-uproshchennaya-sistema-nalogooblozheniya/" "Mozilla/5.0 (Linux; Android 6.0.1; Nexus 5X Build/MMB29P) AppleWebKit/537.36 (KHTML, like Gecko) Chrome/130.0.6723.69 Mobile Safari/537.36 (compatible; Googlebot/2.1; +http://www.google.com/bot.html)"
66.249.66.37 - - [13/Nov/2024:04:52:25 +0300] "GET /news/pravo/po-dolgam-firmy-budet-platit-ee-khozyain/?bxrand=1731456000000 HTTP/1.0" 200 7992 "https://gcba.ru/news/pravo/po-dolgam-firmy-budet-platit-ee-khozyain/" "Mozilla/5.0 (Linux; Android 6.0.1; Nexus 5X Build/MMB29P) AppleWebKit/537.36 (KHTML, like Gecko) Chrome/130.0.6723.69 Mobile Safari/537.36 (compatible; Googlebot/2.1; +http://www.google.com/bot.html)"
79.137.248.92 - - [13/Nov/2024:04:52:52 +0300] "POST /95f33f6732e3.php HTTP/1.0" 200 3516 "-" "Mozilla/5.0 (X11; Ubuntu; Linux i686 on x86_64; rv:46.0) Gecko/20100101 Firefox/46.0"
79.137.248.92 - - [13/Nov/2024:04:52:53 +0300] "POST /95f33f6732e3.php HTTP/1.0" 200 360 "https://gcba.ru/95f33f6732e3.php" "Mozilla/5.0 (X11; Ubuntu; Linux i686 on x86_64; rv:46.0) Gecko/20100101 Firefox/46.0"
79.137.248.92 - - [13/Nov/2024:04:52:55 +0300] "GET /f634f99b41.php HTTP/1.0" 500 341 "https://gcba.ru/95f33f6732e3.php" "Mozilla/5.0 (X11; Ubuntu; Linux i686 on x86_64; rv:46.0) Gecko/20100101 Firefox/46.0"
79.137.248.92 - - [13/Nov/2024:04:52:55 +0300] "POST /95f33f6732e3.php HTTP/1.0" 200 360 "https://gcba.ru/f634f99b41.php" "Mozilla/5.0 (X11; Ubuntu; Linux i686 on x86_64; rv:46.0) Gecko/20100101 Firefox/46.0"
79.137.248.92 - - [13/Nov/2024:04:52:55 +0300] "GET /f634f99b41.php HTTP/1.0" 500 341 "https://gcba.ru/95f33f6732e3.php" "Mozilla/5.0 (X11; Ubuntu; Linux i686 on x86_64; rv:46.0) Gecko/20100101 Firefox/46.0"
79.137.248.92 - - [13/Nov/2024:04:52:55 +0300] "GET /f634f99b41.php HTTP/1.0" 500 341 "https://gcba.ru/f634f99b41.php" "Mozilla/5.0 (X11; Ubuntu; Linux i686 on x86_64; rv:46.0) Gecko/20100101 Firefox/46.0"
45.148.234.141 - - [13/Nov/2024:04:53:32 +0300] "GET /eff48aefbe.php HTTP/1.0" 200 67476 "-" "-"
66.249.66.37 - - [13/Nov/2024:04:53:57 +0300] "GET /xmw23/clatsop-county-jail-roster.html HTTP/1.0" 500 341 "-" "Mozilla/5.0 (Linux; Android 6.0.1; Nexus 5X Build/MMB29P) AppleWebKit/537.36 (KHTML, like Gecko) Chrome/130.0.6723.116 Mobile Safari/537.36 (compatible; Googlebot/2.1; +http://www.google.com/bot.html)"
66.249.66.35 - - [13/Nov/2024:04:53:58 +0300] "GET /yqmsquctw/google-digital-garage-free-course.html HTTP/1.0" 500 341 "-" "Mozilla/5.0 (Linux; Android 6.0.1; Nexus 5X Build/MMB29P) AppleWebKit/537.36 (KHTML, like Gecko) Chrome/130.0.6723.116 Mobile Safari/537.36 (compatible; Googlebot/2.1; +http://www.google.com/bot.html)"
193.203.9.51 - - [13/Nov/2024:04:54:01 +0300] "POST /eff48aefbe.php HTTP/1.0" 200 68296 "-" "-"
193.203.9.51 - - [13/Nov/2024:04:54:05 +0300] "GET /lkvdr6v90.php HTTP/1.0" 200 322 "-" "-"
66.249.66.37 - - [13/Nov/2024:04:59:09 +0300] "GET /yqmsquctw/truck-drivers-job.html HTTP/1.0" 500 3490 "-" "Mozilla/5.0 (Linux; Android 6.0.1; Nexus 5X Build/MMB29P) AppleWebKit/537.36 (KHTML, like Gecko) Chrome/130.0.6723.116 Mobile Safari/537.36 (compatible; Googlebot/2.1; +http://www.google.com/bot.html)"
66.249.66.37 - - [13/Nov/2024:05:00:08 +0300] "GET /xmw23/manual-chimie-clasa-10-pdf.html HTTP/1.0" 200 23905 "-" "Mozilla/5.0 (Linux; Android 6.0.1; Nexus 5X Build/MMB29P) AppleWebKit/537.36 (KHTML, like Gecko) Chrome/130.0.6723.116 Mobile Safari/537.36 (compatible; Googlebot/2.1; +http://www.google.com/bot.html)"
66.249.66.37 - - [13/Nov/2024:05:02:58 +0300] "GET /yqmsquctw/web-developer-skilled-occupation-list.html HTTP/1.0" 500 341 "-" "Mozilla/5.0 (Linux; Android 6.0.1; Nexus 5X Build/MMB29P) AppleWebKit/537.36 (KHTML, like Gecko) Chrome/130.0.6723.116 Mobile Safari/537.36 (compatible; Googlebot/2.1; +http://www.google.com/bot.html)"
66.249.66.36 - - [13/Nov/2024:05:05:42 +0300] "GET /news/pravo/po-dolgam-firmy-budet-platit-ee-khozyain/?bxajaxid=7890a307e4f4bc7b66250ad1a4ae104f HTTP/1.0" 200 7207 "-" "Mozilla/5.0 (Linux; Android 6.0.1; Nexus 5X Build/MMB29P) AppleWebKit/537.36 (KHTML, like Gecko) Chrome/130.0.6723.116 Mobile Safari/537.36 (compatible; GoogleOther)"
66.249.66.35 - - [13/Nov/2024:05:05:47 +0300] "GET /yqmsquctw/test-shtatzanie-me-past-dhembesh.html HTTP/1.0" 500 3490 "-" "Mozilla/5.0 (Linux; Android 6.0.1; Nexus 5X Build/MMB29P) AppleWebKit/537.36 (KHTML, like Gecko) Chrome/130.0.6723.116 Mobile Safari/537.36 (compatible; Googlebot/2.1; +http://www.google.com/bot.html)"
66.249.66.35 - - [13/Nov/2024:05:05:59 +0300] "GET /xmw23/filma24-romance.html HTTP/1.0" 200 16875 "-" "Mozilla/5.0 (Linux; Android 6.0.1; Nexus 5X Build/MMB29P) AppleWebKit/537.36 (KHTML, like Gecko) Chrome/130.0.6723.116 Mobile Safari/537.36 (compatible; Googlebot/2.1; +http://www.google.com/bot.html)"
66.249.66.35 - - [13/Nov/2024:05:25:48 +0300] "GET /yqmsquctw/epsm-unit-7-answers.html HTTP/1.0" 500 3490 "-" "Mozilla/5.0 (Linux; Android 6.0.1; Nexus 5X Build/MMB29P) AppleWebKit/537.36 (KHTML, like Gecko) Chrome/130.0.6723.116 Mobile Safari/537.36 (compatible; Googlebot/2.1; +http://www.google.com/bot.html)"
66.249.66.36 - - [13/Nov/2024:05:27:25 +0300] "GET /xmw23/ukuphupha-ukhulelwe-kuchazani-amaphupho.html HTTP/1.0" 500 341 "-" "Mozilla/5.0 (Linux; Android 6.0.1; Nexus 5X Build/MMB29P) AppleWebKit/537.36 (KHTML, like Gecko) Chrome/130.0.6723.116 Mobile Safari/537.36 (compatible; Googlebot/2.1; +http://www.google.com/bot.html)"
66.249.66.37 - - [13/Nov/2024:05:29:58 +0300] "GET /xmw23/iznosene-koke-nosilje-prodaja.html HTTP/1.0" 200 21613 "-" "Mozilla/5.0 (Linux; Android 6.0.1; Nexus 5X Build/MMB29P) AppleWebKit/537.36 (KHTML, like Gecko) Chrome/130.0.6723.116 Mobile Safari/537.36 (compatible; Googlebot/2.1; +http://www.google.com/bot.html)"
66.249.66.36 - - [13/Nov/2024:05:30:05 +0300] "GET /yqmsquctw/leslie-county-jail-mugshots-busted-newspaper.html HTTP/1.0" 500 341 "-" "Mozilla/5.0 (Linux; Android 6.0.1; Nexus 5X Build/MMB29P) AppleWebKit/537.36 (KHTML, like Gecko) Chrome/130.0.6723.116 Mobile Safari/537.36 (compatible; Googlebot/2.1; +http://www.google.com/bot.html)"
66.249.66.35 - - [13/Nov/2024:05:30:09 +0300] "GET /xmw23/bitcoin-miner-app.html HTTP/1.0" 200 35549 "-" "Mozilla/5.0 (Linux; Android 6.0.1; Nexus 5X Build/MMB29P) AppleWebKit/537.36 (KHTML, like Gecko) Chrome/130.0.6723.116 Mobile Safari/537.36 (compatible; Googlebot/2.1; +http://www.google.com/bot.html)"
66.249.66.35 - - [13/Nov/2024:05:32:05 +0300] "GET /xmw23/comfyui-colab-with-manager.html HTTP/1.0" 500 3490 "-" "Mozilla/5.0 (Linux; Android 6.0.1; Nexus 5X Build/MMB29P) AppleWebKit/537.36 (KHTML, like Gecko) Chrome/130.0.6723.116 Mobile Safari/537.36 (compatible; Googlebot/2.1; +http://www.google.com/bot.html)"
66.249.66.35 - - [13/Nov/2024:05:32:12 +0300] "GET /news/nalogi/novyy-spets-rezhim-avtomatizirovannaya-uproshchennaya-sistema-nalogooblozheniya/?bxajaxid=7890a307e4f4bc7b66250ad1a4ae104f HTTP/1.0" 200 12076 "-" "Mozilla/5.0 (Linux; Android 6.0.1; Nexus 5X Build/MMB29P) AppleWebKit/537.36 (KHTML, like Gecko) Chrome/130.0.6723.116 Mobile Safari/537.36 (compatible; GoogleOther)"
66.249.66.36 - - [13/Nov/2024:05:32:15 +0300] "GET /xmw23/audio-visualizer-software.html HTTP/1.0" 500 341 "-" "Mozilla/5.0 (Linux; Android 6.0.1; Nexus 5X Build/MMB29P) AppleWebKit/537.36 (KHTML, like Gecko) Chrome/130.0.6723.116 Mobile Safari/537.36 (compatible; Googlebot/2.1; +http://www.google.com/bot.html)"
66.249.66.37 - - [13/Nov/2024:05:34:17 +0300] "GET /xmw23/busted-newspaper-alleghany-county-va.html HTTP/1.0" 500 341 "-" "Mozilla/5.0 (Linux; Android 6.0.1; Nexus 5X Build/MMB29P) AppleWebKit/537.36 (KHTML, like Gecko) Chrome/130.0.6723.116 Mobile Safari/537.36 (compatible; Googlebot/2.1; +http://www.google.com/bot.html)"
66.249.66.35 - - [13/Nov/2024:05:39:10 +0300] "GET /yqmsquctw/how-to-translate-using-google-voice.html HTTP/1.0" 500 3490 "-" "Mozilla/5.0 (Linux; Android 6.0.1; Nexus 5X Build/MMB29P) AppleWebKit/537.36 (KHTML, like Gecko) Chrome/130.0.6723.116 Mobile Safari/537.36 (compatible; Googlebot/2.1; +http://www.google.com/bot.html)"
66.249.66.35 - - [13/Nov/2024:05:39:17 +0300] "GET /xmw23/buzz-jakne-muske.html HTTP/1.0" 500 341 "-" "Mozilla/5.0 (Linux; Android 6.0.1; Nexus 5X Build/MMB29P) AppleWebKit/537.36 (KHTML, like Gecko) Chrome/130.0.6723.116 Mobile Safari/537.36 (compatible; Googlebot/2.1; +http://www.google.com/bot.html)"
66.249.66.37 - - [13/Nov/2024:05:41:23 +0300] "GET /xmw23/biologija-prijemni-2024.html HTTP/1.0" 500 341 "-" "Mozilla/5.0 (Linux; Android 6.0.1; Nexus 5X Build/MMB29P) AppleWebKit/537.36 (KHTML, like Gecko) Chrome/130.0.6723.116 Mobile Safari/537.36 (compatible; Googlebot/2.1; +http://www.google.com/bot.html)"
66.249.66.37 - - [13/Nov/2024:05:42:46 +0300] "GET /news/nalogi/izmenen-poryadok-formirovaniya-rezerva-po-somnitelnym-dolgam/ HTTP/1.0" 200 42328 "-" "Mozilla/5.0 (Linux; Android 6.0.1; Nexus 5X Build/MMB29P) AppleWebKit/537.36 (KHTML, like Gecko) Chrome/130.0.6723.116 Mobile Safari/537.36 (compatible; Googlebot/2.1; +http://www.google.com/bot.html)"
66.249.66.37 - - [13/Nov/2024:05:43:47 +0300] "GET /yqmsquctw/busted-newspaper-weslaco.html HTTP/1.0" 500 341 "-" "Mozilla/5.0 (Linux; Android 6.0.1; Nexus 5X Build/MMB29P) AppleWebKit/537.36 (KHTML, like Gecko) Chrome/130.0.6723.116 Mobile Safari/537.36 (compatible; Googlebot/2.1; +http://www.google.com/bot.html)"
66.249.66.35 - - [13/Nov/2024:05:44:16 +0300] "GET /yqmsquctw/plava-ara-cena.html HTTP/1.0" 500 3490 "-" "Mozilla/5.0 (Linux; Android 6.0.1; Nexus 5X Build/MMB29P) AppleWebKit/537.36 (KHTML, like Gecko) Chrome/130.0.6723.116 Mobile Safari/537.36 (compatible; Googlebot/2.1; +http://www.google.com/bot.html)"
66.249.66.37 - - [13/Nov/2024:05:45:24 +0300] "GET /yqmsquctw/4-room-house-wiring-diagram.html HTTP/1.0" 500 341 "-" "Mozilla/5.0 (Linux; Android 6.0.1; Nexus 5X Build/MMB29P) AppleWebKit/537.36 (KHTML, like Gecko) Chrome/130.0.6723.116 Mobile Safari/537.36 (compatible; Googlebot/2.1; +http://www.google.com/bot.html)"
66.249.66.35 - - [13/Nov/2024:05:48:04 +0300] "GET /xmw23/packaging-makeup-jobs-from-home.html HTTP/1.0" 500 341 "-" "Mozilla/5.0 (Linux; Android 6.0.1; Nexus 5X Build/MMB29P) AppleWebKit/537.36 (KHTML, like Gecko) Chrome/130.0.6723.116 Mobile Safari/537.36 (compatible; Googlebot/2.1; +http://www.google.com/bot.html)"
66.249.66.35 - - [13/Nov/2024:05:52:09 +0300] "GET /xmw23/sid-number-lookup.html HTTP/1.0" 500 3490 "-" "Mozilla/5.0 (Linux; Android 6.0.1; Nexus 5X Build/MMB29P) AppleWebKit/537.36 (KHTML, like Gecko) Chrome/130.0.6723.116 Mobile Safari/537.36 (compatible; Googlebot/2.1; +http://www.google.com/bot.html)"
66.249.66.37 - - [13/Nov/2024:05:55:25 +0300] "GET /yqmsquctw/cna-sponsorship-program-near-me.html HTTP/1.0" 500 341 "-" "Mozilla/5.0 (Linux; Android 6.0.1; Nexus 5X Build/MMB29P) AppleWebKit/537.36 (KHTML, like Gecko) Chrome/130.0.6723.116 Mobile Safari/537.36 (compatible; Googlebot/2.1; +http://www.google.com/bot.html)"
66.249.66.36 - - [13/Nov/2024:06:00:41 +0300] "GET /xmw23/docker-run-and-exec-into-container.html HTTP/1.0" 200 39008 "-" "Mozilla/5.0 (Linux; Android 6.0.1; Nexus 5X Build/MMB29P) AppleWebKit/537.36 (KHTML, like Gecko) Chrome/130.0.6723.116 Mobile Safari/537.36 (compatible; Googlebot/2.1; +http://www.google.com/bot.html)"
66.249.66.36 - - [13/Nov/2024:06:06:44 +0300] "GET /yqmsquctw/truck-driver-jobs-with-visa-sponsorship.html HTTP/1.0" 500 3490 "-" "Mozilla/5.0 (Linux; Android 6.0.1; Nexus 5X Build/MMB29P) AppleWebKit/537.36 (KHTML, like Gecko) Chrome/130.0.6723.116 Mobile Safari/537.36 (compatible; Googlebot/2.1; +http://www.google.com/bot.html)"
66.249.66.35 - - [13/Nov/2024:06:08:23 +0300] "GET /xmw23/dallas-county-property-search.html HTTP/1.0" 500 341 "-" "Mozilla/5.0 (Linux; Android 6.0.1; Nexus 5X Build/MMB29P) AppleWebKit/537.36 (KHTML, like Gecko) Chrome/130.0.6723.116 Mobile Safari/537.36 (compatible; Googlebot/2.1; +http://www.google.com/bot.html)"
89.208.105.220 - - [13/Nov/2024:06:08:32 +0300] "GET / HTTP/1.0" 200 3471 "-" "Mozilla/5.0 (Windows NT 5.1; Win64; x64) AppleWebKit/537.36 (KHTML, like Gecko) Chrome/54.0.2857.32 Safari/537.36"
89.208.105.220 - - [13/Nov/2024:06:08:33 +0300] "POST / HTTP/1.0" 200 322 "https://gcba.ru/" "Mozilla/5.0 (Windows NT 5.1; Win64; x64) AppleWebKit/537.36 (KHTML, like Gecko) Chrome/54.0.2857.32 Safari/537.36"
89.208.105.220 - - [13/Nov/2024:06:08:38 +0300] "GET /95f33f6732e3.php HTTP/1.0" 200 358 "https://gcba.ru/" "Mozilla/5.0 (Windows NT 5.1; Win64; x64) AppleWebKit/537.36 (KHTML, like Gecko) Chrome/54.0.2857.32 Safari/537.36"
52.237.198.184 - - [13/Nov/2024:06:09:33 +0300] "HEAD /wordpress HTTP/1.0" 404 137 "http://gcba.ru/wordpress" "Mozilla/5.0 (Windows NT 10.0; Win64; x64) AppleWebKit/537.36 (KHTML, like Gecko) Chrome/74.0.3729.169 Safari/537.36"
52.237.198.184 - - [13/Nov/2024:06:09:34 +0300] "HEAD / HTTP/1.0" 200 137 "http://gcba.ru/" "Mozilla/5.0 (Windows NT 10.0; Win64; x64) AppleWebKit/537.36 (KHTML, like Gecko) Chrome/74.0.3729.169 Safari/537.36"
52.237.198.184 - - [13/Nov/2024:06:09:34 +0300] "HEAD /wp HTTP/1.0" 404 137 "http://gcba.ru/wp" "Mozilla/5.0 (Windows NT 10.0; Win64; x64) AppleWebKit/537.36 (KHTML, like Gecko) Chrome/74.0.3729.169 Safari/537.36"
52.237.198.184 - - [13/Nov/2024:06:09:35 +0300] "HEAD /bc HTTP/1.0" 404 137 "http://gcba.ru/bc" "Mozilla/5.0 (Windows NT 10.0; Win64; x64) AppleWebKit/537.36 (KHTML, like Gecko) Chrome/74.0.3729.169 Safari/537.36"
52.237.198.184 - - [13/Nov/2024:06:09:36 +0300] "HEAD /bk HTTP/1.0" 404 137 "http://gcba.ru/bk" "Mozilla/5.0 (Windows NT 10.0; Win64; x64) AppleWebKit/537.36 (KHTML, like Gecko) Chrome/74.0.3729.169 Safari/537.36"
52.237.198.184 - - [13/Nov/2024:06:09:36 +0300] "HEAD /backup HTTP/1.0" 404 137 "http://gcba.ru/backup" "Mozilla/5.0 (Windows NT 10.0; Win64; x64) AppleWebKit/537.36 (KHTML, like Gecko) Chrome/74.0.3729.169 Safari/537.36"
52.237.198.184 - - [13/Nov/2024:06:09:37 +0300] "HEAD /old HTTP/1.0" 404 137 "http://gcba.ru/old" "Mozilla/5.0 (Windows NT 10.0; Win64; x64) AppleWebKit/537.36 (KHTML, like Gecko) Chrome/74.0.3729.169 Safari/537.36"
52.237.198.184 - - [13/Nov/2024:06:09:37 +0300] "HEAD /new HTTP/1.0" 404 137 "http://gcba.ru/new" "Mozilla/5.0 (Windows NT 10.0; Win64; x64) AppleWebKit/537.36 (KHTML, like Gecko) Chrome/74.0.3729.169 Safari/537.36"
52.237.198.184 - - [13/Nov/2024:06:09:38 +0300] "HEAD /main HTTP/1.0" 404 137 "http://gcba.ru/main" "Mozilla/5.0 (Windows NT 10.0; Win64; x64) AppleWebKit/537.36 (KHTML, like Gecko) Chrome/74.0.3729.169 Safari/537.36"
52.237.198.184 - - [13/Nov/2024:06:09:39 +0300] "HEAD /home HTTP/1.0" 404 137 "http://gcba.ru/home" "Mozilla/5.0 (Windows NT 10.0; Win64; x64) AppleWebKit/537.36 (KHTML, like Gecko) Chrome/74.0.3729.169 Safari/537.36"
66.249.66.35 - - [13/Nov/2024:06:10:24 +0300] "GET /xmw23/canada-labour-job-salary.html HTTP/1.0" 200 21825 "-" "Mozilla/5.0 (Linux; Android 6.0.1; Nexus 5X Build/MMB29P) AppleWebKit/537.36 (KHTML, like Gecko) Chrome/130.0.6723.116 Mobile Safari/537.36 (compatible; Googlebot/2.1; +http://www.google.com/bot.html)"
66.249.66.35 - - [13/Nov/2024:06:14:45 +0300] "GET /yqmsquctw/cherokee-county-inmate-search.html HTTP/1.0" 500 3490 "-" "Mozilla/5.0 (Linux; Android 6.0.1; Nexus 5X Build/MMB29P) AppleWebKit/537.36 (KHTML, like Gecko) Chrome/130.0.6723.116 Mobile Safari/537.36 (compatible; Googlebot/2.1; +http://www.google.com/bot.html)"
66.249.66.37 - - [13/Nov/2024:06:17:14 +0300] "GET /xmw23/henderson-county-tx-jail-inmate-search.html HTTP/1.0" 500 3490 "-" "Mozilla/5.0 (Linux; Android 6.0.1; Nexus 5X Build/MMB29P) AppleWebKit/537.36 (KHTML, like Gecko) Chrome/130.0.6723.116 Mobile Safari/537.36 (compatible; Googlebot/2.1; +http://www.google.com/bot.html)"
66.249.66.35 - - [13/Nov/2024:06:17:46 +0300] "GET /yqmsquctw/hamilton-county-tn-inmate-search.html HTTP/1.0" 500 341 "-" "Mozilla/5.0 (Linux; Android 6.0.1; Nexus 5X Build/MMB29P) AppleWebKit/537.36 (KHTML, like Gecko) Chrome/130.0.6723.116 Mobile Safari/537.36 (compatible; Googlebot/2.1; +http://www.google.com/bot.html)"
66.249.66.37 - - [13/Nov/2024:06:18:21 +0300] "GET /xmw23/cherokee-county,-texas-warrants.html HTTP/1.0" 404 67344 "-" "Mozilla/5.0 (Linux; Android 6.0.1; Nexus 5X Build/MMB29P) AppleWebKit/537.36 (KHTML, like Gecko) Chrome/130.0.6723.116 Mobile Safari/537.36 (compatible; Googlebot/2.1; +http://www.google.com/bot.html)"
66.249.66.36 - - [13/Nov/2024:06:22:53 +0300] "GET /yqmsquctw/mahn-funeral-home-obituaries.html HTTP/1.0" 500 3490 "-" "Mozilla/5.0 (Linux; Android 6.0.1; Nexus 5X Build/MMB29P) AppleWebKit/537.36 (KHTML, like Gecko) Chrome/130.0.6723.116 Mobile Safari/537.36 (compatible; Googlebot/2.1; +http://www.google.com/bot.html)"
66.249.66.35 - - [13/Nov/2024:06:27:15 +0300] "GET /xmw23/al-kharj-university-jobs.html HTTP/1.0" 500 3490 "-" "Mozilla/5.0 (Linux; Android 6.0.1; Nexus 5X Build/MMB29P) AppleWebKit/537.36 (KHTML, like Gecko) Chrome/130.0.6723.116 Mobile Safari/537.36 (compatible; Googlebot/2.1; +http://www.google.com/bot.html)"
66.249.66.37 - - [13/Nov/2024:06:31:57 +0300] "GET /xmw23/yabani-son.html HTTP/1.0" 200 27266 "-" "Mozilla/5.0 (Linux; Android 6.0.1; Nexus 5X Build/MMB29P) AppleWebKit/537.36 (KHTML, like Gecko) Chrome/130.0.6723.116 Mobile Safari/537.36 (compatible; Googlebot/2.1; +http://www.google.com/bot.html)"
66.249.66.35 - - [13/Nov/2024:06:35:05 +0300] "GET /xmw23/how-to-cut-mesh-in-rhino.html HTTP/1.0" 500 3490 "-" "Mozilla/5.0 (Linux; Android 6.0.1; Nexus 5X Build/MMB29P) AppleWebKit/537.36 (KHTML, like Gecko) Chrome/130.0.6723.116 Mobile Safari/537.36 (compatible; Googlebot/2.1; +http://www.google.com/bot.html)"
66.249.66.35 - - [13/Nov/2024:06:35:08 +0300] "GET /yqmsquctw/termux-start-ubuntu.html HTTP/1.0" 500 341 "-" "Mozilla/5.0 (Linux; Android 6.0.1; Nexus 5X Build/MMB29P) AppleWebKit/537.36 (KHTML, like Gecko) Chrome/130.0.6723.116 Mobile Safari/537.36 (compatible; Googlebot/2.1; +http://www.google.com/bot.html)"
66.249.66.37 - - [13/Nov/2024:06:37:47 +0300] "GET /yqmsquctw/taskfile-github.html HTTP/1.0" 500 341 "-" "Mozilla/5.0 (Linux; Android 6.0.1; Nexus 5X Build/MMB29P) AppleWebKit/537.36 (KHTML, like Gecko) Chrome/130.0.6723.116 Mobile Safari/537.36 (compatible; Googlebot/2.1; +http://www.google.com/bot.html)"
66.249.66.36 - - [13/Nov/2024:06:40:58 +0300] "GET /xmw23/ultravnc-viewer-file-transfer-ubuntu.html HTTP/1.0" 500 3490 "-" "Mozilla/5.0 (Linux; Android 6.0.1; Nexus 5X Build/MMB29P) AppleWebKit/537.36 (KHTML, like Gecko) Chrome/130.0.6723.116 Mobile Safari/537.36 (compatible; Googlebot/2.1; +http://www.google.com/bot.html)"
66.249.66.36 - - [13/Nov/2024:06:42:14 +0300] "GET /yqmsquctw/facebook-business-help.html HTTP/1.0" 500 341 "-" "Mozilla/5.0 (Linux; Android 6.0.1; Nexus 5X Build/MMB29P) AppleWebKit/537.36 (KHTML, like Gecko) Chrome/130.0.6723.116 Mobile Safari/537.36 (compatible; Googlebot/2.1; +http://www.google.com/bot.html)"
66.249.66.36 - - [13/Nov/2024:06:42:16 +0300] "GET /xmw23/swiftui-tabs-on-top.html HTTP/1.0" 500 341 "-" "Mozilla/5.0 (Linux; Android 6.0.1; Nexus 5X Build/MMB29P) AppleWebKit/537.36 (KHTML, like Gecko) Chrome/130.0.6723.116 Mobile Safari/537.36 (compatible; Googlebot/2.1; +http://www.google.com/bot.html)"
66.249.66.35 - - [13/Nov/2024:06:42:21 +0300] "GET /xmw23/manga-telegram-channels.html HTTP/1.0" 200 26815 "-" "Mozilla/5.0 (Linux; Android 6.0.1; Nexus 5X Build/MMB29P) AppleWebKit/537.36 (KHTML, like Gecko) Chrome/130.0.6723.116 Mobile Safari/537.36 (compatible; Googlebot/2.1; +http://www.google.com/bot.html)"
66.249.66.37 - - [13/Nov/2024:06:44:59 +0300] "GET /xmw23/car-assetto-corsa-download.html HTTP/1.0" 500 341 "-" "Mozilla/5.0 (Linux; Android 6.0.1; Nexus 5X Build/MMB29P) AppleWebKit/537.36 (KHTML, like Gecko) Chrome/130.0.6723.116 Mobile Safari/537.36 (compatible; Googlebot/2.1; +http://www.google.com/bot.html)"
66.249.66.36 - - [13/Nov/2024:06:45:00 +0300] "GET /yqmsquctw/railroads-in-texas-map.html HTTP/1.0" 500 341 "-" "Mozilla/5.0 (Linux; Android 6.0.1; Nexus 5X Build/MMB29P) AppleWebKit/537.36 (KHTML, like Gecko) Chrome/130.0.6723.116 Mobile Safari/537.36 (compatible; Googlebot/2.1; +http://www.google.com/bot.html)"
66.249.66.35 - - [13/Nov/2024:06:45:13 +0300] "GET /xmw23/12v-dc-fuse-box-solar.html HTTP/1.0" 500 341 "-" "Mozilla/5.0 (Linux; Android 6.0.1; Nexus 5X Build/MMB29P) AppleWebKit/537.36 (KHTML, like Gecko) Chrome/130.0.6723.116 Mobile Safari/537.36 (compatible; Googlebot/2.1; +http://www.google.com/bot.html)"
66.249.66.37 - - [13/Nov/2024:06:49:00 +0300] "GET /yqmsquctw/prodaja-kuca-u-vojvodini-do-5000-eura.html HTTP/1.0" 500 3490 "-" "Mozilla/5.0 (Linux; Android 6.0.1; Nexus 5X Build/MMB29P) AppleWebKit/537.36 (KHTML, like Gecko) Chrome/130.0.6723.116 Mobile Safari/537.36 (compatible; Googlebot/2.1; +http://www.google.com/bot.html)"
66.249.66.36 - - [13/Nov/2024:06:49:05 +0300] "GET /yqmsquctw/office-jobs-toronto-no-experience.html HTTP/1.0" 500 3490 "-" "Mozilla/5.0 (Linux; Android 6.0.1; Nexus 5X Build/MMB29P) AppleWebKit/537.36 (KHTML, like Gecko) Chrome/130.0.6723.116 Mobile Safari/537.36 (compatible; Googlebot/2.1; +http://www.google.com/bot.html)"
66.249.66.36 - - [13/Nov/2024:06:50:16 +0300] "GET /news/nalogi/esli-predoplata-i-otgruzka-tovara-proiskhodyat-v-techenie-pyati-dney-to-schet-faktura-na-predoplatu-/?bxajaxid=7890a307e4f4bc7b66250ad1a4ae104f HTTP/1.0" 200 12097 "-" "Mozilla/5.0 (Linux; Android 6.0.1; Nexus 5X Build/MMB29P) AppleWebKit/537.36 (KHTML, like Gecko) Chrome/130.0.6723.116 Mobile Safari/537.36 (compatible; Googlebot/2.1; +http://www.google.com/bot.html)"
66.249.66.35 - - [13/Nov/2024:06:54:01 +0300] "GET /xmw23/chocolate-factory-hiring-abroad.html HTTP/1.0" 500 3490 "-" "Mozilla/5.0 (Linux; Android 6.0.1; Nexus 5X Build/MMB29P) AppleWebKit/537.36 (KHTML, like Gecko) Chrome/130.0.6723.116 Mobile Safari/537.36 (compatible; Googlebot/2.1; +http://www.google.com/bot.html)"
66.249.66.35 - - [13/Nov/2024:06:57:24 +0300] "GET /xmw23/laboratorij-pula.html HTTP/1.0" 500 3490 "-" "Mozilla/5.0 (Linux; Android 6.0.1; Nexus 5X Build/MMB29P) AppleWebKit/537.36 (KHTML, like Gecko) Chrome/130.0.6723.116 Mobile Safari/537.36 (compatible; Googlebot/2.1; +http://www.google.com/bot.html)"
66.249.66.36 - - [13/Nov/2024:06:57:57 +0300] "GET /xmw23/pik-ba-traktori-imt-539.html HTTP/1.0" 500 341 "-" "Mozilla/5.0 (Linux; Android 6.0.1; Nexus 5X Build/MMB29P) AppleWebKit/537.36 (KHTML, like Gecko) Chrome/130.0.6723.116 Mobile Safari/537.36 (compatible; Googlebot/2.1; +http://www.google.com/bot.html)"
66.249.66.37 - - [13/Nov/2024:06:58:09 +0300] "GET /xmw23/fantasy-sports-optimizer.html HTTP/1.0" 503 668 "-" "Mozilla/5.0 (Linux; Android 6.0.1; Nexus 5X Build/MMB29P) AppleWebKit/537.36 (KHTML, like Gecko) Chrome/130.0.6723.116 Mobile Safari/537.36 (compatible; Googlebot/2.1; +http://www.google.com/bot.html)"
66.249.66.36 - - [13/Nov/2024:06:59:09 +0300] "GET /xmw23/polovni-automobili-do-1000-evra-kragujevac.html HTTP/1.0" 500 341 "-" "Mozilla/5.0 (Linux; Android 6.0.1; Nexus 5X Build/MMB29P) AppleWebKit/537.36 (KHTML, like Gecko) Chrome/130.0.6723.116 Mobile Safari/537.36 (compatible; Googlebot/2.1; +http://www.google.com/bot.html)"
66.249.66.36 - - [13/Nov/2024:06:59:17 +0300] "GET /xmw23/uaz-patriot-cena-u-srbiji.html HTTP/1.0" 500 341 "-" "Mozilla/5.0 (Linux; Android 6.0.1; Nexus 5X Build/MMB29P) AppleWebKit/537.36 (KHTML, like Gecko) Chrome/130.0.6723.116 Mobile Safari/537.36 (compatible; Googlebot/2.1; +http://www.google.com/bot.html)"
66.249.66.35 - - [13/Nov/2024:06:59:24 +0300] "GET /xmw23/pulaski-county-detention-center.html HTTP/1.0" 500 3490 "-" "Mozilla/5.0 (Linux; Android 6.0.1; Nexus 5X Build/MMB29P) AppleWebKit/537.36 (KHTML, like Gecko) Chrome/130.0.6723.116 Mobile Safari/537.36 (compatible; Googlebot/2.1; +http://www.google.com/bot.html)"
66.249.66.35 - - [13/Nov/2024:07:01:09 +0300] "GET /yqmsquctw/jana-jankovic-turske-serije-sa-prevodom-prevara.html HTTP/1.0" 500 341 "-" "Mozilla/5.0 (Linux; Android 6.0.1; Nexus 5X Build/MMB29P) AppleWebKit/537.36 (KHTML, like Gecko) Chrome/130.0.6723.116 Mobile Safari/537.36 (compatible; Googlebot/2.1; +http://www.google.com/bot.html)"
66.249.66.36 - - [13/Nov/2024:07:02:10 +0300] "GET /xmw23/tarrant-county-jail-booking.html HTTP/1.0" 500 341 "-" "Mozilla/5.0 (Linux; Android 6.0.1; Nexus 5X Build/MMB29P) AppleWebKit/537.36 (KHTML, like Gecko) Chrome/130.0.6723.116 Mobile Safari/537.36 (compatible; Googlebot/2.1; +http://www.google.com/bot.html)"
66.249.66.35 - - [13/Nov/2024:07:02:14 +0300] "GET /xmw23/oc-pet-license-renewal.html HTTP/1.0" 500 341 "-" "Mozilla/5.0 (Linux; Android 6.0.1; Nexus 5X Build/MMB29P) AppleWebKit/537.36 (KHTML, like Gecko) Chrome/130.0.6723.116 Mobile Safari/537.36 (compatible; Googlebot/2.1; +http://www.google.com/bot.html)"
66.249.66.36 - - [13/Nov/2024:07:04:00 +0300] "GET /yqmsquctw/universal-consciousness-and-god.html HTTP/1.0" 500 341 "-" "Mozilla/5.0 (Linux; Android 6.0.1; Nexus 5X Build/MMB29P) AppleWebKit/537.36 (KHTML, like Gecko) Chrome/130.0.6723.116 Mobile Safari/537.36 (compatible; Googlebot/2.1; +http://www.google.com/bot.html)"
66.249.66.35 - - [13/Nov/2024:07:04:08 +0300] "GET /news/metodologiya/kak-skorrektirovat-schet-fakturu-vystavlennyy-do-1-iyulya-2021-goda/?bxajaxid=7890a307e4f4bc7b66250ad1a4ae104f HTTP/1.0" 200 8901 "-" "Mozilla/5.0 (Linux; Android 6.0.1; Nexus 5X Build/MMB29P) AppleWebKit/537.36 (KHTML, like Gecko) Chrome/130.0.6723.116 Mobile Safari/537.36 (compatible; Googlebot/2.1; +http://www.google.com/bot.html)"
66.249.66.35 - - [13/Nov/2024:07:05:47 +0300] "GET /yqmsquctw/little-telegram.html HTTP/1.0" 500 341 "-" "Mozilla/5.0 (Linux; Android 6.0.1; Nexus 5X Build/MMB29P) AppleWebKit/537.36 (KHTML, like Gecko) Chrome/130.0.6723.116 Mobile Safari/537.36 (compatible; Googlebot/2.1; +http://www.google.com/bot.html)"
66.249.66.37 - - [13/Nov/2024:07:06:09 +0300] "GET /yqmsquctw/aditiv-curatare-injectoare-diesel-liqui-moly-pareri.html HTTP/1.0" 500 3490 "-" "Mozilla/5.0 (Linux; Android 6.0.1; Nexus 5X Build/MMB29P) AppleWebKit/537.36 (KHTML, like Gecko) Chrome/130.0.6723.116 Mobile Safari/537.36 (compatible; Googlebot/2.1; +http://www.google.com/bot.html)"
147.45.185.25 - - [13/Nov/2024:07:08:53 +0300] "GET / HTTP/1.0" 200 322 "-" "Mozilla/5.0(Linux;Android5.1.1;SAMSUNGSM-G925TBuild/LMY47X)AppleWebKit/537.36(KHTML,likeGecko)SamsungBrowser/3.2Chrome/38.0.2125.102MobileSafari/537.36"
147.45.185.25 - - [13/Nov/2024:07:08:53 +0300] "GET / HTTP/1.0" 200 322 "-" "Mozilla/5.0(Linux;Android5.1.1;SAMSUNGSM-G925TBuild/LMY47X)AppleWebKit/537.36(KHTML,likeGecko)SamsungBrowser/3.2Chrome/38.0.2125.102MobileSafari/537.36"
66.249.66.37 - - [13/Nov/2024:07:12:17 +0300] "GET /yqmsquctw/dallas-county-jail-roster-arkansas.html HTTP/1.0" 500 3490 "-" "Mozilla/5.0 (Linux; Android 6.0.1; Nexus 5X Build/MMB29P) AppleWebKit/537.36 (KHTML, like Gecko) Chrome/130.0.6723.116 Mobile Safari/537.36 (compatible; Googlebot/2.1; +http://www.google.com/bot.html)"
5.42.107.248 - - [13/Nov/2024:07:16:33 +0300] "GET /bitrix/admin/index.php?login=yes HTTP/1.0" 200 25535 "-" "Mozilla/5.0 (X11; Linux x86_64) AppleWebKit/537.36 (KHTML, like Gecko) Chrome/54.0.2881.31 Safari/537.36"
5.42.107.248 - - [13/Nov/2024:07:16:34 +0300] "POST /bitrix/admin/index.php?login=yes HTTP/1.0" 200 1010 "https://gcba.ru/bitrix/admin/index.php?login=yes" "Mozilla/5.0 (X11; Linux x86_64) AppleWebKit/537.36 (KHTML, like Gecko) Chrome/54.0.2881.31 Safari/537.36"
66.249.66.35 - - [13/Nov/2024:07:17:24 +0300] "GET /xmw23/ultravnc-command-line-parameters.html HTTP/1.0" 500 341 "-" "Mozilla/5.0 (Linux; Android 6.0.1; Nexus 5X Build/MMB29P) AppleWebKit/537.36 (KHTML, like Gecko) Chrome/130.0.6723.116 Mobile Safari/537.36 (compatible; Googlebot/2.1; +http://www.google.com/bot.html)"
66.249.66.37 - - [13/Nov/2024:07:17:25 +0300] "GET /yqmsquctw/fruit-picking-jobs-with-visa-sponsorship-europe.html HTTP/1.0" 500 341 "-" "Mozilla/5.0 (Linux; Android 6.0.1; Nexus 5X Build/MMB29P) AppleWebKit/537.36 (KHTML, like Gecko) Chrome/130.0.6723.116 Mobile Safari/537.36 (compatible; Googlebot/2.1; +http://www.google.com/bot.html)"
66.249.66.36 - - [13/Nov/2024:07:26:06 +0300] "GET /yqmsquctw/franklin-county-jail,-nc-mugshots.html HTTP/1.0" 404 70505 "-" "Mozilla/5.0 (Linux; Android 6.0.1; Nexus 5X Build/MMB29P) AppleWebKit/537.36 (KHTML, like Gecko) Chrome/130.0.6723.116 Mobile Safari/537.36 (compatible; Googlebot/2.1; +http://www.google.com/bot.html)"
66.249.66.35 - - [13/Nov/2024:07:26:07 +0300] "GET /xmw23/pydantic-settings.html HTTP/1.0" 500 3490 "-" "Mozilla/5.0 (Linux; Android 6.0.1; Nexus 5X Build/MMB29P) AppleWebKit/537.36 (KHTML, like Gecko) Chrome/130.0.6723.116 Mobile Safari/537.36 (compatible; Googlebot/2.1; +http://www.google.com/bot.html)"
66.249.66.36 - - [13/Nov/2024:07:29:30 +0300] "GET /xmw23/care-home-jobs-glasgow-no-experience.html HTTP/1.0" 500 341 "-" "Mozilla/5.0 (Linux; Android 6.0.1; Nexus 5X Build/MMB29P) AppleWebKit/537.36 (KHTML, like Gecko) Chrome/130.0.6723.116 Mobile Safari/537.36 (compatible; Googlebot/2.1; +http://www.google.com/bot.html)"
