185.191.171.4 - - [07/Oct/2024:04:35:44 +0300] "GET /4548hbnpxv.html HTTP/1.0" 404 34653 "-" "Mozilla/5.0 (compatible; SemrushBot/7~bl; +http://www.semrush.com/bot.html)"
85.208.96.201 - - [07/Oct/2024:04:35:46 +0300] "GET /2plk9zmbsh.html HTTP/1.0" 404 34653 "-" "Mozilla/5.0 (compatible; SemrushBot/7~bl; +http://www.semrush.com/bot.html)"
71.6.134.230 - - [07/Oct/2024:04:35:47 +0300] "GET / HTTP/1.0" 200 322 "-" "Mozilla/5.0 (Windows NT 10.0; Win64; x64) AppleWebKit/537.36 (KHTML, like Gecko) Chrome/102.0.0.0 Safari/537.36"
85.208.96.206 - - [07/Oct/2024:04:35:48 +0300] "GET /2dk1ivpbkb.html HTTP/1.0" 404 34653 "-" "Mozilla/5.0 (compatible; SemrushBot/7~bl; +http://www.semrush.com/bot.html)"
185.191.171.10 - - [07/Oct/2024:04:35:51 +0300] "GET /35p8n5yvx9.html HTTP/1.0" 404 34653 "-" "Mozilla/5.0 (compatible; SemrushBot/7~bl; +http://www.semrush.com/bot.html)"
185.191.171.11 - - [07/Oct/2024:04:36:03 +0300] "GET /4n72nzdgej.html HTTP/1.0" 404 34653 "-" "Mozilla/5.0 (compatible; SemrushBot/7~bl; +http://www.semrush.com/bot.html)"
66.249.66.35 - - [07/Oct/2024:04:36:04 +0300] "GET /yqmsquctw/opencv-resize-interpolation.html HTTP/1.0" 500 341 "-" "Mozilla/5.0 (Linux; Android 6.0.1; Nexus 5X Build/MMB29P) AppleWebKit/537.36 (KHTML, like Gecko) Chrome/129.0.6668.89 Mobile Safari/537.36 (compatible; GoogleOther)"
85.208.96.203 - - [07/Oct/2024:04:36:05 +0300] "GET /4k6fidqeyp.html HTTP/1.0" 404 34653 "-" "Mozilla/5.0 (compatible; SemrushBot/7~bl; +http://www.semrush.com/bot.html)"
66.249.66.36 - - [07/Oct/2024:04:36:13 +0300] "GET /yqmsquctw/naowh-plater-profile.html HTTP/1.0" 500 341 "-" "Mozilla/5.0 (Linux; Android 6.0.1; Nexus 5X Build/MMB29P) AppleWebKit/537.36 (KHTML, like Gecko) Chrome/129.0.6668.89 Mobile Safari/537.36 (compatible; GoogleOther)"
85.208.96.205 - - [07/Oct/2024:04:36:26 +0300] "GET /443dkagho1.html HTTP/1.0" 404 34653 "-" "Mozilla/5.0 (compatible; SemrushBot/7~bl; +http://www.semrush.com/bot.html)"
66.249.66.35 - - [07/Oct/2024:04:36:27 +0300] "GET /xmw23/citi-brokerage-account.html HTTP/1.0" 500 341 "-" "Mozilla/5.0 (Linux; Android 6.0.1; Nexus 5X Build/MMB29P) AppleWebKit/537.36 (KHTML, like Gecko) Chrome/129.0.6668.89 Mobile Safari/537.36 (compatible; Googlebot/2.1; +http://www.google.com/bot.html)"
85.208.96.198 - - [07/Oct/2024:04:36:31 +0300] "GET /fgjmhdjfv.html HTTP/1.0" 404 34651 "-" "Mozilla/5.0 (compatible; SemrushBot/7~bl; +http://www.semrush.com/bot.html)"
185.191.171.10 - - [07/Oct/2024:04:36:36 +0300] "GET /yqmsquctw/ara-papagaj-cena.html HTTP/1.0" 500 341 "-" "Mozilla/5.0 (compatible; SemrushBot/7~bl; +http://www.semrush.com/bot.html)"
85.208.96.197 - - [07/Oct/2024:04:36:56 +0300] "GET /2kb8gj4fdo.html HTTP/1.0" 404 34653 "-" "Mozilla/5.0 (compatible; SemrushBot/7~bl; +http://www.semrush.com/bot.html)"
66.249.66.36 - - [07/Oct/2024:04:37:28 +0300] "GET /yqmsquctw/kuwait-job-driver-visa-20-fahaheel.html HTTP/1.0" 500 341 "-" "Mozilla/5.0 (Linux; Android 6.0.1; Nexus 5X Build/MMB29P) AppleWebKit/537.36 (KHTML, like Gecko) Chrome/129.0.6668.89 Mobile Safari/537.36 (compatible; Googlebot/2.1; +http://www.google.com/bot.html)"
85.208.96.198 - - [07/Oct/2024:04:37:37 +0300] "GET /2ip67dobau.html HTTP/1.0" 404 34653 "-" "Mozilla/5.0 (compatible; SemrushBot/7~bl; +http://www.semrush.com/bot.html)"
85.208.96.208 - - [07/Oct/2024:04:38:05 +0300] "GET /4bd1nwkqcs.html HTTP/1.0" 404 34653 "-" "Mozilla/5.0 (compatible; SemrushBot/7~bl; +http://www.semrush.com/bot.html)"
85.208.96.199 - - [07/Oct/2024:04:38:14 +0300] "GET /gfinbz4q5.html HTTP/1.0" 404 34651 "-" "Mozilla/5.0 (compatible; SemrushBot/7~bl; +http://www.semrush.com/bot.html)"
66.249.66.37 - - [07/Oct/2024:04:38:14 +0300] "GET /yqmsquctw/how-to-download-images-from-open-images-dataset-v7.html HTTP/1.0" 500 341 "-" "Mozilla/5.0 (Linux; Android 6.0.1; Nexus 5X Build/MMB29P) AppleWebKit/537.36 (KHTML, like Gecko) Chrome/129.0.6668.89 Mobile Safari/537.36 (compatible; GoogleOther)"
85.208.96.212 - - [07/Oct/2024:04:38:51 +0300] "GET /68cip70du2.html HTTP/1.0" 404 37802 "-" "Mozilla/5.0 (compatible; SemrushBot/7~bl; +http://www.semrush.com/bot.html)"
185.191.171.10 - - [07/Oct/2024:04:39:02 +0300] "GET /yqmsquctw/williamson-county-jail-tn.html HTTP/1.0" 500 3490 "-" "Mozilla/5.0 (compatible; SemrushBot/7~bl; +http://www.semrush.com/bot.html)"
185.191.171.19 - - [07/Oct/2024:04:39:09 +0300] "GET /10727agkox.html HTTP/1.0" 404 34653 "-" "Mozilla/5.0 (compatible; SemrushBot/7~bl; +http://www.semrush.com/bot.html)"
66.249.66.35 - - [07/Oct/2024:04:39:28 +0300] "GET /yqmsquctw/greene-county-tn-non-emergency-number.html HTTP/1.0" 500 341 "-" "Mozilla/5.0 (Linux; Android 6.0.1; Nexus 5X Build/MMB29P) AppleWebKit/537.36 (KHTML, like Gecko) Chrome/129.0.6668.89 Mobile Safari/537.36 (compatible; Googlebot/2.1; +http://www.google.com/bot.html)"
85.208.96.205 - - [07/Oct/2024:04:39:32 +0300] "GET /3c70c7nb5j.html HTTP/1.0" 404 34653 "-" "Mozilla/5.0 (compatible; SemrushBot/7~bl; +http://www.semrush.com/bot.html)"
185.191.171.16 - - [07/Oct/2024:04:39:35 +0300] "GET /4j4g5z9csz.html HTTP/1.0" 404 34653 "-" "Mozilla/5.0 (compatible; SemrushBot/7~bl; +http://www.semrush.com/bot.html)"
85.208.96.197 - - [07/Oct/2024:04:39:41 +0300] "GET /5ajlntvi33.html HTTP/1.0" 404 34653 "-" "Mozilla/5.0 (compatible; SemrushBot/7~bl; +http://www.semrush.com/bot.html)"
85.208.96.207 - - [07/Oct/2024:04:39:56 +0300] "GET /33go02xfhz.html HTTP/1.0" 404 34653 "-" "Mozilla/5.0 (compatible; SemrushBot/7~bl; +http://www.semrush.com/bot.html)"
185.191.171.10 - - [07/Oct/2024:04:40:07 +0300] "GET /2fekeyddyi.html HTTP/1.0" 404 34653 "-" "Mozilla/5.0 (compatible; SemrushBot/7~bl; +http://www.semrush.com/bot.html)"
85.208.96.212 - - [07/Oct/2024:04:40:09 +0300] "GET /556f3docs6.html HTTP/1.0" 404 34653 "-" "Mozilla/5.0 (compatible; SemrushBot/7~bl; +http://www.semrush.com/bot.html)"
185.191.171.10 - - [07/Oct/2024:04:40:13 +0300] "GET /321aibbtej.html HTTP/1.0" 404 34653 "-" "Mozilla/5.0 (compatible; SemrushBot/7~bl; +http://www.semrush.com/bot.html)"
66.249.66.36 - - [07/Oct/2024:04:40:15 +0300] "GET /yqmsquctw/avengers-fanfiction-avengers-make-fun-of-peter.html HTTP/1.0" 500 341 "-" "Mozilla/5.0 (Linux; Android 6.0.1; Nexus 5X Build/MMB29P) AppleWebKit/537.36 (KHTML, like Gecko) Chrome/129.0.6668.89 Mobile Safari/537.36 (compatible; GoogleOther)"
85.208.96.198 - - [07/Oct/2024:04:40:25 +0300] "GET /4i873ydfgr.html HTTP/1.0" 404 34653 "-" "Mozilla/5.0 (compatible; SemrushBot/7~bl; +http://www.semrush.com/bot.html)"
85.208.96.198 - - [07/Oct/2024:04:40:31 +0300] "GET /67bglufwu8.html HTTP/1.0" 404 34653 "-" "Mozilla/5.0 (compatible; SemrushBot/7~bl; +http://www.semrush.com/bot.html)"
185.191.171.2 - - [07/Oct/2024:04:40:54 +0300] "GET /4ak757cwq6.html HTTP/1.0" 404 34653 "-" "Mozilla/5.0 (compatible; SemrushBot/7~bl; +http://www.semrush.com/bot.html)"
185.191.171.19 - - [07/Oct/2024:04:41:13 +0300] "GET /a3niesujx.html HTTP/1.0" 404 34651 "-" "Mozilla/5.0 (compatible; SemrushBot/7~bl; +http://www.semrush.com/bot.html)"
185.191.171.18 - - [07/Oct/2024:04:41:29 +0300] "GET /1b1dknhjij.html HTTP/1.0" 404 34653 "-" "Mozilla/5.0 (compatible; SemrushBot/7~bl; +http://www.semrush.com/bot.html)"
185.191.171.1 - - [07/Oct/2024:04:41:48 +0300] "GET /4hgm1jngfw.html HTTP/1.0" 404 34653 "-" "Mozilla/5.0 (compatible; SemrushBot/7~bl; +http://www.semrush.com/bot.html)"
66.249.66.36 - - [07/Oct/2024:04:42:17 +0300] "GET /yqmsquctw/how-to-access-docker-container-from-browser.html HTTP/1.0" 500 341 "-" "Mozilla/5.0 (Linux; Android 6.0.1; Nexus 5X Build/MMB29P) AppleWebKit/537.36 (KHTML, like Gecko) Chrome/129.0.6668.89 Mobile Safari/537.36 (compatible; GoogleOther)"
185.191.171.19 - - [07/Oct/2024:04:42:22 +0300] "GET /3jggltchtn.html HTTP/1.0" 404 34653 "-" "Mozilla/5.0 (compatible; SemrushBot/7~bl; +http://www.semrush.com/bot.html)"
185.191.171.18 - - [07/Oct/2024:04:42:34 +0300] "GET /4ndmuzjj.html HTTP/1.0" 404 34620 "-" "Mozilla/5.0 (compatible; SemrushBot/7~bl; +http://www.semrush.com/bot.html)"
66.249.66.36 - - [07/Oct/2024:04:42:35 +0300] "GET /yqmsquctw/json-forms.html HTTP/1.0" 500 341 "-" "Mozilla/5.0 (Linux; Android 6.0.1; Nexus 5X Build/MMB29P) AppleWebKit/537.36 (KHTML, like Gecko) Chrome/129.0.6668.89 Mobile Safari/537.36 (compatible; GoogleOther)"
85.208.96.209 - - [07/Oct/2024:04:42:47 +0300] "GET /48bofh58ug.html HTTP/1.0" 404 34653 "-" "Mozilla/5.0 (compatible; SemrushBot/7~bl; +http://www.semrush.com/bot.html)"
85.208.96.198 - - [07/Oct/2024:04:42:59 +0300] "GET /16lp6wdesq.html HTTP/1.0" 404 34653 "-" "Mozilla/5.0 (compatible; SemrushBot/7~bl; +http://www.semrush.com/bot.html)"
85.208.96.209 - - [07/Oct/2024:04:43:02 +0300] "GET /4l5hkchbpy.html HTTP/1.0" 404 34653 "-" "Mozilla/5.0 (compatible; SemrushBot/7~bl; +http://www.semrush.com/bot.html)"
66.249.66.37 - - [07/Oct/2024:04:43:03 +0300] "GET /yqmsquctw/collin-county-police-department.html HTTP/1.0" 500 341 "-" "Mozilla/5.0 (Linux; Android 6.0.1; Nexus 5X Build/MMB29P) AppleWebKit/537.36 (KHTML, like Gecko) Chrome/129.0.6668.89 Mobile Safari/537.36 (compatible; Googlebot/2.1; +http://www.google.com/bot.html)"
85.208.96.194 - - [07/Oct/2024:04:43:27 +0300] "GET /2j292dx3s6.html HTTP/1.0" 404 34653 "-" "Mozilla/5.0 (compatible; SemrushBot/7~bl; +http://www.semrush.com/bot.html)"
85.208.96.207 - - [07/Oct/2024:04:43:47 +0300] "GET /yqmsquctw/how-to-create-var-www-html.html HTTP/1.0" 500 341 "-" "Mozilla/5.0 (compatible; SemrushBot/7~bl; +http://www.semrush.com/bot.html)"
85.208.96.199 - - [07/Oct/2024:04:44:02 +0300] "GET /342facsp2y.html HTTP/1.0" 404 34653 "-" "Mozilla/5.0 (compatible; SemrushBot/7~bl; +http://www.semrush.com/bot.html)"
185.191.171.3 - - [07/Oct/2024:04:44:04 +0300] "GET /1pij0lrhz9.html HTTP/1.0" 404 37802 "-" "Mozilla/5.0 (compatible; SemrushBot/7~bl; +http://www.semrush.com/bot.html)"
66.249.66.36 - - [07/Oct/2024:04:44:05 +0300] "GET /yqmsquctw/fielden-funeral-home-obituaries-jefferson-city,-tn.html HTTP/1.0" 404 38018 "-" "Mozilla/5.0 (Linux; Android 6.0.1; Nexus 5X Build/MMB29P) AppleWebKit/537.36 (KHTML, like Gecko) Chrome/129.0.6668.89 Mobile Safari/537.36 (compatible; Googlebot/2.1; +http://www.google.com/bot.html)"
85.208.96.206 - - [07/Oct/2024:04:44:06 +0300] "GET /hknoxtvfl.html HTTP/1.0" 404 34651 "-" "Mozilla/5.0 (compatible; SemrushBot/7~bl; +http://www.semrush.com/bot.html)"
185.191.171.19 - - [07/Oct/2024:04:44:10 +0300] "GET /4d5bfjfojp.html HTTP/1.0" 404 34653 "-" "Mozilla/5.0 (compatible; SemrushBot/7~bl; +http://www.semrush.com/bot.html)"
85.208.96.193 - - [07/Oct/2024:04:44:12 +0300] "GET /2d95d2jhjk.html HTTP/1.0" 404 34653 "-" "Mozilla/5.0 (compatible; SemrushBot/7~bl; +http://www.semrush.com/bot.html)"
66.249.66.35 - - [07/Oct/2024:04:44:18 +0300] "GET /yqmsquctw/private-gpt-ubuntu.html HTTP/1.0" 500 341 "-" "Mozilla/5.0 (Linux; Android 6.0.1; Nexus 5X Build/MMB29P) AppleWebKit/537.36 (KHTML, like Gecko) Chrome/129.0.6668.89 Mobile Safari/537.36 (compatible; GoogleOther)"
185.191.171.3 - - [07/Oct/2024:04:44:53 +0300] "GET /34862kjdbh.html HTTP/1.0" 404 34653 "-" "Mozilla/5.0 (compatible; SemrushBot/7~bl; +http://www.semrush.com/bot.html)"
85.208.96.206 - - [07/Oct/2024:04:45:14 +0300] "GET /4e1d5yt5sr.html HTTP/1.0" 404 34653 "-" "Mozilla/5.0 (compatible; SemrushBot/7~bl; +http://www.semrush.com/bot.html)"
85.208.96.201 - - [07/Oct/2024:04:45:19 +0300] "GET /6lofppnrx.html HTTP/1.0" 404 34651 "-" "Mozilla/5.0 (compatible; SemrushBot/7~bl; +http://www.semrush.com/bot.html)"
185.191.171.10 - - [07/Oct/2024:04:45:45 +0300] "GET /5o0481ggpx.html HTTP/1.0" 404 34653 "-" "Mozilla/5.0 (compatible; SemrushBot/7~bl; +http://www.semrush.com/bot.html)"
185.191.171.1 - - [07/Oct/2024:04:46:04 +0300] "GET /295e1qqfry.html HTTP/1.0" 404 34653 "-" "Mozilla/5.0 (compatible; SemrushBot/7~bl; +http://www.semrush.com/bot.html)"
185.191.171.18 - - [07/Oct/2024:04:46:08 +0300] "GET /1jc5khvc6v.html HTTP/1.0" 404 34653 "-" "Mozilla/5.0 (compatible; SemrushBot/7~bl; +http://www.semrush.com/bot.html)"
66.249.66.36 - - [07/Oct/2024:04:46:19 +0300] "GET /yqmsquctw/trinity-home-care-reviews.html HTTP/1.0" 500 341 "-" "Mozilla/5.0 (Linux; Android 6.0.1; Nexus 5X Build/MMB29P) AppleWebKit/537.36 (KHTML, like Gecko) Chrome/129.0.6668.89 Mobile Safari/537.36 (compatible; GoogleOther)"
185.191.171.7 - - [07/Oct/2024:04:46:33 +0300] "GET /5i98jazzun.html HTTP/1.0" 404 34653 "-" "Mozilla/5.0 (compatible; SemrushBot/7~bl; +http://www.semrush.com/bot.html)"
185.191.171.6 - - [07/Oct/2024:04:46:36 +0300] "GET /5ie3oaphkk.html HTTP/1.0" 404 34653 "-" "Mozilla/5.0 (compatible; SemrushBot/7~bl; +http://www.semrush.com/bot.html)"
85.208.96.212 - - [07/Oct/2024:04:47:05 +0300] "GET /257f1iwpmg.html HTTP/1.0" 404 34653 "-" "Mozilla/5.0 (compatible; SemrushBot/7~bl; +http://www.semrush.com/bot.html)"
185.191.171.6 - - [07/Oct/2024:04:47:31 +0300] "GET /5nnnl28o8f.html HTTP/1.0" 404 34653 "-" "Mozilla/5.0 (compatible; SemrushBot/7~bl; +http://www.semrush.com/bot.html)"
85.208.96.193 - - [07/Oct/2024:04:47:47 +0300] "GET /1iggrxx1z.html HTTP/1.0" 404 34651 "-" "Mozilla/5.0 (compatible; SemrushBot/7~bl; +http://www.semrush.com/bot.html)"
185.191.171.13 - - [07/Oct/2024:04:48:07 +0300] "GET /6b5hls4b5n.html HTTP/1.0" 404 34653 "-" "Mozilla/5.0 (compatible; SemrushBot/7~bl; +http://www.semrush.com/bot.html)"
85.208.96.199 - - [07/Oct/2024:04:48:09 +0300] "GET /6aineyhfla.html HTTP/1.0" 404 34653 "-" "Mozilla/5.0 (compatible; SemrushBot/7~bl; +http://www.semrush.com/bot.html)"
66.249.66.36 - - [07/Oct/2024:04:48:21 +0300] "GET /yqmsquctw/htb-pro-labs-writeup.html HTTP/1.0" 500 341 "-" "Mozilla/5.0 (Linux; Android 6.0.1; Nexus 5X Build/MMB29P) AppleWebKit/537.36 (KHTML, like Gecko) Chrome/129.0.6668.89 Mobile Safari/537.36 (compatible; GoogleOther)"
85.208.96.194 - - [07/Oct/2024:04:48:40 +0300] "GET /1931danpba.html HTTP/1.0" 404 34653 "-" "Mozilla/5.0 (compatible; SemrushBot/7~bl; +http://www.semrush.com/bot.html)"
185.191.171.19 - - [07/Oct/2024:04:48:58 +0300] "GET /3mmofz7yrb.html HTTP/1.0" 404 34653 "-" "Mozilla/5.0 (compatible; SemrushBot/7~bl; +http://www.semrush.com/bot.html)"
85.208.96.210 - - [07/Oct/2024:04:49:05 +0300] "GET /412jhtrscr.html HTTP/1.0" 404 34653 "-" "Mozilla/5.0 (compatible; SemrushBot/7~bl; +http://www.semrush.com/bot.html)"
66.249.66.35 - - [07/Oct/2024:04:49:07 +0300] "GET /yqmsquctw/how-to-access-docker-container-from-browser.html HTTP/1.0" 500 3490 "-" "Mozilla/5.0 (Linux; Android 6.0.1; Nexus 5X Build/MMB29P) AppleWebKit/537.36 (KHTML, like Gecko) Chrome/129.0.6668.89 Mobile Safari/537.36 (compatible; GoogleOther)"
85.208.96.206 - - [07/Oct/2024:04:49:10 +0300] "GET /4oh4jpgn3a.html HTTP/1.0" 404 34653 "-" "Mozilla/5.0 (compatible; SemrushBot/7~bl; +http://www.semrush.com/bot.html)"
66.249.66.37 - - [07/Oct/2024:04:50:06 +0300] "GET /xmw23/welcome-netherlands.html HTTP/1.0" 500 341 "-" "Mozilla/5.0 (Linux; Android 6.0.1; Nexus 5X Build/MMB29P) AppleWebKit/537.36 (KHTML, like Gecko) Chrome/129.0.6668.89 Mobile Safari/537.36 (compatible; Googlebot/2.1; +http://www.google.com/bot.html)"
85.208.96.205 - - [07/Oct/2024:04:50:06 +0300] "GET /22n5pqined.html HTTP/1.0" 404 37802 "-" "Mozilla/5.0 (compatible; SemrushBot/7~bl; +http://www.semrush.com/bot.html)"
66.249.66.36 - - [07/Oct/2024:04:50:22 +0300] "GET /yqmsquctw/look-who-got-busted-kerr-county.html HTTP/1.0" 500 341 "-" "Mozilla/5.0 (Linux; Android 6.0.1; Nexus 5X Build/MMB29P) AppleWebKit/537.36 (KHTML, like Gecko) Chrome/129.0.6668.89 Mobile Safari/537.36 (compatible; GoogleOther)"
185.191.171.14 - - [07/Oct/2024:04:50:49 +0300] "GET /1628btykst.html HTTP/1.0" 404 34653 "-" "Mozilla/5.0 (compatible; SemrushBot/7~bl; +http://www.semrush.com/bot.html)"
85.208.96.195 - - [07/Oct/2024:04:51:01 +0300] "GET /5ga2ojhvlb.html HTTP/1.0" 404 34653 "-" "Mozilla/5.0 (compatible; SemrushBot/7~bl; +http://www.semrush.com/bot.html)"
66.249.66.37 - - [07/Oct/2024:04:51:06 +0300] "GET /xmw23/paradise-funeral-home-jonesboro,-la-obituaries.html HTTP/1.0" 404 34853 "-" "Mozilla/5.0 (Linux; Android 6.0.1; Nexus 5X Build/MMB29P) AppleWebKit/537.36 (KHTML, like Gecko) Chrome/129.0.6668.89 Mobile Safari/537.36 (compatible; Googlebot/2.1; +http://www.google.com/bot.html)"
85.208.96.209 - - [07/Oct/2024:04:51:15 +0300] "GET /119ml8l1dv.html HTTP/1.0" 404 34653 "-" "Mozilla/5.0 (compatible; SemrushBot/7~bl; +http://www.semrush.com/bot.html)"
85.208.96.209 - - [07/Oct/2024:04:51:42 +0300] "GET /1e3efjhnh6.html HTTP/1.0" 404 34653 "-" "Mozilla/5.0 (compatible; SemrushBot/7~bl; +http://www.semrush.com/bot.html)"
85.208.96.197 - - [07/Oct/2024:04:51:49 +0300] "GET /4m00hrgc93.html HTTP/1.0" 404 34653 "-" "Mozilla/5.0 (compatible; SemrushBot/7~bl; +http://www.semrush.com/bot.html)"
85.208.96.211 - - [07/Oct/2024:04:52:21 +0300] "GET /2npb7na1ew.html HTTP/1.0" 404 34653 "-" "Mozilla/5.0 (compatible; SemrushBot/7~bl; +http://www.semrush.com/bot.html)"
66.249.66.36 - - [07/Oct/2024:04:52:23 +0300] "GET /yqmsquctw/cervical-mucus-after-implantation.html HTTP/1.0" 500 341 "-" "Mozilla/5.0 (Linux; Android 6.0.1; Nexus 5X Build/MMB29P) AppleWebKit/537.36 (KHTML, like Gecko) Chrome/129.0.6668.89 Mobile Safari/537.36 (compatible; GoogleOther)"
85.208.96.206 - - [07/Oct/2024:04:52:37 +0300] "GET /fnd4nwupd.html HTTP/1.0" 404 34651 "-" "Mozilla/5.0 (compatible; SemrushBot/7~bl; +http://www.semrush.com/bot.html)"
185.191.171.14 - - [07/Oct/2024:04:52:49 +0300] "GET /640acllfo9.html HTTP/1.0" 404 34653 "-" "Mozilla/5.0 (compatible; SemrushBot/7~bl; +http://www.semrush.com/bot.html)"
185.191.171.3 - - [07/Oct/2024:04:52:52 +0300] "GET /oocijo4xf.html HTTP/1.0" 404 34651 "-" "Mozilla/5.0 (compatible; SemrushBot/7~bl; +http://www.semrush.com/bot.html)"
185.191.171.4 - - [07/Oct/2024:04:52:53 +0300] "GET /43clmkxbii.html HTTP/1.0" 404 34653 "-" "Mozilla/5.0 (compatible; SemrushBot/7~bl; +http://www.semrush.com/bot.html)"
185.191.171.16 - - [07/Oct/2024:04:53:03 +0300] "GET /2154h5nmvs.html HTTP/1.0" 404 34653 "-" "Mozilla/5.0 (compatible; SemrushBot/7~bl; +http://www.semrush.com/bot.html)"
85.208.96.207 - - [07/Oct/2024:04:53:12 +0300] "GET /d395cl8h4.html HTTP/1.0" 404 34651 "-" "Mozilla/5.0 (compatible; SemrushBot/7~bl; +http://www.semrush.com/bot.html)"
85.208.96.202 - - [07/Oct/2024:04:53:21 +0300] "GET /453mkz0cc3.html HTTP/1.0" 404 34653 "-" "Mozilla/5.0 (compatible; SemrushBot/7~bl; +http://www.semrush.com/bot.html)"
85.208.96.194 - - [07/Oct/2024:04:53:30 +0300] "GET /58p7ojt3uh.html HTTP/1.0" 404 34653 "-" "Mozilla/5.0 (compatible; SemrushBot/7~bl; +http://www.semrush.com/bot.html)"
5.182.86.168 - - [07/Oct/2024:04:53:37 +0300] "GET / HTTP/1.0" 200 322 "-" "Mozilla/5.0 (Windows NT 6.3; Win64; x64; rv:50.0) Gecko/20100101 Firefox/50.0"
5.182.86.168 - - [07/Oct/2024:04:53:37 +0300] "POST / HTTP/1.0" 200 322 "https://gcba.ru/" "Mozilla/5.0 (Windows NT 6.3; Win64; x64; rv:50.0) Gecko/20100101 Firefox/50.0"
5.182.86.168 - - [07/Oct/2024:04:53:37 +0300] "GET /95f33f6732e3.php HTTP/1.0" 200 358 "https://gcba.ru/" "Mozilla/5.0 (Windows NT 6.3; Win64; x64; rv:50.0) Gecko/20100101 Firefox/50.0"
85.208.96.208 - - [07/Oct/2024:04:53:54 +0300] "GET /49b48mdnxt.html HTTP/1.0" 404 34653 "-" "Mozilla/5.0 (compatible; SemrushBot/7~bl; +http://www.semrush.com/bot.html)"
85.208.96.200 - - [07/Oct/2024:04:54:06 +0300] "GET /3ic8oleail.html HTTP/1.0" 404 34653 "-" "Mozilla/5.0 (compatible; SemrushBot/7~bl; +http://www.semrush.com/bot.html)"
66.249.66.37 - - [07/Oct/2024:04:54:25 +0300] "GET /yqmsquctw/job-vacancy-in-livestock-production-in-ethiopia-in-2024.html HTTP/1.0" 500 341 "-" "Mozilla/5.0 (Linux; Android 6.0.1; Nexus 5X Build/MMB29P) AppleWebKit/537.36 (KHTML, like Gecko) Chrome/129.0.6668.89 Mobile Safari/537.36 (compatible; GoogleOther)"
85.208.96.196 - - [07/Oct/2024:04:55:01 +0300] "GET /7lplw141x.html HTTP/1.0" 404 37800 "-" "Mozilla/5.0 (compatible; SemrushBot/7~bl; +http://www.semrush.com/bot.html)"
85.208.96.198 - - [07/Oct/2024:04:55:03 +0300] "GET /51fge5qvph.html HTTP/1.0" 404 34653 "-" "Mozilla/5.0 (compatible; SemrushBot/7~bl; +http://www.semrush.com/bot.html)"
185.191.171.14 - - [07/Oct/2024:04:55:23 +0300] "GET /yqmsquctw/forticlient-vpn-setup.html HTTP/1.0" 500 341 "-" "Mozilla/5.0 (compatible; SemrushBot/7~bl; +http://www.semrush.com/bot.html)"
66.249.66.35 - - [07/Oct/2024:04:55:38 +0300] "GET /yqmsquctw/appsheet-select-any.html HTTP/1.0" 500 341 "-" "Mozilla/5.0 (Linux; Android 6.0.1; Nexus 5X Build/MMB29P) AppleWebKit/537.36 (KHTML, like Gecko) Chrome/129.0.6668.89 Mobile Safari/537.36 (compatible; GoogleOther)"
185.191.171.14 - - [07/Oct/2024:04:55:45 +0300] "GET /66knmulz3w.html HTTP/1.0" 404 37802 "-" "Mozilla/5.0 (compatible; SemrushBot/7~bl; +http://www.semrush.com/bot.html)"
85.208.96.202 - - [07/Oct/2024:04:55:51 +0300] "GET /5ikmdk6nwg.html HTTP/1.0" 404 34653 "-" "Mozilla/5.0 (compatible; SemrushBot/7~bl; +http://www.semrush.com/bot.html)"
185.191.171.10 - - [07/Oct/2024:04:56:34 +0300] "GET /1h7f6hmb7f.html HTTP/1.0" 404 34653 "-" "Mozilla/5.0 (compatible; SemrushBot/7~bl; +http://www.semrush.com/bot.html)"
185.191.171.2 - - [07/Oct/2024:04:56:53 +0300] "GET /3mm4c3jvh7.html HTTP/1.0" 404 34653 "-" "Mozilla/5.0 (compatible; SemrushBot/7~bl; +http://www.semrush.com/bot.html)"
185.191.171.9 - - [07/Oct/2024:04:56:55 +0300] "GET /52p6lgfpwf.html HTTP/1.0" 404 34653 "-" "Mozilla/5.0 (compatible; SemrushBot/7~bl; +http://www.semrush.com/bot.html)"
185.191.171.4 - - [07/Oct/2024:04:57:02 +0300] "GET /6h10aqpxe.html HTTP/1.0" 404 34651 "-" "Mozilla/5.0 (compatible; SemrushBot/7~bl; +http://www.semrush.com/bot.html)"
66.249.66.36 - - [07/Oct/2024:04:57:12 +0300] "GET /xmw23/yahoo-nfl-dfs-optimizer.html HTTP/1.0" 500 341 "-" "Mozilla/5.0 (Linux; Android 6.0.1; Nexus 5X Build/MMB29P) AppleWebKit/537.36 (KHTML, like Gecko) Chrome/129.0.6668.89 Mobile Safari/537.36 (compatible; Googlebot/2.1; +http://www.google.com/bot.html)"
85.208.96.196 - - [07/Oct/2024:04:57:20 +0300] "GET /6491ab1txo.html HTTP/1.0" 404 34653 "-" "Mozilla/5.0 (compatible; SemrushBot/7~bl; +http://www.semrush.com/bot.html)"
185.191.171.9 - - [07/Oct/2024:04:57:29 +0300] "GET /4kll6xkzd5.html HTTP/1.0" 404 34653 "-" "Mozilla/5.0 (compatible; SemrushBot/7~bl; +http://www.semrush.com/bot.html)"
85.208.96.203 - - [07/Oct/2024:04:57:37 +0300] "GET /news/nalogi/novyy-spets-rezhim-avtomatizirovannaya-uproshchennaya-sistema-nalogooblozheniya/ HTTP/1.0" 200 51299 "-" "Mozilla/5.0 (compatible; SemrushBot/7~bl; +http://www.semrush.com/bot.html)"
185.191.171.2 - - [07/Oct/2024:04:57:49 +0300] "GET /1gmeaiclpc.html HTTP/1.0" 404 34653 "-" "Mozilla/5.0 (compatible; SemrushBot/7~bl; +http://www.semrush.com/bot.html)"
185.191.171.8 - - [07/Oct/2024:04:57:57 +0300] "GET /49lo4ivt6h.html HTTP/1.0" 404 34653 "-" "Mozilla/5.0 (compatible; SemrushBot/7~bl; +http://www.semrush.com/bot.html)"
185.191.171.1 - - [07/Oct/2024:04:58:03 +0300] "GET /4cdagpjowi.html HTTP/1.0" 404 34653 "-" "Mozilla/5.0 (compatible; SemrushBot/7~bl; +http://www.semrush.com/bot.html)"
66.249.66.36 - - [07/Oct/2024:04:58:12 +0300] "GET /xmw23/electrical-wiring-book-pdf-free-download.html HTTP/1.0" 200 21063 "-" "Mozilla/5.0 (Linux; Android 6.0.1; Nexus 5X Build/MMB29P) AppleWebKit/537.36 (KHTML, like Gecko) Chrome/129.0.6668.89 Mobile Safari/537.36 (compatible; Googlebot/2.1; +http://www.google.com/bot.html)"
185.191.171.2 - - [07/Oct/2024:04:58:23 +0300] "GET /3jgo0ylvcf.html HTTP/1.0" 404 34653 "-" "Mozilla/5.0 (compatible; SemrushBot/7~bl; +http://www.semrush.com/bot.html)"
185.191.171.8 - - [07/Oct/2024:04:58:58 +0300] "GET /yqmsquctw/strula-english-subtitles-season-1.html HTTP/1.0" 500 341 "-" "Mozilla/5.0 (compatible; SemrushBot/7~bl; +http://www.semrush.com/bot.html)"
185.191.171.12 - - [07/Oct/2024:04:59:18 +0300] "GET /57k5jbe6pe.html HTTP/1.0" 404 34653 "-" "Mozilla/5.0 (compatible; SemrushBot/7~bl; +http://www.semrush.com/bot.html)"
185.191.171.1 - - [07/Oct/2024:04:59:20 +0300] "GET /5nc68bjnr2.html HTTP/1.0" 404 34653 "-" "Mozilla/5.0 (compatible; SemrushBot/7~bl; +http://www.semrush.com/bot.html)"
85.208.96.211 - - [07/Oct/2024:04:59:28 +0300] "GET /45cankr6xm.html HTTP/1.0" 404 34653 "-" "Mozilla/5.0 (compatible; SemrushBot/7~bl; +http://www.semrush.com/bot.html)"
85.208.96.201 - - [07/Oct/2024:04:59:36 +0300] "GET /3h7l5u7pjz.html HTTP/1.0" 404 34653 "-" "Mozilla/5.0 (compatible; SemrushBot/7~bl; +http://www.semrush.com/bot.html)"
185.191.171.6 - - [07/Oct/2024:04:59:38 +0300] "GET /1f9m9624ds.html HTTP/1.0" 404 34653 "-" "Mozilla/5.0 (compatible; SemrushBot/7~bl; +http://www.semrush.com/bot.html)"
185.191.171.16 - - [07/Oct/2024:04:59:46 +0300] "GET /1d06jrbmqb.html HTTP/1.0" 404 34653 "-" "Mozilla/5.0 (compatible; SemrushBot/7~bl; +http://www.semrush.com/bot.html)"
185.191.171.9 - - [07/Oct/2024:05:00:38 +0300] "GET /2j7d7osu92.html HTTP/1.0" 404 34653 "-" "Mozilla/5.0 (compatible; SemrushBot/7~bl; +http://www.semrush.com/bot.html)"
85.208.96.203 - - [07/Oct/2024:05:00:57 +0300] "GET /3757ffm8mf.html HTTP/1.0" 404 37802 "-" "Mozilla/5.0 (compatible; SemrushBot/7~bl; +http://www.semrush.com/bot.html)"
85.208.96.210 - - [07/Oct/2024:05:01:07 +0300] "GET /14ocoqtyis.html HTTP/1.0" 404 37802 "-" "Mozilla/5.0 (compatible; SemrushBot/7~bl; +http://www.semrush.com/bot.html)"
85.208.96.199 - - [07/Oct/2024:05:01:21 +0300] "GET /5la5adcfii.html HTTP/1.0" 404 34653 "-" "Mozilla/5.0 (compatible; SemrushBot/7~bl; +http://www.semrush.com/bot.html)"
185.191.171.9 - - [07/Oct/2024:05:01:37 +0300] "GET /p5h3dmokh.html HTTP/1.0" 404 34651 "-" "Mozilla/5.0 (compatible; SemrushBot/7~bl; +http://www.semrush.com/bot.html)"
66.249.66.36 - - [07/Oct/2024:05:02:09 +0300] "GET /yqmsquctw/player-movement-and-look-script-unity.html HTTP/1.0" 500 341 "-" "Mozilla/5.0 (Linux; Android 6.0.1; Nexus 5X Build/MMB29P) AppleWebKit/537.36 (KHTML, like Gecko) Chrome/129.0.6668.89 Mobile Safari/537.36 (compatible; GoogleOther)"
185.191.171.1 - - [07/Oct/2024:05:02:10 +0300] "GET /mpblesaex.html HTTP/1.0" 404 34651 "-" "Mozilla/5.0 (compatible; SemrushBot/7~bl; +http://www.semrush.com/bot.html)"
85.208.96.202 - - [07/Oct/2024:05:02:23 +0300] "GET /5f0k8xz9ed.html HTTP/1.0" 404 34653 "-" "Mozilla/5.0 (compatible; SemrushBot/7~bl; +http://www.semrush.com/bot.html)"
85.208.96.195 - - [07/Oct/2024:05:02:31 +0300] "GET /lk9pjmrbe.html HTTP/1.0" 404 34651 "-" "Mozilla/5.0 (compatible; SemrushBot/7~bl; +http://www.semrush.com/bot.html)"
85.208.96.193 - - [07/Oct/2024:05:02:39 +0300] "GET /k7g1admkp.html HTTP/1.0" 404 34651 "-" "Mozilla/5.0 (compatible; SemrushBot/7~bl; +http://www.semrush.com/bot.html)"
185.191.171.19 - - [07/Oct/2024:05:03:18 +0300] "GET /1ignd4ztzl.html HTTP/1.0" 404 34653 "-" "Mozilla/5.0 (compatible; SemrushBot/7~bl; +http://www.semrush.com/bot.html)"
185.191.171.3 - - [07/Oct/2024:05:03:21 +0300] "GET /5eim7i18qo.html HTTP/1.0" 404 34653 "-" "Mozilla/5.0 (compatible; SemrushBot/7~bl; +http://www.semrush.com/bot.html)"
85.208.96.198 - - [07/Oct/2024:05:03:26 +0300] "GET /5if3cctoys.html HTTP/1.0" 404 34653 "-" "Mozilla/5.0 (compatible; SemrushBot/7~bl; +http://www.semrush.com/bot.html)"
185.191.171.8 - - [07/Oct/2024:05:03:29 +0300] "GET /212c6w0nen.html HTTP/1.0" 404 34653 "-" "Mozilla/5.0 (compatible; SemrushBot/7~bl; +http://www.semrush.com/bot.html)"
85.208.96.204 - - [07/Oct/2024:05:03:32 +0300] "GET /1dcjizo7u7.html HTTP/1.0" 404 34653 "-" "Mozilla/5.0 (compatible; SemrushBot/7~bl; +http://www.semrush.com/bot.html)"
85.208.96.195 - - [07/Oct/2024:05:03:38 +0300] "GET /25ji6uxsnb.html HTTP/1.0" 404 34653 "-" "Mozilla/5.0 (compatible; SemrushBot/7~bl; +http://www.semrush.com/bot.html)"
185.191.171.13 - - [07/Oct/2024:05:03:40 +0300] "GET /459cfuskq3.html HTTP/1.0" 404 34653 "-" "Mozilla/5.0 (compatible; SemrushBot/7~bl; +http://www.semrush.com/bot.html)"
66.249.66.36 - - [07/Oct/2024:05:04:53 +0300] "GET /xmw23/international-registered-nurse-sponsorship-program.html HTTP/1.0" 500 341 "-" "Mozilla/5.0 (Linux; Android 6.0.1; Nexus 5X Build/MMB29P) AppleWebKit/537.36 (KHTML, like Gecko) Chrome/129.0.6668.89 Mobile Safari/537.36 (compatible; Googlebot/2.1; +http://www.google.com/bot.html)"
185.191.171.9 - - [07/Oct/2024:05:04:57 +0300] "GET /4ibj1sxtz4.html HTTP/1.0" 404 34653 "-" "Mozilla/5.0 (compatible; SemrushBot/7~bl; +http://www.semrush.com/bot.html)"
185.191.171.12 - - [07/Oct/2024:05:05:06 +0300] "GET /5cid1dve8n.html HTTP/1.0" 404 34653 "-" "Mozilla/5.0 (compatible; SemrushBot/7~bl; +http://www.semrush.com/bot.html)"
185.191.171.8 - - [07/Oct/2024:05:05:24 +0300] "GET /5i99othmru.html HTTP/1.0" 404 34653 "-" "Mozilla/5.0 (compatible; SemrushBot/7~bl; +http://www.semrush.com/bot.html)"
185.191.171.14 - - [07/Oct/2024:05:05:48 +0300] "GET /40n783pbnd.html HTTP/1.0" 404 34653 "-" "Mozilla/5.0 (compatible; SemrushBot/7~bl; +http://www.semrush.com/bot.html)"
66.249.66.36 - - [07/Oct/2024:05:05:53 +0300] "GET /xmw23/millen,-ga-newspaper-obituaries.html HTTP/1.0" 404 34823 "-" "Mozilla/5.0 (Linux; Android 6.0.1; Nexus 5X Build/MMB29P) AppleWebKit/537.36 (KHTML, like Gecko) Chrome/129.0.6668.89 Mobile Safari/537.36 (compatible; Googlebot/2.1; +http://www.google.com/bot.html)"
66.249.66.37 - - [07/Oct/2024:05:05:54 +0300] "GET /yqmsquctw/agco-finance-careers.html HTTP/1.0" 500 341 "-" "Mozilla/5.0 (Linux; Android 6.0.1; Nexus 5X Build/MMB29P) AppleWebKit/537.36 (KHTML, like Gecko) Chrome/129.0.6668.89 Mobile Safari/537.36 (compatible; Googlebot/2.1; +http://www.google.com/bot.html)"
85.208.96.197 - - [07/Oct/2024:05:06:02 +0300] "GET /5dkh6jpu8j.html HTTP/1.0" 404 37802 "-" "Mozilla/5.0 (compatible; SemrushBot/7~bl; +http://www.semrush.com/bot.html)"
185.191.171.15 - - [07/Oct/2024:05:06:14 +0300] "GET /4ag63yxmtc.html HTTP/1.0" 404 34653 "-" "Mozilla/5.0 (compatible; SemrushBot/7~bl; +http://www.semrush.com/bot.html)"
85.208.96.195 - - [07/Oct/2024:05:06:16 +0300] "GET /6dk4wmqfu.html HTTP/1.0" 404 34651 "-" "Mozilla/5.0 (compatible; SemrushBot/7~bl; +http://www.semrush.com/bot.html)"
185.162.16.189 - - [07/Oct/2024:05:06:29 +0300] "GET /bitrix/admin/index.php HTTP/1.0" 200 25481 "-" "Mozilla/5.0 (Windows NT 6.1) AppleWebKit/537.36 (KHTML, like Gecko) Chrome/45.0.2454.85 Safari/537.36 OPR/32.0.1948.45"
185.162.16.189 - - [07/Oct/2024:05:06:29 +0300] "GET /bitrix/admin/index.php HTTP/1.0" 200 22332 "-" "Mozilla/5.0 (Windows NT 6.1) AppleWebKit/537.36 (KHTML, like Gecko) Chrome/45.0.2454.85 Safari/537.36 OPR/32.0.1948.45"
185.162.16.189 - - [07/Oct/2024:05:06:29 +0300] "GET /bitrix/admin/index.php HTTP/1.0" 200 22332 "-" "Mozilla/5.0 (Windows NT 6.1) AppleWebKit/537.36 (KHTML, like Gecko) Chrome/45.0.2454.85 Safari/537.36 OPR/32.0.1948.45"
185.162.16.189 - - [07/Oct/2024:05:06:30 +0300] "POST /bitrix/admin/?login=yes HTTP/1.0" 200 1010 "-" "Mozilla/5.0 (Windows NT 6.1) AppleWebKit/537.36 (KHTML, like Gecko) Chrome/45.0.2454.85 Safari/537.36 OPR/32.0.1948.45"
185.162.16.189 - - [07/Oct/2024:05:06:30 +0300] "POST /bitrix/admin/?login=yes HTTP/1.0" 200 1010 "-" "Mozilla/5.0 (Windows NT 6.1) AppleWebKit/537.36 (KHTML, like Gecko) Chrome/45.0.2454.85 Safari/537.36 OPR/32.0.1948.45"
185.162.16.189 - - [07/Oct/2024:05:06:30 +0300] "POST /bitrix/admin/?login=yes HTTP/1.0" 200 1010 "-" "Mozilla/5.0 (Windows NT 6.1) AppleWebKit/537.36 (KHTML, like Gecko) Chrome/45.0.2454.85 Safari/537.36 OPR/32.0.1948.45"
85.208.96.197 - - [07/Oct/2024:05:06:42 +0300] "GET /12jcg76ihj.html HTTP/1.0" 404 34653 "-" "Mozilla/5.0 (compatible; SemrushBot/7~bl; +http://www.semrush.com/bot.html)"
85.208.96.196 - - [07/Oct/2024:05:07:02 +0300] "GET /2kdhlmum1h.html HTTP/1.0" 404 34653 "-" "Mozilla/5.0 (compatible; SemrushBot/7~bl; +http://www.semrush.com/bot.html)"
85.208.96.194 - - [07/Oct/2024:05:07:05 +0300] "GET /5g3cpcg19v.html HTTP/1.0" 404 34653 "-" "Mozilla/5.0 (compatible; SemrushBot/7~bl; +http://www.semrush.com/bot.html)"
185.191.171.13 - - [07/Oct/2024:05:07:38 +0300] "GET /2en79xik1x.html HTTP/1.0" 404 34653 "-" "Mozilla/5.0 (compatible; SemrushBot/7~bl; +http://www.semrush.com/bot.html)"
185.191.171.8 - - [07/Oct/2024:05:07:41 +0300] "GET /3o2chgght0.html HTTP/1.0" 404 34653 "-" "Mozilla/5.0 (compatible; SemrushBot/7~bl; +http://www.semrush.com/bot.html)"
185.191.171.9 - - [07/Oct/2024:05:07:43 +0300] "GET /410khheytm.html HTTP/1.0" 404 34653 "-" "Mozilla/5.0 (compatible; SemrushBot/7~bl; +http://www.semrush.com/bot.html)"
54.36.148.28 - - [07/Oct/2024:05:07:46 +0300] "GET /news/nalogi/rss/ HTTP/1.0" 200 21627 "-" "Mozilla/5.0 (compatible; AhrefsBot/7.0; +http://ahrefs.com/robot/)"
85.208.96.199 - - [07/Oct/2024:05:08:03 +0300] "GET /4h4d75nfiw.html HTTP/1.0" 404 34653 "-" "Mozilla/5.0 (compatible; SemrushBot/7~bl; +http://www.semrush.com/bot.html)"
85.208.96.209 - - [07/Oct/2024:05:08:11 +0300] "GET /3il6mgn8yw.html HTTP/1.0" 404 34653 "-" "Mozilla/5.0 (compatible; SemrushBot/7~bl; +http://www.semrush.com/bot.html)"
66.249.66.36 - - [07/Oct/2024:05:08:18 +0300] "GET /yqmsquctw/ultravnc-portable.html HTTP/1.0" 500 341 "-" "Mozilla/5.0 (Linux; Android 6.0.1; Nexus 5X Build/MMB29P) AppleWebKit/537.36 (KHTML, like Gecko) Chrome/129.0.6668.89 Mobile Safari/537.36 (compatible; Googlebot/2.1; +http://www.google.com/bot.html)"
85.208.96.200 - - [07/Oct/2024:05:08:35 +0300] "GET /2ndc0curgl.html HTTP/1.0" 404 34653 "-" "Mozilla/5.0 (compatible; SemrushBot/7~bl; +http://www.semrush.com/bot.html)"
85.208.96.205 - - [07/Oct/2024:05:08:40 +0300] "GET /4757e6oaxg.html HTTP/1.0" 404 34653 "-" "Mozilla/5.0 (compatible; SemrushBot/7~bl; +http://www.semrush.com/bot.html)"
66.249.66.35 - - [07/Oct/2024:05:08:41 +0300] "GET /yqmsquctw/software-testing-jobs-in-usa-with-visa-sponsorship.html HTTP/1.0" 500 341 "-" "Mozilla/5.0 (Linux; Android 6.0.1; Nexus 5X Build/MMB29P) AppleWebKit/537.36 (KHTML, like Gecko) Chrome/129.0.6668.89 Mobile Safari/537.36 (compatible; GoogleOther)"
185.191.171.8 - - [07/Oct/2024:05:08:52 +0300] "GET /145054zg1o.html HTTP/1.0" 404 34653 "-" "Mozilla/5.0 (compatible; SemrushBot/7~bl; +http://www.semrush.com/bot.html)"
185.191.171.12 - - [07/Oct/2024:05:09:15 +0300] "GET /1dfbaaklio.html HTTP/1.0" 404 34653 "-" "Mozilla/5.0 (compatible; SemrushBot/7~bl; +http://www.semrush.com/bot.html)"
185.191.171.3 - - [07/Oct/2024:05:09:25 +0300] "GET /5k60f9gwjp.html HTTP/1.0" 404 34653 "-" "Mozilla/5.0 (compatible; SemrushBot/7~bl; +http://www.semrush.com/bot.html)"
85.208.96.210 - - [07/Oct/2024:05:10:23 +0300] "GET /5j8pmro4bb.html HTTP/1.0" 404 34653 "-" "Mozilla/5.0 (compatible; SemrushBot/7~bl; +http://www.semrush.com/bot.html)"
185.191.171.5 - - [07/Oct/2024:05:10:26 +0300] "GET /1ehiastcsq.html HTTP/1.0" 404 34653 "-" "Mozilla/5.0 (compatible; SemrushBot/7~bl; +http://www.semrush.com/bot.html)"
185.191.171.18 - - [07/Oct/2024:05:10:34 +0300] "GET /9nkn5haj3.html HTTP/1.0" 404 34651 "-" "Mozilla/5.0 (compatible; SemrushBot/7~bl; +http://www.semrush.com/bot.html)"
85.208.96.204 - - [07/Oct/2024:05:10:36 +0300] "GET /37e0aihms5.html HTTP/1.0" 404 34653 "-" "Mozilla/5.0 (compatible; SemrushBot/7~bl; +http://www.semrush.com/bot.html)"
185.191.171.1 - - [07/Oct/2024:05:11:07 +0300] "GET /25ni80o53q.html HTTP/1.0" 404 37802 "-" "Mozilla/5.0 (compatible; SemrushBot/7~bl; +http://www.semrush.com/bot.html)"
85.208.96.206 - - [07/Oct/2024:05:11:20 +0300] "GET /3ee2exiuug.html HTTP/1.0" 404 34653 "-" "Mozilla/5.0 (compatible; SemrushBot/7~bl; +http://www.semrush.com/bot.html)"
85.208.96.203 - - [07/Oct/2024:05:11:26 +0300] "GET /1n13hoycv2.html HTTP/1.0" 404 34653 "-" "Mozilla/5.0 (compatible; SemrushBot/7~bl; +http://www.semrush.com/bot.html)"
85.208.96.211 - - [07/Oct/2024:05:11:43 +0300] "GET /news/pravo/uznay-svoy-inn-/ HTTP/1.0" 200 24224 "-" "Mozilla/5.0 (compatible; SemrushBot/7~bl; +http://www.semrush.com/bot.html)"
66.249.66.35 - - [07/Oct/2024:05:11:55 +0300] "GET /xmw23/max-funeral-home-obituary.html HTTP/1.0" 200 22883 "-" "Mozilla/5.0 (Linux; Android 6.0.1; Nexus 5X Build/MMB29P) AppleWebKit/537.36 (KHTML, like Gecko) Chrome/129.0.6668.89 Mobile Safari/537.36 (compatible; Googlebot/2.1; +http://www.google.com/bot.html)"
185.191.171.19 - - [07/Oct/2024:05:12:10 +0300] "GET /3jg8jvwl8y.html HTTP/1.0" 404 34653 "-" "Mozilla/5.0 (compatible; SemrushBot/7~bl; +http://www.semrush.com/bot.html)"
85.208.96.207 - - [07/Oct/2024:05:12:25 +0300] "GET /yqmsquctw/shelby-county-warrants-inmate-lookup.html HTTP/1.0" 500 341 "-" "Mozilla/5.0 (compatible; SemrushBot/7~bl; +http://www.semrush.com/bot.html)"
85.208.96.200 - - [07/Oct/2024:05:12:54 +0300] "GET /dlc4dt1nc.html HTTP/1.0" 404 34651 "-" "Mozilla/5.0 (compatible; SemrushBot/7~bl; +http://www.semrush.com/bot.html)"
66.249.66.37 - - [07/Oct/2024:05:12:57 +0300] "GET /xmw23/tyler-county-public-records.html HTTP/1.0" 500 341 "-" "Mozilla/5.0 (Linux; Android 6.0.1; Nexus 5X Build/MMB29P) AppleWebKit/537.36 (KHTML, like Gecko) Chrome/129.0.6668.89 Mobile Safari/537.36 (compatible; Googlebot/2.1; +http://www.google.com/bot.html)"
85.208.96.212 - - [07/Oct/2024:05:13:06 +0300] "GET /b2jjf8pbk.html HTTP/1.0" 404 34651 "-" "Mozilla/5.0 (compatible; SemrushBot/7~bl; +http://www.semrush.com/bot.html)"
85.208.96.197 - - [07/Oct/2024:05:13:16 +0300] "GET /3lgnpdg2ke.html HTTP/1.0" 404 34653 "-" "Mozilla/5.0 (compatible; SemrushBot/7~bl; +http://www.semrush.com/bot.html)"
85.208.96.204 - - [07/Oct/2024:05:13:18 +0300] "GET /65910hj3zc.html HTTP/1.0" 404 34653 "-" "Mozilla/5.0 (compatible; SemrushBot/7~bl; +http://www.semrush.com/bot.html)"
85.208.96.194 - - [07/Oct/2024:05:13:36 +0300] "GET /6deic9a5fa.html HTTP/1.0" 404 34653 "-" "Mozilla/5.0 (compatible; SemrushBot/7~bl; +http://www.semrush.com/bot.html)"
185.191.171.8 - - [07/Oct/2024:05:13:41 +0300] "GET /e37jcyzac.html HTTP/1.0" 404 34651 "-" "Mozilla/5.0 (compatible; SemrushBot/7~bl; +http://www.semrush.com/bot.html)"
85.208.96.201 - - [07/Oct/2024:05:14:18 +0300] "GET /2a2dadwqjb.html HTTP/1.0" 404 34653 "-" "Mozilla/5.0 (compatible; SemrushBot/7~bl; +http://www.semrush.com/bot.html)"
85.208.96.200 - - [07/Oct/2024:05:14:23 +0300] "GET /384clhztgp.html HTTP/1.0" 404 34653 "-" "Mozilla/5.0 (compatible; SemrushBot/7~bl; +http://www.semrush.com/bot.html)"
85.208.96.197 - - [07/Oct/2024:05:14:46 +0300] "GET /61jkkpoe9o.html HTTP/1.0" 404 34653 "-" "Mozilla/5.0 (compatible; SemrushBot/7~bl; +http://www.semrush.com/bot.html)"
85.208.96.203 - - [07/Oct/2024:05:15:02 +0300] "GET /68alpvgxve.html HTTP/1.0" 404 34653 "-" "Mozilla/5.0 (compatible; SemrushBot/7~bl; +http://www.semrush.com/bot.html)"
66.249.66.37 - - [07/Oct/2024:05:15:12 +0300] "GET /yqmsquctw/encode-text.html HTTP/1.0" 500 341 "-" "Mozilla/5.0 (Linux; Android 6.0.1; Nexus 5X Build/MMB29P) AppleWebKit/537.36 (KHTML, like Gecko) Chrome/129.0.6668.89 Mobile Safari/537.36 (compatible; GoogleOther)"
85.208.96.203 - - [07/Oct/2024:05:15:27 +0300] "GET /2b802ga8xr.html HTTP/1.0" 404 34653 "-" "Mozilla/5.0 (compatible; SemrushBot/7~bl; +http://www.semrush.com/bot.html)"
85.208.96.202 - - [07/Oct/2024:05:15:40 +0300] "GET /5ihd04ht06.html HTTP/1.0" 404 34653 "-" "Mozilla/5.0 (compatible; SemrushBot/7~bl; +http://www.semrush.com/bot.html)"
85.208.96.211 - - [07/Oct/2024:05:15:43 +0300] "GET /1ad1kyawx9.html HTTP/1.0" 404 34653 "-" "Mozilla/5.0 (compatible; SemrushBot/7~bl; +http://www.semrush.com/bot.html)"
85.208.96.212 - - [07/Oct/2024:05:16:10 +0300] "GET /2j02kpqvei.html HTTP/1.0" 404 37802 "-" "Mozilla/5.0 (compatible; SemrushBot/7~bl; +http://www.semrush.com/bot.html)"
185.191.171.10 - - [07/Oct/2024:05:16:30 +0300] "GET /22863srhzw.html HTTP/1.0" 404 34653 "-" "Mozilla/5.0 (compatible; SemrushBot/7~bl; +http://www.semrush.com/bot.html)"
85.208.96.202 - - [07/Oct/2024:05:16:40 +0300] "GET /4oe5e8jxe8.html HTTP/1.0" 404 34653 "-" "Mozilla/5.0 (compatible; SemrushBot/7~bl; +http://www.semrush.com/bot.html)"
85.208.96.203 - - [07/Oct/2024:05:17:14 +0300] "GET /14k2mwxrx3.html HTTP/1.0" 404 37802 "-" "Mozilla/5.0 (compatible; SemrushBot/7~bl; +http://www.semrush.com/bot.html)"
185.191.171.9 - - [07/Oct/2024:05:17:22 +0300] "GET /53g3bip6rt.html HTTP/1.0" 404 34653 "-" "Mozilla/5.0 (compatible; SemrushBot/7~bl; +http://www.semrush.com/bot.html)"
85.208.96.203 - - [07/Oct/2024:05:17:26 +0300] "GET /3mi5fbnuxb.html HTTP/1.0" 404 34653 "-" "Mozilla/5.0 (compatible; SemrushBot/7~bl; +http://www.semrush.com/bot.html)"
185.191.171.19 - - [07/Oct/2024:05:17:46 +0300] "GET /2ccn9hehkj.html HTTP/1.0" 404 34653 "-" "Mozilla/5.0 (compatible; SemrushBot/7~bl; +http://www.semrush.com/bot.html)"
185.191.171.18 - - [07/Oct/2024:05:17:59 +0300] "GET /22jmo7bp4e.html HTTP/1.0" 404 34653 "-" "Mozilla/5.0 (compatible; SemrushBot/7~bl; +http://www.semrush.com/bot.html)"
85.208.96.194 - - [07/Oct/2024:05:18:07 +0300] "GET /gi8cidazz.html HTTP/1.0" 404 34651 "-" "Mozilla/5.0 (compatible; SemrushBot/7~bl; +http://www.semrush.com/bot.html)"
185.191.171.19 - - [07/Oct/2024:05:18:28 +0300] "GET /5cdl2vzlbt.html HTTP/1.0" 404 34653 "-" "Mozilla/5.0 (compatible; SemrushBot/7~bl; +http://www.semrush.com/bot.html)"
85.208.96.204 - - [07/Oct/2024:05:18:34 +0300] "GET /5co442k7yn.html HTTP/1.0" 404 34653 "-" "Mozilla/5.0 (compatible; SemrushBot/7~bl; +http://www.semrush.com/bot.html)"
85.208.96.205 - - [07/Oct/2024:05:18:39 +0300] "GET /4eh0lrjdor.html HTTP/1.0" 404 34653 "-" "Mozilla/5.0 (compatible; SemrushBot/7~bl; +http://www.semrush.com/bot.html)"
85.208.96.209 - - [07/Oct/2024:05:19:44 +0300] "GET /3dfh0x4fff.html HTTP/1.0" 404 34653 "-" "Mozilla/5.0 (compatible; SemrushBot/7~bl; +http://www.semrush.com/bot.html)"
85.208.96.210 - - [07/Oct/2024:05:20:05 +0300] "GET /5f9jhb5wj8.html HTTP/1.0" 404 34653 "-" "Mozilla/5.0 (compatible; SemrushBot/7~bl; +http://www.semrush.com/bot.html)"
85.208.96.209 - - [07/Oct/2024:05:20:07 +0300] "GET /1gipbxbnqo.html HTTP/1.0" 404 34653 "-" "Mozilla/5.0 (compatible; SemrushBot/7~bl; +http://www.semrush.com/bot.html)"
185.191.171.6 - - [07/Oct/2024:05:20:09 +0300] "GET /4g3p7brxv1.html HTTP/1.0" 404 34653 "-" "Mozilla/5.0 (compatible; SemrushBot/7~bl; +http://www.semrush.com/bot.html)"
85.208.96.208 - - [07/Oct/2024:05:20:32 +0300] "GET /1gp2kr6dxa.html HTTP/1.0" 404 34653 "-" "Mozilla/5.0 (compatible; SemrushBot/7~bl; +http://www.semrush.com/bot.html)"
185.191.171.2 - - [07/Oct/2024:05:20:44 +0300] "GET /3fbkkeqjxk.html HTTP/1.0" 404 34653 "-" "Mozilla/5.0 (compatible; SemrushBot/7~bl; +http://www.semrush.com/bot.html)"
85.208.96.195 - - [07/Oct/2024:05:20:52 +0300] "GET /j3j4ko9kp.html HTTP/1.0" 404 34651 "-" "Mozilla/5.0 (compatible; SemrushBot/7~bl; +http://www.semrush.com/bot.html)"
185.191.171.7 - - [07/Oct/2024:05:21:22 +0300] "GET /eple08ami.html HTTP/1.0" 404 37800 "-" "Mozilla/5.0 (compatible; SemrushBot/7~bl; +http://www.semrush.com/bot.html)"
85.208.96.204 - - [07/Oct/2024:05:21:26 +0300] "GET /67ehbmutar.html HTTP/1.0" 404 34653 "-" "Mozilla/5.0 (compatible; SemrushBot/7~bl; +http://www.semrush.com/bot.html)"
85.208.96.204 - - [07/Oct/2024:05:21:28 +0300] "GET /4ihbd0e9vz.html HTTP/1.0" 404 34653 "-" "Mozilla/5.0 (compatible; SemrushBot/7~bl; +http://www.semrush.com/bot.html)"
85.208.96.206 - - [07/Oct/2024:05:21:30 +0300] "GET /5659lfudbt.html HTTP/1.0" 404 34653 "-" "Mozilla/5.0 (compatible; SemrushBot/7~bl; +http://www.semrush.com/bot.html)"
185.191.171.4 - - [07/Oct/2024:05:21:33 +0300] "GET /6c6b0bt4rh.html HTTP/1.0" 404 34653 "-" "Mozilla/5.0 (compatible; SemrushBot/7~bl; +http://www.semrush.com/bot.html)"
3.137.216.175 - - [07/Oct/2024:05:21:39 +0300] "GET /yqmsquctw/horses-for-sale-alberta-facebook.html HTTP/1.0" 500 341 "-" "Mozilla/5.0 AppleWebKit/537.36 (KHTML, like Gecko; compatible; ClaudeBot/1.0; +claudebot@anthropic.com)"
66.249.66.37 - - [07/Oct/2024:05:21:43 +0300] "GET /yqmsquctw/taskfile-github.html HTTP/1.0" 500 341 "-" "Mozilla/5.0 (Linux; Android 6.0.1; Nexus 5X Build/MMB29P) AppleWebKit/537.36 (KHTML, like Gecko) Chrome/129.0.6668.89 Mobile Safari/537.36 (compatible; GoogleOther)"
185.191.171.6 - - [07/Oct/2024:05:21:52 +0300] "GET /22lg2ryrlo.html HTTP/1.0" 404 34653 "-" "Mozilla/5.0 (compatible; SemrushBot/7~bl; +http://www.semrush.com/bot.html)"
85.208.96.197 - - [07/Oct/2024:05:22:29 +0300] "GET /3eifiiddo1.html HTTP/1.0" 404 37802 "-" "Mozilla/5.0 (compatible; SemrushBot/7~bl; +http://www.semrush.com/bot.html)"
85.208.96.193 - - [07/Oct/2024:05:22:30 +0300] "GET /577o3gj0w8.html HTTP/1.0" 404 34653 "-" "Mozilla/5.0 (compatible; SemrushBot/7~bl; +http://www.semrush.com/bot.html)"
85.208.96.207 - - [07/Oct/2024:05:22:35 +0300] "GET /66dm6rbir5.html HTTP/1.0" 404 34653 "-" "Mozilla/5.0 (compatible; SemrushBot/7~bl; +http://www.semrush.com/bot.html)"
185.191.171.7 - - [07/Oct/2024:05:22:48 +0300] "GET /4i7hiuyt1o.html HTTP/1.0" 404 34653 "-" "Mozilla/5.0 (compatible; SemrushBot/7~bl; +http://www.semrush.com/bot.html)"
85.208.96.202 - - [07/Oct/2024:05:22:55 +0300] "GET /3p796nrwx3.html HTTP/1.0" 404 34653 "-" "Mozilla/5.0 (compatible; SemrushBot/7~bl; +http://www.semrush.com/bot.html)"
185.191.171.13 - - [07/Oct/2024:05:22:57 +0300] "GET /2nlpbpera9.html HTTP/1.0" 404 34653 "-" "Mozilla/5.0 (compatible; SemrushBot/7~bl; +http://www.semrush.com/bot.html)"
185.191.171.9 - - [07/Oct/2024:05:23:33 +0300] "GET /3okij23zr.html HTTP/1.0" 404 34651 "-" "Mozilla/5.0 (compatible; SemrushBot/7~bl; +http://www.semrush.com/bot.html)"
66.249.66.35 - - [07/Oct/2024:05:23:40 +0300] "GET /yqmsquctw/carbon-steel-pipe-manufacturers-in-saudi-arabia.html HTTP/1.0" 500 341 "-" "Mozilla/5.0 (Linux; Android 6.0.1; Nexus 5X Build/MMB29P) AppleWebKit/537.36 (KHTML, like Gecko) Chrome/129.0.6668.89 Mobile Safari/537.36 (compatible; Googlebot/2.1; +http://www.google.com/bot.html)"
66.249.66.35 - - [07/Oct/2024:05:23:41 +0300] "GET /xmw23/feature-installer-code-generator.html HTTP/1.0" 200 19573 "-" "Mozilla/5.0 (Linux; Android 6.0.1; Nexus 5X Build/MMB29P) AppleWebKit/537.36 (KHTML, like Gecko) Chrome/129.0.6668.89 Mobile Safari/537.36 (compatible; Googlebot/2.1; +http://www.google.com/bot.html)"
185.191.171.18 - - [07/Oct/2024:05:23:48 +0300] "GET /4egpei6e8p.html HTTP/1.0" 404 34653 "-" "Mozilla/5.0 (compatible; SemrushBot/7~bl; +http://www.semrush.com/bot.html)"
66.249.66.37 - - [07/Oct/2024:05:24:11 +0300] "GET /local/templates/main_bag/favicon.ico HTTP/1.0" 404 34695 "-" "Googlebot-Image/1.0"
185.191.171.17 - - [07/Oct/2024:05:24:21 +0300] "GET /2hnjgcyi7y.html HTTP/1.0" 404 34653 "-" "Mozilla/5.0 (compatible; SemrushBot/7~bl; +http://www.semrush.com/bot.html)"
185.191.171.5 - - [07/Oct/2024:05:24:41 +0300] "GET /1e1evupht.html HTTP/1.0" 404 34651 "-" "Mozilla/5.0 (compatible; SemrushBot/7~bl; +http://www.semrush.com/bot.html)"
66.249.66.35 - - [07/Oct/2024:05:24:41 +0300] "GET /xmw23/mitsubishi-grandis-wiki.html HTTP/1.0" 500 341 "-" "Mozilla/5.0 (Linux; Android 6.0.1; Nexus 5X Build/MMB29P) AppleWebKit/537.36 (KHTML, like Gecko) Chrome/129.0.6668.89 Mobile Safari/537.36 (compatible; Googlebot/2.1; +http://www.google.com/bot.html)"
85.208.96.199 - - [07/Oct/2024:05:24:54 +0300] "GET /3o7momzilh.html HTTP/1.0" 404 34653 "-" "Mozilla/5.0 (compatible; SemrushBot/7~bl; +http://www.semrush.com/bot.html)"
5.182.86.168 - - [07/Oct/2024:05:25:09 +0300] "GET / HTTP/1.0" 200 322 "-" "Mozilla/5.0 (Macintosh; Intel Mac OS X 10.10; rv:48.0) Gecko/20100101 Firefox/48.0"
5.182.86.168 - - [07/Oct/2024:05:25:19 +0300] "GET /bitrix/tools/composite_data.php HTTP/1.0" 200 1126 "https://gcba.ru/" "Mozilla/5.0 (Macintosh; Intel Mac OS X 10.10; rv:48.0) Gecko/20100101 Firefox/48.0"
5.182.86.168 - - [07/Oct/2024:05:25:19 +0300] "POST /bitrix/tools/html_editor_action.php HTTP/1.0" 200 690 "https://gcba.ru/bitrix/tools/composite_data.php" "Mozilla/5.0 (Macintosh; Intel Mac OS X 10.10; rv:48.0) Gecko/20100101 Firefox/48.0"
5.182.86.168 - - [07/Oct/2024:05:25:22 +0300] "POST /bitrix/tools/html_editor_action.php HTTP/1.0" 200 690 "https://gcba.ru/bitrix/tools/html_editor_action.php" "Mozilla/5.0 (Macintosh; Intel Mac OS X 10.10; rv:48.0) Gecko/20100101 Firefox/48.0"
5.182.86.168 - - [07/Oct/2024:05:25:22 +0300] "POST /bitrix/tools/html_editor_action.php HTTP/1.0" 200 690 "https://gcba.ru/bitrix/tools/html_editor_action.php" "Mozilla/5.0 (Macintosh; Intel Mac OS X 10.10; rv:48.0) Gecko/20100101 Firefox/48.0"
185.191.171.16 - - [07/Oct/2024:05:25:27 +0300] "GET /49l45hg0mg.html HTTP/1.0" 404 34653 "-" "Mozilla/5.0 (compatible; SemrushBot/7~bl; +http://www.semrush.com/bot.html)"
85.208.96.211 - - [07/Oct/2024:05:25:32 +0300] "GET /4if4oqmgio.html HTTP/1.0" 404 34653 "-" "Mozilla/5.0 (compatible; SemrushBot/7~bl; +http://www.semrush.com/bot.html)"
85.208.96.211 - - [07/Oct/2024:05:25:34 +0300] "GET /5aakfutwew.html HTTP/1.0" 404 34653 "-" "Mozilla/5.0 (compatible; SemrushBot/7~bl; +http://www.semrush.com/bot.html)"
85.208.96.209 - - [07/Oct/2024:05:25:56 +0300] "GET /2d6lfj7eyd.html HTTP/1.0" 404 34653 "-" "Mozilla/5.0 (compatible; SemrushBot/7~bl; +http://www.semrush.com/bot.html)"
5.182.86.168 - - [07/Oct/2024:05:25:56 +0300] "GET / HTTP/1.0" 200 322 "https://gcba.ru/bitrix/tools/html_editor_action.php" "Mozilla/5.0 (Macintosh; Intel Mac OS X 10.10; rv:48.0) Gecko/20100101 Firefox/48.0"
5.182.86.168 - - [07/Oct/2024:05:25:57 +0300] "POST /accesson.php HTTP/1.0" 404 34189 "https://gcba.ru/" "Mozilla/5.0 (Macintosh; Intel Mac OS X 10.10; rv:48.0) Gecko/20100101 Firefox/48.0"
85.208.96.197 - - [07/Oct/2024:05:26:07 +0300] "GET /2chf3pejfx.html HTTP/1.0" 404 34653 "-" "Mozilla/5.0 (compatible; SemrushBot/7~bl; +http://www.semrush.com/bot.html)"
85.208.96.207 - - [07/Oct/2024:05:26:11 +0300] "GET /1ln5n2bqws.html HTTP/1.0" 404 34653 "-" "Mozilla/5.0 (compatible; SemrushBot/7~bl; +http://www.semrush.com/bot.html)"
185.191.171.8 - - [07/Oct/2024:05:26:13 +0300] "GET /35him4oqyo.html HTTP/1.0" 404 34653 "-" "Mozilla/5.0 (compatible; SemrushBot/7~bl; +http://www.semrush.com/bot.html)"
85.208.96.205 - - [07/Oct/2024:05:26:29 +0300] "GET /29d2k0erob.html HTTP/1.0" 404 34653 "-" "Mozilla/5.0 (compatible; SemrushBot/7~bl; +http://www.semrush.com/bot.html)"
185.191.171.10 - - [07/Oct/2024:05:26:35 +0300] "GET /5ecchuflrs.html HTTP/1.0" 404 37802 "-" "Mozilla/5.0 (compatible; SemrushBot/7~bl; +http://www.semrush.com/bot.html)"
