185.191.171.11 - - [08/Oct/2024:01:50:21 +0300] "GET /37capkgvvp.html HTTP/1.0" 404 45833 "-" "Mozilla/5.0 (compatible; SemrushBot/7~bl; +http://www.semrush.com/bot.html)"
85.208.96.195 - - [08/Oct/2024:01:50:28 +0300] "GET /5hn1kmrnxc.html HTTP/1.0" 404 45862 "-" "Mozilla/5.0 (compatible; SemrushBot/7~bl; +http://www.semrush.com/bot.html)"
185.191.171.9 - - [08/Oct/2024:01:50:40 +0300] "GET /62moldhenv.html HTTP/1.0" 404 45862 "-" "Mozilla/5.0 (compatible; SemrushBot/7~bl; +http://www.semrush.com/bot.html)"
185.191.171.9 - - [08/Oct/2024:01:51:04 +0300] "GET /3bmonz9rct.html HTTP/1.0" 404 45833 "-" "Mozilla/5.0 (compatible; SemrushBot/7~bl; +http://www.semrush.com/bot.html)"
85.208.96.195 - - [08/Oct/2024:01:53:17 +0300] "GET /3omljjxljo.html HTTP/1.0" 404 48982 "-" "Mozilla/5.0 (compatible; SemrushBot/7~bl; +http://www.semrush.com/bot.html)"
85.208.96.194 - - [08/Oct/2024:01:53:37 +0300] "GET /29o66pdf5w.html HTTP/1.0" 404 49011 "-" "Mozilla/5.0 (compatible; SemrushBot/7~bl; +http://www.semrush.com/bot.html)"
185.191.171.9 - - [08/Oct/2024:01:55:24 +0300] "GET /290hlgj3ue.html HTTP/1.0" 404 45862 "-" "Mozilla/5.0 (compatible; SemrushBot/7~bl; +http://www.semrush.com/bot.html)"
185.191.171.16 - - [08/Oct/2024:01:55:40 +0300] "GET /4m7a9pifto.html HTTP/1.0" 404 45862 "-" "Mozilla/5.0 (compatible; SemrushBot/7~bl; +http://www.semrush.com/bot.html)"
85.208.96.204 - - [08/Oct/2024:01:56:31 +0300] "GET /54577dbdlz.html HTTP/1.0" 404 45833 "-" "Mozilla/5.0 (compatible; SemrushBot/7~bl; +http://www.semrush.com/bot.html)"
185.191.171.2 - - [08/Oct/2024:01:58:22 +0300] "GET /11dikwgaab.html HTTP/1.0" 404 45862 "-" "Mozilla/5.0 (compatible; SemrushBot/7~bl; +http://www.semrush.com/bot.html)"
185.191.171.5 - - [08/Oct/2024:02:00:21 +0300] "GET /242lkrsfco.html HTTP/1.0" 404 48982 "-" "Mozilla/5.0 (compatible; SemrushBot/7~bl; +http://www.semrush.com/bot.html)"
185.191.171.16 - - [08/Oct/2024:02:00:49 +0300] "GET /4037mkkbbx.html HTTP/1.0" 404 45833 "-" "Mozilla/5.0 (compatible; SemrushBot/7~bl; +http://www.semrush.com/bot.html)"
66.249.66.37 - - [08/Oct/2024:02:01:16 +0300] "GET /xmw23/busted-newspaper-sullivan-county,-indiana.html HTTP/1.0" 404 49172 "-" "Mozilla/5.0 (Linux; Android 6.0.1; Nexus 5X Build/MMB29P) AppleWebKit/537.36 (KHTML, like Gecko) Chrome/129.0.6668.89 Mobile Safari/537.36 (compatible; Googlebot/2.1; +http://www.google.com/bot.html)"
85.208.96.194 - - [08/Oct/2024:02:01:45 +0300] "GET /1k3hdzzclw.html HTTP/1.0" 404 45862 "-" "Mozilla/5.0 (compatible; SemrushBot/7~bl; +http://www.semrush.com/bot.html)"
185.191.171.5 - - [08/Oct/2024:02:02:58 +0300] "GET /ep4oub0cq.html HTTP/1.0" 404 45860 "-" "Mozilla/5.0 (compatible; SemrushBot/7~bl; +http://www.semrush.com/bot.html)"
66.249.66.36 - - [08/Oct/2024:02:03:17 +0300] "GET /xmw23/apk-mentor-free-fire-hack-headshot.html HTTP/1.0" 200 31500 "-" "Mozilla/5.0 (Linux; Android 6.0.1; Nexus 5X Build/MMB29P) AppleWebKit/537.36 (KHTML, like Gecko) Chrome/129.0.6668.89 Mobile Safari/537.36 (compatible; Googlebot/2.1; +http://www.google.com/bot.html)"
185.191.171.1 - - [08/Oct/2024:02:03:24 +0300] "GET /6bb751orae.html HTTP/1.0" 404 45862 "-" "Mozilla/5.0 (compatible; SemrushBot/7~bl; +http://www.semrush.com/bot.html)"
85.208.96.212 - - [08/Oct/2024:02:03:57 +0300] "GET /10i2agju0v.html HTTP/1.0" 404 45833 "-" "Mozilla/5.0 (compatible; SemrushBot/7~bl; +http://www.semrush.com/bot.html)"
85.208.96.203 - - [08/Oct/2024:02:04:31 +0300] "GET /6ehffap1m9.html HTTP/1.0" 404 45862 "-" "Mozilla/5.0 (compatible; SemrushBot/7~bl; +http://www.semrush.com/bot.html)"
185.191.171.14 - - [08/Oct/2024:02:04:33 +0300] "GET /1p0o3kwiev.html HTTP/1.0" 404 45862 "-" "Mozilla/5.0 (compatible; SemrushBot/7~bl; +http://www.semrush.com/bot.html)"
85.208.96.207 - - [08/Oct/2024:02:05:19 +0300] "GET /6568lovuz0.html HTTP/1.0" 404 45833 "-" "Mozilla/5.0 (compatible; SemrushBot/7~bl; +http://www.semrush.com/bot.html)"
85.208.96.195 - - [08/Oct/2024:02:05:21 +0300] "GET /40088np4w6.html HTTP/1.0" 404 45833 "-" "Mozilla/5.0 (compatible; SemrushBot/7~bl; +http://www.semrush.com/bot.html)"
85.208.96.193 - - [08/Oct/2024:02:06:23 +0300] "GET /489ei7jrhm.html HTTP/1.0" 404 49011 "-" "Mozilla/5.0 (compatible; SemrushBot/7~bl; +http://www.semrush.com/bot.html)"
185.191.171.12 - - [08/Oct/2024:02:06:26 +0300] "GET /42gl0gdsmq.html HTTP/1.0" 404 45862 "-" "Mozilla/5.0 (compatible; SemrushBot/7~bl; +http://www.semrush.com/bot.html)"
66.249.66.37 - - [08/Oct/2024:02:06:34 +0300] "GET /xmw23/nike-jakne-zenske.html HTTP/1.0" 200 31180 "-" "Mozilla/5.0 (Linux; Android 6.0.1; Nexus 5X Build/MMB29P) AppleWebKit/537.36 (KHTML, like Gecko) Chrome/129.0.6668.89 Mobile Safari/537.36 (compatible; Googlebot/2.1; +http://www.google.com/bot.html)"
85.208.96.207 - - [08/Oct/2024:02:07:24 +0300] "GET /4c1mpxbjio.html HTTP/1.0" 404 45862 "-" "Mozilla/5.0 (compatible; SemrushBot/7~bl; +http://www.semrush.com/bot.html)"
85.208.96.203 - - [08/Oct/2024:02:08:29 +0300] "GET /2dj74s25gq.html HTTP/1.0" 404 45862 "-" "Mozilla/5.0 (compatible; SemrushBot/7~bl; +http://www.semrush.com/bot.html)"
85.208.96.195 - - [08/Oct/2024:02:08:49 +0300] "GET /168fo1bobw.html HTTP/1.0" 404 45833 "-" "Mozilla/5.0 (compatible; SemrushBot/7~bl; +http://www.semrush.com/bot.html)"
185.191.171.2 - - [08/Oct/2024:02:09:27 +0300] "GET /44kojdcgtm.html HTTP/1.0" 404 45862 "-" "Mozilla/5.0 (compatible; SemrushBot/7~bl; +http://www.semrush.com/bot.html)"
185.191.171.4 - - [08/Oct/2024:02:10:15 +0300] "GET /22f61qv6tk.html HTTP/1.0" 404 45862 "-" "Mozilla/5.0 (compatible; SemrushBot/7~bl; +http://www.semrush.com/bot.html)"
185.191.171.15 - - [08/Oct/2024:02:10:19 +0300] "GET /edg7px6wk.html HTTP/1.0" 404 45831 "-" "Mozilla/5.0 (compatible; SemrushBot/7~bl; +http://www.semrush.com/bot.html)"
85.208.96.200 - - [08/Oct/2024:02:10:49 +0300] "GET /3g1okc2k6y.html HTTP/1.0" 404 45862 "-" "Mozilla/5.0 (compatible; SemrushBot/7~bl; +http://www.semrush.com/bot.html)"
85.208.96.195 - - [08/Oct/2024:02:11:05 +0300] "GET /605o13zvzp.html HTTP/1.0" 404 45862 "-" "Mozilla/5.0 (compatible; SemrushBot/7~bl; +http://www.semrush.com/bot.html)"
85.208.96.198 - - [08/Oct/2024:02:13:09 +0300] "GET /2k96a35c1c.html HTTP/1.0" 404 48982 "-" "Mozilla/5.0 (compatible; SemrushBot/7~bl; +http://www.semrush.com/bot.html)"
85.208.96.204 - - [08/Oct/2024:02:13:10 +0300] "GET /39e3ey7wzn.html HTTP/1.0" 404 45833 "-" "Mozilla/5.0 (compatible; SemrushBot/7~bl; +http://www.semrush.com/bot.html)"
85.208.96.212 - - [08/Oct/2024:02:13:38 +0300] "GET /55399yz3cx.html HTTP/1.0" 404 45833 "-" "Mozilla/5.0 (compatible; SemrushBot/7~bl; +http://www.semrush.com/bot.html)"
185.191.171.3 - - [08/Oct/2024:02:14:27 +0300] "GET /1jnpg4jqva.html HTTP/1.0" 404 48982 "-" "Mozilla/5.0 (compatible; SemrushBot/7~bl; +http://www.semrush.com/bot.html)"
185.191.171.8 - - [08/Oct/2024:02:14:33 +0300] "GET /km3oc44hg.html HTTP/1.0" 404 45831 "-" "Mozilla/5.0 (compatible; SemrushBot/7~bl; +http://www.semrush.com/bot.html)"
85.208.96.195 - - [08/Oct/2024:02:14:40 +0300] "GET /5k5kfpkg1v.html HTTP/1.0" 404 45862 "-" "Mozilla/5.0 (compatible; SemrushBot/7~bl; +http://www.semrush.com/bot.html)"
85.208.96.201 - - [08/Oct/2024:02:14:57 +0300] "GET /5j31mgmsx0.html HTTP/1.0" 404 45862 "-" "Mozilla/5.0 (compatible; SemrushBot/7~bl; +http://www.semrush.com/bot.html)"
185.191.171.7 - - [08/Oct/2024:02:15:04 +0300] "GET /1m45ho3so.html HTTP/1.0" 404 45860 "-" "Mozilla/5.0 (compatible; SemrushBot/7~bl; +http://www.semrush.com/bot.html)"
85.208.96.201 - - [08/Oct/2024:02:15:06 +0300] "GET /1idi1a4uad.html HTTP/1.0" 404 45862 "-" "Mozilla/5.0 (compatible; SemrushBot/7~bl; +http://www.semrush.com/bot.html)"
185.191.171.10 - - [08/Oct/2024:02:15:22 +0300] "GET /gajk2vjfd.html HTTP/1.0" 404 45831 "-" "Mozilla/5.0 (compatible; SemrushBot/7~bl; +http://www.semrush.com/bot.html)"
66.249.66.35 - - [08/Oct/2024:02:16:35 +0300] "GET /xmw23/clackamas-county-alerts.html HTTP/1.0" 200 29444 "-" "Mozilla/5.0 (Linux; Android 6.0.1; Nexus 5X Build/MMB29P) AppleWebKit/537.36 (KHTML, like Gecko) Chrome/129.0.6668.89 Mobile Safari/537.36 (compatible; Googlebot/2.1; +http://www.google.com/bot.html)"
185.191.171.18 - - [08/Oct/2024:02:17:42 +0300] "GET /4ne1egwj1f.html HTTP/1.0" 404 45833 "-" "Mozilla/5.0 (compatible; SemrushBot/7~bl; +http://www.semrush.com/bot.html)"
185.191.171.13 - - [08/Oct/2024:02:18:03 +0300] "GET /39246qc0sj.html HTTP/1.0" 404 45862 "-" "Mozilla/5.0 (compatible; SemrushBot/7~bl; +http://www.semrush.com/bot.html)"
185.191.171.8 - - [08/Oct/2024:02:18:12 +0300] "GET /1f924fwbzm.html HTTP/1.0" 404 48982 "-" "Mozilla/5.0 (compatible; SemrushBot/7~bl; +http://www.semrush.com/bot.html)"
66.249.66.35 - - [08/Oct/2024:02:18:35 +0300] "GET /xmw23/federal-bureau-of-prisons-human-resources-phone-number.html HTTP/1.0" 200 14314 "-" "Mozilla/5.0 (Linux; Android 6.0.1; Nexus 5X Build/MMB29P) AppleWebKit/537.36 (KHTML, like Gecko) Chrome/129.0.6668.89 Mobile Safari/537.36 (compatible; Googlebot/2.1; +http://www.google.com/bot.html)"
185.191.171.7 - - [08/Oct/2024:02:18:43 +0300] "GET /693bophr.html HTTP/1.0" 404 45858 "-" "Mozilla/5.0 (compatible; SemrushBot/7~bl; +http://www.semrush.com/bot.html)"
185.191.171.12 - - [08/Oct/2024:02:19:12 +0300] "GET /24l4a5xnf8.html HTTP/1.0" 404 45862 "-" "Mozilla/5.0 (compatible; SemrushBot/7~bl; +http://www.semrush.com/bot.html)"
85.208.96.204 - - [08/Oct/2024:02:19:14 +0300] "GET /4gcg6eaiwh.html HTTP/1.0" 404 45862 "-" "Mozilla/5.0 (compatible; SemrushBot/7~bl; +http://www.semrush.com/bot.html)"
85.208.96.208 - - [08/Oct/2024:02:19:16 +0300] "GET /4f503i1xwk.html HTTP/1.0" 404 45862 "-" "Mozilla/5.0 (compatible; SemrushBot/7~bl; +http://www.semrush.com/bot.html)"
185.191.171.7 - - [08/Oct/2024:02:19:39 +0300] "GET /12bjfbp5bv.html HTTP/1.0" 404 45862 "-" "Mozilla/5.0 (compatible; SemrushBot/7~bl; +http://www.semrush.com/bot.html)"
185.191.171.11 - - [08/Oct/2024:02:20:13 +0300] "GET /4km567ompw.html HTTP/1.0" 404 45862 "-" "Mozilla/5.0 (compatible; SemrushBot/7~bl; +http://www.semrush.com/bot.html)"
85.208.96.210 - - [08/Oct/2024:02:22:17 +0300] "GET /29oldczchk.html HTTP/1.0" 404 49011 "-" "Mozilla/5.0 (compatible; SemrushBot/7~bl; +http://www.semrush.com/bot.html)"
85.208.96.198 - - [08/Oct/2024:02:23:33 +0300] "GET /59i9jvivnt.html HTTP/1.0" 404 45862 "-" "Mozilla/5.0 (compatible; SemrushBot/7~bl; +http://www.semrush.com/bot.html)"
185.191.171.10 - - [08/Oct/2024:02:23:59 +0300] "GET /ldk2hgbgk.html HTTP/1.0" 404 45860 "-" "Mozilla/5.0 (compatible; SemrushBot/7~bl; +http://www.semrush.com/bot.html)"
185.191.171.11 - - [08/Oct/2024:02:24:14 +0300] "GET /47hcj13rfu.html HTTP/1.0" 404 49011 "-" "Mozilla/5.0 (compatible; SemrushBot/7~bl; +http://www.semrush.com/bot.html)"
185.191.171.11 - - [08/Oct/2024:02:24:22 +0300] "GET /65ng90ucwo.html HTTP/1.0" 404 45833 "-" "Mozilla/5.0 (compatible; SemrushBot/7~bl; +http://www.semrush.com/bot.html)"
185.191.171.15 - - [08/Oct/2024:02:26:09 +0300] "GET /3nbaastsxl.html HTTP/1.0" 404 45862 "-" "Mozilla/5.0 (compatible; SemrushBot/7~bl; +http://www.semrush.com/bot.html)"
85.208.96.201 - - [08/Oct/2024:02:26:18 +0300] "GET /1b3pfal7xt.html HTTP/1.0" 404 45862 "-" "Mozilla/5.0 (compatible; SemrushBot/7~bl; +http://www.semrush.com/bot.html)"
66.249.66.36 - - [08/Oct/2024:02:26:36 +0300] "GET /xmw23/care-south-jobs-with-visa-sponsorship-salary.html HTTP/1.0" 200 16756 "-" "Mozilla/5.0 (Linux; Android 6.0.1; Nexus 5X Build/MMB29P) AppleWebKit/537.36 (KHTML, like Gecko) Chrome/129.0.6668.89 Mobile Safari/537.36 (compatible; Googlebot/2.1; +http://www.google.com/bot.html)"
185.191.171.16 - - [08/Oct/2024:02:27:59 +0300] "GET /56jp9v3xan.html HTTP/1.0" 404 45862 "-" "Mozilla/5.0 (compatible; SemrushBot/7~bl; +http://www.semrush.com/bot.html)"
185.191.171.6 - - [08/Oct/2024:02:28:09 +0300] "GET /1coldbcvv9.html HTTP/1.0" 404 45833 "-" "Mozilla/5.0 (compatible; SemrushBot/7~bl; +http://www.semrush.com/bot.html)"
185.191.171.17 - - [08/Oct/2024:02:28:21 +0300] "GET /3294fbluok.html HTTP/1.0" 404 45862 "-" "Mozilla/5.0 (compatible; SemrushBot/7~bl; +http://www.semrush.com/bot.html)"
185.191.171.7 - - [08/Oct/2024:02:28:39 +0300] "GET /50nll5wehu.html HTTP/1.0" 404 45862 "-" "Mozilla/5.0 (compatible; SemrushBot/7~bl; +http://www.semrush.com/bot.html)"
185.191.171.7 - - [08/Oct/2024:02:28:41 +0300] "GET /hof8dxrw2.html HTTP/1.0" 404 49009 "-" "Mozilla/5.0 (compatible; SemrushBot/7~bl; +http://www.semrush.com/bot.html)"
185.191.171.13 - - [08/Oct/2024:02:29:08 +0300] "GET /355poc4lyu.html HTTP/1.0" 404 45862 "-" "Mozilla/5.0 (compatible; SemrushBot/7~bl; +http://www.semrush.com/bot.html)"
66.249.66.37 - - [08/Oct/2024:02:29:36 +0300] "GET /xmw23/ellis-county-online-records-search.html HTTP/1.0" 200 16369 "-" "Mozilla/5.0 (Linux; Android 6.0.1; Nexus 5X Build/MMB29P) AppleWebKit/537.36 (KHTML, like Gecko) Chrome/129.0.6668.89 Mobile Safari/537.36 (compatible; Googlebot/2.1; +http://www.google.com/bot.html)"
66.249.66.37 - - [08/Oct/2024:02:29:37 +0300] "GET /xmw23/seneca-county-jail.html HTTP/1.0" 200 25457 "-" "Mozilla/5.0 (Linux; Android 6.0.1; Nexus 5X Build/MMB29P) AppleWebKit/537.36 (KHTML, like Gecko) Chrome/129.0.6668.89 Mobile Safari/537.36 (compatible; Googlebot/2.1; +http://www.google.com/bot.html)"
85.208.96.203 - - [08/Oct/2024:02:30:04 +0300] "GET /5572lykltd.html HTTP/1.0" 404 49011 "-" "Mozilla/5.0 (compatible; SemrushBot/7~bl; +http://www.semrush.com/bot.html)"
85.208.96.210 - - [08/Oct/2024:02:31:06 +0300] "GET /3h0ikglww9.html HTTP/1.0" 404 45862 "-" "Mozilla/5.0 (compatible; SemrushBot/7~bl; +http://www.semrush.com/bot.html)"
185.191.171.15 - - [08/Oct/2024:02:32:03 +0300] "GET /3kaneepl4l.html HTTP/1.0" 404 45862 "-" "Mozilla/5.0 (compatible; SemrushBot/7~bl; +http://www.semrush.com/bot.html)"
185.191.171.4 - - [08/Oct/2024:02:32:23 +0300] "GET /53eacxnwh6.html HTTP/1.0" 404 45833 "-" "Mozilla/5.0 (compatible; SemrushBot/7~bl; +http://www.semrush.com/bot.html)"
85.208.96.204 - - [08/Oct/2024:02:32:30 +0300] "GET /4o3lautfcn.html HTTP/1.0" 404 45862 "-" "Mozilla/5.0 (compatible; SemrushBot/7~bl; +http://www.semrush.com/bot.html)"
185.191.171.9 - - [08/Oct/2024:02:32:56 +0300] "GET /35df3un3si.html HTTP/1.0" 404 45862 "-" "Mozilla/5.0 (compatible; SemrushBot/7~bl; +http://www.semrush.com/bot.html)"
85.208.96.209 - - [08/Oct/2024:02:34:03 +0300] "GET /15mi94tz5z.html HTTP/1.0" 404 45833 "-" "Mozilla/5.0 (compatible; SemrushBot/7~bl; +http://www.semrush.com/bot.html)"
85.208.96.202 - - [08/Oct/2024:02:34:15 +0300] "GET /5pf7mam8qc.html HTTP/1.0" 404 45862 "-" "Mozilla/5.0 (compatible; SemrushBot/7~bl; +http://www.semrush.com/bot.html)"
185.191.171.6 - - [08/Oct/2024:02:35:10 +0300] "GET /24dghne3jt.html HTTP/1.0" 404 49011 "-" "Mozilla/5.0 (compatible; SemrushBot/7~bl; +http://www.semrush.com/bot.html)"
85.208.96.207 - - [08/Oct/2024:02:36:02 +0300] "GET /594ei5v39x.html HTTP/1.0" 404 45862 "-" "Mozilla/5.0 (compatible; SemrushBot/7~bl; +http://www.semrush.com/bot.html)"
85.208.96.202 - - [08/Oct/2024:02:36:28 +0300] "GET /51kjk4gtud.html HTTP/1.0" 404 45862 "-" "Mozilla/5.0 (compatible; SemrushBot/7~bl; +http://www.semrush.com/bot.html)"
185.191.171.19 - - [08/Oct/2024:02:37:13 +0300] "GET /270b6izhyj.html HTTP/1.0" 404 45862 "-" "Mozilla/5.0 (compatible; SemrushBot/7~bl; +http://www.semrush.com/bot.html)"
212.33.255.53 - - [08/Oct/2024:02:38:35 +0300] "GET / HTTP/1.0" 200 322 "https://yapl.ru/ru/gcba.ru/" "Mozilla/5.0 (X11; Ubuntu; Linux i686; rv:109.0) Gecko/20100101 Firefox/113.0"
66.249.66.36 - - [08/Oct/2024:02:38:37 +0300] "GET /xmw23/christian-county-mo-police-scanner.html HTTP/1.0" 200 19804 "-" "Mozilla/5.0 (Linux; Android 6.0.1; Nexus 5X Build/MMB29P) AppleWebKit/537.36 (KHTML, like Gecko) Chrome/129.0.6668.89 Mobile Safari/537.36 (compatible; Googlebot/2.1; +http://www.google.com/bot.html)"
185.191.171.10 - - [08/Oct/2024:02:38:38 +0300] "GET /1pc4g3me1b.html HTTP/1.0" 404 45833 "-" "Mozilla/5.0 (compatible; SemrushBot/7~bl; +http://www.semrush.com/bot.html)"
85.208.96.209 - - [08/Oct/2024:02:39:15 +0300] "GET /36igmyp0wx.html HTTP/1.0" 404 49011 "-" "Mozilla/5.0 (compatible; SemrushBot/7~bl; +http://www.semrush.com/bot.html)"
85.208.96.205 - - [08/Oct/2024:02:40:01 +0300] "GET /5kodokgr69.html HTTP/1.0" 404 45833 "-" "Mozilla/5.0 (compatible; SemrushBot/7~bl; +http://www.semrush.com/bot.html)"
185.191.171.7 - - [08/Oct/2024:02:40:08 +0300] "GET /i6n59y0bl.html HTTP/1.0" 404 45860 "-" "Mozilla/5.0 (compatible; SemrushBot/7~bl; +http://www.semrush.com/bot.html)"
3.129.210.91 - - [08/Oct/2024:02:40:21 +0300] "GET /yqmsquctw/amazon-lager-jobs.html HTTP/1.0" 500 341 "-" "Mozilla/5.0 AppleWebKit/537.36 (KHTML, like Gecko; compatible; ClaudeBot/1.0; +claudebot@anthropic.com)"
85.208.96.207 - - [08/Oct/2024:02:40:34 +0300] "GET /56cl5tp7jy.html HTTP/1.0" 404 45862 "-" "Mozilla/5.0 (compatible; SemrushBot/7~bl; +http://www.semrush.com/bot.html)"
185.191.171.9 - - [08/Oct/2024:02:41:28 +0300] "GET /1n6o8xngam.html HTTP/1.0" 404 45833 "-" "Mozilla/5.0 (compatible; SemrushBot/7~bl; +http://www.semrush.com/bot.html)"
185.191.171.17 - - [08/Oct/2024:02:41:32 +0300] "GET /4danji2tnk.html HTTP/1.0" 404 45833 "-" "Mozilla/5.0 (compatible; SemrushBot/7~bl; +http://www.semrush.com/bot.html)"
185.191.171.17 - - [08/Oct/2024:02:42:33 +0300] "GET /11mc2pzlnl.html HTTP/1.0" 404 48982 "-" "Mozilla/5.0 (compatible; SemrushBot/7~bl; +http://www.semrush.com/bot.html)"
185.191.171.15 - - [08/Oct/2024:02:42:54 +0300] "GET /6b6h7eg0ld.html HTTP/1.0" 404 45862 "-" "Mozilla/5.0 (compatible; SemrushBot/7~bl; +http://www.semrush.com/bot.html)"
85.208.96.196 - - [08/Oct/2024:02:43:02 +0300] "GET /699i5fkxda.html HTTP/1.0" 404 45862 "-" "Mozilla/5.0 (compatible; SemrushBot/7~bl; +http://www.semrush.com/bot.html)"
66.249.66.36 - - [08/Oct/2024:02:43:38 +0300] "GET /xmw23/electrical-wiring-diagram-house-pdf.html HTTP/1.0" 200 22305 "-" "Mozilla/5.0 (Linux; Android 6.0.1; Nexus 5X Build/MMB29P) AppleWebKit/537.36 (KHTML, like Gecko) Chrome/129.0.6668.89 Mobile Safari/537.36 (compatible; Googlebot/2.1; +http://www.google.com/bot.html)"
85.208.96.196 - - [08/Oct/2024:02:44:47 +0300] "GET /2l6dm5fyj6.html HTTP/1.0" 404 45833 "-" "Mozilla/5.0 (compatible; SemrushBot/7~bl; +http://www.semrush.com/bot.html)"
85.208.96.205 - - [08/Oct/2024:02:45:54 +0300] "GET /4oedktzkad.html HTTP/1.0" 404 45862 "-" "Mozilla/5.0 (compatible; SemrushBot/7~bl; +http://www.semrush.com/bot.html)"
85.208.96.206 - - [08/Oct/2024:02:46:15 +0300] "GET /bm377x5fz.html HTTP/1.0" 404 45860 "-" "Mozilla/5.0 (compatible; SemrushBot/7~bl; +http://www.semrush.com/bot.html)"
85.208.96.208 - - [08/Oct/2024:02:47:14 +0300] "GET /6b05ay3imv.html HTTP/1.0" 404 45862 "-" "Mozilla/5.0 (compatible; SemrushBot/7~bl; +http://www.semrush.com/bot.html)"
185.191.171.12 - - [08/Oct/2024:02:48:03 +0300] "GET /5g97gwmdgd.html HTTP/1.0" 404 49011 "-" "Mozilla/5.0 (compatible; SemrushBot/7~bl; +http://www.semrush.com/bot.html)"
66.249.66.36 - - [08/Oct/2024:02:48:38 +0300] "GET /xmw23/mitsubishi-delica-2000.html HTTP/1.0" 200 25590 "-" "Mozilla/5.0 (Linux; Android 6.0.1; Nexus 5X Build/MMB29P) AppleWebKit/537.36 (KHTML, like Gecko) Chrome/129.0.6668.89 Mobile Safari/537.36 (compatible; Googlebot/2.1; +http://www.google.com/bot.html)"
85.208.96.209 - - [08/Oct/2024:02:48:51 +0300] "GET /41n67mx9m4.html HTTP/1.0" 404 45862 "-" "Mozilla/5.0 (compatible; SemrushBot/7~bl; +http://www.semrush.com/bot.html)"
85.208.96.195 - - [08/Oct/2024:02:50:12 +0300] "GET /3nc6drg5e7.html HTTP/1.0" 404 45862 "-" "Mozilla/5.0 (compatible; SemrushBot/7~bl; +http://www.semrush.com/bot.html)"
85.208.96.202 - - [08/Oct/2024:02:50:30 +0300] "GET /66dfdedwt2.html HTTP/1.0" 404 45833 "-" "Mozilla/5.0 (compatible; SemrushBot/7~bl; +http://www.semrush.com/bot.html)"
85.208.96.211 - - [08/Oct/2024:02:50:34 +0300] "GET /3262pwjipq.html HTTP/1.0" 404 45833 "-" "Mozilla/5.0 (compatible; SemrushBot/7~bl; +http://www.semrush.com/bot.html)"
47.128.127.204 - - [08/Oct/2024:02:51:17 +0300] "GET /yqmsquctw/cosmetic-factory-jobs-in-scarborough-no-experience-needed.html HTTP/1.0" 500 341 "-" "Mozilla/5.0 (compatible; Bytespider; spider-feedback@bytedance.com) AppleWebKit/537.36 (KHTML, like Gecko) Chrome/70.0.0.0 Safari/537.36"
185.191.171.15 - - [08/Oct/2024:02:51:48 +0300] "GET /nep5es51d.html HTTP/1.0" 404 45831 "-" "Mozilla/5.0 (compatible; SemrushBot/7~bl; +http://www.semrush.com/bot.html)"
85.208.96.202 - - [08/Oct/2024:02:53:40 +0300] "GET /2c0jekigzj.html HTTP/1.0" 404 49011 "-" "Mozilla/5.0 (compatible; SemrushBot/7~bl; +http://www.semrush.com/bot.html)"
185.191.171.7 - - [08/Oct/2024:02:55:48 +0300] "GET /45fmfcpmej.html HTTP/1.0" 404 49011 "-" "Mozilla/5.0 (compatible; SemrushBot/7~bl; +http://www.semrush.com/bot.html)"
185.191.171.7 - - [08/Oct/2024:02:56:01 +0300] "GET /3d62mrgb8t.html HTTP/1.0" 404 45862 "-" "Mozilla/5.0 (compatible; SemrushBot/7~bl; +http://www.semrush.com/bot.html)"
85.208.96.210 - - [08/Oct/2024:02:56:22 +0300] "GET /4pfagzjtck.html HTTP/1.0" 404 45862 "-" "Mozilla/5.0 (compatible; SemrushBot/7~bl; +http://www.semrush.com/bot.html)"
85.208.96.208 - - [08/Oct/2024:02:56:37 +0300] "GET /1ho30w4rxw.html HTTP/1.0" 404 45862 "-" "Mozilla/5.0 (compatible; SemrushBot/7~bl; +http://www.semrush.com/bot.html)"
194.38.20.13 - - [08/Oct/2024:02:56:42 +0300] "GET /wp-content/plugins/seo-watcher/ofc/php-ofc-library/ofc_upload_image.php HTTP/1.0" 404 45974 "-" "ALittle Client"
185.191.171.18 - - [08/Oct/2024:02:56:43 +0300] "GET /46ad4wsn0u.html HTTP/1.0" 404 45862 "-" "Mozilla/5.0 (compatible; SemrushBot/7~bl; +http://www.semrush.com/bot.html)"
85.208.96.208 - - [08/Oct/2024:02:59:03 +0300] "GET /df2bsaf1y.html HTTP/1.0" 404 45860 "-" "Mozilla/5.0 (compatible; SemrushBot/7~bl; +http://www.semrush.com/bot.html)"
185.191.171.16 - - [08/Oct/2024:03:00:00 +0300] "GET /4lpfhduuv2.html HTTP/1.0" 404 45862 "-" "Mozilla/5.0 (compatible; SemrushBot/7~bl; +http://www.semrush.com/bot.html)"
85.208.96.194 - - [08/Oct/2024:03:00:06 +0300] "GET /3m459qxz3f.html HTTP/1.0" 404 49011 "-" "Mozilla/5.0 (compatible; SemrushBot/7~bl; +http://www.semrush.com/bot.html)"
185.191.171.10 - - [08/Oct/2024:03:00:13 +0300] "GET /6bo8diqrt6.html HTTP/1.0" 404 45833 "-" "Mozilla/5.0 (compatible; SemrushBot/7~bl; +http://www.semrush.com/bot.html)"
85.208.96.208 - - [08/Oct/2024:03:00:44 +0300] "GET /2einpbzxwz.html HTTP/1.0" 404 45833 "-" "Mozilla/5.0 (compatible; SemrushBot/7~bl; +http://www.semrush.com/bot.html)"
85.208.96.205 - - [08/Oct/2024:03:01:25 +0300] "GET /10gn94egdp.html HTTP/1.0" 404 48982 "-" "Mozilla/5.0 (compatible; SemrushBot/7~bl; +http://www.semrush.com/bot.html)"
185.191.171.11 - - [08/Oct/2024:03:02:38 +0300] "GET /18fdnzov7d.html HTTP/1.0" 404 45862 "-" "Mozilla/5.0 (compatible; SemrushBot/7~bl; +http://www.semrush.com/bot.html)"
85.208.96.200 - - [08/Oct/2024:03:03:20 +0300] "GET /7jm3etyxw.html HTTP/1.0" 404 45860 "-" "Mozilla/5.0 (compatible; SemrushBot/7~bl; +http://www.semrush.com/bot.html)"
185.191.171.12 - - [08/Oct/2024:03:04:02 +0300] "GET /1ca7ey7f4y.html HTTP/1.0" 404 45862 "-" "Mozilla/5.0 (compatible; SemrushBot/7~bl; +http://www.semrush.com/bot.html)"
85.208.96.205 - - [08/Oct/2024:03:06:58 +0300] "GET /33135h23wn.html HTTP/1.0" 404 49011 "-" "Mozilla/5.0 (compatible; SemrushBot/7~bl; +http://www.semrush.com/bot.html)"
85.208.96.211 - - [08/Oct/2024:03:07:26 +0300] "GET /6bo71f98jm.html HTTP/1.0" 404 45862 "-" "Mozilla/5.0 (compatible; SemrushBot/7~bl; +http://www.semrush.com/bot.html)"
85.208.96.193 - - [08/Oct/2024:03:07:40 +0300] "GET /1il84y9bcc.html HTTP/1.0" 404 45833 "-" "Mozilla/5.0 (compatible; SemrushBot/7~bl; +http://www.semrush.com/bot.html)"
185.191.171.13 - - [08/Oct/2024:03:08:28 +0300] "GET /log6gsxoa.html HTTP/1.0" 404 45860 "-" "Mozilla/5.0 (compatible; SemrushBot/7~bl; +http://www.semrush.com/bot.html)"
85.208.96.209 - - [08/Oct/2024:03:08:34 +0300] "GET /4f9k7h8yzy.html HTTP/1.0" 404 45833 "-" "Mozilla/5.0 (compatible; SemrushBot/7~bl; +http://www.semrush.com/bot.html)"
85.208.96.193 - - [08/Oct/2024:03:09:17 +0300] "GET /33hakbyzh3.html HTTP/1.0" 404 45833 "-" "Mozilla/5.0 (compatible; SemrushBot/7~bl; +http://www.semrush.com/bot.html)"
185.191.171.15 - - [08/Oct/2024:03:10:59 +0300] "GET /4abihdoc66.html HTTP/1.0" 404 49011 "-" "Mozilla/5.0 (compatible; SemrushBot/7~bl; +http://www.semrush.com/bot.html)"
185.191.171.9 - - [08/Oct/2024:03:11:38 +0300] "GET /41e5bdlmn1.html HTTP/1.0" 404 45862 "-" "Mozilla/5.0 (compatible; SemrushBot/7~bl; +http://www.semrush.com/bot.html)"
185.191.171.15 - - [08/Oct/2024:03:11:40 +0300] "GET /10m467f9lx.html HTTP/1.0" 404 45862 "-" "Mozilla/5.0 (compatible; SemrushBot/7~bl; +http://www.semrush.com/bot.html)"
85.208.96.208 - - [08/Oct/2024:03:12:36 +0300] "GET /293g9fs21l.html HTTP/1.0" 404 49011 "-" "Mozilla/5.0 (compatible; SemrushBot/7~bl; +http://www.semrush.com/bot.html)"
185.191.171.15 - - [08/Oct/2024:03:13:15 +0300] "GET /22ce2gla79.html HTTP/1.0" 404 45862 "-" "Mozilla/5.0 (compatible; SemrushBot/7~bl; +http://www.semrush.com/bot.html)"
217.196.107.80 - - [08/Oct/2024:03:13:55 +0300] "GET / HTTP/1.0" 200 322 "-" "Mozilla/5.0 (Windows NT 6.1; Win64; x64; rv:49.0) Gecko/20100101 Firefox/49.0"
217.196.107.80 - - [08/Oct/2024:03:13:55 +0300] "POST / HTTP/1.0" 200 322 "https://gcba.ru/" "Mozilla/5.0 (Windows NT 6.1; Win64; x64; rv:49.0) Gecko/20100101 Firefox/49.0"
217.196.107.80 - - [08/Oct/2024:03:13:55 +0300] "GET /95f33f6732e3.php HTTP/1.0" 200 358 "https://gcba.ru/" "Mozilla/5.0 (Windows NT 6.1; Win64; x64; rv:49.0) Gecko/20100101 Firefox/49.0"
85.208.96.194 - - [08/Oct/2024:03:14:23 +0300] "GET /1go0kzno2j.html HTTP/1.0" 404 45862 "-" "Mozilla/5.0 (compatible; SemrushBot/7~bl; +http://www.semrush.com/bot.html)"
185.191.171.18 - - [08/Oct/2024:03:15:48 +0300] "GET /1g1k7b3coi.html HTTP/1.0" 404 45862 "-" "Mozilla/5.0 (compatible; SemrushBot/7~bl; +http://www.semrush.com/bot.html)"
185.191.171.15 - - [08/Oct/2024:03:15:59 +0300] "GET /6dfl3tinvx.html HTTP/1.0" 404 45862 "-" "Mozilla/5.0 (compatible; SemrushBot/7~bl; +http://www.semrush.com/bot.html)"
185.191.171.17 - - [08/Oct/2024:03:16:58 +0300] "GET /58af3mhpnt.html HTTP/1.0" 404 49011 "-" "Mozilla/5.0 (compatible; SemrushBot/7~bl; +http://www.semrush.com/bot.html)"
85.208.96.194 - - [08/Oct/2024:03:19:03 +0300] "GET /1mkj4eep7p.html HTTP/1.0" 404 48982 "-" "Mozilla/5.0 (compatible; SemrushBot/7~bl; +http://www.semrush.com/bot.html)"
85.208.96.208 - - [08/Oct/2024:03:19:10 +0300] "GET /7likvsvaw.html HTTP/1.0" 404 45831 "-" "Mozilla/5.0 (compatible; SemrushBot/7~bl; +http://www.semrush.com/bot.html)"
185.191.171.9 - - [08/Oct/2024:03:19:12 +0300] "GET /3fc8huolce.html HTTP/1.0" 404 45862 "-" "Mozilla/5.0 (compatible; SemrushBot/7~bl; +http://www.semrush.com/bot.html)"
185.191.171.6 - - [08/Oct/2024:03:19:28 +0300] "GET /40jeezqtge.html HTTP/1.0" 404 45862 "-" "Mozilla/5.0 (compatible; SemrushBot/7~bl; +http://www.semrush.com/bot.html)"
185.191.171.18 - - [08/Oct/2024:03:20:19 +0300] "GET /2mekp52owy.html HTTP/1.0" 404 45833 "-" "Mozilla/5.0 (compatible; SemrushBot/7~bl; +http://www.semrush.com/bot.html)"
85.208.96.195 - - [08/Oct/2024:03:21:44 +0300] "GET /ejp5xtut9.html HTTP/1.0" 404 45860 "-" "Mozilla/5.0 (compatible; SemrushBot/7~bl; +http://www.semrush.com/bot.html)"
85.208.96.202 - - [08/Oct/2024:03:21:53 +0300] "GET /4lc0iqwcvx.html HTTP/1.0" 404 45862 "-" "Mozilla/5.0 (compatible; SemrushBot/7~bl; +http://www.semrush.com/bot.html)"
85.208.96.209 - - [08/Oct/2024:03:23:47 +0300] "GET /n2j5yl49f.html HTTP/1.0" 404 49009 "-" "Mozilla/5.0 (compatible; SemrushBot/7~bl; +http://www.semrush.com/bot.html)"
185.191.171.19 - - [08/Oct/2024:03:23:49 +0300] "GET /433mbatdk2.html HTTP/1.0" 404 45862 "-" "Mozilla/5.0 (compatible; SemrushBot/7~bl; +http://www.semrush.com/bot.html)"
85.208.96.201 - - [08/Oct/2024:03:25:13 +0300] "GET /19kgnsamja.html HTTP/1.0" 404 45862 "-" "Mozilla/5.0 (compatible; SemrushBot/7~bl; +http://www.semrush.com/bot.html)"
185.191.171.18 - - [08/Oct/2024:03:26:08 +0300] "GET /3i0o3121no.html HTTP/1.0" 404 45862 "-" "Mozilla/5.0 (compatible; SemrushBot/7~bl; +http://www.semrush.com/bot.html)"
185.191.171.5 - - [08/Oct/2024:03:27:15 +0300] "GET /3k1ejr3v6n.html HTTP/1.0" 404 45862 "-" "Mozilla/5.0 (compatible; SemrushBot/7~bl; +http://www.semrush.com/bot.html)"
85.208.96.194 - - [08/Oct/2024:03:27:30 +0300] "GET /4088gagfln.html HTTP/1.0" 404 45862 "-" "Mozilla/5.0 (compatible; SemrushBot/7~bl; +http://www.semrush.com/bot.html)"
185.191.171.12 - - [08/Oct/2024:03:28:27 +0300] "GET /5jlhm1jyrf.html HTTP/1.0" 404 45862 "-" "Mozilla/5.0 (compatible; SemrushBot/7~bl; +http://www.semrush.com/bot.html)"
85.208.96.208 - - [08/Oct/2024:03:28:53 +0300] "GET /50i7kcr7tw.html HTTP/1.0" 404 48982 "-" "Mozilla/5.0 (compatible; SemrushBot/7~bl; +http://www.semrush.com/bot.html)"
85.208.96.207 - - [08/Oct/2024:03:29:25 +0300] "GET /2d87ahxoms.html HTTP/1.0" 404 45833 "-" "Mozilla/5.0 (compatible; SemrushBot/7~bl; +http://www.semrush.com/bot.html)"
185.191.171.4 - - [08/Oct/2024:03:29:27 +0300] "GET /l31k9vpgs.html HTTP/1.0" 404 45831 "-" "Mozilla/5.0 (compatible; SemrushBot/7~bl; +http://www.semrush.com/bot.html)"
85.208.96.193 - - [08/Oct/2024:03:29:41 +0300] "GET /19jak5lfeh.html HTTP/1.0" 404 48982 "-" "Mozilla/5.0 (compatible; SemrushBot/7~bl; +http://www.semrush.com/bot.html)"
85.208.96.211 - - [08/Oct/2024:03:30:03 +0300] "GET /1gac4vk8tg.html HTTP/1.0" 404 45833 "-" "Mozilla/5.0 (compatible; SemrushBot/7~bl; +http://www.semrush.com/bot.html)"
185.191.171.4 - - [08/Oct/2024:03:31:40 +0300] "GET /5ii2pnxcol.html HTTP/1.0" 404 45833 "-" "Mozilla/5.0 (compatible; SemrushBot/7~bl; +http://www.semrush.com/bot.html)"
85.208.96.212 - - [08/Oct/2024:03:32:32 +0300] "GET /5a38icq0sk.html HTTP/1.0" 404 45862 "-" "Mozilla/5.0 (compatible; SemrushBot/7~bl; +http://www.semrush.com/bot.html)"
185.191.171.11 - - [08/Oct/2024:03:32:43 +0300] "GET /40b6d2puh.html HTTP/1.0" 404 45831 "-" "Mozilla/5.0 (compatible; SemrushBot/7~bl; +http://www.semrush.com/bot.html)"
185.191.171.2 - - [08/Oct/2024:03:32:45 +0300] "GET /4ofnf4mmr.html HTTP/1.0" 404 45860 "-" "Mozilla/5.0 (compatible; SemrushBot/7~bl; +http://www.semrush.com/bot.html)"
85.208.96.197 - - [07/Oct/2024:03:56:01 +0300] "GET /robots.txt HTTP/1.1" 200 198 "-" "Mozilla/5.0 (compatible; SemrushBot/7~bl; +http://www.semrush.com/bot.html)"
54.36.148.143 - - [07/Oct/2024:03:59:05 +0300] "GET /robots.txt HTTP/2.0" 200 187 "-" "Mozilla/5.0 (compatible; AhrefsBot/7.0; +http://ahrefs.com/robot/)"
3.133.127.37 - - [07/Oct/2024:04:19:26 +0300] "GET /robots.txt HTTP/2.0" 200 187 "-" "Mozilla/5.0 AppleWebKit/537.36 (KHTML, like Gecko; compatible; ClaudeBot/1.0; +claudebot@anthropic.com)"
5.255.231.158 - - [07/Oct/2024:04:23:42 +0300] "GET /robots.txt HTTP/1.1" 200 469 "-" "Mozilla/5.0 (compatible; YandexBot/3.0; +http://yandex.com/bots)"
85.208.96.204 - - [07/Oct/2024:04:25:26 +0300] "GET /robots.txt HTTP/1.1" 200 198 "-" "Mozilla/5.0 (compatible; SemrushBot/7~bl; +http://www.semrush.com/bot.html)"
185.191.171.16 - - [07/Oct/2024:04:53:03 +0300] "GET /robots.txt HTTP/1.1" 200 198 "-" "Mozilla/5.0 (compatible; SemrushBot/7~bl; +http://www.semrush.com/bot.html)"
85.208.96.208 - - [07/Oct/2024:05:20:05 +0300] "GET /robots.txt HTTP/1.1" 200 198 "-" "Mozilla/5.0 (compatible; SemrushBot/7~bl; +http://www.semrush.com/bot.html)"
3.137.216.175 - - [07/Oct/2024:05:21:39 +0300] "GET /robots.txt HTTP/2.0" 200 187 "-" "Mozilla/5.0 AppleWebKit/537.36 (KHTML, like Gecko; compatible; ClaudeBot/1.0; +claudebot@anthropic.com)"
185.191.171.2 - - [07/Oct/2024:05:46:41 +0300] "GET /robots.txt HTTP/1.1" 200 198 "-" "Mozilla/5.0 (compatible; SemrushBot/7~bl; +http://www.semrush.com/bot.html)"
85.208.96.211 - - [07/Oct/2024:06:13:08 +0300] "GET /robots.txt HTTP/1.1" 200 198 "-" "Mozilla/5.0 (compatible; SemrushBot/7~bl; +http://www.semrush.com/bot.html)"
18.189.186.109 - - [07/Oct/2024:06:26:36 +0300] "GET /robots.txt HTTP/2.0" 200 187 "-" "Mozilla/5.0 AppleWebKit/537.36 (KHTML, like Gecko; compatible; ClaudeBot/1.0; +claudebot@anthropic.com)"
173.252.83.18 - - [07/Oct/2024:06:26:59 +0300] "GET /robots.txt HTTP/2.0" 200 469 "-" "facebookexternalhit/1.1 (+http://www.facebook.com/externalhit_uatext.php)"
173.252.83.10 - - [07/Oct/2024:06:29:36 +0300] "GET /upload/iblock/732/7323e8b56c0daca58571b1493349ed01.jpg HTTP/2.0" 200 35079 "-" "meta-externalagent/1.1 (+https://developers.facebook.com/docs/sharing/webmasters/crawler)"
185.191.171.2 - - [07/Oct/2024:06:41:01 +0300] "GET /robots.txt HTTP/1.1" 200 198 "-" "Mozilla/5.0 (compatible; SemrushBot/7~bl; +http://www.semrush.com/bot.html)"
185.191.171.5 - - [07/Oct/2024:07:10:34 +0300] "GET /robots.txt HTTP/1.1" 200 198 "-" "Mozilla/5.0 (compatible; SemrushBot/7~bl; +http://www.semrush.com/bot.html)"
185.191.171.6 - - [07/Oct/2024:07:41:09 +0300] "GET /robots.txt HTTP/1.1" 200 198 "-" "Mozilla/5.0 (compatible; SemrushBot/7~bl; +http://www.semrush.com/bot.html)"
95.108.213.147 - - [07/Oct/2024:08:05:57 +0300] "GET /robots.txt HTTP/1.1" 200 469 "-" "Mozilla/5.0 (compatible; YandexBot/3.0; +http://yandex.com/bots)"
185.191.171.4 - - [07/Oct/2024:08:09:03 +0300] "GET /robots.txt HTTP/1.1" 200 198 "-" "Mozilla/5.0 (compatible; SemrushBot/7~bl; +http://www.semrush.com/bot.html)"
3.22.77.63 - - [07/Oct/2024:08:14:03 +0300] "GET /robots.txt HTTP/2.0" 200 187 "-" "Mozilla/5.0 AppleWebKit/537.36 (KHTML, like Gecko; compatible; ClaudeBot/1.0; +claudebot@anthropic.com)"
66.249.66.37 - - [07/Oct/2024:08:24:11 +0300] "GET /upload/iblock/235/235f60854d4c8053baf1e37354cb3a04.jpg HTTP/1.1" 200 816377 "-" "Googlebot-Image/1.0"
85.208.96.198 - - [07/Oct/2024:08:36:17 +0300] "GET /robots.txt HTTP/1.1" 200 198 "-" "Mozilla/5.0 (compatible; SemrushBot/7~bl; +http://www.semrush.com/bot.html)"
85.208.96.202 - - [07/Oct/2024:09:05:46 +0300] "GET /robots.txt HTTP/1.1" 200 198 "-" "Mozilla/5.0 (compatible; SemrushBot/7~bl; +http://www.semrush.com/bot.html)"
18.226.159.181 - - [07/Oct/2024:09:25:14 +0300] "GET /robots.txt HTTP/2.0" 200 187 "-" "Mozilla/5.0 AppleWebKit/537.36 (KHTML, like Gecko; compatible; ClaudeBot/1.0; +claudebot@anthropic.com)"
185.191.171.4 - - [07/Oct/2024:09:32:26 +0300] "GET /robots.txt HTTP/1.1" 200 198 "-" "Mozilla/5.0 (compatible; SemrushBot/7~bl; +http://www.semrush.com/bot.html)"
185.191.171.1 - - [07/Oct/2024:09:59:01 +0300] "GET /robots.txt HTTP/1.1" 200 198 "-" "Mozilla/5.0 (compatible; SemrushBot/7~bl; +http://www.semrush.com/bot.html)"
114.119.130.177 - - [07/Oct/2024:10:02:17 +0300] "GET /upload/iblock/b5f/b5f7cb30331c7a389c55e5d2ece0a6cb.jpg HTTP/1.1" 200 127426 "-" "Mozilla/5.0 (Linux; Android 7.0;) AppleWebKit/537.36 (KHTML, like Gecko) Mobile Safari/537.36 (compatible; PetalBot;+https://webmaster.petalsearch.com/site/petalbot)"
17.241.227.132 - - [07/Oct/2024:10:02:24 +0300] "GET /robots.txt HTTP/1.1" 200 198 "-" "Mozilla/5.0 (Macintosh; Intel Mac OS X 10_15_7) AppleWebKit/605.1.15 (KHTML, like Gecko) Version/17.4 Safari/605.1.15 (Applebot/0.1; +http://www.apple.com/go/applebot)"
114.119.137.103 - - [07/Oct/2024:10:07:17 +0300] "GET /upload/iblock/95e/95ece4bf3acdee831339dfe61c63c7e1.jpg HTTP/1.1" 200 574341 "-" "Mozilla/5.0 (Linux; Android 7.0;) AppleWebKit/537.36 (KHTML, like Gecko) Mobile Safari/537.36 (compatible; PetalBot;+https://webmaster.petalsearch.com/site/petalbot)"
185.191.171.7 - - [07/Oct/2024:10:26:01 +0300] "GET /robots.txt HTTP/1.1" 200 198 "-" "Mozilla/5.0 (compatible; SemrushBot/7~bl; +http://www.semrush.com/bot.html)"
135.181.74.243 - - [07/Oct/2024:10:26:05 +0300] "GET /robots.txt HTTP/1.1" 200 469 "-" "Mozilla/5.0 (compatible; MJ12bot/v1.4.8; http://mj12bot.com/)"
18.225.72.229 - - [07/Oct/2024:10:27:56 +0300] "GET /robots.txt HTTP/2.0" 200 187 "-" "Mozilla/5.0 AppleWebKit/537.36 (KHTML, like Gecko; compatible; ClaudeBot/1.0; +claudebot@anthropic.com)"
195.191.219.131 - - [07/Oct/2024:10:42:47 +0300] "GET /robots.txt HTTP/1.1" 200 469 "-" "Mozilla/5.0 (compatible; MJ12bot/v1.4.8; http://mj12bot.com/)"
85.208.96.200 - - [07/Oct/2024:10:54:51 +0300] "GET /robots.txt HTTP/1.1" 200 198 "-" "Mozilla/5.0 (compatible; SemrushBot/7~bl; +http://www.semrush.com/bot.html)"
114.119.136.69 - - [07/Oct/2024:10:56:53 +0300] "GET /robots.txt HTTP/1.1" 200 198 "-" "Mozilla/5.0 (compatible;PetalBot;+https://webmaster.petalsearch.com/site/petalbot)"
194.34.99.165 - - [07/Oct/2024:11:08:02 +0300] "GET /robots.txt HTTP/1.1" 200 198 "-" "Screaming Frog SEO Spider/19.1"
194.34.99.165 - - [07/Oct/2024:11:11:41 +0300] "GET /robots.txt HTTP/1.1" 200 198 "-" "Screaming Frog SEO Spider/19.1"
194.34.99.165 - - [07/Oct/2024:11:14:58 +0300] "GET /robots.txt HTTP/1.1" 200 198 "-" "Screaming Frog SEO Spider/19.1"
85.208.96.209 - - [07/Oct/2024:11:24:44 +0300] "GET /robots.txt HTTP/1.1" 200 198 "-" "Mozilla/5.0 (compatible; SemrushBot/7~bl; +http://www.semrush.com/bot.html)"
114.119.157.157 - - [07/Oct/2024:11:30:09 +0300] "GET /robots.txt HTTP/1.1" 200 198 "-" "Mozilla/5.0 (compatible;PetalBot;+https://webmaster.petalsearch.com/site/petalbot)"
185.191.171.4 - - [07/Oct/2024:11:52:41 +0300] "GET /robots.txt HTTP/1.1" 200 198 "-" "Mozilla/5.0 (compatible; SemrushBot/7~bl; +http://www.semrush.com/bot.html)"
85.208.96.198 - - [07/Oct/2024:12:21:42 +0300] "GET /robots.txt HTTP/1.1" 200 198 "-" "Mozilla/5.0 (compatible; SemrushBot/7~bl; +http://www.semrush.com/bot.html)"
66.249.66.35 - - [07/Oct/2024:12:22:04 +0300] "GET /robots.txt HTTP/1.1" 200 198 "-" "Mozilla/5.0 (compatible; Googlebot/2.1; +http://www.google.com/bot.html)"
66.249.66.37 - - [07/Oct/2024:12:23:30 +0300] "GET /robots.txt HTTP/1.1" 200 198 "-" "Mozilla/5.0 (compatible; Googlebot/2.1; +http://www.google.com/bot.html)"
3.135.191.86 - - [07/Oct/2024:12:23:52 +0300] "GET /robots.txt HTTP/2.0" 200 187 "-" "Mozilla/5.0 AppleWebKit/537.36 (KHTML, like Gecko; compatible; ClaudeBot/1.0; +claudebot@anthropic.com)"
66.249.66.37 - - [07/Oct/2024:12:24:31 +0300] "GET /robots.txt HTTP/1.1" 200 198 "-" "Mozilla/5.0 (compatible; Googlebot/2.1; +http://www.google.com/bot.html)"
85.208.96.205 - - [07/Oct/2024:12:52:49 +0300] "GET /robots.txt HTTP/1.1" 200 198 "-" "Mozilla/5.0 (compatible; SemrushBot/7~bl; +http://www.semrush.com/bot.html)"
85.208.96.198 - - [07/Oct/2024:13:21:13 +0300] "GET /robots.txt HTTP/1.1" 200 198 "-" "Mozilla/5.0 (compatible; SemrushBot/7~bl; +http://www.semrush.com/bot.html)"
185.191.171.12 - - [07/Oct/2024:13:51:58 +0300] "GET /robots.txt HTTP/1.1" 200 198 "-" "Mozilla/5.0 (compatible; SemrushBot/7~bl; +http://www.semrush.com/bot.html)"
18.116.60.62 - - [07/Oct/2024:14:17:21 +0300] "GET /robots.txt HTTP/2.0" 200 187 "-" "Mozilla/5.0 AppleWebKit/537.36 (KHTML, like Gecko; compatible; ClaudeBot/1.0; +claudebot@anthropic.com)"
85.208.96.210 - - [07/Oct/2024:14:21:55 +0300] "GET /robots.txt HTTP/1.1" 200 198 "-" "Mozilla/5.0 (compatible; SemrushBot/7~bl; +http://www.semrush.com/bot.html)"
51.222.253.14 - - [07/Oct/2024:14:44:00 +0300] "GET /robots.txt HTTP/2.0" 200 187 "-" "Mozilla/5.0 (compatible; AhrefsBot/7.0; +http://ahrefs.com/robot/)"
85.208.96.206 - - [07/Oct/2024:14:54:44 +0300] "GET /robots.txt HTTP/1.1" 200 198 "-" "Mozilla/5.0 (compatible; SemrushBot/7~bl; +http://www.semrush.com/bot.html)"
3.15.14.98 - - [07/Oct/2024:15:26:55 +0300] "GET /robots.txt HTTP/2.0" 200 187 "-" "Mozilla/5.0 AppleWebKit/537.36 (KHTML, like Gecko; compatible; ClaudeBot/1.0; +claudebot@anthropic.com)"
185.191.171.15 - - [07/Oct/2024:15:27:49 +0300] "GET /robots.txt HTTP/1.1" 200 198 "-" "Mozilla/5.0 (compatible; SemrushBot/7~bl; +http://www.semrush.com/bot.html)"
185.191.171.5 - - [07/Oct/2024:15:54:58 +0300] "GET /robots.txt HTTP/1.1" 200 198 "-" "Mozilla/5.0 (compatible; SemrushBot/7~bl; +http://www.semrush.com/bot.html)"
51.222.253.9 - - [07/Oct/2024:16:22:42 +0300] "GET /robots.txt HTTP/2.0" 200 187 "-" "Mozilla/5.0 (compatible; AhrefsBot/7.0; +http://ahrefs.com/robot/)"
185.191.171.8 - - [07/Oct/2024:16:27:00 +0300] "GET /robots.txt HTTP/1.1" 200 198 "-" "Mozilla/5.0 (compatible; SemrushBot/7~bl; +http://www.semrush.com/bot.html)"
185.191.171.10 - - [07/Oct/2024:16:58:33 +0300] "GET /robots.txt HTTP/1.1" 200 198 "-" "Mozilla/5.0 (compatible; SemrushBot/7~bl; +http://www.semrush.com/bot.html)"
85.208.96.202 - - [07/Oct/2024:17:35:53 +0300] "GET /robots.txt HTTP/1.1" 200 198 "-" "Mozilla/5.0 (compatible; SemrushBot/7~bl; +http://www.semrush.com/bot.html)"
185.191.171.11 - - [07/Oct/2024:18:10:16 +0300] "GET /robots.txt HTTP/1.1" 200 198 "-" "Mozilla/5.0 (compatible; SemrushBot/7~bl; +http://www.semrush.com/bot.html)"
95.108.213.96 - - [07/Oct/2024:18:47:12 +0300] "GET /robots.txt HTTP/1.1" 200 469 "-" "Mozilla/5.0 (compatible; YandexBot/3.0; +http://yandex.com/bots)"
185.191.171.3 - - [07/Oct/2024:18:49:49 +0300] "GET /robots.txt HTTP/1.1" 200 198 "-" "Mozilla/5.0 (compatible; SemrushBot/7~bl; +http://www.semrush.com/bot.html)"
199.45.155.88 - - [07/Oct/2024:18:58:04 +0300] "GET /favicon.ico HTTP/1.1" 200 1150 "-" "Mozilla/5.0 (compatible; CensysInspect/1.1; +https://about.censys.io/)"
84.252.143.47 - - [07/Oct/2024:19:04:25 +0300] "GET /favicon.ico HTTP/2.0" 200 1150 "https://gcba.ru/" "Mozilla/5.0 (X11; Linux x86_64) AppleWebKit/537.36 (KHTML, like Gecko) HeadlessChrome/129.0.0.0 Safari/537.36"
185.191.171.10 - - [07/Oct/2024:19:31:21 +0300] "GET /robots.txt HTTP/1.1" 200 198 "-" "Mozilla/5.0 (compatible; SemrushBot/7~bl; +http://www.semrush.com/bot.html)"
167.94.138.40 - - [07/Oct/2024:19:34:23 +0300] "GET /favicon.ico HTTP/1.1" 200 1150 "-" "Mozilla/5.0 (compatible; CensysInspect/1.1; +https://about.censys.io/)"
52.71.218.25 - - [07/Oct/2024:20:16:45 +0300] "GET /robots.txt HTTP/1.1" 200 198 "-" "Mozilla/5.0 (Macintosh; Intel Mac OS X 10_10_1) AppleWebKit/600.2.5 (KHTML, like Gecko) Version/8.0.2 Safari/600.2.5 (Amazonbot/0.1; +https://developer.amazon.com/support/amazonbot)"
185.191.171.15 - - [07/Oct/2024:20:22:20 +0300] "GET /robots.txt HTTP/1.1" 200 198 "-" "Mozilla/5.0 (compatible; SemrushBot/7~bl; +http://www.semrush.com/bot.html)"
85.208.98.226 - - [07/Oct/2024:20:24:49 +0300] "GET /robots.txt HTTP/1.1" 200 198 "-" "Mozilla/5.0 (compatible; Googlebot/2.1; +http://www.google.com/bot.html)"
80.82.63.73 - - [07/Oct/2024:20:49:37 +0300] "GET /bitrix/js/ui/design-tokens/dist/ui.design-tokens.min.css?170790634422911 HTTP/2.0" 200 4019 "https://gcba.ru/news/nalogi/szv-stazh-spetsifika-zapolneniya/" "Mozilla/5.0 (Windows NT 10.0; Win64; x64) AppleWebKit/537.36 (KHTML, like Gecko) Chrome/106.0.0.0 Safari/537.36"
80.82.63.73 - - [07/Oct/2024:20:49:37 +0300] "GET /bitrix/js/ui/fonts/opensans/ui.font.opensans.min.css?16796853182320 HTTP/2.0" 200 300 "https://gcba.ru/news/nalogi/szv-stazh-spetsifika-zapolneniya/" "Mozilla/5.0 (Windows NT 10.0; Win64; x64) AppleWebKit/537.36 (KHTML, like Gecko) Chrome/106.0.0.0 Safari/537.36"
80.82.63.73 - - [07/Oct/2024:20:49:37 +0300] "GET /bitrix/js/main/popup/dist/main.popup.bundle.min.css?168786249826598 HTTP/2.0" 200 5911 "https://gcba.ru/news/nalogi/szv-stazh-spetsifika-zapolneniya/" "Mozilla/5.0 (Windows NT 10.0; Win64; x64) AppleWebKit/537.36 (KHTML, like Gecko) Chrome/106.0.0.0 Safari/537.36"
80.82.63.73 - - [07/Oct/2024:20:49:37 +0300] "GET /bitrix/cache/css/s1/for_news/page_06d65837aacbe07652c6f3b49fc4a1bd/page_06d65837aacbe07652c6f3b49fc4a1bd_v1.css?1725455944783 HTTP/2.0" 200 332 "https://gcba.ru/news/nalogi/szv-stazh-spetsifika-zapolneniya/" "Mozilla/5.0 (Windows NT 10.0; Win64; x64) AppleWebKit/537.36 (KHTML, like Gecko) Chrome/106.0.0.0 Safari/537.36"
80.82.63.73 - - [07/Oct/2024:20:49:37 +0300] "GET /bitrix/cache/css/s1/for_news/template_180244c91f5cb0e220406ab26e066c21/template_180244c91f5cb0e220406ab26e066c21_v1.css?172545594412862 HTTP/2.0" 200 3291 "https://gcba.ru/news/nalogi/szv-stazh-spetsifika-zapolneniya/" "Mozilla/5.0 (Windows NT 10.0; Win64; x64) AppleWebKit/537.36 (KHTML, like Gecko) Chrome/106.0.0.0 Safari/537.36"
80.82.63.73 - - [07/Oct/2024:20:49:38 +0300] "GET /bitrix/js/main/core/core.min.js?1707906884223197 HTTP/2.0" 200 65195 "https://gcba.ru/news/nalogi/szv-stazh-spetsifika-zapolneniya/" "Mozilla/5.0 (Windows NT 10.0; Win64; x64) AppleWebKit/537.36 (KHTML, like Gecko) Chrome/106.0.0.0 Safari/537.36"
80.82.63.73 - - [07/Oct/2024:20:49:38 +0300] "GET /bitrix/cache/js/s1/for_news/kernel_main/kernel_main_v1.js?172545594410092 HTTP/2.0" 200 2972 "https://gcba.ru/news/nalogi/szv-stazh-spetsifika-zapolneniya/" "Mozilla/5.0 (Windows NT 10.0; Win64; x64) AppleWebKit/537.36 (KHTML, like Gecko) Chrome/106.0.0.0 Safari/537.36"
80.82.63.73 - - [07/Oct/2024:20:49:38 +0300] "GET /bitrix/js/ui/dexie/dist/dexie3.bundle.min.js?170790625888274 HTTP/2.0" 200 27363 "https://gcba.ru/news/nalogi/szv-stazh-spetsifika-zapolneniya/" "Mozilla/5.0 (Windows NT 10.0; Win64; x64) AppleWebKit/537.36 (KHTML, like Gecko) Chrome/106.0.0.0 Safari/537.36"
80.82.63.73 - - [07/Oct/2024:20:49:38 +0300] "GET /bitrix/js/main/core/core_ls.min.js?16796846117365 HTTP/2.0" 200 1947 "https://gcba.ru/news/nalogi/szv-stazh-spetsifika-zapolneniya/" "Mozilla/5.0 (Windows NT 10.0; Win64; x64) AppleWebKit/537.36 (KHTML, like Gecko) Chrome/106.0.0.0 Safari/537.36"
80.82.63.73 - - [07/Oct/2024:20:49:38 +0300] "GET /bitrix/js/main/core/core_frame_cache.min.js?170790681511210 HTTP/2.0" 200 3807 "https://gcba.ru/news/nalogi/szv-stazh-spetsifika-zapolneniya/" "Mozilla/5.0 (Windows NT 10.0; Win64; x64) AppleWebKit/537.36 (KHTML, like Gecko) Chrome/106.0.0.0 Safari/537.36"
80.82.63.73 - - [07/Oct/2024:20:49:38 +0300] "GET /bitrix/js/main/jquery/jquery-1.12.4.min.js?167968529797163 HTTP/2.0" 200 33738 "https://gcba.ru/news/nalogi/szv-stazh-spetsifika-zapolneniya/" "Mozilla/5.0 (Windows NT 10.0; Win64; x64) AppleWebKit/537.36 (KHTML, like Gecko) Chrome/106.0.0.0 Safari/537.36"
80.82.63.73 - - [07/Oct/2024:20:49:38 +0300] "GET /bitrix/js/main/popup/dist/main.popup.bundle.min.js?170790681565824 HTTP/2.0" 200 14020 "https://gcba.ru/news/nalogi/szv-stazh-spetsifika-zapolneniya/" "Mozilla/5.0 (Windows NT 10.0; Win64; x64) AppleWebKit/537.36 (KHTML, like Gecko) Chrome/106.0.0.0 Safari/537.36"
80.82.63.73 - - [07/Oct/2024:20:49:38 +0300] "GET /bitrix/cache/js/s1/for_news/template_2b3737f74508ed26a91bf1be469f53d2/template_2b3737f74508ed26a91bf1be469f53d2_v1.js?17254559446641 HTTP/2.0" 200 2566 "https://gcba.ru/news/nalogi/szv-stazh-spetsifika-zapolneniya/" "Mozilla/5.0 (Windows NT 10.0; Win64; x64) AppleWebKit/537.36 (KHTML, like Gecko) Chrome/106.0.0.0 Safari/537.36"
80.82.63.73 - - [07/Oct/2024:20:49:38 +0300] "GET /js/plugins.js HTTP/2.0" 200 7108 "https://gcba.ru/news/nalogi/szv-stazh-spetsifika-zapolneniya/" "Mozilla/5.0 (Windows NT 10.0; Win64; x64) AppleWebKit/537.36 (KHTML, like Gecko) Chrome/106.0.0.0 Safari/537.36"
80.82.63.73 - - [07/Oct/2024:20:49:38 +0300] "GET /js/script.js HTTP/2.0" 200 1234 "https://gcba.ru/news/nalogi/szv-stazh-spetsifika-zapolneniya/" "Mozilla/5.0 (Windows NT 10.0; Win64; x64) AppleWebKit/537.36 (KHTML, like Gecko) Chrome/106.0.0.0 Safari/537.36"
80.82.63.73 - - [07/Oct/2024:20:49:38 +0300] "GET /local/components/mb/social.links/templates/.default/images/vk.jpg HTTP/2.0" 200 4002 "https://gcba.ru/news/nalogi/szv-stazh-spetsifika-zapolneniya/" "Mozilla/5.0 (Windows NT 10.0; Win64; x64) AppleWebKit/537.36 (KHTML, like Gecko) Chrome/106.0.0.0 Safari/537.36"
80.82.63.73 - - [07/Oct/2024:20:49:38 +0300] "GET /local/components/mb/social.links/templates/.default/images/fb.jpg HTTP/2.0" 200 4681 "https://gcba.ru/news/nalogi/szv-stazh-spetsifika-zapolneniya/" "Mozilla/5.0 (Windows NT 10.0; Win64; x64) AppleWebKit/537.36 (KHTML, like Gecko) Chrome/106.0.0.0 Safari/537.36"
80.82.63.73 - - [07/Oct/2024:20:49:38 +0300] "GET /images/logo.png HTTP/2.0" 200 32379 "https://gcba.ru/bitrix/cache/css/s1/for_news/template_180244c91f5cb0e220406ab26e066c21/template_180244c91f5cb0e220406ab26e066c21_v1.css?172545594412862" "Mozilla/5.0 (Windows NT 10.0; Win64; x64) AppleWebKit/537.36 (KHTML, like Gecko) Chrome/106.0.0.0 Safari/537.36"
80.82.63.73 - - [07/Oct/2024:20:49:39 +0300] "GET /bitrix/images/main/composite/sprite-1x.png HTTP/2.0" 200 2042 "https://gcba.ru/news/nalogi/szv-stazh-spetsifika-zapolneniya/" "Mozilla/5.0 (Windows NT 10.0; Win64; x64) AppleWebKit/537.36 (KHTML, like Gecko) Chrome/106.0.0.0 Safari/537.36"
185.119.3.174 - - [07/Oct/2024:20:53:27 +0300] "GET /bitrix/js/ui/design-tokens/dist/ui.design-tokens.min.css?170790634422911 HTTP/2.0" 200 4019 "https://gcba.ru/news/nalogi/szv-stazh-spetsifika-zapolneniya/" "Mozilla/5.0 (Windows NT 10.0; Win64; x64) AppleWebKit/537.36 (KHTML, like Gecko) Chrome/106.0.0.0 Safari/537.36"
185.119.3.174 - - [07/Oct/2024:20:53:27 +0300] "GET /bitrix/js/ui/fonts/opensans/ui.font.opensans.min.css?16796853182320 HTTP/2.0" 200 300 "https://gcba.ru/news/nalogi/szv-stazh-spetsifika-zapolneniya/" "Mozilla/5.0 (Windows NT 10.0; Win64; x64) AppleWebKit/537.36 (KHTML, like Gecko) Chrome/106.0.0.0 Safari/537.36"
185.119.3.174 - - [07/Oct/2024:20:53:27 +0300] "GET /bitrix/js/main/popup/dist/main.popup.bundle.min.css?168786249826598 HTTP/2.0" 200 5911 "https://gcba.ru/news/nalogi/szv-stazh-spetsifika-zapolneniya/" "Mozilla/5.0 (Windows NT 10.0; Win64; x64) AppleWebKit/537.36 (KHTML, like Gecko) Chrome/106.0.0.0 Safari/537.36"
185.119.3.174 - - [07/Oct/2024:20:53:27 +0300] "GET /bitrix/cache/css/s1/for_news/page_06d65837aacbe07652c6f3b49fc4a1bd/page_06d65837aacbe07652c6f3b49fc4a1bd_v1.css?1725455944783 HTTP/2.0" 200 332 "https://gcba.ru/news/nalogi/szv-stazh-spetsifika-zapolneniya/" "Mozilla/5.0 (Windows NT 10.0; Win64; x64) AppleWebKit/537.36 (KHTML, like Gecko) Chrome/106.0.0.0 Safari/537.36"
185.119.3.174 - - [07/Oct/2024:20:53:27 +0300] "GET /bitrix/cache/css/s1/for_news/template_180244c91f5cb0e220406ab26e066c21/template_180244c91f5cb0e220406ab26e066c21_v1.css?172545594412862 HTTP/2.0" 200 3291 "https://gcba.ru/news/nalogi/szv-stazh-spetsifika-zapolneniya/" "Mozilla/5.0 (Windows NT 10.0; Win64; x64) AppleWebKit/537.36 (KHTML, like Gecko) Chrome/106.0.0.0 Safari/537.36"
