66.249.69.172 - - [06/Oct/2024:05:57:24 +0300] "GET /xmw23/how-to-cut-mesh-in-rhino.html HTTP/1.0" 500 3490 "-" "Mozilla/5.0 (Linux; Android 6.0.1; Nexus 5X Build/MMB29P) AppleWebKit/537.36 (KHTML, like Gecko) Chrome/129.0.6668.89 Mobile Safari/537.36 (compatible; GoogleOther)"
151.0.17.35 - - [06/Oct/2024:05:59:04 +0300] "GET / HTTP/1.0" 200 322 "https://gcba.ru/" "Mozilla/5.0 (Windows NT 6.3) AppleWebKit/537.36 (KHTML, like Gecko) Chrome/103.0.0.0 Safari/537.36"
66.249.69.172 - - [06/Oct/2024:05:59:16 +0300] "GET /xmw23/pydantic-from-attributes.html HTTP/1.0" 200 41240 "-" "Mozilla/5.0 (Linux; Android 6.0.1; Nexus 5X Build/MMB29P) AppleWebKit/537.36 (KHTML, like Gecko) Chrome/129.0.6668.89 Mobile Safari/537.36 (compatible; Googlebot/2.1; +http://www.google.com/bot.html)"
66.249.69.171 - - [06/Oct/2024:06:01:00 +0300] "GET /xmw23/yahoo-fantasy-optimizer.html HTTP/1.0" 500 341 "-" "Mozilla/5.0 (Linux; Android 6.0.1; Nexus 5X Build/MMB29P) AppleWebKit/537.36 (KHTML, like Gecko) Chrome/129.0.6668.89 Mobile Safari/537.36 (compatible; GoogleOther)"
66.249.69.170 - - [06/Oct/2024:06:01:17 +0300] "GET /xmw23/cattle-ranch-jobs-with-housing.html HTTP/1.0" 500 341 "-" "Mozilla/5.0 (Linux; Android 6.0.1; Nexus 5X Build/MMB29P) AppleWebKit/537.36 (KHTML, like Gecko) Chrome/129.0.6668.89 Mobile Safari/537.36 (compatible; Googlebot/2.1; +http://www.google.com/bot.html)"
66.249.69.172 - - [06/Oct/2024:06:04:36 +0300] "GET /xmw23/best-prefab-homes-bc.html HTTP/1.0" 500 3490 "-" "Mozilla/5.0 (Linux; Android 6.0.1; Nexus 5X Build/MMB29P) AppleWebKit/537.36 (KHTML, like Gecko) Chrome/129.0.6668.89 Mobile Safari/537.36 (compatible; GoogleOther)"
66.249.69.172 - - [06/Oct/2024:06:05:28 +0300] "GET /xmw23/city-of-rialto-jobs.html HTTP/1.0" 500 3490 "-" "Mozilla/5.0 (Linux; Android 6.0.1; Nexus 5X Build/MMB29P) AppleWebKit/537.36 (KHTML, like Gecko) Chrome/129.0.6668.89 Mobile Safari/537.36 (compatible; Googlebot/2.1; +http://www.google.com/bot.html)"
213.180.203.224 - - [06/Oct/2024:06:07:32 +0300] "GET /local/templates/main_bag/favicon.ico HTTP/1.0" 404 25993 "-" "Mozilla/5.0 (compatible; YandexFavicons/1.0; +http://yandex.com/bots)"
66.249.69.171 - - [06/Oct/2024:06:08:11 +0300] "GET /xmw23/demon-slayer-x-pregnant-reader-wattpad.html HTTP/1.0" 500 341 "-" "Mozilla/5.0 (Linux; Android 6.0.1; Nexus 5X Build/MMB29P) AppleWebKit/537.36 (KHTML, like Gecko) Chrome/129.0.6668.89 Mobile Safari/537.36 (compatible; GoogleOther)"
85.208.96.197 - - [06/Oct/2024:06:11:04 +0300] "GET /3aa7am75bn.html HTTP/1.0" 404 29100 "-" "Mozilla/5.0 (compatible; SemrushBot/7~bl; +http://www.semrush.com/bot.html)"
66.249.69.172 - - [06/Oct/2024:06:11:34 +0300] "GET /news/pravo/sud-priznal-pravomernym-otkaz-v-vychete-nds-iz-za-togo-chto-schet-faktura-byl-podpisan-faksimile-esl/ HTTP/1.0" 200 22767 "-" "Mozilla/5.0 (Linux; Android 6.0.1; Nexus 5X Build/MMB29P) AppleWebKit/537.36 (KHTML, like Gecko) Chrome/129.0.6668.89 Mobile Safari/537.36 (compatible; Googlebot/2.1; +http://www.google.com/bot.html)"
66.249.69.170 - - [06/Oct/2024:06:11:35 +0300] "GET /news/nalogi/s-1-yanvarya-2017-goda-vstupaet-v-silu-federalnyy-zakon-rasshiryayushchiy-perechen-organizatsiy-priz/ HTTP/1.0" 200 33333 "-" "Mozilla/5.0 (Linux; Android 6.0.1; Nexus 5X Build/MMB29P) AppleWebKit/537.36 (KHTML, like Gecko) Chrome/129.0.6668.89 Mobile Safari/537.36 (compatible; Googlebot/2.1; +http://www.google.com/bot.html)"
66.249.69.170 - - [06/Oct/2024:06:11:47 +0300] "GET /xmw23/tobey-maguire-lily-chee.html HTTP/1.0" 500 341 "-" "Mozilla/5.0 (Linux; Android 6.0.1; Nexus 5X Build/MMB29P) AppleWebKit/537.36 (KHTML, like Gecko) Chrome/129.0.6668.89 Mobile Safari/537.36 (compatible; GoogleOther)"
77.37.243.14 - - [06/Oct/2024:06:14:56 +0300] "GET /news/nalogi/szv-stazh-spetsifika-zapolneniya/ HTTP/1.0" 200 56497 "https://yandex.ru/" "Mozilla/5.0 (X11; Linux x86_64) AppleWebKit/537.36 (KHTML, like Gecko) Chrome/107.0.0.0 Safari/537.36"
77.37.243.14 - - [06/Oct/2024:06:14:56 +0300] "GET /news/nalogi/szv-stazh-spetsifika-zapolneniya/?bxrand=1728184512631 HTTP/1.0" 200 4829 "https://gcba.ru/news/nalogi/szv-stazh-spetsifika-zapolneniya/" "Mozilla/5.0 (X11; Linux x86_64) AppleWebKit/537.36 (KHTML, like Gecko) Chrome/107.0.0.0 Safari/537.36"
85.208.96.205 - - [06/Oct/2024:06:14:58 +0300] "GET /2nkoayyzin.html HTTP/1.0" 404 25951 "-" "Mozilla/5.0 (compatible; SemrushBot/7~bl; +http://www.semrush.com/bot.html)"
66.249.69.172 - - [06/Oct/2024:06:15:23 +0300] "GET /xmw23/unity-explorer.html HTTP/1.0" 500 341 "-" "Mozilla/5.0 (Linux; Android 6.0.1; Nexus 5X Build/MMB29P) AppleWebKit/537.36 (KHTML, like Gecko) Chrome/129.0.6668.89 Mobile Safari/537.36 (compatible; GoogleOther)"
66.249.69.170 - - [06/Oct/2024:06:15:46 +0300] "GET /xmw23/google-cloud-skills-boost-login.html HTTP/1.0" 500 341 "-" "Mozilla/5.0 (Linux; Android 6.0.1; Nexus 5X Build/MMB29P) AppleWebKit/537.36 (KHTML, like Gecko) Chrome/129.0.6668.89 Mobile Safari/537.36 (compatible; Googlebot/2.1; +http://www.google.com/bot.html)"
66.249.69.171 - - [06/Oct/2024:06:16:36 +0300] "GET /news/nalogi/chto-to-pro-nalogi/ HTTP/1.0" 200 34426 "-" "Mozilla/5.0 (Linux; Android 6.0.1; Nexus 5X Build/MMB29P) AppleWebKit/537.36 (KHTML, like Gecko) Chrome/129.0.6668.89 Mobile Safari/537.36 (compatible; Googlebot/2.1; +http://www.google.com/bot.html)"
85.208.96.205 - - [06/Oct/2024:06:16:54 +0300] "GET /oifhxbbvx.html HTTP/1.0" 404 25949 "-" "Mozilla/5.0 (compatible; SemrushBot/7~bl; +http://www.semrush.com/bot.html)"
66.249.69.171 - - [06/Oct/2024:06:17:36 +0300] "GET /news/nalogi/novye-lgoty-po-uplate-gosudarstvennykh-poshlin/ HTTP/1.0" 200 30919 "-" "Mozilla/5.0 (Linux; Android 6.0.1; Nexus 5X Build/MMB29P) AppleWebKit/537.36 (KHTML, like Gecko) Chrome/129.0.6668.89 Mobile Safari/537.36 (compatible; Googlebot/2.1; +http://www.google.com/bot.html)"
66.249.69.170 - - [06/Oct/2024:06:19:00 +0300] "GET /xmw23/vlezni-vrati-za-kuka.html HTTP/1.0" 500 341 "-" "Mozilla/5.0 (Linux; Android 6.0.1; Nexus 5X Build/MMB29P) AppleWebKit/537.36 (KHTML, like Gecko) Chrome/129.0.6668.89 Mobile Safari/537.36 (compatible; GoogleOther)"
66.249.69.172 - - [06/Oct/2024:06:22:36 +0300] "GET /xmw23/what-is-denton-county-jail-like.html HTTP/1.0" 500 3490 "-" "Mozilla/5.0 (Linux; Android 6.0.1; Nexus 5X Build/MMB29P) AppleWebKit/537.36 (KHTML, like Gecko) Chrome/129.0.6668.89 Mobile Safari/537.36 (compatible; GoogleOther)"
185.12.124.78 - - [06/Oct/2024:06:24:32 +0300] "GET / HTTP/1.0" 200 322 "GCBA.RU" "Mozilla/5.0 (compatible; BackupLand/1.0; https://go.backupland.com/; Domain check for viruses;)"
66.249.69.170 - - [06/Oct/2024:06:25:36 +0300] "GET /news/nalogi/utochneny-usloviya-primeneniya-stavki-10-po-nalogu-na-dobavlennuyu-stoimost-pri-realizatsii-periodich/ HTTP/1.0" 200 31053 "-" "Mozilla/5.0 (Linux; Android 6.0.1; Nexus 5X Build/MMB29P) AppleWebKit/537.36 (KHTML, like Gecko) Chrome/129.0.6668.89 Mobile Safari/537.36 (compatible; Googlebot/2.1; +http://www.google.com/bot.html)"
94.26.228.213 - - [06/Oct/2024:06:25:55 +0300] "GET / HTTP/1.0" 200 3471 "https://gcba.ru/" "Mozilla/5.0 (Windows NT 10.0; Win64; x64; ) AppleWebKit/537.36 (KHTML, like Gecko) Chrome/124.0.6367.61 Chrome/124.0.6367.61 Not-A.Brand/99 Safari/537.36"
66.249.69.171 - - [06/Oct/2024:06:26:03 +0300] "GET /xmw23/amazon-lab126-salary-california.html HTTP/1.0" 500 341 "-" "Mozilla/5.0 (Linux; Android 6.0.1; Nexus 5X Build/MMB29P) AppleWebKit/537.36 (KHTML, like Gecko) Chrome/129.0.6668.89 Mobile Safari/537.36 (compatible; Googlebot/2.1; +http://www.google.com/bot.html)"
66.249.69.171 - - [06/Oct/2024:06:26:13 +0300] "GET /xmw23/janitor-ai-discord.html HTTP/1.0" 500 341 "-" "Mozilla/5.0 (Linux; Android 6.0.1; Nexus 5X Build/MMB29P) AppleWebKit/537.36 (KHTML, like Gecko) Chrome/129.0.6668.89 Mobile Safari/537.36 (compatible; GoogleOther)"
66.249.69.171 - - [06/Oct/2024:06:29:48 +0300] "GET /xmw23/kuce-na-prodaju-do-40000.html HTTP/1.0" 500 341 "-" "Mozilla/5.0 (Linux; Android 6.0.1; Nexus 5X Build/MMB29P) AppleWebKit/537.36 (KHTML, like Gecko) Chrome/129.0.6668.89 Mobile Safari/537.36 (compatible; GoogleOther)"
66.249.69.172 - - [06/Oct/2024:06:33:23 +0300] "GET /xmw23/yahoo-nfl-dfs-optimizer.html HTTP/1.0" 500 3490 "-" "Mozilla/5.0 (Linux; Android 6.0.1; Nexus 5X Build/MMB29P) AppleWebKit/537.36 (KHTML, like Gecko) Chrome/129.0.6668.89 Mobile Safari/537.36 (compatible; GoogleOther)"
66.249.69.170 - - [06/Oct/2024:06:36:57 +0300] "GET /3mjobjhqq9.html HTTP/1.0" 404 29100 "-" "Mozilla/5.0 (Linux; Android 6.0.1; Nexus 5X Build/MMB29P) AppleWebKit/537.36 (KHTML, like Gecko) Chrome/129.0.6668.89 Mobile Safari/537.36 (compatible; Googlebot/2.1; +http://www.google.com/bot.html)"
66.249.69.172 - - [06/Oct/2024:06:36:58 +0300] "GET /xmw23/unknowncheats-pubg-macro.html HTTP/1.0" 500 341 "-" "Mozilla/5.0 (Linux; Android 6.0.1; Nexus 5X Build/MMB29P) AppleWebKit/537.36 (KHTML, like Gecko) Chrome/129.0.6668.89 Mobile Safari/537.36 (compatible; Googlebot/2.1; +http://www.google.com/bot.html)"
66.249.69.172 - - [06/Oct/2024:06:37:00 +0300] "GET /xmw23/what-is-sweepstakes-in-marketing.html HTTP/1.0" 200 39697 "-" "Mozilla/5.0 (Linux; Android 6.0.1; Nexus 5X Build/MMB29P) AppleWebKit/537.36 (KHTML, like Gecko) Chrome/129.0.6668.89 Mobile Safari/537.36 (compatible; GoogleOther)"
66.249.69.172 - - [06/Oct/2024:06:40:36 +0300] "GET /xmw23/mahindra-6050-iskustva.html HTTP/1.0" 500 341 "-" "Mozilla/5.0 (Linux; Android 6.0.1; Nexus 5X Build/MMB29P) AppleWebKit/537.36 (KHTML, like Gecko) Chrome/129.0.6668.89 Mobile Safari/537.36 (compatible; GoogleOther)"
54.36.148.100 - - [06/Oct/2024:06:42:32 +0300] "GET /services/?SECTION_ID=5 HTTP/1.0" 200 20312 "-" "Mozilla/5.0 (compatible; AhrefsBot/7.0; +http://ahrefs.com/robot/)"
66.249.69.170 - - [06/Oct/2024:06:44:15 +0300] "GET /xmw23/tara-kuca-prodaja.html HTTP/1.0" 200 18825 "-" "Mozilla/5.0 (Linux; Android 6.0.1; Nexus 5X Build/MMB29P) AppleWebKit/537.36 (KHTML, like Gecko) Chrome/129.0.6668.89 Mobile Safari/537.36 (compatible; GoogleOther)"
66.249.69.170 - - [06/Oct/2024:06:47:48 +0300] "GET /xmw23/najbolji-ginekolog-novi-sad.html HTTP/1.0" 500 3490 "-" "Mozilla/5.0 (Linux; Android 6.0.1; Nexus 5X Build/MMB29P) AppleWebKit/537.36 (KHTML, like Gecko) Chrome/129.0.6668.89 Mobile Safari/537.36 (compatible; GoogleOther)"
66.249.69.170 - - [06/Oct/2024:06:51:24 +0300] "GET /xmw23/prodaja-kuca-kragujevac-sumarice.html HTTP/1.0" 500 341 "-" "Mozilla/5.0 (Linux; Android 6.0.1; Nexus 5X Build/MMB29P) AppleWebKit/537.36 (KHTML, like Gecko) Chrome/129.0.6668.89 Mobile Safari/537.36 (compatible; GoogleOther)"
66.249.69.172 - - [06/Oct/2024:06:55:00 +0300] "GET /xmw23/rocm-windows.html HTTP/1.0" 500 3490 "-" "Mozilla/5.0 (Linux; Android 6.0.1; Nexus 5X Build/MMB29P) AppleWebKit/537.36 (KHTML, like Gecko) Chrome/129.0.6668.89 Mobile Safari/537.36 (compatible; GoogleOther)"
66.249.69.172 - - [06/Oct/2024:06:57:00 +0300] "GET /xmw23/remote-devops-jobs.html HTTP/1.0" 200 18084 "-" "Mozilla/5.0 (Linux; Android 6.0.1; Nexus 5X Build/MMB29P) AppleWebKit/537.36 (KHTML, like Gecko) Chrome/129.0.6668.89 Mobile Safari/537.36 (compatible; Googlebot/2.1; +http://www.google.com/bot.html)"
66.249.69.172 - - [06/Oct/2024:06:58:36 +0300] "GET /xmw23/prodaja-kuca-loznica.html HTTP/1.0" 500 341 "-" "Mozilla/5.0 (Linux; Android 6.0.1; Nexus 5X Build/MMB29P) AppleWebKit/537.36 (KHTML, like Gecko) Chrome/129.0.6668.89 Mobile Safari/537.36 (compatible; GoogleOther)"
66.249.69.171 - - [06/Oct/2024:06:58:37 +0300] "GET /news/nalogi/s-1-yanvarya-2017-goda-edinovremennye-denezhnye-vyplaty-pensioneram-budut-osvobozhdeny-ot-oblozheniya/ HTTP/1.0" 200 29855 "-" "Mozilla/5.0 (Linux; Android 6.0.1; Nexus 5X Build/MMB29P) AppleWebKit/537.36 (KHTML, like Gecko) Chrome/129.0.6668.89 Mobile Safari/537.36 (compatible; Googlebot/2.1; +http://www.google.com/bot.html)"
66.249.69.172 - - [06/Oct/2024:07:02:11 +0300] "GET /xmw23/harrods-bolsa.html HTTP/1.0" 500 3490 "-" "Mozilla/5.0 (Linux; Android 6.0.1; Nexus 5X Build/MMB29P) AppleWebKit/537.36 (KHTML, like Gecko) Chrome/129.0.6668.89 Mobile Safari/537.36 (compatible; GoogleOther)"
66.249.69.170 - - [06/Oct/2024:07:05:48 +0300] "GET /xmw23/calculus-for-beginners-pdf.html HTTP/1.0" 200 20821 "-" "Mozilla/5.0 (Linux; Android 6.0.1; Nexus 5X Build/MMB29P) AppleWebKit/537.36 (KHTML, like Gecko) Chrome/129.0.6668.89 Mobile Safari/537.36 (compatible; GoogleOther)"
66.249.69.171 - - [06/Oct/2024:07:09:24 +0300] "GET /xmw23/senior-general-job-scarborough-ontario.html HTTP/1.0" 500 3490 "-" "Mozilla/5.0 (Linux; Android 6.0.1; Nexus 5X Build/MMB29P) AppleWebKit/537.36 (KHTML, like Gecko) Chrome/129.0.6668.89 Mobile Safari/537.36 (compatible; GoogleOther)"
66.249.69.170 - - [06/Oct/2024:07:11:44 +0300] "GET /xmw23/laurel-county-court-docket.html HTTP/1.0" 500 341 "-" "Mozilla/5.0 (Linux; Android 6.0.1; Nexus 5X Build/MMB29P) AppleWebKit/537.36 (KHTML, like Gecko) Chrome/129.0.6668.89 Mobile Safari/537.36 (compatible; Googlebot/2.1; +http://www.google.com/bot.html)"
66.249.69.171 - - [06/Oct/2024:07:13:00 +0300] "GET /xmw23/jeftine-garsonjere-prodaja.html HTTP/1.0" 500 341 "-" "Mozilla/5.0 (Linux; Android 6.0.1; Nexus 5X Build/MMB29P) AppleWebKit/537.36 (KHTML, like Gecko) Chrome/129.0.6668.89 Mobile Safari/537.36 (compatible; GoogleOther)"
66.249.69.172 - - [06/Oct/2024:07:16:40 +0300] "GET /xmw23/fanduel-mlb-lineup-optimizer.html HTTP/1.0" 500 3490 "-" "Mozilla/5.0 (Linux; Android 6.0.1; Nexus 5X Build/MMB29P) AppleWebKit/537.36 (KHTML, like Gecko) Chrome/129.0.6668.89 Mobile Safari/537.36 (compatible; GoogleOther)"
66.249.69.171 - - [06/Oct/2024:07:17:49 +0300] "GET /xmw23/lab-technician-course-nz.html HTTP/1.0" 500 3490 "-" "Mozilla/5.0 (Linux; Android 6.0.1; Nexus 5X Build/MMB29P) AppleWebKit/537.36 (KHTML, like Gecko) Chrome/129.0.6668.89 Mobile Safari/537.36 (compatible; Googlebot/2.1; +http://www.google.com/bot.html)"
66.249.69.171 - - [06/Oct/2024:07:19:50 +0300] "GET /6b8cekviey.html HTTP/1.0" 404 25951 "-" "Mozilla/5.0 (Linux; Android 6.0.1; Nexus 5X Build/MMB29P) AppleWebKit/537.36 (KHTML, like Gecko) Chrome/129.0.6668.89 Mobile Safari/537.36 (compatible; Googlebot/2.1; +http://www.google.com/bot.html)"
66.249.69.170 - - [06/Oct/2024:07:20:21 +0300] "GET /xmw23/panpsychism.html HTTP/1.0" 500 341 "-" "Mozilla/5.0 (Linux; Android 6.0.1; Nexus 5X Build/MMB29P) AppleWebKit/537.36 (KHTML, like Gecko) Chrome/129.0.6668.89 Mobile Safari/537.36 (compatible; GoogleOther)"
66.249.69.170 - - [06/Oct/2024:07:24:05 +0300] "GET /xmw23/umhlakuva-umuthi-wokulapha-uses.html HTTP/1.0" 500 3490 "-" "Mozilla/5.0 (Linux; Android 6.0.1; Nexus 5X Build/MMB29P) AppleWebKit/537.36 (KHTML, like Gecko) Chrome/129.0.6668.89 Mobile Safari/537.36 (compatible; GoogleOther)"
66.249.69.171 - - [06/Oct/2024:07:24:37 +0300] "GET /news/metodologiya/nalogovye-proverki-v-2017-godu/?bxajaxid=7890a307e4f4bc7b66250ad1a4ae104f HTTP/1.0" 200 8864 "-" "Mozilla/5.0 (Linux; Android 6.0.1; Nexus 5X Build/MMB29P) AppleWebKit/537.36 (KHTML, like Gecko) Chrome/129.0.6668.89 Mobile Safari/537.36 (compatible; Googlebot/2.1; +http://www.google.com/bot.html)"
66.249.69.170 - - [06/Oct/2024:07:27:41 +0300] "GET /xmw23/agco-chicago.html HTTP/1.0" 500 341 "-" "Mozilla/5.0 (Linux; Android 6.0.1; Nexus 5X Build/MMB29P) AppleWebKit/537.36 (KHTML, like Gecko) Chrome/129.0.6668.89 Mobile Safari/537.36 (compatible; GoogleOther)"
66.249.69.170 - - [06/Oct/2024:07:29:38 +0300] "GET /news/metodologiya/perekhod-na-usn-s-1-yanvarya-2017-goda-nalogoviki-razyasnili-kak-organizatsiyam-primenyat-limit-po-o/?bxajaxid=7890a307e4f4bc7b66250ad1a4ae104f HTTP/1.0" 200 8934 "-" "Mozilla/5.0 (Linux; Android 6.0.1; Nexus 5X Build/MMB29P) AppleWebKit/537.36 (KHTML, like Gecko) Chrome/129.0.6668.89 Mobile Safari/537.36 (compatible; Googlebot/2.1; +http://www.google.com/bot.html)"
66.249.69.171 - - [06/Oct/2024:07:31:22 +0300] "GET /xmw23/ptice-za-kucu.html HTTP/1.0" 500 3490 "-" "Mozilla/5.0 (Linux; Android 6.0.1; Nexus 5X Build/MMB29P) AppleWebKit/537.36 (KHTML, like Gecko) Chrome/129.0.6668.89 Mobile Safari/537.36 (compatible; GoogleOther)"
66.249.69.171 - - [06/Oct/2024:07:35:02 +0300] "GET /xmw23/family-types-dialog-box-revit.html HTTP/1.0" 500 341 "-" "Mozilla/5.0 (Linux; Android 6.0.1; Nexus 5X Build/MMB29P) AppleWebKit/537.36 (KHTML, like Gecko) Chrome/129.0.6668.89 Mobile Safari/537.36 (compatible; GoogleOther)"
66.249.69.170 - - [06/Oct/2024:07:35:34 +0300] "GET /xmw23/remove-drm-from-epub-online.html HTTP/1.0" 500 341 "-" "Mozilla/5.0 (Linux; Android 6.0.1; Nexus 5X Build/MMB29P) AppleWebKit/537.36 (KHTML, like Gecko) Chrome/129.0.6668.89 Mobile Safari/537.36 (compatible; Googlebot/2.1; +http://www.google.com/bot.html)"
66.249.69.170 - - [06/Oct/2024:07:38:42 +0300] "GET /xmw23/najbolji-auto-do-4000-evra-2023.html HTTP/1.0" 500 3490 "-" "Mozilla/5.0 (Linux; Android 6.0.1; Nexus 5X Build/MMB29P) AppleWebKit/537.36 (KHTML, like Gecko) Chrome/129.0.6668.89 Mobile Safari/537.36 (compatible; GoogleOther)"
66.249.69.170 - - [06/Oct/2024:07:40:16 +0300] "GET /xmw23/urgent-teaching-job-vacancy.html HTTP/1.0" 500 341 "-" "Mozilla/5.0 (Linux; Android 6.0.1; Nexus 5X Build/MMB29P) AppleWebKit/537.36 (KHTML, like Gecko) Chrome/129.0.6668.89 Mobile Safari/537.36 (compatible; GoogleOther)"
66.249.69.171 - - [06/Oct/2024:07:42:07 +0300] "GET /xmw23/hail-university-saudi-arabia-scholarship.html HTTP/1.0" 500 3490 "-" "Mozilla/5.0 (Linux; Android 6.0.1; Nexus 5X Build/MMB29P) AppleWebKit/537.36 (KHTML, like Gecko) Chrome/129.0.6668.89 Mobile Safari/537.36 (compatible; GoogleOther)"
66.249.69.171 - - [06/Oct/2024:07:42:22 +0300] "GET /xmw23/welcome-us-volunteer.html HTTP/1.0" 200 23505 "-" "Mozilla/5.0 (Linux; Android 6.0.1; Nexus 5X Build/MMB29P) AppleWebKit/537.36 (KHTML, like Gecko) Chrome/129.0.6668.89 Mobile Safari/537.36 (compatible; GoogleOther)"
66.249.69.171 - - [06/Oct/2024:07:43:57 +0300] "GET /xmw23/xunit-iasynclifetime.html HTTP/1.0" 500 341 "-" "Mozilla/5.0 (Linux; Android 6.0.1; Nexus 5X Build/MMB29P) AppleWebKit/537.36 (KHTML, like Gecko) Chrome/129.0.6668.89 Mobile Safari/537.36 (compatible; GoogleOther)"
66.249.69.170 - - [06/Oct/2024:07:45:39 +0300] "GET /news/metodologiya/sdacha-balansov-v-rosstat-po-novym-pravilam/?bxajaxid=7890a307e4f4bc7b66250ad1a4ae104f HTTP/1.0" 200 5728 "-" "Mozilla/5.0 (Linux; Android 6.0.1; Nexus 5X Build/MMB29P) AppleWebKit/537.36 (KHTML, like Gecko) Chrome/129.0.6668.89 Mobile Safari/537.36 (compatible; Googlebot/2.1; +http://www.google.com/bot.html)"
66.249.69.171 - - [06/Oct/2024:07:45:48 +0300] "GET /xmw23/autodata-mhh-auto.html HTTP/1.0" 500 3490 "-" "Mozilla/5.0 (Linux; Android 6.0.1; Nexus 5X Build/MMB29P) AppleWebKit/537.36 (KHTML, like Gecko) Chrome/129.0.6668.89 Mobile Safari/537.36 (compatible; GoogleOther)"
66.249.69.171 - - [06/Oct/2024:07:46:03 +0300] "GET /xmw23/appsheet-google.html HTTP/1.0" 500 341 "-" "Mozilla/5.0 (Linux; Android 6.0.1; Nexus 5X Build/MMB29P) AppleWebKit/537.36 (KHTML, like Gecko) Chrome/129.0.6668.89 Mobile Safari/537.36 (compatible; GoogleOther)"
66.249.69.170 - - [06/Oct/2024:07:46:31 +0300] "GET /xmw23/logistics-jobs-in-canada-for-foreigners.html HTTP/1.0" 500 341 "-" "Mozilla/5.0 (Linux; Android 6.0.1; Nexus 5X Build/MMB29P) AppleWebKit/537.36 (KHTML, like Gecko) Chrome/129.0.6668.89 Mobile Safari/537.36 (compatible; Googlebot/2.1; +http://www.google.com/bot.html)"
66.249.69.172 - - [06/Oct/2024:07:47:38 +0300] "GET /xmw23/software-developer-jobs-in-ireland-with-visa-sponsorship.html HTTP/1.0" 500 3490 "-" "Mozilla/5.0 (Linux; Android 6.0.1; Nexus 5X Build/MMB29P) AppleWebKit/537.36 (KHTML, like Gecko) Chrome/129.0.6668.89 Mobile Safari/537.36 (compatible; GoogleOther)"
66.249.69.171 - - [06/Oct/2024:07:48:34 +0300] "GET /xmw23/cash-jobs-in-toronto-without-sin.html HTTP/1.0" 500 341 "-" "Mozilla/5.0 (Linux; Android 6.0.1; Nexus 5X Build/MMB29P) AppleWebKit/537.36 (KHTML, like Gecko) Chrome/129.0.6668.89 Mobile Safari/537.36 (compatible; Googlebot/2.1; +http://www.google.com/bot.html)"
66.249.69.172 - - [06/Oct/2024:07:49:29 +0300] "GET /xmw23/unhcr-acnur.html HTTP/1.0" 500 341 "-" "Mozilla/5.0 (Linux; Android 6.0.1; Nexus 5X Build/MMB29P) AppleWebKit/537.36 (KHTML, like Gecko) Chrome/129.0.6668.89 Mobile Safari/537.36 (compatible; GoogleOther)"
66.249.69.171 - - [06/Oct/2024:07:49:44 +0300] "GET /xmw23/citi-commercial-cards.html HTTP/1.0" 500 341 "-" "Mozilla/5.0 (Linux; Android 6.0.1; Nexus 5X Build/MMB29P) AppleWebKit/537.36 (KHTML, like Gecko) Chrome/129.0.6668.89 Mobile Safari/537.36 (compatible; GoogleOther)"
66.249.69.170 - - [06/Oct/2024:07:51:19 +0300] "GET /xmw23/work-from-home-packing-jobs-without-investment.html HTTP/1.0" 500 3490 "-" "Mozilla/5.0 (Linux; Android 6.0.1; Nexus 5X Build/MMB29P) AppleWebKit/537.36 (KHTML, like Gecko) Chrome/129.0.6668.89 Mobile Safari/537.36 (compatible; GoogleOther)"
66.249.69.170 - - [06/Oct/2024:07:53:24 +0300] "GET /xmw23/is-warehouse-work-hard-reddit.html HTTP/1.0" 500 3490 "-" "Mozilla/5.0 (Linux; Android 6.0.1; Nexus 5X Build/MMB29P) AppleWebKit/537.36 (KHTML, like Gecko) Chrome/129.0.6668.89 Mobile Safari/537.36 (compatible; GoogleOther)"
66.249.69.170 - - [06/Oct/2024:07:54:58 +0300] "GET /xmw23/clarke-energy-generator.html HTTP/1.0" 500 341 "-" "Mozilla/5.0 (Linux; Android 6.0.1; Nexus 5X Build/MMB29P) AppleWebKit/537.36 (KHTML, like Gecko) Chrome/129.0.6668.89 Mobile Safari/537.36 (compatible; GoogleOther)"
66.249.69.172 - - [06/Oct/2024:07:57:04 +0300] "GET /xmw23/pokretne-stepenice-cena.html HTTP/1.0" 500 341 "-" "Mozilla/5.0 (Linux; Android 6.0.1; Nexus 5X Build/MMB29P) AppleWebKit/537.36 (KHTML, like Gecko) Chrome/129.0.6668.89 Mobile Safari/537.36 (compatible; GoogleOther)"
66.249.69.170 - - [06/Oct/2024:07:58:39 +0300] "GET /xmw23/tobey-maguire-age.html HTTP/1.0" 500 3490 "-" "Mozilla/5.0 (Linux; Android 6.0.1; Nexus 5X Build/MMB29P) AppleWebKit/537.36 (KHTML, like Gecko) Chrome/129.0.6668.89 Mobile Safari/537.36 (compatible; GoogleOther)"
66.249.69.172 - - [06/Oct/2024:08:00:45 +0300] "GET /xmw23/cognito.html HTTP/1.0" 500 341 "-" "Mozilla/5.0 (Linux; Android 6.0.1; Nexus 5X Build/MMB29P) AppleWebKit/537.36 (KHTML, like Gecko) Chrome/129.0.6668.89 Mobile Safari/537.36 (compatible; GoogleOther)"
66.249.69.171 - - [06/Oct/2024:08:01:05 +0300] "GET /xmw23/food-packing-jobs-in-canada.html HTTP/1.0" 500 3490 "-" "Mozilla/5.0 (Linux; Android 6.0.1; Nexus 5X Build/MMB29P) AppleWebKit/537.36 (KHTML, like Gecko) Chrome/129.0.6668.89 Mobile Safari/537.36 (compatible; Googlebot/2.1; +http://www.google.com/bot.html)"
185.162.16.189 - - [06/Oct/2024:08:02:19 +0300] "GET /bitrix/admin/index.php HTTP/1.0" 200 22332 "-" "Mozilla/5.0 (Windows NT 6.1) AppleWebKit/537.36 (KHTML, like Gecko) Chrome/45.0.2454.85 Safari/537.36 OPR/32.0.1948.45"
185.162.16.189 - - [06/Oct/2024:08:02:19 +0300] "GET /bitrix/admin/index.php HTTP/1.0" 200 22332 "-" "Mozilla/5.0 (Windows NT 6.1) AppleWebKit/537.36 (KHTML, like Gecko) Chrome/45.0.2454.85 Safari/537.36 OPR/32.0.1948.45"
185.162.16.189 - - [06/Oct/2024:08:02:19 +0300] "GET /bitrix/admin/index.php HTTP/1.0" 200 22332 "-" "Mozilla/5.0 (Windows NT 6.1) AppleWebKit/537.36 (KHTML, like Gecko) Chrome/45.0.2454.85 Safari/537.36 OPR/32.0.1948.45"
185.162.16.189 - - [06/Oct/2024:08:02:20 +0300] "POST /bitrix/admin/?login=yes HTTP/1.0" 200 1010 "-" "Mozilla/5.0 (Windows NT 6.1) AppleWebKit/537.36 (KHTML, like Gecko) Chrome/45.0.2454.85 Safari/537.36 OPR/32.0.1948.45"
185.162.16.189 - - [06/Oct/2024:08:02:20 +0300] "POST /bitrix/admin/?login=yes HTTP/1.0" 200 1010 "-" "Mozilla/5.0 (Windows NT 6.1) AppleWebKit/537.36 (KHTML, like Gecko) Chrome/45.0.2454.85 Safari/537.36 OPR/32.0.1948.45"
185.162.16.189 - - [06/Oct/2024:08:02:20 +0300] "POST /bitrix/admin/?login=yes HTTP/1.0" 200 1010 "-" "Mozilla/5.0 (Windows NT 6.1) AppleWebKit/537.36 (KHTML, like Gecko) Chrome/45.0.2454.85 Safari/537.36 OPR/32.0.1948.45"
66.249.69.170 - - [06/Oct/2024:08:02:22 +0300] "GET /xmw23/fatal-motorcycle-accident-washington-state-today.html HTTP/1.0" 500 341 "-" "Mozilla/5.0 (Linux; Android 6.0.1; Nexus 5X Build/MMB29P) AppleWebKit/537.36 (KHTML, like Gecko) Chrome/129.0.6668.89 Mobile Safari/537.36 (compatible; GoogleOther)"
66.249.69.171 - - [06/Oct/2024:08:03:39 +0300] "GET /news/pravo/doverennostm-na-sdachu-otchetnosti/?bxajaxid=7890a307e4f4bc7b66250ad1a4ae104f HTTP/1.0" 200 4052 "-" "Mozilla/5.0 (Linux; Android 6.0.1; Nexus 5X Build/MMB29P) AppleWebKit/537.36 (KHTML, like Gecko) Chrome/129.0.6668.89 Mobile Safari/537.36 (compatible; Googlebot/2.1; +http://www.google.com/bot.html)"
66.249.69.172 - - [06/Oct/2024:08:04:25 +0300] "GET /xmw23/fisher-plows.html HTTP/1.0" 500 341 "-" "Mozilla/5.0 (Linux; Android 6.0.1; Nexus 5X Build/MMB29P) AppleWebKit/537.36 (KHTML, like Gecko) Chrome/129.0.6668.89 Mobile Safari/537.36 (compatible; GoogleOther)"
66.249.69.171 - - [06/Oct/2024:08:05:27 +0300] "GET /news/pravo/143164132-verkhovnyy-sud-zapretil-aresty-biznesmenov-po-ekonomicheskim-delam/?bxajaxid=7890a307e4f4bc7b66250ad1a4ae104f HTTP/1.0" 200 7243 "-" "Mozilla/5.0 (Linux; Android 6.0.1; Nexus 5X Build/MMB29P) AppleWebKit/537.36 (KHTML, like Gecko) Chrome/129.0.6668.89 Mobile Safari/537.36 (compatible; Googlebot/2.1; +http://www.google.com/bot.html)"
66.249.69.172 - - [06/Oct/2024:08:05:59 +0300] "GET /xmw23/belarus-traktori-u-srbiji.html HTTP/1.0" 500 341 "-" "Mozilla/5.0 (Linux; Android 6.0.1; Nexus 5X Build/MMB29P) AppleWebKit/537.36 (KHTML, like Gecko) Chrome/129.0.6668.89 Mobile Safari/537.36 (compatible; GoogleOther)"
66.249.69.170 - - [06/Oct/2024:08:06:24 +0300] "GET /ijnhxwj5v.html HTTP/1.0" 404 25949 "-" "Mozilla/5.0 (Linux; Android 6.0.1; Nexus 5X Build/MMB29P) AppleWebKit/537.36 (KHTML, like Gecko) Chrome/129.0.6668.89 Mobile Safari/537.36 (compatible; Googlebot/2.1; +http://www.google.com/bot.html)"
66.249.69.170 - - [06/Oct/2024:08:06:24 +0300] "GET /xmw23/google-cloud-console-api-key.html HTTP/1.0" 200 20904 "-" "Mozilla/5.0 (Linux; Android 6.0.1; Nexus 5X Build/MMB29P) AppleWebKit/537.36 (KHTML, like Gecko) Chrome/129.0.6668.89 Mobile Safari/537.36 (compatible; Googlebot/2.1; +http://www.google.com/bot.html)"
66.249.69.170 - - [06/Oct/2024:08:06:27 +0300] "GET /news/pravo/po-dolgam-firmy-budet-platit-ee-khozyain/?bxajaxid=7890a307e4f4bc7b66250ad1a4ae104f HTTP/1.0" 200 4058 "-" "Mozilla/5.0 (Linux; Android 6.0.1; Nexus 5X Build/MMB29P) AppleWebKit/537.36 (KHTML, like Gecko) Chrome/129.0.6668.89 Mobile Safari/537.36 (compatible; Googlebot/2.1; +http://www.google.com/bot.html)"
66.249.69.171 - - [06/Oct/2024:08:07:28 +0300] "GET /news/metodologiya/sokrashcheno-kolichestvo-sluchaev-obyazatelnogo-audita-otchetnosti-nepublichnykh-aktsionernykh-obshch/?bxajaxid=7890a307e4f4bc7b66250ad1a4ae104f HTTP/1.0" 200 8935 "-" "Mozilla/5.0 (Linux; Android 6.0.1; Nexus 5X Build/MMB29P) AppleWebKit/537.36 (KHTML, like Gecko) Chrome/129.0.6668.89 Mobile Safari/537.36 (compatible; Googlebot/2.1; +http://www.google.com/bot.html)"
66.249.69.170 - - [06/Oct/2024:08:07:28 +0300] "GET /news/metodologiya/nalogovye-proverki-v-2017-godu/ HTTP/1.0" 200 54619 "-" "Mozilla/5.0 (Linux; Android 6.0.1; Nexus 5X Build/MMB29P) AppleWebKit/537.36 (KHTML, like Gecko) Chrome/129.0.6668.89 Mobile Safari/537.36 (compatible; Googlebot/2.1; +http://www.google.com/bot.html)"
66.249.69.172 - - [06/Oct/2024:08:08:06 +0300] "GET /xmw23/raspberry-pi-camera-software-gui.html HTTP/1.0" 500 341 "-" "Mozilla/5.0 (Linux; Android 6.0.1; Nexus 5X Build/MMB29P) AppleWebKit/537.36 (KHTML, like Gecko) Chrome/129.0.6668.89 Mobile Safari/537.36 (compatible; GoogleOther)"
66.249.69.170 - - [06/Oct/2024:08:08:29 +0300] "GET /news/metodologiya/s-1-fevralya-2017-goda-v-rossii-menyayutsya-pravila-torgovli/ HTTP/1.0" 200 22135 "-" "Mozilla/5.0 (Linux; Android 6.0.1; Nexus 5X Build/MMB29P) AppleWebKit/537.36 (KHTML, like Gecko) Chrome/129.0.6668.89 Mobile Safari/537.36 (compatible; Googlebot/2.1; +http://www.google.com/bot.html)"
66.249.69.171 - - [06/Oct/2024:08:09:40 +0300] "GET /xmw23/ngo-jobs-in-kenya-with-no-experience-in-nairobi.html HTTP/1.0" 500 341 "-" "Mozilla/5.0 (Linux; Android 6.0.1; Nexus 5X Build/MMB29P) AppleWebKit/537.36 (KHTML, like Gecko) Chrome/129.0.6668.89 Mobile Safari/537.36 (compatible; GoogleOther)"
66.249.69.170 - - [06/Oct/2024:08:11:29 +0300] "GET /news/metodologiya/chto-takoe-ebitda/ HTTP/1.0" 200 31821 "-" "Mozilla/5.0 (Linux; Android 6.0.1; Nexus 5X Build/MMB29P) AppleWebKit/537.36 (KHTML, like Gecko) Chrome/129.0.6668.89 Mobile Safari/537.36 (compatible; Googlebot/2.1; +http://www.google.com/bot.html)"
66.249.69.171 - - [06/Oct/2024:08:11:30 +0300] "GET /news/metodologiya/perekhod-na-usn-s-1-yanvarya-2017-goda-nalogoviki-razyasnili-kak-organizatsiyam-primenyat-limit-po-o/ HTTP/1.0" 200 28013 "-" "Mozilla/5.0 (Linux; Android 6.0.1; Nexus 5X Build/MMB29P) AppleWebKit/537.36 (KHTML, like Gecko) Chrome/129.0.6668.89 Mobile Safari/537.36 (compatible; Googlebot/2.1; +http://www.google.com/bot.html)"
66.249.69.171 - - [06/Oct/2024:08:11:46 +0300] "GET /xmw23/posao-na-farmi-konja.html HTTP/1.0" 500 341 "-" "Mozilla/5.0 (Linux; Android 6.0.1; Nexus 5X Build/MMB29P) AppleWebKit/537.36 (KHTML, like Gecko) Chrome/129.0.6668.89 Mobile Safari/537.36 (compatible; GoogleOther)"
66.249.69.170 - - [06/Oct/2024:08:13:20 +0300] "GET /xmw23/aditiv-ulei-cu-teflon-liqui-moly.html HTTP/1.0" 500 3490 "-" "Mozilla/5.0 (Linux; Android 6.0.1; Nexus 5X Build/MMB29P) AppleWebKit/537.36 (KHTML, like Gecko) Chrome/129.0.6668.89 Mobile Safari/537.36 (compatible; GoogleOther)"
66.249.69.170 - - [06/Oct/2024:08:15:28 +0300] "GET /xmw23/saudi-steel-pipe-company-riyadh.html HTTP/1.0" 500 341 "-" "Mozilla/5.0 (Linux; Android 6.0.1; Nexus 5X Build/MMB29P) AppleWebKit/537.36 (KHTML, like Gecko) Chrome/129.0.6668.89 Mobile Safari/537.36 (compatible; GoogleOther)"
66.249.69.172 - - [06/Oct/2024:08:16:30 +0300] "GET /news/metodologiya/fond-snova-izmenil-formu-4-fss-za-9-mesyatsev-uspeyte-obnovit-1s/ HTTP/1.0" 200 23126 "-" "Mozilla/5.0 (Linux; Android 6.0.1; Nexus 5X Build/MMB29P) AppleWebKit/537.36 (KHTML, like Gecko) Chrome/129.0.6668.89 Mobile Safari/537.36 (compatible; Googlebot/2.1; +http://www.google.com/bot.html)"
66.249.69.170 - - [06/Oct/2024:08:19:07 +0300] "GET /xmw23/company-specific-labour-agreement.html HTTP/1.0" 500 3490 "-" "Mozilla/5.0 (Linux; Android 6.0.1; Nexus 5X Build/MMB29P) AppleWebKit/537.36 (KHTML, like Gecko) Chrome/129.0.6668.89 Mobile Safari/537.36 (compatible; GoogleOther)"
66.249.69.171 - - [06/Oct/2024:08:19:31 +0300] "GET /news/metodologiya/kak-skorrektirovat-schet-fakturu-vystavlennyy-do-1-iyulya-2021-goda/?bxajaxid=7890a307e4f4bc7b66250ad1a4ae104f HTTP/1.0" 200 8901 "-" "Mozilla/5.0 (Linux; Android 6.0.1; Nexus 5X Build/MMB29P) AppleWebKit/537.36 (KHTML, like Gecko) Chrome/129.0.6668.89 Mobile Safari/537.36 (compatible; Googlebot/2.1; +http://www.google.com/bot.html)"
66.249.69.171 - - [06/Oct/2024:08:22:48 +0300] "GET /xmw23/brenneman-funeral-home-obituaries.html HTTP/1.0" 500 341 "-" "Mozilla/5.0 (Linux; Android 6.0.1; Nexus 5X Build/MMB29P) AppleWebKit/537.36 (KHTML, like Gecko) Chrome/129.0.6668.89 Mobile Safari/537.36 (compatible; GoogleOther)"
66.249.69.170 - - [06/Oct/2024:08:23:31 +0300] "GET /news/metodologiya/novyy-kbk/ HTTP/1.0" 200 26318 "-" "Mozilla/5.0 (Linux; Android 6.0.1; Nexus 5X Build/MMB29P) AppleWebKit/537.36 (KHTML, like Gecko) Chrome/129.0.6668.89 Mobile Safari/537.36 (compatible; Googlebot/2.1; +http://www.google.com/bot.html)"
66.249.69.171 - - [06/Oct/2024:08:25:32 +0300] "GET /news/pravo/doverennostm-na-sdachu-otchetnosti/ HTTP/1.0" 200 27612 "-" "Mozilla/5.0 (Linux; Android 6.0.1; Nexus 5X Build/MMB29P) AppleWebKit/537.36 (KHTML, like Gecko) Chrome/129.0.6668.89 Mobile Safari/537.36 (compatible; Googlebot/2.1; +http://www.google.com/bot.html)"
66.249.69.170 - - [06/Oct/2024:08:26:28 +0300] "GET /xmw23/prefab-homes-vancouver-island-prices.html HTTP/1.0" 500 341 "-" "Mozilla/5.0 (Linux; Android 6.0.1; Nexus 5X Build/MMB29P) AppleWebKit/537.36 (KHTML, like Gecko) Chrome/129.0.6668.89 Mobile Safari/537.36 (compatible; GoogleOther)"
66.249.69.171 - - [06/Oct/2024:08:30:08 +0300] "GET /xmw23/pca-sponsorship-jobs-melbourne.html HTTP/1.0" 500 3490 "-" "Mozilla/5.0 (Linux; Android 6.0.1; Nexus 5X Build/MMB29P) AppleWebKit/537.36 (KHTML, like Gecko) Chrome/129.0.6668.89 Mobile Safari/537.36 (compatible; GoogleOther)"
66.249.69.171 - - [06/Oct/2024:08:32:11 +0300] "GET /xmw23/uaz-hunter.html HTTP/1.0" 500 3490 "-" "Mozilla/5.0 (Linux; Android 6.0.1; Nexus 5X Build/MMB29P) AppleWebKit/537.36 (KHTML, like Gecko) Chrome/129.0.6668.89 Mobile Safari/537.36 (compatible; Googlebot/2.1; +http://www.google.com/bot.html)"
66.249.69.172 - - [06/Oct/2024:08:33:48 +0300] "GET /xmw23/index-of-leafmailer.html HTTP/1.0" 500 341 "-" "Mozilla/5.0 (Linux; Android 6.0.1; Nexus 5X Build/MMB29P) AppleWebKit/537.36 (KHTML, like Gecko) Chrome/129.0.6668.89 Mobile Safari/537.36 (compatible; GoogleOther)"
66.249.69.172 - - [06/Oct/2024:08:35:32 +0300] "GET /news/pravo/po-dolgam-firmy-budet-platit-ee-khozyain/ HTTP/1.0" 200 46859 "-" "Mozilla/5.0 (Linux; Android 6.0.1; Nexus 5X Build/MMB29P) AppleWebKit/537.36 (KHTML, like Gecko) Chrome/129.0.6668.89 Mobile Safari/537.36 (compatible; Googlebot/2.1; +http://www.google.com/bot.html)"
66.249.69.172 - - [06/Oct/2024:08:36:28 +0300] "GET /3ja50vamwm.html HTTP/1.0" 404 25951 "-" "Mozilla/5.0 (Linux; Android 6.0.1; Nexus 5X Build/MMB29P) AppleWebKit/537.36 (KHTML, like Gecko) Chrome/129.0.6668.89 Mobile Safari/537.36 (compatible; Googlebot/2.1; +http://www.google.com/bot.html)"
66.249.69.170 - - [06/Oct/2024:08:36:33 +0300] "GET /news/metodologiya/novyy-kbk/?bxajaxid=7890a307e4f4bc7b66250ad1a4ae104f HTTP/1.0" 200 5694 "-" "Mozilla/5.0 (Linux; Android 6.0.1; Nexus 5X Build/MMB29P) AppleWebKit/537.36 (KHTML, like Gecko) Chrome/129.0.6668.89 Mobile Safari/537.36 (compatible; Googlebot/2.1; +http://www.google.com/bot.html)"
66.249.69.172 - - [06/Oct/2024:08:37:29 +0300] "GET /xmw23/forklift-operator-material-handler-job-description.html HTTP/1.0" 500 341 "-" "Mozilla/5.0 (Linux; Android 6.0.1; Nexus 5X Build/MMB29P) AppleWebKit/537.36 (KHTML, like Gecko) Chrome/129.0.6668.89 Mobile Safari/537.36 (compatible; GoogleOther)"
66.249.69.170 - - [06/Oct/2024:08:38:28 +0300] "GET /xmw23/grace-funeral-home-lubbock.html HTTP/1.0" 500 3490 "-" "Mozilla/5.0 (Linux; Android 6.0.1; Nexus 5X Build/MMB29P) AppleWebKit/537.36 (KHTML, like Gecko) Chrome/129.0.6668.89 Mobile Safari/537.36 (compatible; Googlebot/2.1; +http://www.google.com/bot.html)"
66.249.69.170 - - [06/Oct/2024:08:38:33 +0300] "GET /news/pravo/143164132-verkhovnyy-sud-zapretil-aresty-biznesmenov-po-ekonomicheskim-delam/ HTTP/1.0" 200 24665 "-" "Mozilla/5.0 (Linux; Android 6.0.1; Nexus 5X Build/MMB29P) AppleWebKit/537.36 (KHTML, like Gecko) Chrome/129.0.6668.89 Mobile Safari/537.36 (compatible; Googlebot/2.1; +http://www.google.com/bot.html)"
66.249.69.171 - - [06/Oct/2024:08:41:09 +0300] "GET /xmw23/cherryville-eagle-obituaries.html HTTP/1.0" 500 341 "-" "Mozilla/5.0 (Linux; Android 6.0.1; Nexus 5X Build/MMB29P) AppleWebKit/537.36 (KHTML, like Gecko) Chrome/129.0.6668.89 Mobile Safari/537.36 (compatible; GoogleOther)"
66.249.69.170 - - [06/Oct/2024:08:41:34 +0300] "GET /news/pravo/gruppa-deputatov-i-senatorov-vnesla-v-gosdumu-zakonoproekt-kotoryy-predusmatrivaet-do-desyati-let-li/?bxajaxid=7890a307e4f4bc7b66250ad1a4ae104f HTTP/1.0" 200 7267 "-" "Mozilla/5.0 (Linux; Android 6.0.1; Nexus 5X Build/MMB29P) AppleWebKit/537.36 (KHTML, like Gecko) Chrome/129.0.6668.89 Mobile Safari/537.36 (compatible; Googlebot/2.1; +http://www.google.com/bot.html)"
66.249.69.172 - - [06/Oct/2024:08:44:49 +0300] "GET /xmw23/mitela-za-rame.html HTTP/1.0" 500 341 "-" "Mozilla/5.0 (Linux; Android 6.0.1; Nexus 5X Build/MMB29P) AppleWebKit/537.36 (KHTML, like Gecko) Chrome/129.0.6668.89 Mobile Safari/537.36 (compatible; GoogleOther)"
66.249.69.170 - - [06/Oct/2024:08:48:30 +0300] "GET /xmw23/2007-bmw-m47-engine-problems.html HTTP/1.0" 200 38444 "-" "Mozilla/5.0 (Linux; Android 6.0.1; Nexus 5X Build/MMB29P) AppleWebKit/537.36 (KHTML, like Gecko) Chrome/129.0.6668.89 Mobile Safari/537.36 (compatible; GoogleOther)"
104.168.203.252 - - [06/Oct/2024:08:51:46 +0300] "GET / HTTP/1.0" 200 322 "-" "Mozilla/5.0 (X11; Linux x86_64) AppleWebKit/537.36 (KHTML, like Gecko) Chrome/114.0.0.0 Safari/537.36 Vivaldi/5.3.2679.68"
104.168.203.252 - - [06/Oct/2024:08:51:46 +0300] "GET / HTTP/1.0" 200 322 "-" "Mozilla/5.0 (X11; Linux x86_64) AppleWebKit/537.36 (KHTML, like Gecko) Chrome/114.0.0.0 Safari/537.36 Vivaldi/5.3.2679.68"
104.168.203.252 - - [06/Oct/2024:08:51:47 +0300] "GET / HTTP/1.0" 200 322 "-" "Mozilla/5.0 (X11; Linux x86_64) AppleWebKit/537.36 (KHTML, like Gecko) Chrome/114.0.0.0 Safari/537.36 Vivaldi/5.3.2679.68"
66.249.69.172 - - [06/Oct/2024:08:52:10 +0300] "GET /xmw23/permission-denied-ubuntu.html HTTP/1.0" 500 341 "-" "Mozilla/5.0 (Linux; Android 6.0.1; Nexus 5X Build/MMB29P) AppleWebKit/537.36 (KHTML, like Gecko) Chrome/129.0.6668.89 Mobile Safari/537.36 (compatible; GoogleOther)"
65.21.233.213 - - [06/Oct/2024:08:54:28 +0300] "GET /eng/ HTTP/1.0" 200 27388 "-" "Mozilla/5.0 (compatible; MJ12bot/v1.4.8; http://mj12bot.com/)"
66.249.69.172 - - [06/Oct/2024:08:55:34 +0300] "GET /news/nalogi/stavki-naloga-na-pribyl-2017/ HTTP/1.0" 200 28984 "-" "Mozilla/5.0 (Linux; Android 6.0.1; Nexus 5X Build/MMB29P) AppleWebKit/537.36 (KHTML, like Gecko) Chrome/129.0.6668.89 Mobile Safari/537.36 (compatible; Googlebot/2.1; +http://www.google.com/bot.html)"
66.249.69.171 - - [06/Oct/2024:08:55:51 +0300] "GET /xmw23/clarke-energy-head-office.html HTTP/1.0" 500 3490 "-" "Mozilla/5.0 (Linux; Android 6.0.1; Nexus 5X Build/MMB29P) AppleWebKit/537.36 (KHTML, like Gecko) Chrome/129.0.6668.89 Mobile Safari/537.36 (compatible; GoogleOther)"
66.249.69.170 - - [06/Oct/2024:08:59:31 +0300] "GET /xmw23/australia-working-visa.html HTTP/1.0" 500 341 "-" "Mozilla/5.0 (Linux; Android 6.0.1; Nexus 5X Build/MMB29P) AppleWebKit/537.36 (KHTML, like Gecko) Chrome/129.0.6668.89 Mobile Safari/537.36 (compatible; GoogleOther)"
66.249.69.171 - - [06/Oct/2024:09:01:54 +0300] "GET /xmw23/houston-jail-inmate-search.html HTTP/1.0" 500 3490 "-" "Mozilla/5.0 (Linux; Android 6.0.1; Nexus 5X Build/MMB29P) AppleWebKit/537.36 (KHTML, like Gecko) Chrome/129.0.6668.89 Mobile Safari/537.36 (compatible; Googlebot/2.1; +http://www.google.com/bot.html)"
66.249.69.171 - - [06/Oct/2024:09:01:55 +0300] "GET /xmw23/un-jobs-today.html HTTP/1.0" 200 18242 "-" "Mozilla/5.0 (Linux; Android 6.0.1; Nexus 5X Build/MMB29P) AppleWebKit/537.36 (KHTML, like Gecko) Chrome/129.0.6668.89 Mobile Safari/537.36 (compatible; Googlebot/2.1; +http://www.google.com/bot.html)"
66.249.69.172 - - [06/Oct/2024:09:02:35 +0300] "GET /news/pravo/ HTTP/1.0" 200 35265 "-" "Mozilla/5.0 (Linux; Android 6.0.1; Nexus 5X Build/MMB29P) AppleWebKit/537.36 (KHTML, like Gecko) Chrome/129.0.6668.89 Mobile Safari/537.36 (compatible; Googlebot/2.1; +http://www.google.com/bot.html)"
66.249.69.172 - - [06/Oct/2024:09:03:11 +0300] "GET /xmw23/welcome-netherlands.html HTTP/1.0" 500 341 "-" "Mozilla/5.0 (Linux; Android 6.0.1; Nexus 5X Build/MMB29P) AppleWebKit/537.36 (KHTML, like Gecko) Chrome/129.0.6668.89 Mobile Safari/537.36 (compatible; GoogleOther)"
66.249.69.170 - - [06/Oct/2024:09:06:52 +0300] "GET /xmw23/oc-pet-license-renewal.html HTTP/1.0" 500 341 "-" "Mozilla/5.0 (Linux; Android 6.0.1; Nexus 5X Build/MMB29P) AppleWebKit/537.36 (KHTML, like Gecko) Chrome/129.0.6668.89 Mobile Safari/537.36 (compatible; GoogleOther)"
66.249.69.170 - - [06/Oct/2024:09:07:28 +0300] "GET /xmw23/job-vacancies-kandy-part-time.html HTTP/1.0" 500 3490 "-" "Mozilla/5.0 (Linux; Android 6.0.1; Nexus 5X Build/MMB29P) AppleWebKit/537.36 (KHTML, like Gecko) Chrome/129.0.6668.89 Mobile Safari/537.36 (compatible; Googlebot/2.1; +http://www.google.com/bot.html)"
196.245.216.133 - - [06/Oct/2024:09:09:34 +0300] "GET / HTTP/1.0" 200 3471 "-" "Mozilla/5.0 (X11; Linux x86_64) AppleWebKit/537.36 (KHTML, like Gecko) Chrome/114.0.0.0 Safari/537.36 Vivaldi/5.3.2679.68"
196.245.216.133 - - [06/Oct/2024:09:09:34 +0300] "GET / HTTP/1.0" 200 322 "-" "Mozilla/5.0 (X11; Linux x86_64) AppleWebKit/537.36 (KHTML, like Gecko) Chrome/114.0.0.0 Safari/537.36 Vivaldi/5.3.2679.68"
196.245.216.133 - - [06/Oct/2024:09:09:35 +0300] "GET / HTTP/1.0" 200 322 "-" "Mozilla/5.0 (X11; Linux x86_64) AppleWebKit/537.36 (KHTML, like Gecko) Chrome/114.0.0.0 Safari/537.36 Vivaldi/5.3.2679.68"
195.191.219.131 - - [06/Oct/2024:09:09:37 +0300] "GET / HTTP/1.0" 200 322 "-" "Mozilla/5.0 (compatible; MJ12bot/v1.4.8; http://mj12bot.com/)"
66.249.69.172 - - [06/Oct/2024:09:10:33 +0300] "GET /xmw23/busted-newspaper-chesapeake-va.html HTTP/1.0" 500 341 "-" "Mozilla/5.0 (Linux; Android 6.0.1; Nexus 5X Build/MMB29P) AppleWebKit/537.36 (KHTML, like Gecko) Chrome/129.0.6668.89 Mobile Safari/537.36 (compatible; GoogleOther)"
66.249.69.172 - - [06/Oct/2024:09:14:13 +0300] "GET /xmw23/kramer-family-funeral-home-obituaries.html HTTP/1.0" 200 15320 "-" "Mozilla/5.0 (Linux; Android 6.0.1; Nexus 5X Build/MMB29P) AppleWebKit/537.36 (KHTML, like Gecko) Chrome/129.0.6668.89 Mobile Safari/537.36 (compatible; GoogleOther)"
66.249.69.172 - - [06/Oct/2024:09:17:53 +0300] "GET /xmw23/immediate-cash-in-hand-work-birmingham-city.html HTTP/1.0" 500 3490 "-" "Mozilla/5.0 (Linux; Android 6.0.1; Nexus 5X Build/MMB29P) AppleWebKit/537.36 (KHTML, like Gecko) Chrome/129.0.6668.89 Mobile Safari/537.36 (compatible; GoogleOther)"
66.249.69.170 - - [06/Oct/2024:09:18:46 +0300] "GET /xmw23/saudi-steel-pipe-company-riyadh.html HTTP/1.0" 500 3490 "-" "Mozilla/5.0 (Linux; Android 6.0.1; Nexus 5X Build/MMB29P) AppleWebKit/537.36 (KHTML, like Gecko) Chrome/129.0.6668.89 Mobile Safari/537.36 (compatible; Googlebot/2.1; +http://www.google.com/bot.html)"
66.249.69.172 - - [06/Oct/2024:09:18:46 +0300] "GET /xmw23/company-specific-labour-agreement.html HTTP/1.0" 500 341 "-" "Mozilla/5.0 (Linux; Android 6.0.1; Nexus 5X Build/MMB29P) AppleWebKit/537.36 (KHTML, like Gecko) Chrome/129.0.6668.89 Mobile Safari/537.36 (compatible; Googlebot/2.1; +http://www.google.com/bot.html)"
66.249.69.170 - - [06/Oct/2024:09:21:33 +0300] "GET /xmw23/tier-2-sponsorship-jobs-in-hospitality-uk.html HTTP/1.0" 500 341 "-" "Mozilla/5.0 (Linux; Android 6.0.1; Nexus 5X Build/MMB29P) AppleWebKit/537.36 (KHTML, like Gecko) Chrome/129.0.6668.89 Mobile Safari/537.36 (compatible; GoogleOther)"
66.249.69.172 - - [06/Oct/2024:09:24:36 +0300] "GET /xmw23/aged-care-jobs-in-australia-for-overseas-applicants.html HTTP/1.0" 500 3490 "-" "Mozilla/5.0 (Linux; Android 6.0.1; Nexus 5X Build/MMB29P) AppleWebKit/537.36 (KHTML, like Gecko) Chrome/129.0.6668.89 Mobile Safari/537.36 (compatible; GoogleOther)"
66.249.69.171 - - [06/Oct/2024:09:24:49 +0300] "GET /xmw23/hopkins-county-busted-newspaper.html HTTP/1.0" 500 3490 "-" "Mozilla/5.0 (Linux; Android 6.0.1; Nexus 5X Build/MMB29P) AppleWebKit/537.36 (KHTML, like Gecko) Chrome/129.0.6668.89 Mobile Safari/537.36 (compatible; Googlebot/2.1; +http://www.google.com/bot.html)"
66.249.69.170 - - [06/Oct/2024:09:27:33 +0300] "GET /xmw23/operacija-materice-video.html HTTP/1.0" 500 341 "-" "Mozilla/5.0 (Linux; Android 6.0.1; Nexus 5X Build/MMB29P) AppleWebKit/537.36 (KHTML, like Gecko) Chrome/129.0.6668.89 Mobile Safari/537.36 (compatible; GoogleOther)"
66.249.69.171 - - [06/Oct/2024:09:30:34 +0300] "GET /xmw23/mi-vodafone.html HTTP/1.0" 500 3490 "-" "Mozilla/5.0 (Linux; Android 6.0.1; Nexus 5X Build/MMB29P) AppleWebKit/537.36 (KHTML, like Gecko) Chrome/129.0.6668.89 Mobile Safari/537.36 (compatible; GoogleOther)"
66.249.69.170 - - [06/Oct/2024:09:30:50 +0300] "GET /xmw23/ramses-iii-wife.html HTTP/1.0" 500 3490 "-" "Mozilla/5.0 (Linux; Android 6.0.1; Nexus 5X Build/MMB29P) AppleWebKit/537.36 (KHTML, like Gecko) Chrome/129.0.6668.89 Mobile Safari/537.36 (compatible; Googlebot/2.1; +http://www.google.com/bot.html)"
20.171.206.191 - - [06/Oct/2024:09:31:19 +0300] "GET / HTTP/1.0" 200 322 "-" "Mozilla/5.0 AppleWebKit/537.36 (KHTML, like Gecko; compatible; GPTBot/1.2; +https://openai.com/gptbot)"
66.249.69.171 - - [06/Oct/2024:09:33:33 +0300] "GET /xmw23/fantasy-premier-league-indonesia.html HTTP/1.0" 500 341 "-" "Mozilla/5.0 (Linux; Android 6.0.1; Nexus 5X Build/MMB29P) AppleWebKit/537.36 (KHTML, like Gecko) Chrome/129.0.6668.89 Mobile Safari/537.36 (compatible; GoogleOther)"
66.249.69.170 - - [06/Oct/2024:09:35:50 +0300] "GET /xmw23/a-lejohet-derdhja-ne-shtatzani.html HTTP/1.0" 200 46398 "-" "Mozilla/5.0 (Linux; Android 6.0.1; Nexus 5X Build/MMB29P) AppleWebKit/537.36 (KHTML, like Gecko) Chrome/129.0.6668.89 Mobile Safari/537.36 (compatible; Googlebot/2.1; +http://www.google.com/bot.html)"
66.249.69.170 - - [06/Oct/2024:09:36:33 +0300] "GET /xmw23/international-registered-nurse-sponsorship-program.html HTTP/1.0" 500 3490 "-" "Mozilla/5.0 (Linux; Android 6.0.1; Nexus 5X Build/MMB29P) AppleWebKit/537.36 (KHTML, like Gecko) Chrome/129.0.6668.89 Mobile Safari/537.36 (compatible; GoogleOther)"
66.249.69.171 - - [06/Oct/2024:09:36:51 +0300] "GET /xmw23/kato-unitrack.html HTTP/1.0" 500 3490 "-" "Mozilla/5.0 (Linux; Android 6.0.1; Nexus 5X Build/MMB29P) AppleWebKit/537.36 (KHTML, like Gecko) Chrome/129.0.6668.89 Mobile Safari/537.36 (compatible; Googlebot/2.1; +http://www.google.com/bot.html)"
66.249.69.171 - - [06/Oct/2024:09:36:51 +0300] "GET /1jm8kwx6m-1.html HTTP/1.0" 404 25953 "-" "Mozilla/5.0 (Linux; Android 6.0.1; Nexus 5X Build/MMB29P) AppleWebKit/537.36 (KHTML, like Gecko) Chrome/129.0.6668.89 Mobile Safari/537.36 (compatible; Googlebot/2.1; +http://www.google.com/bot.html)"
66.249.69.170 - - [06/Oct/2024:09:36:52 +0300] "GET /3le6gutak4.html HTTP/1.0" 404 25951 "-" "Mozilla/5.0 (Linux; Android 6.0.1; Nexus 5X Build/MMB29P) AppleWebKit/537.36 (KHTML, like Gecko) Chrome/129.0.6668.89 Mobile Safari/537.36 (compatible; Googlebot/2.1; +http://www.google.com/bot.html)"
66.249.69.172 - - [06/Oct/2024:09:39:33 +0300] "GET /xmw23/san-marcos-busted-newspaper.html HTTP/1.0" 500 341 "-" "Mozilla/5.0 (Linux; Android 6.0.1; Nexus 5X Build/MMB29P) AppleWebKit/537.36 (KHTML, like Gecko) Chrome/129.0.6668.89 Mobile Safari/537.36 (compatible; GoogleOther)"
66.249.69.171 - - [06/Oct/2024:09:41:45 +0300] "GET /xmw23/thomas-f-dalton-funeral-homes-north-new-hyde-park-obituaries.html HTTP/1.0" 500 341 "-" "Mozilla/5.0 (Linux; Android 6.0.1; Nexus 5X Build/MMB29P) AppleWebKit/537.36 (KHTML, like Gecko) Chrome/129.0.6668.89 Mobile Safari/537.36 (compatible; Googlebot/2.1; +http://www.google.com/bot.html)"
66.249.69.172 - - [06/Oct/2024:09:42:34 +0300] "GET /xmw23/how-to-find-work-in-japan.html HTTP/1.0" 500 3490 "-" "Mozilla/5.0 (Linux; Android 6.0.1; Nexus 5X Build/MMB29P) AppleWebKit/537.36 (KHTML, like Gecko) Chrome/129.0.6668.89 Mobile Safari/537.36 (compatible; GoogleOther)"
66.249.69.171 - - [06/Oct/2024:09:42:45 +0300] "GET /xmw23/hr-html-w3schools.html HTTP/1.0" 500 341 "-" "Mozilla/5.0 (Linux; Android 6.0.1; Nexus 5X Build/MMB29P) AppleWebKit/537.36 (KHTML, like Gecko) Chrome/129.0.6668.89 Mobile Safari/537.36 (compatible; Googlebot/2.1; +http://www.google.com/bot.html)"
66.249.69.170 - - [06/Oct/2024:09:45:33 +0300] "GET /xmw23/career-vault.html HTTP/1.0" 500 3490 "-" "Mozilla/5.0 (Linux; Android 6.0.1; Nexus 5X Build/MMB29P) AppleWebKit/537.36 (KHTML, like Gecko) Chrome/129.0.6668.89 Mobile Safari/537.36 (compatible; GoogleOther)"
66.249.69.171 - - [06/Oct/2024:09:48:33 +0300] "GET /xmw23/pubg-vip-cheat.html HTTP/1.0" 500 3490 "-" "Mozilla/5.0 (Linux; Android 6.0.1; Nexus 5X Build/MMB29P) AppleWebKit/537.36 (KHTML, like Gecko) Chrome/129.0.6668.89 Mobile Safari/537.36 (compatible; GoogleOther)"
66.249.69.170 - - [06/Oct/2024:09:48:45 +0300] "GET /xmw23/what-is-it-like-working-in-a-warehouse-reddit.html HTTP/1.0" 500 341 "-" "Mozilla/5.0 (Linux; Android 6.0.1; Nexus 5X Build/MMB29P) AppleWebKit/537.36 (KHTML, like Gecko) Chrome/129.0.6668.89 Mobile Safari/537.36 (compatible; Googlebot/2.1; +http://www.google.com/bot.html)"
66.249.69.171 - - [06/Oct/2024:09:48:46 +0300] "GET /3cp7n7t8iw.html HTTP/1.0" 404 25951 "-" "Mozilla/5.0 (Linux; Android 6.0.1; Nexus 5X Build/MMB29P) AppleWebKit/537.36 (KHTML, like Gecko) Chrome/129.0.6668.89 Mobile Safari/537.36 (compatible; Googlebot/2.1; +http://www.google.com/bot.html)"
66.249.69.171 - - [06/Oct/2024:09:51:33 +0300] "GET /xmw23/hood-county-news-breaking-news-today.html HTTP/1.0" 500 3490 "-" "Mozilla/5.0 (Linux; Android 6.0.1; Nexus 5X Build/MMB29P) AppleWebKit/537.36 (KHTML, like Gecko) Chrome/129.0.6668.89 Mobile Safari/537.36 (compatible; GoogleOther)"
66.249.69.171 - - [06/Oct/2024:09:52:47 +0300] "GET /xmw23/social-cognitive-and-affective-neuroscience-abbreviation.html HTTP/1.0" 500 341 "-" "Mozilla/5.0 (Linux; Android 6.0.1; Nexus 5X Build/MMB29P) AppleWebKit/537.36 (KHTML, like Gecko) Chrome/129.0.6668.89 Mobile Safari/537.36 (compatible; Googlebot/2.1; +http://www.google.com/bot.html)"
66.249.69.172 - - [06/Oct/2024:09:54:34 +0300] "GET /xmw23/difference-between-band-3-and-band-4-healthcare-assistant.html HTTP/1.0" 200 38249 "-" "Mozilla/5.0 (Linux; Android 6.0.1; Nexus 5X Build/MMB29P) AppleWebKit/537.36 (KHTML, like Gecko) Chrome/129.0.6668.89 Mobile Safari/537.36 (compatible; GoogleOther)"
66.249.69.170 - - [06/Oct/2024:09:54:47 +0300] "GET /xmw23/williamsburg-funeral-home-obituaries.html HTTP/1.0" 500 341 "-" "Mozilla/5.0 (Linux; Android 6.0.1; Nexus 5X Build/MMB29P) AppleWebKit/537.36 (KHTML, like Gecko) Chrome/129.0.6668.89 Mobile Safari/537.36 (compatible; Googlebot/2.1; +http://www.google.com/bot.html)"
66.249.69.170 - - [06/Oct/2024:09:57:34 +0300] "GET /xmw23/computrabajo.html HTTP/1.0" 500 3490 "-" "Mozilla/5.0 (Linux; Android 6.0.1; Nexus 5X Build/MMB29P) AppleWebKit/537.36 (KHTML, like Gecko) Chrome/129.0.6668.89 Mobile Safari/537.36 (compatible; GoogleOther)"
66.249.69.170 - - [06/Oct/2024:10:00:33 +0300] "GET /xmw23/bnd-news-today.html HTTP/1.0" 200 19186 "-" "Mozilla/5.0 (Linux; Android 6.0.1; Nexus 5X Build/MMB29P) AppleWebKit/537.36 (KHTML, like Gecko) Chrome/129.0.6668.89 Mobile Safari/537.36 (compatible; GoogleOther)"
