85.208.96.199 - - [08/Oct/2024:08:06:20 +0300] "GET /4jemn7ouun.html HTTP/1.0" 404 45862 "-" "Mozilla/5.0 (compatible; SemrushBot/7~bl; +http://www.semrush.com/bot.html)"
85.208.96.207 - - [08/Oct/2024:08:06:23 +0300] "GET /5mk7c0di6e.html HTTP/1.0" 404 45862 "-" "Mozilla/5.0 (compatible; SemrushBot/7~bl; +http://www.semrush.com/bot.html)"
85.208.96.197 - - [08/Oct/2024:08:06:51 +0300] "GET /17ecpbgtka.html HTTP/1.0" 404 45862 "-" "Mozilla/5.0 (compatible; SemrushBot/7~bl; +http://www.semrush.com/bot.html)"
185.191.171.4 - - [08/Oct/2024:08:07:20 +0300] "GET /5efg5wpii7.html HTTP/1.0" 404 45833 "-" "Mozilla/5.0 (compatible; SemrushBot/7~bl; +http://www.semrush.com/bot.html)"
85.208.96.204 - - [08/Oct/2024:08:08:55 +0300] "GET /3fgh11ma12.html HTTP/1.0" 404 49011 "-" "Mozilla/5.0 (compatible; SemrushBot/7~bl; +http://www.semrush.com/bot.html)"
85.208.96.193 - - [08/Oct/2024:08:09:16 +0300] "GET /584hgjknks.html HTTP/1.0" 404 45862 "-" "Mozilla/5.0 (compatible; SemrushBot/7~bl; +http://www.semrush.com/bot.html)"
185.191.171.11 - - [08/Oct/2024:08:09:24 +0300] "GET /121p7sikyt.html HTTP/1.0" 404 45833 "-" "Mozilla/5.0 (compatible; SemrushBot/7~bl; +http://www.semrush.com/bot.html)"
85.208.96.210 - - [08/Oct/2024:08:09:26 +0300] "GET /3bp59xhckf.html HTTP/1.0" 404 45833 "-" "Mozilla/5.0 (compatible; SemrushBot/7~bl; +http://www.semrush.com/bot.html)"
85.208.96.198 - - [08/Oct/2024:08:09:37 +0300] "GET /4aml2q7w5k.html HTTP/1.0" 404 45862 "-" "Mozilla/5.0 (compatible; SemrushBot/7~bl; +http://www.semrush.com/bot.html)"
185.191.171.5 - - [08/Oct/2024:08:10:23 +0300] "GET /1fl8fjwysd.html HTTP/1.0" 404 45862 "-" "Mozilla/5.0 (compatible; SemrushBot/7~bl; +http://www.semrush.com/bot.html)"
185.191.171.19 - - [08/Oct/2024:08:10:37 +0300] "GET /1n6d3cnumu.html HTTP/1.0" 404 48982 "-" "Mozilla/5.0 (compatible; SemrushBot/7~bl; +http://www.semrush.com/bot.html)"
185.191.171.5 - - [08/Oct/2024:08:10:57 +0300] "GET /31jicaijhh.html HTTP/1.0" 404 45862 "-" "Mozilla/5.0 (compatible; SemrushBot/7~bl; +http://www.semrush.com/bot.html)"
85.208.96.209 - - [08/Oct/2024:08:13:05 +0300] "GET /5oog7bb01i.html HTTP/1.0" 404 45862 "-" "Mozilla/5.0 (compatible; SemrushBot/7~bl; +http://www.semrush.com/bot.html)"
85.208.96.195 - - [08/Oct/2024:08:13:10 +0300] "GET /1f3p14b4op.html HTTP/1.0" 404 45862 "-" "Mozilla/5.0 (compatible; SemrushBot/7~bl; +http://www.semrush.com/bot.html)"
185.191.171.1 - - [08/Oct/2024:08:13:12 +0300] "GET /d7clhyo8i.html HTTP/1.0" 404 45860 "-" "Mozilla/5.0 (compatible; SemrushBot/7~bl; +http://www.semrush.com/bot.html)"
185.191.171.8 - - [08/Oct/2024:08:13:38 +0300] "GET /652kfw9sfj.html HTTP/1.0" 404 45833 "-" "Mozilla/5.0 (compatible; SemrushBot/7~bl; +http://www.semrush.com/bot.html)"
85.208.96.205 - - [08/Oct/2024:08:14:08 +0300] "GET /g1lhmotp7.html HTTP/1.0" 404 45860 "-" "Mozilla/5.0 (compatible; SemrushBot/7~bl; +http://www.semrush.com/bot.html)"
185.191.171.12 - - [08/Oct/2024:08:14:37 +0300] "GET /63il0jrez2.html HTTP/1.0" 404 45862 "-" "Mozilla/5.0 (compatible; SemrushBot/7~bl; +http://www.semrush.com/bot.html)"
185.191.171.4 - - [08/Oct/2024:08:16:00 +0300] "GET /3ld30h6xoo.html HTTP/1.0" 404 49011 "-" "Mozilla/5.0 (compatible; SemrushBot/7~bl; +http://www.semrush.com/bot.html)"
85.208.96.207 - - [08/Oct/2024:08:16:14 +0300] "GET /18o5iwdfuu.html HTTP/1.0" 404 45862 "-" "Mozilla/5.0 (compatible; SemrushBot/7~bl; +http://www.semrush.com/bot.html)"
185.191.171.17 - - [08/Oct/2024:08:16:19 +0300] "GET /1ll12gd6zw.html HTTP/1.0" 404 45833 "-" "Mozilla/5.0 (compatible; SemrushBot/7~bl; +http://www.semrush.com/bot.html)"
85.208.96.206 - - [08/Oct/2024:08:17:37 +0300] "GET /65ga9zzzhu.html HTTP/1.0" 404 49011 "-" "Mozilla/5.0 (compatible; SemrushBot/7~bl; +http://www.semrush.com/bot.html)"
185.191.171.5 - - [08/Oct/2024:08:18:03 +0300] "GET /24j88wetkr.html HTTP/1.0" 404 45862 "-" "Mozilla/5.0 (compatible; SemrushBot/7~bl; +http://www.semrush.com/bot.html)"
185.191.171.12 - - [08/Oct/2024:08:18:17 +0300] "GET /3168bfqczx.html HTTP/1.0" 404 45862 "-" "Mozilla/5.0 (compatible; SemrushBot/7~bl; +http://www.semrush.com/bot.html)"
85.208.96.199 - - [08/Oct/2024:08:20:07 +0300] "GET /1ncklgxqgb.html HTTP/1.0" 404 45833 "-" "Mozilla/5.0 (compatible; SemrushBot/7~bl; +http://www.semrush.com/bot.html)"
185.191.171.3 - - [08/Oct/2024:08:20:12 +0300] "GET /nki20huvu.html HTTP/1.0" 404 45860 "-" "Mozilla/5.0 (compatible; SemrushBot/7~bl; +http://www.semrush.com/bot.html)"
185.191.171.12 - - [08/Oct/2024:08:20:33 +0300] "GET /4cgehtqw58.html HTTP/1.0" 404 45862 "-" "Mozilla/5.0 (compatible; SemrushBot/7~bl; +http://www.semrush.com/bot.html)"
185.191.171.7 - - [08/Oct/2024:08:20:42 +0300] "GET /37j7ask422.html HTTP/1.0" 404 45862 "-" "Mozilla/5.0 (compatible; SemrushBot/7~bl; +http://www.semrush.com/bot.html)"
185.191.171.4 - - [08/Oct/2024:08:23:39 +0300] "GET /fdnel6ttj.html HTTP/1.0" 404 48980 "-" "Mozilla/5.0 (compatible; SemrushBot/7~bl; +http://www.semrush.com/bot.html)"
66.249.66.37 - - [08/Oct/2024:08:26:35 +0300] "GET /xmw23/health-care-assistant-roles-and-responsibilities.html HTTP/1.0" 200 31015 "-" "Mozilla/5.0 (Linux; Android 6.0.1; Nexus 5X Build/MMB29P) AppleWebKit/537.36 (KHTML, like Gecko) Chrome/129.0.6668.89 Mobile Safari/537.36 (compatible; Googlebot/2.1; +http://www.google.com/bot.html)"
85.208.96.205 - - [08/Oct/2024:08:27:00 +0300] "GET /81oikdcvi.html HTTP/1.0" 404 45831 "-" "Mozilla/5.0 (compatible; SemrushBot/7~bl; +http://www.semrush.com/bot.html)"
185.191.171.16 - - [08/Oct/2024:08:27:41 +0300] "GET /5086mp1ncf.html HTTP/1.0" 404 45862 "-" "Mozilla/5.0 (compatible; SemrushBot/7~bl; +http://www.semrush.com/bot.html)"
85.208.96.206 - - [08/Oct/2024:08:27:43 +0300] "GET /3h8ehfpgng.html HTTP/1.0" 404 45833 "-" "Mozilla/5.0 (compatible; SemrushBot/7~bl; +http://www.semrush.com/bot.html)"
85.208.96.194 - - [08/Oct/2024:08:29:28 +0300] "GET /19i8cqqbir.html HTTP/1.0" 404 49011 "-" "Mozilla/5.0 (compatible; SemrushBot/7~bl; +http://www.semrush.com/bot.html)"
66.249.66.37 - - [08/Oct/2024:08:29:35 +0300] "GET /xmw23/mitsubishi-minica-wikipedia.html HTTP/1.0" 200 22861 "-" "Mozilla/5.0 (Linux; Android 6.0.1; Nexus 5X Build/MMB29P) AppleWebKit/537.36 (KHTML, like Gecko) Chrome/129.0.6668.89 Mobile Safari/537.36 (compatible; Googlebot/2.1; +http://www.google.com/bot.html)"
85.208.96.194 - - [08/Oct/2024:08:30:22 +0300] "GET /3c4o7miybz.html HTTP/1.0" 404 45862 "-" "Mozilla/5.0 (compatible; SemrushBot/7~bl; +http://www.semrush.com/bot.html)"
185.191.171.14 - - [08/Oct/2024:08:31:06 +0300] "GET /6bh20pkofn.html HTTP/1.0" 404 45862 "-" "Mozilla/5.0 (compatible; SemrushBot/7~bl; +http://www.semrush.com/bot.html)"
185.191.171.15 - - [08/Oct/2024:08:32:19 +0300] "GET /5ic7a3yq9w.html HTTP/1.0" 404 45862 "-" "Mozilla/5.0 (compatible; SemrushBot/7~bl; +http://www.semrush.com/bot.html)"
85.208.96.196 - - [08/Oct/2024:08:33:20 +0300] "GET /5lp87q90v6.html HTTP/1.0" 404 45862 "-" "Mozilla/5.0 (compatible; SemrushBot/7~bl; +http://www.semrush.com/bot.html)"
66.249.66.35 - - [08/Oct/2024:08:33:36 +0300] "GET /xmw23/busted-newspaper-alleghany-county-va.html HTTP/1.0" 500 341 "-" "Mozilla/5.0 (Linux; Android 6.0.1; Nexus 5X Build/MMB29P) AppleWebKit/537.36 (KHTML, like Gecko) Chrome/129.0.6668.89 Mobile Safari/537.36 (compatible; Googlebot/2.1; +http://www.google.com/bot.html)"
66.249.66.36 - - [08/Oct/2024:08:33:37 +0300] "GET /xmw23/nhs-care-assistant-jobs-with-visa-sponsorship-london.html HTTP/1.0" 200 19770 "-" "Mozilla/5.0 (Linux; Android 6.0.1; Nexus 5X Build/MMB29P) AppleWebKit/537.36 (KHTML, like Gecko) Chrome/129.0.6668.89 Mobile Safari/537.36 (compatible; Googlebot/2.1; +http://www.google.com/bot.html)"
185.191.171.7 - - [08/Oct/2024:08:35:06 +0300] "GET /65ej9zzry1.html HTTP/1.0" 404 49011 "-" "Mozilla/5.0 (compatible; SemrushBot/7~bl; +http://www.semrush.com/bot.html)"
66.249.66.35 - - [08/Oct/2024:08:36:37 +0300] "GET /xmw23/filma24-romance.html HTTP/1.0" 200 20024 "-" "Mozilla/5.0 (Linux; Android 6.0.1; Nexus 5X Build/MMB29P) AppleWebKit/537.36 (KHTML, like Gecko) Chrome/129.0.6668.89 Mobile Safari/537.36 (compatible; Googlebot/2.1; +http://www.google.com/bot.html)"
185.191.171.2 - - [08/Oct/2024:08:36:52 +0300] "GET /1k4p3nnol.html HTTP/1.0" 404 45860 "-" "Mozilla/5.0 (compatible; SemrushBot/7~bl; +http://www.semrush.com/bot.html)"
85.208.96.195 - - [08/Oct/2024:08:37:23 +0300] "GET /3ljbjdhlpr.html HTTP/1.0" 404 45862 "-" "Mozilla/5.0 (compatible; SemrushBot/7~bl; +http://www.semrush.com/bot.html)"
85.208.96.195 - - [08/Oct/2024:08:37:37 +0300] "GET /5dlmh702nk.html HTTP/1.0" 404 45833 "-" "Mozilla/5.0 (compatible; SemrushBot/7~bl; +http://www.semrush.com/bot.html)"
85.208.96.202 - - [08/Oct/2024:08:39:33 +0300] "GET /2ji72jgx0q.html HTTP/1.0" 404 45862 "-" "Mozilla/5.0 (compatible; SemrushBot/7~bl; +http://www.semrush.com/bot.html)"
85.208.96.209 - - [08/Oct/2024:08:40:16 +0300] "GET /28b6k9llqq.html HTTP/1.0" 404 45833 "-" "Mozilla/5.0 (compatible; SemrushBot/7~bl; +http://www.semrush.com/bot.html)"
185.191.171.4 - - [08/Oct/2024:08:40:19 +0300] "GET /39ikkrv7wo.html HTTP/1.0" 404 48982 "-" "Mozilla/5.0 (compatible; SemrushBot/7~bl; +http://www.semrush.com/bot.html)"
85.208.96.199 - - [08/Oct/2024:08:40:37 +0300] "GET /m87akev8k.html HTTP/1.0" 404 45860 "-" "Mozilla/5.0 (compatible; SemrushBot/7~bl; +http://www.semrush.com/bot.html)"
66.249.66.37 - - [08/Oct/2024:08:40:38 +0300] "GET /xmw23/citi-mobile-login.html HTTP/1.0" 500 341 "-" "Mozilla/5.0 (Linux; Android 6.0.1; Nexus 5X Build/MMB29P) AppleWebKit/537.36 (KHTML, like Gecko) Chrome/129.0.6668.89 Mobile Safari/537.36 (compatible; Googlebot/2.1; +http://www.google.com/bot.html)"
66.249.66.35 - - [08/Oct/2024:08:40:38 +0300] "GET /xmw23/shelbyville-funeral-home-obituaries.html HTTP/1.0" 500 341 "-" "Mozilla/5.0 (Linux; Android 6.0.1; Nexus 5X Build/MMB29P) AppleWebKit/537.36 (KHTML, like Gecko) Chrome/129.0.6668.89 Mobile Safari/537.36 (compatible; Googlebot/2.1; +http://www.google.com/bot.html)"
85.208.96.200 - - [08/Oct/2024:08:43:33 +0300] "GET /4ap1lznrrm.html HTTP/1.0" 404 49011 "-" "Mozilla/5.0 (compatible; SemrushBot/7~bl; +http://www.semrush.com/bot.html)"
185.191.171.15 - - [08/Oct/2024:08:46:47 +0300] "GET /2if5exxssk.html HTTP/1.0" 404 45862 "-" "Mozilla/5.0 (compatible; SemrushBot/7~bl; +http://www.semrush.com/bot.html)"
66.249.66.37 - - [08/Oct/2024:08:47:39 +0300] "GET /xmw23/pydantic-enum-validation.html HTTP/1.0" 200 26503 "-" "Mozilla/5.0 (Linux; Android 6.0.1; Nexus 5X Build/MMB29P) AppleWebKit/537.36 (KHTML, like Gecko) Chrome/129.0.6668.89 Mobile Safari/537.36 (compatible; Googlebot/2.1; +http://www.google.com/bot.html)"
66.249.66.37 - - [08/Oct/2024:08:49:39 +0300] "GET /xmw23/lista-de-detenidos-en-spartanburg,-sc.html HTTP/1.0" 404 49193 "-" "Mozilla/5.0 (Linux; Android 6.0.1; Nexus 5X Build/MMB29P) AppleWebKit/537.36 (KHTML, like Gecko) Chrome/129.0.6668.89 Mobile Safari/537.36 (compatible; Googlebot/2.1; +http://www.google.com/bot.html)"
185.191.171.1 - - [08/Oct/2024:08:50:12 +0300] "GET /54l9pfmtxd.html HTTP/1.0" 404 45833 "-" "Mozilla/5.0 (compatible; SemrushBot/7~bl; +http://www.semrush.com/bot.html)"
66.249.66.36 - - [08/Oct/2024:08:50:40 +0300] "GET /xmw23/reportaproblem-com-apple.html HTTP/1.0" 200 21692 "-" "Mozilla/5.0 (Linux; Android 6.0.1; Nexus 5X Build/MMB29P) AppleWebKit/537.36 (KHTML, like Gecko) Chrome/129.0.6668.89 Mobile Safari/537.36 (compatible; Googlebot/2.1; +http://www.google.com/bot.html)"
66.249.66.37 - - [08/Oct/2024:08:50:40 +0300] "GET /xmw23/williamsburg-funeral-home-obituaries.html HTTP/1.0" 500 341 "-" "Mozilla/5.0 (Linux; Android 6.0.1; Nexus 5X Build/MMB29P) AppleWebKit/537.36 (KHTML, like Gecko) Chrome/129.0.6668.89 Mobile Safari/537.36 (compatible; Googlebot/2.1; +http://www.google.com/bot.html)"
185.191.171.3 - - [08/Oct/2024:08:50:42 +0300] "GET /478ofst42b.html HTTP/1.0" 404 45862 "-" "Mozilla/5.0 (compatible; SemrushBot/7~bl; +http://www.semrush.com/bot.html)"
185.191.171.16 - - [08/Oct/2024:08:50:48 +0300] "GET /6eb4ac3nfp.html HTTP/1.0" 404 45862 "-" "Mozilla/5.0 (compatible; SemrushBot/7~bl; +http://www.semrush.com/bot.html)"
185.191.171.15 - - [08/Oct/2024:08:53:02 +0300] "GET /34gl8lfqhm.html HTTP/1.0" 404 45862 "-" "Mozilla/5.0 (compatible; SemrushBot/7~bl; +http://www.semrush.com/bot.html)"
85.208.96.203 - - [08/Oct/2024:08:54:43 +0300] "GET /14jpkzgzu0.html HTTP/1.0" 404 49011 "-" "Mozilla/5.0 (compatible; SemrushBot/7~bl; +http://www.semrush.com/bot.html)"
85.208.96.198 - - [08/Oct/2024:08:56:19 +0300] "GET /31mba934vv.html HTTP/1.0" 404 49011 "-" "Mozilla/5.0 (compatible; SemrushBot/7~bl; +http://www.semrush.com/bot.html)"
85.208.96.212 - - [08/Oct/2024:08:57:03 +0300] "GET /5gd22zmahr.html HTTP/1.0" 404 45862 "-" "Mozilla/5.0 (compatible; SemrushBot/7~bl; +http://www.semrush.com/bot.html)"
85.208.96.200 - - [08/Oct/2024:08:57:18 +0300] "GET /5ndghqoi8p.html HTTP/1.0" 404 45862 "-" "Mozilla/5.0 (compatible; SemrushBot/7~bl; +http://www.semrush.com/bot.html)"
85.208.96.205 - - [08/Oct/2024:08:57:44 +0300] "GET /5ab568jxxw.html HTTP/1.0" 404 45862 "-" "Mozilla/5.0 (compatible; SemrushBot/7~bl; +http://www.semrush.com/bot.html)"
85.208.96.194 - - [08/Oct/2024:08:58:35 +0300] "GET /3jcp1wligv.html HTTP/1.0" 404 45862 "-" "Mozilla/5.0 (compatible; SemrushBot/7~bl; +http://www.semrush.com/bot.html)"
85.208.96.194 - - [08/Oct/2024:08:58:52 +0300] "GET /5cb56nccst.html HTTP/1.0" 404 45833 "-" "Mozilla/5.0 (compatible; SemrushBot/7~bl; +http://www.semrush.com/bot.html)"
85.208.96.194 - - [08/Oct/2024:08:58:59 +0300] "GET /62p8afzibz.html HTTP/1.0" 404 45862 "-" "Mozilla/5.0 (compatible; SemrushBot/7~bl; +http://www.semrush.com/bot.html)"
185.191.171.16 - - [08/Oct/2024:08:59:33 +0300] "GET /22ac2b7hi8.html HTTP/1.0" 404 45833 "-" "Mozilla/5.0 (compatible; SemrushBot/7~bl; +http://www.semrush.com/bot.html)"
185.191.171.5 - - [08/Oct/2024:08:59:38 +0300] "GET /64miil6woe.html HTTP/1.0" 404 45833 "-" "Mozilla/5.0 (compatible; SemrushBot/7~bl; +http://www.semrush.com/bot.html)"
185.191.171.10 - - [08/Oct/2024:09:01:22 +0300] "GET /6ckam6tivo.html HTTP/1.0" 404 49011 "-" "Mozilla/5.0 (compatible; SemrushBot/7~bl; +http://www.semrush.com/bot.html)"
66.249.66.36 - - [08/Oct/2024:09:01:41 +0300] "GET /xmw23/neaves-rowing.html HTTP/1.0" 200 19425 "-" "Mozilla/5.0 (Linux; Android 6.0.1; Nexus 5X Build/MMB29P) AppleWebKit/537.36 (KHTML, like Gecko) Chrome/129.0.6668.89 Mobile Safari/537.36 (compatible; Googlebot/2.1; +http://www.google.com/bot.html)"
85.208.96.205 - - [08/Oct/2024:09:01:46 +0300] "GET /4iplggu2pl.html HTTP/1.0" 404 45862 "-" "Mozilla/5.0 (compatible; SemrushBot/7~bl; +http://www.semrush.com/bot.html)"
66.249.66.35 - - [08/Oct/2024:09:02:44 +0300] "GET /yqmsquctw/slaba-cirkulacija-u-mozgu-simptomi.html HTTP/1.0" 500 341 "-" "Mozilla/5.0 (compatible; Googlebot/2.1; +http://www.google.com/bot.html)"
185.191.171.16 - - [08/Oct/2024:09:02:49 +0300] "GET /2jehoia8ib.html HTTP/1.0" 404 45862 "-" "Mozilla/5.0 (compatible; SemrushBot/7~bl; +http://www.semrush.com/bot.html)"
185.191.171.14 - - [08/Oct/2024:09:02:56 +0300] "GET /6dmd6d4kuj.html HTTP/1.0" 404 45862 "-" "Mozilla/5.0 (compatible; SemrushBot/7~bl; +http://www.semrush.com/bot.html)"
185.191.171.17 - - [08/Oct/2024:09:04:23 +0300] "GET /2ko135dvcw.html HTTP/1.0" 404 45862 "-" "Mozilla/5.0 (compatible; SemrushBot/7~bl; +http://www.semrush.com/bot.html)"
185.191.171.19 - - [08/Oct/2024:09:05:22 +0300] "GET /3hl1iekakg.html HTTP/1.0" 404 45833 "-" "Mozilla/5.0 (compatible; SemrushBot/7~bl; +http://www.semrush.com/bot.html)"
66.249.66.37 - - [08/Oct/2024:09:05:34 +0300] "GET /xmw23/counterpain-krema-cena.html HTTP/1.0" 200 35947 "-" "Mozilla/5.0 (Linux; Android 6.0.1; Nexus 5X Build/MMB29P) AppleWebKit/537.36 (KHTML, like Gecko) Chrome/129.0.6668.89 Mobile Safari/537.36 (compatible; Googlebot/2.1; +http://www.google.com/bot.html)"
66.249.66.36 - - [08/Oct/2024:09:05:35 +0300] "GET /xmw23/google-chrome-qr-code-generator.html HTTP/1.0" 200 37731 "-" "Mozilla/5.0 (Linux; Android 6.0.1; Nexus 5X Build/MMB29P) AppleWebKit/537.36 (KHTML, like Gecko) Chrome/129.0.6668.89 Mobile Safari/537.36 (compatible; Googlebot/2.1; +http://www.google.com/bot.html)"
66.249.66.37 - - [08/Oct/2024:09:05:36 +0300] "GET /xmw23/java-developer-jobs-in-uk.html HTTP/1.0" 200 26610 "-" "Mozilla/5.0 (Linux; Android 6.0.1; Nexus 5X Build/MMB29P) AppleWebKit/537.36 (KHTML, like Gecko) Chrome/129.0.6668.89 Mobile Safari/537.36 (compatible; Googlebot/2.1; +http://www.google.com/bot.html)"
85.208.96.210 - - [08/Oct/2024:09:05:46 +0300] "GET /3e2p0vyaxl.html HTTP/1.0" 404 45833 "-" "Mozilla/5.0 (compatible; SemrushBot/7~bl; +http://www.semrush.com/bot.html)"
85.208.96.203 - - [08/Oct/2024:09:05:55 +0300] "GET /38l9e9cnsv.html HTTP/1.0" 404 45833 "-" "Mozilla/5.0 (compatible; SemrushBot/7~bl; +http://www.semrush.com/bot.html)"
217.196.107.80 - - [08/Oct/2024:09:06:02 +0300] "GET / HTTP/1.0" 200 322 "-" "Mozilla/5.0 (Windows NT 6.3; WOW64) AppleWebKit/537.36 (KHTML, like Gecko) Chrome/55.0.2906.49 Safari/537.36"
217.196.107.80 - - [08/Oct/2024:09:06:02 +0300] "POST / HTTP/1.0" 200 322 "https://gcba.ru/" "Mozilla/5.0 (Windows NT 6.3; WOW64) AppleWebKit/537.36 (KHTML, like Gecko) Chrome/55.0.2906.49 Safari/537.36"
217.196.107.80 - - [08/Oct/2024:09:06:02 +0300] "GET /95f33f6732e3.php HTTP/1.0" 200 358 "https://gcba.ru/" "Mozilla/5.0 (Windows NT 6.3; WOW64) AppleWebKit/537.36 (KHTML, like Gecko) Chrome/55.0.2906.49 Safari/537.36"
85.208.96.198 - - [08/Oct/2024:09:07:06 +0300] "GET /1nblapmdt7.html HTTP/1.0" 404 49011 "-" "Mozilla/5.0 (compatible; SemrushBot/7~bl; +http://www.semrush.com/bot.html)"
185.191.171.7 - - [08/Oct/2024:09:07:23 +0300] "GET /5gchda0yai.html HTTP/1.0" 404 49011 "-" "Mozilla/5.0 (compatible; SemrushBot/7~bl; +http://www.semrush.com/bot.html)"
185.191.171.13 - - [08/Oct/2024:09:07:29 +0300] "GET /3c7ccd285q.html HTTP/1.0" 404 45833 "-" "Mozilla/5.0 (compatible; SemrushBot/7~bl; +http://www.semrush.com/bot.html)"
85.208.96.204 - - [08/Oct/2024:09:07:38 +0300] "GET /j41azn3cl.html HTTP/1.0" 404 45831 "-" "Mozilla/5.0 (compatible; SemrushBot/7~bl; +http://www.semrush.com/bot.html)"
185.191.171.4 - - [08/Oct/2024:09:08:34 +0300] "GET /5kj09qofgv.html HTTP/1.0" 404 45862 "-" "Mozilla/5.0 (compatible; SemrushBot/7~bl; +http://www.semrush.com/bot.html)"
185.191.171.17 - - [08/Oct/2024:09:09:41 +0300] "GET /2o57h6ozxt.html HTTP/1.0" 404 45862 "-" "Mozilla/5.0 (compatible; SemrushBot/7~bl; +http://www.semrush.com/bot.html)"
185.191.171.19 - - [08/Oct/2024:09:09:49 +0300] "GET /1dpfiht0ui.html HTTP/1.0" 404 45862 "-" "Mozilla/5.0 (compatible; SemrushBot/7~bl; +http://www.semrush.com/bot.html)"
185.191.171.13 - - [08/Oct/2024:09:09:59 +0300] "GET /45nf4wv1m9.html HTTP/1.0" 404 45862 "-" "Mozilla/5.0 (compatible; SemrushBot/7~bl; +http://www.semrush.com/bot.html)"
85.208.96.210 - - [08/Oct/2024:09:10:04 +0300] "GET /2n563svar1.html HTTP/1.0" 404 45862 "-" "Mozilla/5.0 (compatible; SemrushBot/7~bl; +http://www.semrush.com/bot.html)"
66.249.66.35 - - [08/Oct/2024:09:11:36 +0300] "GET /xmw23/manga-telegram-channels.html HTTP/1.0" 200 23666 "-" "Mozilla/5.0 (Linux; Android 6.0.1; Nexus 5X Build/MMB29P) AppleWebKit/537.36 (KHTML, like Gecko) Chrome/129.0.6668.89 Mobile Safari/537.36 (compatible; Googlebot/2.1; +http://www.google.com/bot.html)"
66.249.66.35 - - [08/Oct/2024:09:11:36 +0300] "GET /xmw23/garden-city,-mi-funeral-homes.html HTTP/1.0" 404 46028 "-" "Mozilla/5.0 (Linux; Android 6.0.1; Nexus 5X Build/MMB29P) AppleWebKit/537.36 (KHTML, like Gecko) Chrome/129.0.6668.89 Mobile Safari/537.36 (compatible; Googlebot/2.1; +http://www.google.com/bot.html)"
85.208.96.207 - - [08/Oct/2024:09:11:40 +0300] "GET /5lnfnywqnb.html HTTP/1.0" 404 45862 "-" "Mozilla/5.0 (compatible; SemrushBot/7~bl; +http://www.semrush.com/bot.html)"
85.208.96.202 - - [08/Oct/2024:09:13:24 +0300] "GET /o87fiy2fd.html HTTP/1.0" 404 49009 "-" "Mozilla/5.0 (compatible; SemrushBot/7~bl; +http://www.semrush.com/bot.html)"
85.208.96.198 - - [08/Oct/2024:09:13:47 +0300] "GET /1l9d7fvwa4.html HTTP/1.0" 404 45862 "-" "Mozilla/5.0 (compatible; SemrushBot/7~bl; +http://www.semrush.com/bot.html)"
85.208.96.194 - - [08/Oct/2024:09:14:03 +0300] "GET /1kh50ebu7h.html HTTP/1.0" 404 45862 "-" "Mozilla/5.0 (compatible; SemrushBot/7~bl; +http://www.semrush.com/bot.html)"
185.191.171.13 - - [08/Oct/2024:09:16:55 +0300] "GET /62244gv3rb.html HTTP/1.0" 404 49011 "-" "Mozilla/5.0 (compatible; SemrushBot/7~bl; +http://www.semrush.com/bot.html)"
185.191.171.18 - - [08/Oct/2024:09:17:39 +0300] "GET /39g51khcjd.html HTTP/1.0" 404 45862 "-" "Mozilla/5.0 (compatible; SemrushBot/7~bl; +http://www.semrush.com/bot.html)"
185.191.171.19 - - [08/Oct/2024:09:17:53 +0300] "GET /3onnntvueh.html HTTP/1.0" 404 45862 "-" "Mozilla/5.0 (compatible; SemrushBot/7~bl; +http://www.semrush.com/bot.html)"
185.191.171.8 - - [08/Oct/2024:09:17:59 +0300] "GET /552helsm7a.html HTTP/1.0" 404 45862 "-" "Mozilla/5.0 (compatible; SemrushBot/7~bl; +http://www.semrush.com/bot.html)"
185.191.171.1 - - [08/Oct/2024:09:18:13 +0300] "GET /3j43jua7we.html HTTP/1.0" 404 45862 "-" "Mozilla/5.0 (compatible; SemrushBot/7~bl; +http://www.semrush.com/bot.html)"
85.208.96.206 - - [08/Oct/2024:09:19:01 +0300] "GET /3b342jgxu3.html HTTP/1.0" 404 45862 "-" "Mozilla/5.0 (compatible; SemrushBot/7~bl; +http://www.semrush.com/bot.html)"
185.191.171.3 - - [08/Oct/2024:09:19:40 +0300] "GET /6d8775pjf3.html HTTP/1.0" 404 49011 "-" "Mozilla/5.0 (compatible; SemrushBot/7~bl; +http://www.semrush.com/bot.html)"
85.208.96.197 - - [08/Oct/2024:09:20:56 +0300] "GET /34e9ibhbwm.html HTTP/1.0" 404 45862 "-" "Mozilla/5.0 (compatible; SemrushBot/7~bl; +http://www.semrush.com/bot.html)"
185.191.171.18 - - [08/Oct/2024:09:22:04 +0300] "GET /1dj1ki6bns.html HTTP/1.0" 404 45862 "-" "Mozilla/5.0 (compatible; SemrushBot/7~bl; +http://www.semrush.com/bot.html)"
185.191.171.12 - - [08/Oct/2024:09:23:10 +0300] "GET /4o0211lbq2.html HTTP/1.0" 404 45833 "-" "Mozilla/5.0 (compatible; SemrushBot/7~bl; +http://www.semrush.com/bot.html)"
185.191.171.19 - - [08/Oct/2024:09:24:02 +0300] "GET /24f4zdmhr.html HTTP/1.0" 404 45860 "-" "Mozilla/5.0 (compatible; SemrushBot/7~bl; +http://www.semrush.com/bot.html)"
185.191.171.2 - - [08/Oct/2024:09:24:45 +0300] "GET /fkk2qlzb.html HTTP/1.0" 404 49007 "-" "Mozilla/5.0 (compatible; SemrushBot/7~bl; +http://www.semrush.com/bot.html)"
85.208.96.203 - - [08/Oct/2024:09:26:36 +0300] "GET /5i3e3dhern.html HTTP/1.0" 404 48982 "-" "Mozilla/5.0 (compatible; SemrushBot/7~bl; +http://www.semrush.com/bot.html)"
185.191.171.17 - - [08/Oct/2024:09:26:57 +0300] "GET /2l04jhiddw.html HTTP/1.0" 404 45862 "-" "Mozilla/5.0 (compatible; SemrushBot/7~bl; +http://www.semrush.com/bot.html)"
185.191.171.11 - - [08/Oct/2024:09:27:33 +0300] "GET /61hj2cl2sj.html HTTP/1.0" 404 45862 "-" "Mozilla/5.0 (compatible; SemrushBot/7~bl; +http://www.semrush.com/bot.html)"
185.191.171.14 - - [08/Oct/2024:09:28:36 +0300] "GET /5bbghpzk3g.html HTTP/1.0" 404 45833 "-" "Mozilla/5.0 (compatible; SemrushBot/7~bl; +http://www.semrush.com/bot.html)"
85.208.96.209 - - [08/Oct/2024:09:28:56 +0300] "GET /298ko2ihvn.html HTTP/1.0" 404 45833 "-" "Mozilla/5.0 (compatible; SemrushBot/7~bl; +http://www.semrush.com/bot.html)"
185.191.171.15 - - [08/Oct/2024:09:30:05 +0300] "GET /54clkib02w.html HTTP/1.0" 404 45862 "-" "Mozilla/5.0 (compatible; SemrushBot/7~bl; +http://www.semrush.com/bot.html)"
85.208.96.209 - - [08/Oct/2024:09:30:15 +0300] "GET /1g0hby78xh.html HTTP/1.0" 404 49011 "-" "Mozilla/5.0 (compatible; SemrushBot/7~bl; +http://www.semrush.com/bot.html)"
85.208.96.201 - - [08/Oct/2024:09:30:35 +0300] "GET /10cd60fwih.html HTTP/1.0" 404 45862 "-" "Mozilla/5.0 (compatible; SemrushBot/7~bl; +http://www.semrush.com/bot.html)"
66.249.66.37 - - [08/Oct/2024:09:31:39 +0300] "GET /xmw23/arrestados-en-arkansas.html HTTP/1.0" 200 18217 "-" "Mozilla/5.0 (Linux; Android 6.0.1; Nexus 5X Build/MMB29P) AppleWebKit/537.36 (KHTML, like Gecko) Chrome/129.0.6668.89 Mobile Safari/537.36 (compatible; Googlebot/2.1; +http://www.google.com/bot.html)"
85.208.96.194 - - [08/Oct/2024:09:32:21 +0300] "GET /ekhdetyak.html HTTP/1.0" 404 45860 "-" "Mozilla/5.0 (compatible; SemrushBot/7~bl; +http://www.semrush.com/bot.html)"
85.208.96.204 - - [08/Oct/2024:09:33:20 +0300] "GET /40cfniicgm.html HTTP/1.0" 404 48982 "-" "Mozilla/5.0 (compatible; SemrushBot/7~bl; +http://www.semrush.com/bot.html)"
185.191.171.16 - - [08/Oct/2024:09:33:40 +0300] "GET /5cofn2obti.html HTTP/1.0" 404 45862 "-" "Mozilla/5.0 (compatible; SemrushBot/7~bl; +http://www.semrush.com/bot.html)"
85.208.96.207 - - [08/Oct/2024:09:34:28 +0300] "GET /2nfk4buvmd.html HTTP/1.0" 404 45862 "-" "Mozilla/5.0 (compatible; SemrushBot/7~bl; +http://www.semrush.com/bot.html)"
185.191.171.19 - - [08/Oct/2024:09:36:07 +0300] "GET /4leoky4gsu.html HTTP/1.0" 404 49011 "-" "Mozilla/5.0 (compatible; SemrushBot/7~bl; +http://www.semrush.com/bot.html)"
85.208.96.196 - - [08/Oct/2024:09:36:21 +0300] "GET /4063eee6qs.html HTTP/1.0" 404 45862 "-" "Mozilla/5.0 (compatible; SemrushBot/7~bl; +http://www.semrush.com/bot.html)"
185.191.171.5 - - [08/Oct/2024:09:37:51 +0300] "GET /3lk16ny4wj.html HTTP/1.0" 404 45833 "-" "Mozilla/5.0 (compatible; SemrushBot/7~bl; +http://www.semrush.com/bot.html)"
66.249.66.37 - - [08/Oct/2024:09:39:39 +0300] "GET /news/nalogi/szv-stazh-spetsifika-zapolneniya/ HTTP/1.0" 200 83841 "-" "Mozilla/5.0 (Linux; Android 6.0.1; Nexus 5X Build/MMB29P) AppleWebKit/537.36 (KHTML, like Gecko) Chrome/129.0.6668.89 Mobile Safari/537.36 (compatible; Googlebot/2.1; +http://www.google.com/bot.html)"
66.249.66.37 - - [08/Oct/2024:09:39:41 +0300] "GET /news/nalogi/szv-stazh-spetsifika-zapolneniya/?bxrand=1726272000000 HTTP/1.0" 200 4829 "https://gcba.ru/news/nalogi/szv-stazh-spetsifika-zapolneniya/" "Mozilla/5.0 (Linux; Android 6.0.1; Nexus 5X Build/MMB29P) AppleWebKit/537.36 (KHTML, like Gecko) Chrome/129.0.6668.70 Mobile Safari/537.36 (compatible; Googlebot/2.1; +http://www.google.com/bot.html)"
85.208.96.201 - - [08/Oct/2024:09:39:54 +0300] "GET /28d1hryptq.html HTTP/1.0" 404 48982 "-" "Mozilla/5.0 (compatible; SemrushBot/7~bl; +http://www.semrush.com/bot.html)"
185.191.171.12 - - [08/Oct/2024:09:40:14 +0300] "GET /5o1kyoksf.html HTTP/1.0" 404 45831 "-" "Mozilla/5.0 (compatible; SemrushBot/7~bl; +http://www.semrush.com/bot.html)"
185.191.171.19 - - [08/Oct/2024:09:40:46 +0300] "GET /63ma8dacte.html HTTP/1.0" 404 45862 "-" "Mozilla/5.0 (compatible; SemrushBot/7~bl; +http://www.semrush.com/bot.html)"
185.191.171.2 - - [08/Oct/2024:09:41:30 +0300] "GET /81736wbgn.html HTTP/1.0" 404 48980 "-" "Mozilla/5.0 (compatible; SemrushBot/7~bl; +http://www.semrush.com/bot.html)"
185.191.171.11 - - [08/Oct/2024:09:42:27 +0300] "GET /150oobwpug.html HTTP/1.0" 404 45833 "-" "Mozilla/5.0 (compatible; SemrushBot/7~bl; +http://www.semrush.com/bot.html)"
85.208.96.204 - - [08/Oct/2024:09:45:05 +0300] "GET /1o6anlleqt.html HTTP/1.0" 404 49011 "-" "Mozilla/5.0 (compatible; SemrushBot/7~bl; +http://www.semrush.com/bot.html)"
185.191.171.12 - - [08/Oct/2024:09:45:33 +0300] "GET /583plim378.html HTTP/1.0" 404 45862 "-" "Mozilla/5.0 (compatible; SemrushBot/7~bl; +http://www.semrush.com/bot.html)"
85.208.96.194 - - [08/Oct/2024:09:46:23 +0300] "GET /1lo2chyqdh.html HTTP/1.0" 404 45833 "-" "Mozilla/5.0 (compatible; SemrushBot/7~bl; +http://www.semrush.com/bot.html)"
85.208.96.200 - - [08/Oct/2024:09:46:38 +0300] "GET /20cdfqe1cc.html HTTP/1.0" 404 49011 "-" "Mozilla/5.0 (compatible; SemrushBot/7~bl; +http://www.semrush.com/bot.html)"
185.191.171.17 - - [08/Oct/2024:09:48:38 +0300] "GET /3ep8f9kyl7.html HTTP/1.0" 404 45833 "-" "Mozilla/5.0 (compatible; SemrushBot/7~bl; +http://www.semrush.com/bot.html)"
66.249.66.37 - - [08/Oct/2024:09:48:39 +0300] "GET /xmw23/online-jobs-work-from-home-sri-lanka-for-female.html HTTP/1.0" 200 25574 "-" "Mozilla/5.0 (Linux; Android 6.0.1; Nexus 5X Build/MMB29P) AppleWebKit/537.36 (KHTML, like Gecko) Chrome/129.0.6668.89 Mobile Safari/537.36 (compatible; Googlebot/2.1; +http://www.google.com/bot.html)"
85.208.96.202 - - [08/Oct/2024:09:49:14 +0300] "GET /6blnbehkda.html HTTP/1.0" 404 45833 "-" "Mozilla/5.0 (compatible; SemrushBot/7~bl; +http://www.semrush.com/bot.html)"
85.208.96.198 - - [08/Oct/2024:09:49:32 +0300] "GET /de8cwzbta.html HTTP/1.0" 404 45860 "-" "Mozilla/5.0 (compatible; SemrushBot/7~bl; +http://www.semrush.com/bot.html)"
85.208.96.199 - - [08/Oct/2024:09:51:26 +0300] "GET /4ddamzs0nm.html HTTP/1.0" 404 49011 "-" "Mozilla/5.0 (compatible; SemrushBot/7~bl; +http://www.semrush.com/bot.html)"
85.208.96.203 - - [08/Oct/2024:09:52:19 +0300] "GET /17lj80fcf0.html HTTP/1.0" 404 45862 "-" "Mozilla/5.0 (compatible; SemrushBot/7~bl; +http://www.semrush.com/bot.html)"
185.191.171.1 - - [08/Oct/2024:09:52:21 +0300] "GET /24pjdqriwq.html HTTP/1.0" 404 49011 "-" "Mozilla/5.0 (compatible; SemrushBot/7~bl; +http://www.semrush.com/bot.html)"
85.208.96.204 - - [08/Oct/2024:09:53:31 +0300] "GET /lniajwq12.html HTTP/1.0" 404 45860 "-" "Mozilla/5.0 (compatible; SemrushBot/7~bl; +http://www.semrush.com/bot.html)"
185.191.171.18 - - [08/Oct/2024:09:53:33 +0300] "GET /12g7c322kj.html HTTP/1.0" 404 45862 "-" "Mozilla/5.0 (compatible; SemrushBot/7~bl; +http://www.semrush.com/bot.html)"
85.208.96.201 - - [08/Oct/2024:09:53:59 +0300] "GET /3nedoo0uw1.html HTTP/1.0" 404 45862 "-" "Mozilla/5.0 (compatible; SemrushBot/7~bl; +http://www.semrush.com/bot.html)"
185.191.171.2 - - [08/Oct/2024:09:54:46 +0300] "GET /33bl2asf9e.html HTTP/1.0" 404 45862 "-" "Mozilla/5.0 (compatible; SemrushBot/7~bl; +http://www.semrush.com/bot.html)"
85.208.96.210 - - [08/Oct/2024:09:55:14 +0300] "GET /1hc58wu9qo.html HTTP/1.0" 404 45833 "-" "Mozilla/5.0 (compatible; SemrushBot/7~bl; +http://www.semrush.com/bot.html)"
185.191.171.6 - - [08/Oct/2024:09:55:40 +0300] "GET /5ihlox2k7h.html HTTP/1.0" 404 45862 "-" "Mozilla/5.0 (compatible; SemrushBot/7~bl; +http://www.semrush.com/bot.html)"
85.208.96.208 - - [08/Oct/2024:09:58:42 +0300] "GET /3fnk2obixr.html HTTP/1.0" 404 48982 "-" "Mozilla/5.0 (compatible; SemrushBot/7~bl; +http://www.semrush.com/bot.html)"
185.191.171.7 - - [08/Oct/2024:09:58:47 +0300] "GET /19nlapnrw0.html HTTP/1.0" 404 48982 "-" "Mozilla/5.0 (compatible; SemrushBot/7~bl; +http://www.semrush.com/bot.html)"
185.191.171.14 - - [08/Oct/2024:09:59:41 +0300] "GET /317dnkd3an.html HTTP/1.0" 404 45862 "-" "Mozilla/5.0 (compatible; SemrushBot/7~bl; +http://www.semrush.com/bot.html)"
185.191.171.3 - - [08/Oct/2024:10:00:00 +0300] "GET /5j1975ne0d.html HTTP/1.0" 404 45862 "-" "Mozilla/5.0 (compatible; SemrushBot/7~bl; +http://www.semrush.com/bot.html)"
85.208.96.206 - - [08/Oct/2024:10:00:18 +0300] "GET /370obclwgj.html HTTP/1.0" 404 45862 "-" "Mozilla/5.0 (compatible; SemrushBot/7~bl; +http://www.semrush.com/bot.html)"
185.191.171.19 - - [08/Oct/2024:10:02:20 +0300] "GET /23ccl4c0n8.html HTTP/1.0" 404 45833 "-" "Mozilla/5.0 (compatible; SemrushBot/7~bl; +http://www.semrush.com/bot.html)"
85.208.96.207 - - [08/Oct/2024:10:02:42 +0300] "GET /29c80vsunm.html HTTP/1.0" 404 45862 "-" "Mozilla/5.0 (compatible; SemrushBot/7~bl; +http://www.semrush.com/bot.html)"
185.191.171.13 - - [08/Oct/2024:10:03:38 +0300] "GET /122kevumn8.html HTTP/1.0" 404 45862 "-" "Mozilla/5.0 (compatible; SemrushBot/7~bl; +http://www.semrush.com/bot.html)"
66.249.66.37 - - [08/Oct/2024:10:03:40 +0300] "GET /xmw23/brunswick-county-crime.html HTTP/1.0" 200 36177 "-" "Mozilla/5.0 (Linux; Android 6.0.1; Nexus 5X Build/MMB29P) AppleWebKit/537.36 (KHTML, like Gecko) Chrome/129.0.6668.89 Mobile Safari/537.36 (compatible; Googlebot/2.1; +http://www.google.com/bot.html)"
85.208.96.204 - - [08/Oct/2024:10:04:18 +0300] "GET /3lembfvprq.html HTTP/1.0" 404 49011 "-" "Mozilla/5.0 (compatible; SemrushBot/7~bl; +http://www.semrush.com/bot.html)"
185.191.171.6 - - [08/Oct/2024:10:04:20 +0300] "GET /n21mhuqhb.html HTTP/1.0" 404 45831 "-" "Mozilla/5.0 (compatible; SemrushBot/7~bl; +http://www.semrush.com/bot.html)"
185.191.171.7 - - [08/Oct/2024:10:04:22 +0300] "GET /g1n2xcmfa.html HTTP/1.0" 404 49009 "-" "Mozilla/5.0 (compatible; SemrushBot/7~bl; +http://www.semrush.com/bot.html)"
185.191.171.4 - - [08/Oct/2024:10:04:24 +0300] "GET /ebbfzrkxi.html HTTP/1.0" 404 45860 "-" "Mozilla/5.0 (compatible; SemrushBot/7~bl; +http://www.semrush.com/bot.html)"
185.191.171.18 - - [08/Oct/2024:10:06:20 +0300] "GET /8j50zndeg.html HTTP/1.0" 404 45860 "-" "Mozilla/5.0 (compatible; SemrushBot/7~bl; +http://www.semrush.com/bot.html)"
185.191.171.13 - - [08/Oct/2024:10:08:00 +0300] "GET /m821nuyfw.html HTTP/1.0" 404 45860 "-" "Mozilla/5.0 (compatible; SemrushBot/7~bl; +http://www.semrush.com/bot.html)"
85.208.96.202 - - [08/Oct/2024:10:08:14 +0300] "GET /3gn55png1n.html HTTP/1.0" 404 45862 "-" "Mozilla/5.0 (compatible; SemrushBot/7~bl; +http://www.semrush.com/bot.html)"
185.191.171.13 - - [08/Oct/2024:10:08:42 +0300] "GET /70g2gndpt.html HTTP/1.0" 404 45831 "-" "Mozilla/5.0 (compatible; SemrushBot/7~bl; +http://www.semrush.com/bot.html)"
5.182.86.168 - - [08/Oct/2024:10:11:23 +0300] "GET /bitrix/admin/index.php?login=yes HTTP/1.0" 200 25535 "-" "Mozilla/5.0 (Macintosh; Intel Mac OS X 10.9; rv:51.0) Gecko/20100101 Firefox/51.0"
5.182.86.168 - - [08/Oct/2024:10:11:24 +0300] "POST /bitrix/admin/index.php?login=yes HTTP/1.0" 200 961 "https://gcba.ru/bitrix/admin/index.php?login=yes" "Mozilla/5.0 (Macintosh; Intel Mac OS X 10.9; rv:51.0) Gecko/20100101 Firefox/51.0"
47.128.26.66 - - [08/Oct/2024:10:12:47 +0300] "GET /yqmsquctw/job-vacancies-2024.html HTTP/1.0" 500 341 "-" "Mozilla/5.0 (Linux; Android 5.0) AppleWebKit/537.36 (KHTML, like Gecko) Mobile Safari/537.36 (compatible; Bytespider; spider-feedback@bytedance.com)"
185.191.171.14 - - [08/Oct/2024:10:12:50 +0300] "GET /5lmkietovi.html HTTP/1.0" 404 45862 "-" "Mozilla/5.0 (compatible; SemrushBot/7~bl; +http://www.semrush.com/bot.html)"
66.249.66.36 - - [08/Oct/2024:10:13:22 +0300] "GET /xmw23/cronus-zen-apex-legends-game-pack-ps4.html HTTP/1.0" 200 32406 "-" "Mozilla/5.0 (compatible; Googlebot/2.1; +http://www.google.com/bot.html)"
85.208.96.197 - - [08/Oct/2024:10:14:03 +0300] "GET /2fak7afaz2.html HTTP/1.0" 404 45862 "-" "Mozilla/5.0 (compatible; SemrushBot/7~bl; +http://www.semrush.com/bot.html)"
185.191.171.14 - - [08/Oct/2024:10:14:56 +0300] "GET /416deb1cze.html HTTP/1.0" 404 45862 "-" "Mozilla/5.0 (compatible; SemrushBot/7~bl; +http://www.semrush.com/bot.html)"
66.249.66.37 - - [08/Oct/2024:10:15:32 +0300] "GET /xmw23/rowing.html HTTP/1.0" 200 37456 "-" "Mozilla/5.0 (Linux; Android 6.0.1; Nexus 5X Build/MMB29P) AppleWebKit/537.36 (KHTML, like Gecko) Chrome/129.0.6668.89 Mobile Safari/537.36 (compatible; Googlebot/2.1; +http://www.google.com/bot.html)"
85.208.96.202 - - [08/Oct/2024:10:17:03 +0300] "GET /189ljgufvf.html HTTP/1.0" 404 45862 "-" "Mozilla/5.0 (compatible; SemrushBot/7~bl; +http://www.semrush.com/bot.html)"
85.208.96.204 - - [08/Oct/2024:10:17:24 +0300] "GET /34fadvw9uz.html HTTP/1.0" 404 49011 "-" "Mozilla/5.0 (compatible; SemrushBot/7~bl; +http://www.semrush.com/bot.html)"
185.191.171.1 - - [08/Oct/2024:10:17:34 +0300] "GET /4die0nbxb8.html HTTP/1.0" 404 45833 "-" "Mozilla/5.0 (compatible; SemrushBot/7~bl; +http://www.semrush.com/bot.html)"
85.208.96.212 - - [08/Oct/2024:10:17:41 +0300] "GET /2ei2axa3im.html HTTP/1.0" 404 45862 "-" "Mozilla/5.0 (compatible; SemrushBot/7~bl; +http://www.semrush.com/bot.html)"
85.208.96.206 - - [08/Oct/2024:10:18:22 +0300] "GET /6ebedsqs3c.html HTTP/1.0" 404 45862 "-" "Mozilla/5.0 (compatible; SemrushBot/7~bl; +http://www.semrush.com/bot.html)"
185.191.171.10 - - [08/Oct/2024:10:21:06 +0300] "GET /hfbb63fia.html HTTP/1.0" 404 45860 "-" "Mozilla/5.0 (compatible; SemrushBot/7~bl; +http://www.semrush.com/bot.html)"
185.191.171.15 - - [08/Oct/2024:10:21:25 +0300] "GET /27piludger.html HTTP/1.0" 404 45862 "-" "Mozilla/5.0 (compatible; SemrushBot/7~bl; +http://www.semrush.com/bot.html)"
85.208.96.193 - - [08/Oct/2024:10:21:47 +0300] "GET /330n2ts31q.html HTTP/1.0" 404 48982 "-" "Mozilla/5.0 (compatible; SemrushBot/7~bl; +http://www.semrush.com/bot.html)"
85.208.96.210 - - [08/Oct/2024:10:22:33 +0300] "GET /1nij6vutkg.html HTTP/1.0" 404 49011 "-" "Mozilla/5.0 (compatible; SemrushBot/7~bl; +http://www.semrush.com/bot.html)"
85.208.96.195 - - [08/Oct/2024:10:24:18 +0300] "GET /6dlagxclde.html HTTP/1.0" 404 45833 "-" "Mozilla/5.0 (compatible; SemrushBot/7~bl; +http://www.semrush.com/bot.html)"
85.208.96.202 - - [08/Oct/2024:10:24:20 +0300] "GET /6b4ibloywc.html HTTP/1.0" 404 45862 "-" "Mozilla/5.0 (compatible; SemrushBot/7~bl; +http://www.semrush.com/bot.html)"
185.191.171.5 - - [08/Oct/2024:10:25:11 +0300] "GET /jl5na7e2.html HTTP/1.0" 404 45858 "-" "Mozilla/5.0 (compatible; SemrushBot/7~bl; +http://www.semrush.com/bot.html)"
85.208.96.212 - - [08/Oct/2024:10:25:48 +0300] "GET /323999tzxx.html HTTP/1.0" 404 45862 "-" "Mozilla/5.0 (compatible; SemrushBot/7~bl; +http://www.semrush.com/bot.html)"
85.208.96.207 - - [08/Oct/2024:10:26:14 +0300] "GET /590fdfhtqv.html HTTP/1.0" 404 45862 "-" "Mozilla/5.0 (compatible; SemrushBot/7~bl; +http://www.semrush.com/bot.html)"
66.249.66.36 - - [08/Oct/2024:10:27:32 +0300] "GET /xmw23/healthcare-jobs-with-visa-sponsorship-uk-salary.html HTTP/1.0" 200 17649 "-" "Mozilla/5.0 (Linux; Android 6.0.1; Nexus 5X Build/MMB29P) AppleWebKit/537.36 (KHTML, like Gecko) Chrome/129.0.6668.89 Mobile Safari/537.36 (compatible; Googlebot/2.1; +http://www.google.com/bot.html)"
157.173.122.176 - - [08/Oct/2024:10:27:44 +0300] "GET / HTTP/1.0" 200 3471 "-" "Mozilla/5.0 (Windows NT 10.0; Win64; x64) AppleWebKit/537.36 (KHTML, like Gecko) Chrome/91.0.4472.114 Safari/537.36 Edg/91.0.864.54"
85.208.96.193 - - [08/Oct/2024:10:28:00 +0300] "GET /35gc7exmnj.html HTTP/1.0" 404 45833 "-" "Mozilla/5.0 (compatible; SemrushBot/7~bl; +http://www.semrush.com/bot.html)"
85.208.96.200 - - [08/Oct/2024:10:28:29 +0300] "GET /jmebiucf.html HTTP/1.0" 404 45858 "-" "Mozilla/5.0 (compatible; SemrushBot/7~bl; +http://www.semrush.com/bot.html)"
85.208.96.208 - - [08/Oct/2024:10:29:42 +0300] "GET /kpbalyelz.html HTTP/1.0" 404 45860 "-" "Mozilla/5.0 (compatible; SemrushBot/7~bl; +http://www.semrush.com/bot.html)"
85.208.96.206 - - [08/Oct/2024:10:30:30 +0300] "GET /228j4ovizm.html HTTP/1.0" 404 45862 "-" "Mozilla/5.0 (compatible; SemrushBot/7~bl; +http://www.semrush.com/bot.html)"
66.249.66.37 - - [08/Oct/2024:10:31:33 +0300] "GET /xmw23/international-ngo-jobs.html HTTP/1.0" 200 18984 "-" "Mozilla/5.0 (Linux; Android 6.0.1; Nexus 5X Build/MMB29P) AppleWebKit/537.36 (KHTML, like Gecko) Chrome/129.0.6668.89 Mobile Safari/537.36 (compatible; Googlebot/2.1; +http://www.google.com/bot.html)"
85.208.96.210 - - [08/Oct/2024:10:31:58 +0300] "GET /2666.249.66.37 - - [08/Oct/2024:11:01:36 +0300] "GET /xmw23/packing-job-contact-number-near-korangi,-karachi.html HTTP/1.0" 404 46066 "-" "Mozilla/5.0 (Linux; Android 6.0.1; Nexus 5X Build/MMB29P) AppleWebKit/537.36 (KHTML, like Gecko) Chrome/129.0.6668.89 Mobile Safari/537.36 (compatible; Googlebot/2.1; +http://www.google.com/bot.html)"
66.249.66.36 - - [08/Oct/2024:11:01:37 +0300] "GET /xmw23/companies-that-sponsor-work-visa-from-india.html HTTP/1.0" 200 37361 "-" "Mozilla/5.0 (Linux; Android 6.0.1; Nexus 5X Build/MMB29P) AppleWebKit/537.36 (KHTML, like Gecko) Chrome/129.0.6668.89 Mobile Safari/537.36 (compatible; Googlebot/2.1; +http://www.google.com/bot.html)"
85.208.96.197 - - [08/Oct/2024:11:02:35 +0300] "GET /12j97yrvlw.html HTTP/1.0" 404 45862 "-" "Mozilla/5.0 (compatible; SemrushBot/7~bl; +http://www.semrush.com/bot.html)"
185.191.171.1 - - [08/Oct/2024:11:02:46 +0300] "GET /5o6ka4jtik.html HTTP/1.0" 404 45862 "-" "Mozilla/5.0 (compatible; SemrushBot/7~bl; +http://www.semrush.com/bot.html)"
185.191.171.18 - - [08/Oct/2024:11:03:33 +0300] "GET /6fc5dtvhu.html HTTP/1.0" 404 45831 "-" "Mozilla/5.0 (compatible; SemrushBot/7~bl; +http://www.semrush.com/bot.html)"
193.203.11.252 - - [08/Oct/2024:11:06:56 +0300] "GET /eff48aefbe.php HTTP/1.0" 200 56097 "-" "-"
185.191.171.10 - - [08/Oct/2024:11:07:23 +0300] "GET /2a29ccfrp3.html HTTP/1.0" 404 49011 "-" "Mozilla/5.0 (compatible; SemrushBot/7~bl; +http://www.semrush.com/bot.html)"
85.208.96.200 - - [08/Oct/2024:11:07:39 +0300] "GET /4d5idlgbti.html HTTP/1.0" 404 45862 "-" "Mozilla/5.0 (compatible; SemrushBot/7~bl; +http://www.semrush.com/bot.html)"
85.208.96.199 - - [08/Oct/2024:11:07:54 +0300] "GET /2cf65f40df.html HTTP/1.0" 404 45862 "-" "Mozilla/5.0 (compatible; SemrushBot/7~bl; +http://www.semrush.com/bot.html)"
85.208.96.205 - - [08/Oct/2024:11:08:22 +0300] "GET /18e05imvd2.html HTTP/1.0" 404 45862 "-" "Mozilla/5.0 (compatible; SemrushBot/7~bl; +http://www.semrush.com/bot.html)"
85.208.96.202 - - [08/Oct/2024:11:09:50 +0300] "GET /1poogvnac0.html HTTP/1.0" 404 45833 "-" "Mozilla/5.0 (compatible; SemrushBot/7~bl; +http://www.semrush.com/bot.html)"
185.191.171.1 - - [08/Oct/2024:11:11:26 +0300] "GET /18jmiukleg.html HTTP/1.0" 404 45862 "-" "Mozilla/5.0 (compatible; SemrushBot/7~bl; +http://www.semrush.com/bot.html)"
185.191.171.14 - - [08/Oct/2024:11:11:32 +0300] "GET /2l2i20hedz.html HTTP/1.0" 404 45862 "-" "Mozilla/5.0 (compatible; SemrushBot/7~bl; +http://www.semrush.com/bot.html)"
66.249.66.36 - - [08/Oct/2024:11:11:34 +0300] "GET /xmw23/renew-dog-license-london-ontario.html HTTP/1.0" 200 22888 "-" "Mozilla/5.0 (Linux; Android 6.0.1; Nexus 5X Build/MMB29P) AppleWebKit/537.36 (KHTML, like Gecko) Chrome/129.0.6668.89 Mobile Safari/537.36 (compatible; Googlebot/2.1; +http://www.google.com/bot.html)"
66.249.66.37 - - [08/Oct/2024:11:11:35 +0300] "GET /xmw23/grafana-plugins.html HTTP/1.0" 200 31478 "-" "Mozilla/5.0 (Linux; Android 6.0.1; Nexus 5X Build/MMB29P) AppleWebKit/537.36 (KHTML, like Gecko) Chrome/129.0.6668.89 Mobile Safari/537.36 (compatible; Googlebot/2.1; +http://www.google.com/bot.html)"
85.208.96.202 - - [08/Oct/2024:11:11:39 +0300] "GET /3mgaa4tali.html HTTP/1.0" 404 45833 "-" "Mozilla/5.0 (compatible; SemrushBot/7~bl; +http://www.semrush.com/bot.html)"
185.191.171.14 - - [08/Oct/2024:11:12:27 +0300] "GET /f1gla2jnd.html HTTP/1.0" 404 49009 "-" "Mozilla/5.0 (compatible; SemrushBot/7~bl; +http://www.semrush.com/bot.html)"
54.36.148.58 - - [08/Oct/2024:11:14:22 +0300] "GET /news/metodologiya/novyy-kbk/ HTTP/1.0" 200 29467 "-" "Mozilla/5.0 (compatible; AhrefsBot/7.0; +http://ahrefs.com/robot/)"
85.208.96.201 - - [08/Oct/2024:11:14:42 +0300] "GET /15l177hx9b.html HTTP/1.0" 404 45862 "-" "Mozilla/5.0 (compatible; SemrushBot/7~bl; +http://www.semrush.com/bot.html)"
185.191.171.14 - - [08/Oct/2024:11:15:39 +0300] "GET /3d5lp0mxwv.html HTTP/1.0" 404 45862 "-" "Mozilla/5.0 (compatible; SemrushBot/7~bl; +http://www.semrush.com/bot.html)"
185.191.171.18 - - [08/Oct/2024:11:15:41 +0300] "GET /2k7mbtopuk.html HTTP/1.0" 404 45862 "-" "Mozilla/5.0 (compatible; SemrushBot66.249.66.35 - - [12/Nov/2024:06:51:23 +0300] "GET /xmw23/filter-rows-power-automate.html HTTP/1.0" 500 3490 "-" "Mozilla/5.0 (Linux; Android 6.0.1; Nexus 5X Build/MMB29P) AppleWebKit/537.36 (KHTML, like Gecko) Chrome/130.0.6723.116 Mobile Safari/537.36 (compatible; Googlebot/2.1; +http://www.google.com/bot.html)"
66.249.66.35 - - [12/Nov/2024:06:51:24 +0300] "GET /xmw23/handbook-of-forensic-pathology-pdf.html HTTP/1.0" 200 43289 "-" "Mozilla/5.0 (Linux; Android 6.0.1; Nexus 5X Build/MMB29P) AppleWebKit/537.36 (KHTML, like Gecko) Chrome/130.0.6723.116 Mobile Safari/537.36 (compatible; Googlebot/2.1; +http://www.google.com/bot.html)"
66.249.66.36 - - [12/Nov/2024:06:52:14 +0300] "GET /xmw23/visio-shapes.html HTTP/1.0" 200 24624 "-" "Mozilla/5.0 (Linux; Android 6.0.1; Nexus 5X Build/MMB29P) AppleWebKit/537.36 (KHTML, like Gecko) Chrome/130.0.6723.116 Mobile Safari/537.36 (compatible; Googlebot/2.1; +http://www.google.com/bot.html)"
66.249.66.35 - - [12/Nov/2024:06:54:14 +0300] "GET /yqmsquctw/bmw-e18f-code.html HTTP/1.0" 500 341 "-" "Mozilla/5.0 (Linux; Android 6.0.1; Nexus 5X Build/MMB29P) AppleWebKit/537.36 (KHTML, like Gecko) Chrome/130.0.6723.116 Mobile Safari/537.36 (compatible; Googlebot/2.1; +http://www.google.com/bot.html)"
66.249.66.37 - - [12/Nov/2024:06:55:20 +0300] "GET /xmw23/visa-482-sponsorship-jobs.html HTTP/1.0" 500 341 "-" "Mozilla/5.0 (Linux; Android 6.0.1; Nexus 5X Build/MMB29P) AppleWebKit/537.36 (KHTML, like Gecko) Chrome/130.0.6723.116 Mobile Safari/537.36 (compatible; Googlebot/2.1; +http://www.google.com/bot.html)"
66.249.66.35 - - [12/Nov/2024:06:56:09 +0300] "GET /yqmsquctw/urgent-job-vacancies-in-matara-new-for-female.html HTTP/1.0" 500 341 "-" "Mozilla/5.0 (Linux; Android 6.0.1; Nexus 5X Build/MMB29P) AppleWebKit/537.36 (KHTML, like Gecko) Chrome/130.0.6723.116 Mobile Safari/537.36 (compatible; Googlebot/2.1; +http://www.google.com/bot.html)"
66.249.66.36 - - [12/Nov/2024:06:58:00 +0300] "GET /xmw23/vlezni-vrati-za-kuka.html HTTP/1.0" 500 3490 "-" "Mozilla/5.0 (Linux; Android 6.0.1; Nexus 5X Build/MMB29P) AppleWebKit/537.36 (KHTML, like Gecko) Chrome/130.0.6723.116 Mobile Safari/537.36 (compatible; Googlebot/2.1; +http://www.google.com/bot.html)"
66.249.66.35 - - [12/Nov/2024:06:58:57 +0300] "GET /xmw23/google-apprenticeship-reddit.html HTTP/1.0" 500 341 "-" "Mozilla/5.0 (Linux; Android 6.0.1; Nexus 5X Build/MMB29P) AppleWebKit/537.36 (KHTML, like Gecko) Chrome/130.0.6723.116 Mobile Safari/537.36 (compatible; Googlebot/2.1; +http://www.google.com/bot.html)"
20.27.24.39 - - [12/Nov/2024:06:59:57 +0300] "HEAD /wordpress HTTP/1.0" 404 137 "http://gcba.ru/wordpress" "Mozilla/5.0 (Windows NT 10.0; Win64; x64) AppleWebKit/537.36 (KHTML, like Gecko) Chrome/74.0.3729.169 Safari/537.36"
20.27.24.39 - - [12/Nov/2024:06:59:58 +0300] "HEAD / HTTP/1.0" 200 137 "http://gcba.ru/" "Mozilla/5.0 (Windows NT 10.0; Win64; x64) AppleWebKit/537.36 (KHTML, like Gecko) Chrome/74.0.3729.169 Safari/537.36"
20.27.24.39 - - [12/Nov/2024:06:59:59 +0300] "HEAD /wp HTTP/1.0" 404 137 "http://gcba.ru/wp" "Mozilla/5.0 (Windows NT 10.0; Win64; x64) AppleWebKit/537.36 (KHTML, like Gecko) Chrome/74.0.3729.169 Safari/537.36"
20.27.24.39 - - [12/Nov/2024:06:59:59 +0300] "HEAD /bc HTTP/1.0" 404 137 "http://gcba.ru/bc" "Mozilla/5.0 (Windows NT 10.0; Win64; x64) AppleWebKit/537.36 (KHTML, like Gecko) Chrome/74.0.3729.169 Safari/537.36"
20.27.24.39 - - [12/Nov/2024:07:00:00 +0300] "HEAD /bk HTTP/1.0" 404 137 "http://gcba.ru/bk" "Mozilla/5.0 (Windows NT 10.0; Win64; x64) AppleWebKit/537.36 (KHTML, like Gecko) Chrome/74.0.3729.169 Safari/537.36"
20.27.24.39 - - [12/Nov/2024:07:00:00 +0300] "HEAD /backup HTTP/1.0" 404 137 "http://gcba.ru/backup" "Mozilla/5.0 (Windows NT 10.0; Win64; x64) AppleWebKit/537.36 (KHTML, like Gecko) Chrome/74.0.3729.169 Safari/537.36"
20.27.24.39 - - [12/Nov/2024:07:00:01 +0300] "HEAD /old HTTP/1.0" 404 137 "http://gcba.ru/old" "Mozilla/5.0 (Windows NT 10.0; Win64; x64) AppleWebKit/537.36 (KHTML, like Gecko) Chrome/74.0.3729.169 Safari/537.36"
20.27.24.39 - - [12/Nov/2024:07:00:02 +0300] "HEAD /new HTTP/1.0" 404 137 "http://gcba.ru/new" "Mozilla/5.0 (Windows NT 10.0; Win64; x64) AppleWebKit/537.36 (KHTML, like Gecko) Chrome/74.0.3729.169 Safari/537.36"
20.27.24.39 - - [12/Nov/2024:07:00:02 +0300] "HEAD /main HTTP/1.0" 404 137 "http://gcba.ru/main" "Mozilla/5.0 (Windows NT 10.0; Win64; x64) AppleWebKit/537.36 (KHTML, like Gecko) Chrome/74.0.3729.169 Safari/537.36"
20.27.24.39 - - [12/Nov/2024:07:00:03 +0300] "HEAD /home HTTP/1.0" 404 137 "http://gcba.ru/home" "Mozilla/5.0 (Windows NT 10.0; Win64; x64) AppleWebKit/537.36 (KHTML, like Gecko) Chrome/74.0.3729.169 Safari/537.36"
66.249.66.36 - - [12/Nov/2024:07:02:11 +0300] "GET /xmw23/acca-epsm-unit-8-accountancy-department-quiz-answers-quizlet.html HTTP/1.0" 500 3490 "-" "Mozilla/5.0 (Linux; Android 6.0.1; Nexus 5X Build/MMB29P) AppleWebKit/537.36 (KHTML, like Gecko) Chrome/130.0.6723.116 Mobile Safari/537.36 (compatible; Googlebot/2.1; +http://www.google.com/bot.html)"
66.249.66.35 - - [12/Nov/2024:07:04:08 +0300] "GET /xmw23/clarke-energy-locations.html HTTP/1.0" 500 3490 "-" "Mozilla/5.0 (Linux; Android 6.0.1; Nexus 5X Build/MMB29P) AppleWebKit/537.36 (KHTML, like Gecko) Chrome/130.0.6723.116 Mobile Safari/537.36 (compatible; Googlebot/2.1; +http://www.google.com/bot.html)"
209.38.208.202 - - [12/Nov/2024:07:05:21 +0300] "GET / HTTP/1.0" 200 322 "-" "-"
209.38.208.202 - - [12/Nov/2024:07:05:22 +0300] "GET / HTTP/1.0" 200 322 "-" "Mozilla/5.0 (Linux; Android 6.0; HTC One M9 Build/MRA815642) AppleWebKit/537.36 (KHTML, like Gecko) Chrome/52.0.1509.98 Mobile Safari/537.3"
209.38.208.202 - - [12/Nov/2024:07:05:22 +0300] "POST /php-cgi/php-cgi.exe?%ADd+cgi.force_redirect%3D0+%ADd+disable_functions%3D\"\"+%ADd+allow_url_include%3D1+%ADd+auto_prepend_file%3Dphp://input HTTP/1.0" 404 45719 "-" "Go-http-client/1.1"
209.38.208.202 - - [12/Nov/2024:07:05:22 +0300] "GET /server HTTP/1.0" 404 45815 "-" "Go-http-client/1.1"
209.38.208.202 - - [12/Nov/2024:07:05:22 +0300] "GET /.vscode/sftp.json HTTP/1.0" 404 45866 "-" "Go-http-client/1.1"
209.38.208.202 - - [12/Nov/2024:07:05:23 +0300] "GET /about HTTP/1.0" 301 631 "-" "Go-http-client/1.1"
209.38.208.202 - - [12/Nov/2024:07:05:23 +0300] "GET /debug/default/view?panel=config HTTP/1.0" 404 45865 "-" "Go-http-client/1.1"
195.211.77.140 - - [12/Nov/2024:07:05:23 +0300] "HEAD / HTTP/1.0" 200 137 "-" "Mozilla/5.0 (Windows NT 10.0; Win64; x64) AppleWebKit/537.36 (KHTML, like Gecko) Chrome/108.0.0.0 Safari/537.36"
209.38.208.202 - - [12/Nov/2024:07:05:23 +0300] "GET /v2/_catalog HTTP/1.0" 404 45825 "-" "Go-http-client/1.1"
209.38.208.202 - - [12/Nov/2024:07:05:23 +0300] "GET /ecp/Current/exporttool/microsoft.exchange.ediscovery.exporttool.application HTTP/1.0" 404 45953 "-" "Go-http-client/1.1"
209.38.208.202 - - [12/Nov/2024:07:05:23 +0300] "GET /server-status HTTP/1.0" 404 45829 "-" "Go-http-client/1.1"
209.38.208.202 - - [12/Nov/2024:07:05:23 +0300] "GET /login.action HTTP/1.0" 404 45827 "-" "Go-http-client/1.1"
209.38.208.202 - - [12/Nov/2024:07:05:24 +0300] "GET /_all_dbs HTTP/1.0" 404 45848 "-" "Mozilla/5.0 (l9scan/2.0.034323e2133323e2335323e29383; +https://leakix.net)"
209.38.208.202 - - [12/Nov/2024:07:05:24 +0300] "GET /.DS_Store HTTP/1.0" 404 45850 "-" "Go-http-client/1.1"
