66.249.66.37 - - [07/Oct/2024:02:21:25 +0300] "GET /yqmsquctw/java-e-pare-e-shtatzanise-dhimbje-barku.html HTTP/1.0" 500 341 "-" "Mozilla/5.0 (Linux; Android 6.0.1; Nexus 5X Build/MMB29P) AppleWebKit/537.36 (KHTML, like Gecko) Chrome/129.0.6668.89 Mobile Safari/537.36 (compatible; GoogleOther)"
66.249.66.37 - - [07/Oct/2024:02:22:05 +0300] "GET /yqmsquctw/a-series-of-breakthroughs-on-consciousness.html HTTP/1.0" 500 341 "-" "Mozilla/5.0 (Linux; Android 6.0.1; Nexus 5X Build/MMB29P) AppleWebKit/537.36 (KHTML, like Gecko) Chrome/129.0.6668.89 Mobile Safari/537.36 (compatible; GoogleOther)"
85.208.96.198 - - [07/Oct/2024:02:22:07 +0300] "GET /58458hunsd.html HTTP/1.0" 404 34653 "-" "Mozilla/5.0 (compatible; SemrushBot/7~bl; +http://www.semrush.com/bot.html)"
185.191.171.17 - - [07/Oct/2024:02:22:11 +0300] "GET /20j4gjgmoy.html HTTP/1.0" 404 34653 "-" "Mozilla/5.0 (compatible; SemrushBot/7~bl; +http://www.semrush.com/bot.html)"
85.208.96.205 - - [07/Oct/2024:02:22:13 +0300] "GET /26lemeemmq.html HTTP/1.0" 404 34653 "-" "Mozilla/5.0 (compatible; SemrushBot/7~bl; +http://www.semrush.com/bot.html)"
66.249.66.36 - - [07/Oct/2024:02:22:15 +0300] "GET /yqmsquctw/walther-p22-review.html HTTP/1.0" 500 341 "-" "Mozilla/5.0 (Linux; Android 6.0.1; Nexus 5X Build/MMB29P) AppleWebKit/537.36 (KHTML, like Gecko) Chrome/129.0.6668.89 Mobile Safari/537.36 (compatible; Googlebot/2.1; +http://www.google.com/bot.html)"
185.191.171.4 - - [07/Oct/2024:02:22:37 +0300] "GET /3ifd9vuzgn.html HTTP/1.0" 404 34653 "-" "Mozilla/5.0 (compatible; SemrushBot/7~bl; +http://www.semrush.com/bot.html)"
66.249.66.35 - - [07/Oct/2024:02:22:40 +0300] "GET /yqmsquctw/john-davis-obituary-2023.html HTTP/1.0" 500 341 "-" "Mozilla/5.0 (Linux; Android 6.0.1; Nexus 5X Build/MMB29P) AppleWebKit/537.36 (KHTML, like Gecko) Chrome/129.0.6668.89 Mobile Safari/537.36 (compatible; GoogleOther)"
85.208.96.204 - - [07/Oct/2024:02:22:41 +0300] "GET /2d1k6gmhq7.html HTTP/1.0" 404 34653 "-" "Mozilla/5.0 (compatible; SemrushBot/7~bl; +http://www.semrush.com/bot.html)"
66.249.66.35 - - [07/Oct/2024:02:23:09 +0300] "GET /yqmsquctw/your-feedback-about-profile-facebook.html HTTP/1.0" 500 341 "-" "Mozilla/5.0 (Linux; Android 6.0.1; Nexus 5X Build/MMB29P) AppleWebKit/537.36 (KHTML, like Gecko) Chrome/129.0.6668.89 Mobile Safari/537.36 (compatible; GoogleOther)"
66.249.66.36 - - [07/Oct/2024:02:23:16 +0300] "GET /yqmsquctw/koliko-je-normalno-da-kasni-menstruacija.html HTTP/1.0" 500 3490 "-" "Mozilla/5.0 (Linux; Android 6.0.1; Nexus 5X Build/MMB29P) AppleWebKit/537.36 (KHTML, like Gecko) Chrome/129.0.6668.89 Mobile Safari/537.36 (compatible; Googlebot/2.1; +http://www.google.com/bot.html)"
85.208.96.212 - - [07/Oct/2024:02:23:34 +0300] "GET /2bgocatzdb.html HTTP/1.0" 404 34653 "-" "Mozilla/5.0 (compatible; SemrushBot/7~bl; +http://www.semrush.com/bot.html)"
66.249.66.37 - - [07/Oct/2024:02:24:16 +0300] "GET /yqmsquctw/arriva-complaints-email.html HTTP/1.0" 500 341 "-" "Mozilla/5.0 (Linux; Android 6.0.1; Nexus 5X Build/MMB29P) AppleWebKit/537.36 (KHTML, like Gecko) Chrome/129.0.6668.89 Mobile Safari/537.36 (compatible; GoogleOther)"
85.208.96.210 - - [07/Oct/2024:02:24:17 +0300] "GET /617b62fy4u.html HTTP/1.0" 404 34653 "-" "Mozilla/5.0 (compatible; SemrushBot/7~bl; +http://www.semrush.com/bot.html)"
185.191.171.4 - - [07/Oct/2024:02:24:20 +0300] "GET /2ppb6sbimr.html HTTP/1.0" 404 34653 "-" "Mozilla/5.0 (compatible; SemrushBot/7~bl; +http://www.semrush.com/bot.html)"
85.208.96.207 - - [07/Oct/2024:02:24:39 +0300] "GET /fe6hqli3b.html HTTP/1.0" 404 34651 "-" "Mozilla/5.0 (compatible; SemrushBot/7~bl; +http://www.semrush.com/bot.html)"
66.249.66.35 - - [07/Oct/2024:02:24:39 +0300] "GET /yqmsquctw/robodk-offline-programming-free.html HTTP/1.0" 500 341 "-" "Mozilla/5.0 (Linux; Android 6.0.1; Nexus 5X Build/MMB29P) AppleWebKit/537.36 (KHTML, like Gecko) Chrome/129.0.6668.89 Mobile Safari/537.36 (compatible; GoogleOther)"
85.208.96.207 - - [07/Oct/2024:02:25:20 +0300] "GET /6e18bvg6fr.html HTTP/1.0" 404 37802 "-" "Mozilla/5.0 (compatible; SemrushBot/7~bl; +http://www.semrush.com/bot.html)"
66.249.66.35 - - [07/Oct/2024:02:25:52 +0300] "GET /yqmsquctw/your-feedback-about-profile-connection-facebook-messenger.html HTTP/1.0" 500 341 "-" "Mozilla/5.0 (Linux; Android 6.0.1; Nexus 5X Build/MMB29P) AppleWebKit/537.36 (KHTML, like Gecko) Chrome/129.0.6668.89 Mobile Safari/537.36 (compatible; GoogleOther)"
85.208.96.202 - - [07/Oct/2024:02:25:54 +0300] "GET /3m9a8cha0s.html HTTP/1.0" 404 34653 "-" "Mozilla/5.0 (compatible; SemrushBot/7~bl; +http://www.semrush.com/bot.html)"
185.191.171.6 - - [07/Oct/2024:02:26:00 +0300] "GET /1717mhfdpu.html HTTP/1.0" 404 34653 "-" "Mozilla/5.0 (compatible; SemrushBot/7~bl; +http://www.semrush.com/bot.html)"
85.208.96.198 - - [07/Oct/2024:02:26:41 +0300] "GET /1i9flkmlmu.html HTTP/1.0" 404 34653 "-" "Mozilla/5.0 (compatible; SemrushBot/7~bl; +http://www.semrush.com/bot.html)"
85.208.96.196 - - [07/Oct/2024:02:26:43 +0300] "GET /2a95exxjgo.html HTTP/1.0" 404 34653 "-" "Mozilla/5.0 (compatible; SemrushBot/7~bl; +http://www.semrush.com/bot.html)"
85.208.96.203 - - [07/Oct/2024:02:26:55 +0300] "GET /4bnbayuisc.html HTTP/1.0" 404 34653 "-" "Mozilla/5.0 (compatible; SemrushBot/7~bl; +http://www.semrush.com/bot.html)"
85.208.96.196 - - [07/Oct/2024:02:27:00 +0300] "GET /g7l1mvrwd.html HTTP/1.0" 404 34651 "-" "Mozilla/5.0 (compatible; SemrushBot/7~bl; +http://www.semrush.com/bot.html)"
85.208.96.208 - - [07/Oct/2024:02:27:11 +0300] "GET /3ej98dyfrd.html HTTP/1.0" 404 34653 "-" "Mozilla/5.0 (compatible; SemrushBot/7~bl; +http://www.semrush.com/bot.html)"
66.249.66.36 - - [07/Oct/2024:02:27:22 +0300] "GET /yqmsquctw/mikuni-vm36-float-height.html HTTP/1.0" 500 341 "-" "Mozilla/5.0 (Linux; Android 6.0.1; Nexus 5X Build/MMB29P) AppleWebKit/537.36 (KHTML, like Gecko) Chrome/129.0.6668.89 Mobile Safari/537.36 (compatible; Googlebot/2.1; +http://www.google.com/bot.html)"
66.249.66.36 - - [07/Oct/2024:02:27:23 +0300] "GET /yqmsquctw/how-to-run-comfyui-on-google-colab.html HTTP/1.0" 500 341 "-" "Mozilla/5.0 (Linux; Android 6.0.1; Nexus 5X Build/MMB29P) AppleWebKit/537.36 (KHTML, like Gecko) Chrome/129.0.6668.89 Mobile Safari/537.36 (compatible; Googlebot/2.1; +http://www.google.com/bot.html)"
66.249.66.36 - - [07/Oct/2024:02:27:44 +0300] "GET /yqmsquctw/diploma-civil-engineer-salary-in-canada.html HTTP/1.0" 500 341 "-" "Mozilla/5.0 (Linux; Android 6.0.1; Nexus 5X Build/MMB29P) AppleWebKit/537.36 (KHTML, like Gecko) Chrome/129.0.6668.89 Mobile Safari/537.36 (compatible; Googlebot/2.1; +http://www.google.com/bot.html)"
85.208.96.201 - - [07/Oct/2024:02:27:58 +0300] "GET /50c8ggmntq.html HTTP/1.0" 404 34653 "-" "Mozilla/5.0 (compatible; SemrushBot/7~bl; +http://www.semrush.com/bot.html)"
66.249.66.35 - - [07/Oct/2024:02:28:05 +0300] "GET /yqmsquctw/balanta-compatibilitate.html HTTP/1.0" 500 341 "-" "Mozilla/5.0 (Linux; Android 6.0.1; Nexus 5X Build/MMB29P) AppleWebKit/537.36 (KHTML, like Gecko) Chrome/129.0.6668.89 Mobile Safari/537.36 (compatible; GoogleOther)"
85.208.96.194 - - [07/Oct/2024:02:28:24 +0300] "GET /19e1gsjxqs.html HTTP/1.0" 404 37802 "-" "Mozilla/5.0 (compatible; SemrushBot/7~bl; +http://www.semrush.com/bot.html)"
185.191.171.3 - - [07/Oct/2024:02:28:43 +0300] "GET /5eiewv1a2.html HTTP/1.0" 404 34651 "-" "Mozilla/5.0 (compatible; SemrushBot/7~bl; +http://www.semrush.com/bot.html)"
185.191.171.7 - - [07/Oct/2024:02:29:16 +0300] "GET /634lhkyxfp.html HTTP/1.0" 404 34653 "-" "Mozilla/5.0 (compatible; SemrushBot/7~bl; +http://www.semrush.com/bot.html)"
66.249.66.35 - - [07/Oct/2024:02:29:49 +0300] "GET /yqmsquctw/which-of-the-following-procedures-is-not-required-to-be-performed-by-the-auditor.html HTTP/1.0" 500 341 "-" "Mozilla/5.0 (Linux; Android 6.0.1; Nexus 5X Build/MMB29P) AppleWebKit/537.36 (KHTML, like Gecko) Chrome/129.0.6668.89 Mobile Safari/537.36 (compatible; GoogleOther)"
185.191.171.9 - - [07/Oct/2024:02:29:53 +0300] "GET /4b08k2tvfr.html HTTP/1.0" 404 34653 "-" "Mozilla/5.0 (compatible; SemrushBot/7~bl; +http://www.semrush.com/bot.html)"
85.208.96.205 - - [07/Oct/2024:02:29:55 +0300] "GET /1ko5lkiuhi.html HTTP/1.0" 404 34653 "-" "Mozilla/5.0 (compatible; SemrushBot/7~bl; +http://www.semrush.com/bot.html)"
85.208.96.199 - - [07/Oct/2024:02:30:06 +0300] "GET /5c7ferxu5r.html HTTP/1.0" 404 34653 "-" "Mozilla/5.0 (compatible; SemrushBot/7~bl; +http://www.semrush.com/bot.html)"
185.191.171.10 - - [07/Oct/2024:02:30:08 +0300] "GET /18ghpklrkt.html HTTP/1.0" 404 34653 "-" "Mozilla/5.0 (compatible; SemrushBot/7~bl; +http://www.semrush.com/bot.html)"
185.191.171.10 - - [07/Oct/2024:02:30:23 +0300] "GET /226ck9pwsj.html HTTP/1.0" 404 34653 "-" "Mozilla/5.0 (compatible; SemrushBot/7~bl; +http://www.semrush.com/bot.html)"
185.191.171.9 - - [07/Oct/2024:02:30:37 +0300] "GET /1ofe4jpi6m.html HTTP/1.0" 404 34653 "-" "Mozilla/5.0 (compatible; SemrushBot/7~bl; +http://www.semrush.com/bot.html)"
185.191.171.10 - - [07/Oct/2024:02:30:43 +0300] "GET /42f4ckj34a.html HTTP/1.0" 404 37802 "-" "Mozilla/5.0 (compatible; SemrushBot/7~bl; +http://www.semrush.com/bot.html)"
66.249.66.37 - - [07/Oct/2024:02:30:44 +0300] "GET /yqmsquctw/sni-bug-host-finder-github.html HTTP/1.0" 500 341 "-" "Mozilla/5.0 (Linux; Android 6.0.1; Nexus 5X Build/MMB29P) AppleWebKit/537.36 (KHTML, like Gecko) Chrome/129.0.6668.89 Mobile Safari/537.36 (compatible; Googlebot/2.1; +http://www.google.com/bot.html)"
185.191.171.13 - - [07/Oct/2024:02:30:59 +0300] "GET /5i8bnwttf8.html HTTP/1.0" 404 34653 "-" "Mozilla/5.0 (compatible; SemrushBot/7~bl; +http://www.semrush.com/bot.html)"
85.208.96.197 - - [07/Oct/2024:02:31:01 +0300] "GET /2955fdimvh.html HTTP/1.0" 404 34653 "-" "Mozilla/5.0 (compatible; SemrushBot/7~bl; +http://www.semrush.com/bot.html)"
85.208.96.206 - - [07/Oct/2024:02:31:09 +0300] "GET /3eg7nvq8lu.html HTTP/1.0" 404 34653 "-" "Mozilla/5.0 (compatible; SemrushBot/7~bl; +http://www.semrush.com/bot.html)"
66.249.66.37 - - [07/Oct/2024:02:31:10 +0300] "GET /yqmsquctw/pydantic-configdict-github.html HTTP/1.0" 500 341 "-" "Mozilla/5.0 (Linux; Android 6.0.1; Nexus 5X Build/MMB29P) AppleWebKit/537.36 (KHTML, like Gecko) Chrome/129.0.6668.89 Mobile Safari/537.36 (compatible; GoogleOther)"
66.249.66.35 - - [07/Oct/2024:02:31:44 +0300] "GET /yqmsquctw/initializeasync-xunit.html HTTP/1.0" 500 341 "-" "Mozilla/5.0 (Linux; Android 6.0.1; Nexus 5X Build/MMB29P) AppleWebKit/537.36 (KHTML, like Gecko) Chrome/129.0.6668.89 Mobile Safari/537.36 (compatible; Googlebot/2.1; +http://www.google.com/bot.html)"
66.249.66.35 - - [07/Oct/2024:02:31:48 +0300] "GET /yqmsquctw/major-erickson-obituaries.html HTTP/1.0" 500 341 "-" "Mozilla/5.0 (Linux; Android 6.0.1; Nexus 5X Build/MMB29P) AppleWebKit/537.36 (KHTML, like Gecko) Chrome/129.0.6668.89 Mobile Safari/537.36 (compatible; GoogleOther)"
185.191.171.17 - - [07/Oct/2024:02:32:06 +0300] "GET /312hawl4if.html HTTP/1.0" 404 34653 "-" "Mozilla/5.0 (compatible; SemrushBot/7~bl; +http://www.semrush.com/bot.html)"
85.208.96.200 - - [07/Oct/2024:02:32:45 +0300] "GET /3pg462fqfy.html HTTP/1.0" 404 34653 "-" "Mozilla/5.0 (compatible; SemrushBot/7~bl; +http://www.semrush.com/bot.html)"
3.16.135.36 - - [07/Oct/2024:02:33:14 +0300] "GET /yqmsquctw/packaging-jobs-near-me-work-from-home.html HTTP/1.0" 500 341 "-" "Mozilla/5.0 AppleWebKit/537.36 (KHTML, like Gecko; compatible; ClaudeBot/1.0; +claudebot@anthropic.com)"
85.208.96.205 - - [07/Oct/2024:02:33:23 +0300] "GET /3a66hb7lbu.html HTTP/1.0" 404 34653 "-" "Mozilla/5.0 (compatible; SemrushBot/7~bl; +http://www.semrush.com/bot.html)"
85.208.96.194 - - [07/Oct/2024:02:33:35 +0300] "GET /19hdo5xoah.html HTTP/1.0" 404 34653 "-" "Mozilla/5.0 (compatible; SemrushBot/7~bl; +http://www.semrush.com/bot.html)"
185.191.171.14 - - [07/Oct/2024:02:33:40 +0300] "GET /66pb40bybx.html HTTP/1.0" 404 34653 "-" "Mozilla/5.0 (compatible; SemrushBot/7~bl; +http://www.semrush.com/bot.html)"
66.249.66.36 - - [07/Oct/2024:02:33:47 +0300] "GET /yqmsquctw/how-to-stop-toddler-from-biting-when-mad.html HTTP/1.0" 500 341 "-" "Mozilla/5.0 (Linux; Android 6.0.1; Nexus 5X Build/MMB29P) AppleWebKit/537.36 (KHTML, like Gecko) Chrome/129.0.6668.89 Mobile Safari/537.36 (compatible; GoogleOther)"
3.144.37.38 - - [07/Oct/2024:02:33:48 +0300] "GET /yqmsquctw/stark-smoki-postan.html HTTP/1.0" 500 3490 "-" "Mozilla/5.0 AppleWebKit/537.36 (KHTML, like Gecko; compatible; ClaudeBot/1.0; +claudebot@anthropic.com)"
185.191.171.4 - - [07/Oct/2024:02:34:19 +0300] "GET /2o79ckrosz.html HTTP/1.0" 404 34653 "-" "Mozilla/5.0 (compatible; SemrushBot/7~bl; +http://www.semrush.com/bot.html)"
18.217.206.112 - - [07/Oct/2024:02:34:28 +0300] "GET /yqmsquctw/cosmetic-factory-jobs-in-scarborough-no-experience-needed.html HTTP/1.0" 500 341 "-" "Mozilla/5.0 AppleWebKit/537.36 (KHTML, like Gecko; compatible; ClaudeBot/1.0; +claudebot@anthropic.com)"
85.208.96.204 - - [07/Oct/2024:02:34:32 +0300] "GET /258cmm9fdi.html HTTP/1.0" 404 34653 "-" "Mozilla/5.0 (compatible; SemrushBot/7~bl; +http://www.semrush.com/bot.html)"
185.191.171.3 - - [07/Oct/2024:02:34:43 +0300] "GET /2g3b2etu9c.html HTTP/1.0" 404 34653 "-" "Mozilla/5.0 (compatible; SemrushBot/7~bl; +http://www.semrush.com/bot.html)"
66.249.66.36 - - [07/Oct/2024:02:34:45 +0300] "GET /yqmsquctw/h1b-sponsorship.html HTTP/1.0" 500 341 "-" "Mozilla/5.0 (Linux; Android 6.0.1; Nexus 5X Build/MMB29P) AppleWebKit/537.36 (KHTML, like Gecko) Chrome/129.0.6668.89 Mobile Safari/537.36 (compatible; Googlebot/2.1; +http://www.google.com/bot.html)"
185.191.171.7 - - [07/Oct/2024:02:35:14 +0300] "GET /9lg2d4g9y.html HTTP/1.0" 404 34651 "-" "Mozilla/5.0 (compatible; SemrushBot/7~bl; +http://www.semrush.com/bot.html)"
66.249.66.36 - - [07/Oct/2024:02:35:45 +0300] "GET /yqmsquctw/windows-defender-firewall-cannot-add-to-the-list-of-exceptions.html HTTP/1.0" 500 3490 "-" "Mozilla/5.0 (Linux; Android 6.0.1; Nexus 5X Build/MMB29P) AppleWebKit/537.36 (KHTML, like Gecko) Chrome/129.0.6668.89 Mobile Safari/537.36 (compatible; GoogleOther)"
185.191.171.9 - - [07/Oct/2024:02:36:04 +0300] "GET /22gk0imapr.html HTTP/1.0" 404 34653 "-" "Mozilla/5.0 (compatible; SemrushBot/7~bl; +http://www.semrush.com/bot.html)"
85.208.96.194 - - [07/Oct/2024:02:36:24 +0300] "GET /537fnivrf.html HTTP/1.0" 404 34651 "-" "Mozilla/5.0 (compatible; SemrushBot/7~bl; +http://www.semrush.com/bot.html)"
85.208.96.207 - - [07/Oct/2024:02:36:29 +0300] "GET /1078l43ja0.html HTTP/1.0" 404 34653 "-" "Mozilla/5.0 (compatible; SemrushBot/7~bl; +http://www.semrush.com/bot.html)"
85.208.96.201 - - [07/Oct/2024:02:36:45 +0300] "GET /1l9a6upvs9.html HTTP/1.0" 404 34653 "-" "Mozilla/5.0 (compatible; SemrushBot/7~bl; +http://www.semrush.com/bot.html)"
95.108.213.200 - - [07/Oct/2024:02:36:52 +0300] "GET /yqmsquctw/horses-for-sale-alberta-facebook.html HTTP/1.0" 500 341 "-" "Mozilla/5.0 (compatible; YandexBot/3.0; +http://yandex.com/bots)"
85.208.96.202 - - [07/Oct/2024:02:37:30 +0300] "GET /68644xs6n8.html HTTP/1.0" 404 34653 "-" "Mozilla/5.0 (compatible; SemrushBot/7~bl; +http://www.semrush.com/bot.html)"
85.208.96.205 - - [07/Oct/2024:02:37:43 +0300] "GET /4kl2ovlx7j.html HTTP/1.0" 404 34653 "-" "Mozilla/5.0 (compatible; SemrushBot/7~bl; +http://www.semrush.com/bot.html)"
66.249.66.37 - - [07/Oct/2024:02:37:44 +0300] "GET /yqmsquctw/test-inteligencije-pitanja.html HTTP/1.0" 500 341 "-" "Mozilla/5.0 (Linux; Android 6.0.1; Nexus 5X Build/MMB29P) AppleWebKit/537.36 (KHTML, like Gecko) Chrome/129.0.6668.89 Mobile Safari/537.36 (compatible; GoogleOther)"
85.208.96.212 - - [07/Oct/2024:02:37:45 +0300] "GET /2go4kbjbo.html HTTP/1.0" 404 34651 "-" "Mozilla/5.0 (compatible; SemrushBot/7~bl; +http://www.semrush.com/bot.html)"
85.208.96.207 - - [07/Oct/2024:02:37:47 +0300] "GET /5gehharepx.html HTTP/1.0" 404 34653 "-" "Mozilla/5.0 (compatible; SemrushBot/7~bl; +http://www.semrush.com/bot.html)"
66.249.66.35 - - [07/Oct/2024:02:37:51 +0300] "GET /yqmsquctw/docker-exec-as-root.html HTTP/1.0" 500 341 "-" "Mozilla/5.0 (Linux; Android 6.0.1; Nexus 5X Build/MMB29P) AppleWebKit/537.36 (KHTML, like Gecko) Chrome/129.0.6668.89 Mobile Safari/537.36 (compatible; GoogleOther)"
85.208.96.194 - - [07/Oct/2024:02:38:05 +0300] "GET /gjhdgnefm.html HTTP/1.0" 404 34651 "-" "Mozilla/5.0 (compatible; SemrushBot/7~bl; +http://www.semrush.com/bot.html)"
85.208.96.198 - - [07/Oct/2024:02:38:36 +0300] "GET /388i64el5w.html HTTP/1.0" 404 34653 "-" "Mozilla/5.0 (compatible; SemrushBot/7~bl; +http://www.semrush.com/bot.html)"
66.249.66.36 - - [07/Oct/2024:02:39:02 +0300] "GET /yqmsquctw/before-accepting-an-engagement-to-audit-a-new-client,-a-cpa-is-required-to-obtain.html HTTP/1.0" 404 34931 "-" "Mozilla/5.0 (Linux; Android 6.0.1; Nexus 5X Build/MMB29P) AppleWebKit/537.36 (KHTML, like Gecko) Chrome/129.0.6668.89 Mobile Safari/537.36 (compatible; GoogleOther)"
185.191.171.16 - - [07/Oct/2024:02:39:19 +0300] "GET /4nne0wnopi.html HTTP/1.0" 404 34653 "-" "Mozilla/5.0 (compatible; SemrushBot/7~bl; +http://www.semrush.com/bot.html)"
85.208.96.200 - - [07/Oct/2024:02:39:37 +0300] "GET /1bgmhixlrd.html HTTP/1.0" 404 37802 "-" "Mozilla/5.0 (compatible; SemrushBot/7~bl; +http://www.semrush.com/bot.html)"
66.249.66.35 - - [07/Oct/2024:02:39:43 +0300] "GET /yqmsquctw/work-in-germany-with-accommodation-for-foreigners.html HTTP/1.0" 500 341 "-" "Mozilla/5.0 (Linux; Android 6.0.1; Nexus 5X Build/MMB29P) AppleWebKit/537.36 (KHTML, like Gecko) Chrome/129.0.6668.89 Mobile Safari/537.36 (compatible; GoogleOther)"
85.208.96.200 - - [07/Oct/2024:02:40:01 +0300] "GET /37a4r6z2c.html HTTP/1.0" 404 34651 "-" "Mozilla/5.0 (compatible; SemrushBot/7~bl; +http://www.semrush.com/bot.html)"
66.249.66.37 - - [07/Oct/2024:02:40:03 +0300] "GET /yqmsquctw/101-electrical-wiring-diagram-pdf.html HTTP/1.0" 500 341 "-" "Mozilla/5.0 (Linux; Android 6.0.1; Nexus 5X Build/MMB29P) AppleWebKit/537.36 (KHTML, like Gecko) Chrome/129.0.6668.89 Mobile Safari/537.36 (compatible; GoogleOther)"
85.208.96.196 - - [07/Oct/2024:02:40:23 +0300] "GET /58hc2ktnwq.html HTTP/1.0" 404 34653 "-" "Mozilla/5.0 (compatible; SemrushBot/7~bl; +http://www.semrush.com/bot.html)"
85.208.96.194 - - [07/Oct/2024:02:40:33 +0300] "GET /36mpkkwv6z.html HTTP/1.0" 404 34653 "-" "Mozilla/5.0 (compatible; SemrushBot/7~bl; +http://www.semrush.com/bot.html)"
85.208.96.211 - - [07/Oct/2024:02:40:45 +0300] "GET /36909rzlic.html HTTP/1.0" 404 34653 "-" "Mozilla/5.0 (compatible; SemrushBot/7~bl; +http://www.semrush.com/bot.html)"
85.208.96.206 - - [07/Oct/2024:02:40:48 +0300] "GET /5a5c75uey8.html HTTP/1.0" 404 37802 "-" "Mozilla/5.0 (compatible; SemrushBot/7~bl; +http://www.semrush.com/bot.html)"
85.208.96.196 - - [07/Oct/2024:02:41:33 +0300] "GET /1p1m5jmddo.html HTTP/1.0" 404 34653 "-" "Mozilla/5.0 (compatible; SemrushBot/7~bl; +http://www.semrush.com/bot.html)"
66.249.66.36 - - [07/Oct/2024:02:41:41 +0300] "GET /yqmsquctw/noticias-de-asheville.html HTTP/1.0" 500 341 "-" "Mozilla/5.0 (Linux; Android 6.0.1; Nexus 5X Build/MMB29P) AppleWebKit/537.36 (KHTML, like Gecko) Chrome/129.0.6668.89 Mobile Safari/537.36 (compatible; GoogleOther)"
66.249.66.37 - - [07/Oct/2024:02:41:44 +0300] "GET /yqmsquctw/acca-ethics-unit-8-answers-mexit-pdf.html HTTP/1.0" 500 341 "-" "Mozilla/5.0 (Linux; Android 6.0.1; Nexus 5X Build/MMB29P) AppleWebKit/537.36 (KHTML, like Gecko) Chrome/129.0.6668.89 Mobile Safari/537.36 (compatible; GoogleOther)"
185.191.171.11 - - [07/Oct/2024:02:42:06 +0300] "GET /298gjoz21p.html HTTP/1.0" 404 34653 "-" "Mozilla/5.0 (compatible; SemrushBot/7~bl; +http://www.semrush.com/bot.html)"
85.208.96.195 - - [07/Oct/2024:02:42:16 +0300] "GET /3h9ce0a9zx.html HTTP/1.0" 404 34653 "-" "Mozilla/5.0 (compatible; SemrushBot/7~bl; +http://www.semrush.com/bot.html)"
85.208.96.212 - - [07/Oct/2024:02:42:39 +0300] "GET /1fp4pqni10.html HTTP/1.0" 404 34653 "-" "Mozilla/5.0 (compatible; SemrushBot/7~bl; +http://www.semrush.com/bot.html)"
185.191.171.4 - - [07/Oct/2024:02:42:41 +0300] "GET /1albhvhtng.html HTTP/1.0" 404 34653 "-" "Mozilla/5.0 (compatible; SemrushBot/7~bl; +http://www.semrush.com/bot.html)"
185.191.171.5 - - [07/Oct/2024:02:42:49 +0300] "GET /3iegm4pvg3.html HTTP/1.0" 404 34653 "-" "Mozilla/5.0 (compatible; SemrushBot/7~bl; +http://www.semrush.com/bot.html)"
66.249.66.35 - - [07/Oct/2024:02:43:03 +0300] "GET /yqmsquctw/h2-embedded-database-example.html HTTP/1.0" 500 341 "-" "Mozilla/5.0 (Linux; Android 6.0.1; Nexus 5X Build/MMB29P) AppleWebKit/537.36 (KHTML, like Gecko) Chrome/129.0.6668.89 Mobile Safari/537.36 (compatible; Googlebot/2.1; +http://www.google.com/bot.html)"
66.249.66.36 - - [07/Oct/2024:02:43:25 +0300] "GET /yqmsquctw/solution-manual-introduction-to-chemical-engineering-thermodynamics-8th-edition-pdf-free-download.html HTTP/1.0" 500 341 "-" "Mozilla/5.0 (Linux; Android 6.0.1; Nexus 5X Build/MMB29P) AppleWebKit/537.36 (KHTML, like Gecko) Chrome/129.0.6668.89 Mobile Safari/537.36 (compatible; GoogleOther)"
185.191.171.15 - - [07/Oct/2024:02:43:29 +0300] "GET /2ladewm4fs.html HTTP/1.0" 404 34653 "-" "Mozilla/5.0 (compatible; SemrushBot/7~bl; +http://www.semrush.com/bot.html)"
85.208.96.197 - - [07/Oct/2024:02:43:38 +0300] "GET /ke4obbbr2.html HTTP/1.0" 404 34651 "-" "Mozilla/5.0 (compatible; SemrushBot/7~bl; +http://www.semrush.com/bot.html)"
66.249.66.35 - - [07/Oct/2024:02:43:40 +0300] "GET /yqmsquctw/security-checks-preventing-login-issue-facebook.html HTTP/1.0" 500 341 "-" "Mozilla/5.0 (Linux; Android 6.0.1; Nexus 5X Build/MMB29P) AppleWebKit/537.36 (KHTML, like Gecko) Chrome/129.0.6668.89 Mobile Safari/537.36 (compatible; GoogleOther)"
185.191.171.8 - - [07/Oct/2024:02:43:40 +0300] "GET /35g11hsxtr.html HTTP/1.0" 404 34653 "-" "Mozilla/5.0 (compatible; SemrushBot/7~bl; +http://www.semrush.com/bot.html)"
185.191.171.11 - - [07/Oct/2024:02:44:05 +0300] "GET /2fmggot4et.html HTTP/1.0" 404 34653 "-" "Mozilla/5.0 (compatible; SemrushBot/7~bl; +http://www.semrush.com/bot.html)"
85.208.96.198 - - [07/Oct/2024:02:44:11 +0300] "GET /2d99m3vuiy.html HTTP/1.0" 404 34653 "-" "Mozilla/5.0 (compatible; SemrushBot/7~bl; +http://www.semrush.com/bot.html)"
66.249.66.35 - - [07/Oct/2024:02:44:32 +0300] "GET /yqmsquctw/initializeasync-xunit.html HTTP/1.0" 500 341 "-" "Mozilla/5.0 (Linux; Android 6.0.1; Nexus 5X Build/MMB29P) AppleWebKit/537.36 (KHTML, like Gecko) Chrome/129.0.6668.89 Mobile Safari/537.36 (compatible; GoogleOther)"
66.249.66.37 - - [07/Oct/2024:02:45:07 +0300] "GET /yqmsquctw/introduction-to-chemical-engineering-thermodynamics-solution-pdf.html HTTP/1.0" 500 341 "-" "Mozilla/5.0 (Linux; Android 6.0.1; Nexus 5X Build/MMB29P) AppleWebKit/537.36 (KHTML, like Gecko) Chrome/129.0.6668.89 Mobile Safari/537.36 (compatible; GoogleOther)"
66.249.66.35 - - [07/Oct/2024:02:45:14 +0300] "GET /yqmsquctw/harvey-nichols-manchester.html HTTP/1.0" 500 341 "-" "Mozilla/5.0 (Linux; Android 6.0.1; Nexus 5X Build/MMB29P) AppleWebKit/537.36 (KHTML, like Gecko) Chrome/129.0.6668.89 Mobile Safari/537.36 (compatible; Googlebot/2.1; +http://www.google.com/bot.html)"
66.249.66.35 - - [07/Oct/2024:02:45:39 +0300] "GET /yqmsquctw/noticias-de-raleigh-nc-en-vivo.html HTTP/1.0" 500 341 "-" "Mozilla/5.0 (Linux; Android 6.0.1; Nexus 5X Build/MMB29P) AppleWebKit/537.36 (KHTML, like Gecko) Chrome/129.0.6668.89 Mobile Safari/537.36 (compatible; GoogleOther)"
66.249.66.35 - - [07/Oct/2024:02:46:02 +0300] "GET /yqmsquctw/marriott-visa-sponsorship.html HTTP/1.0" 500 3490 "-" "Mozilla/5.0 (Linux; Android 6.0.1; Nexus 5X Build/MMB29P) AppleWebKit/537.36 (KHTML, like Gecko) Chrome/129.0.6668.89 Mobile Safari/537.36 (compatible; Googlebot/2.1; +http://www.google.com/bot.html)"
85.208.96.196 - - [07/Oct/2024:02:46:08 +0300] "GET /14bnen4xjp.html HTTP/1.0" 404 34653 "-" "Mozilla/5.0 (compatible; SemrushBot/7~bl; +http://www.semrush.com/bot.html)"
85.208.96.195 - - [07/Oct/2024:02:46:46 +0300] "GET /17igk62aye.html HTTP/1.0" 404 34653 "-" "Mozilla/5.0 (compatible; SemrushBot/7~bl; +http://www.semrush.com/bot.html)"
66.249.66.35 - - [07/Oct/2024:02:46:48 +0300] "GET /yqmsquctw/union-pacific-railroad-map-texas-pdf.html HTTP/1.0" 500 341 "-" "Mozilla/5.0 (Linux; Android 6.0.1; Nexus 5X Build/MMB29P) AppleWebKit/537.36 (KHTML, like Gecko) Chrome/129.0.6668.89 Mobile Safari/537.36 (compatible; GoogleOther)"
85.208.96.201 - - [07/Oct/2024:02:46:48 +0300] "GET /2h21jltznm.html HTTP/1.0" 404 37802 "-" "Mozilla/5.0 (compatible; SemrushBot/7~bl; +http://www.semrush.com/bot.html)"
185.191.171.19 - - [07/Oct/2024:02:46:49 +0300] "GET /15go9zvbil.html HTTP/1.0" 404 34653 "-" "Mozilla/5.0 (compatible; SemrushBot/7~bl; +http://www.semrush.com/bot.html)"
185.191.171.2 - - [07/Oct/2024:02:47:12 +0300] "GET /1c2j6kwged.html HTTP/1.0" 404 34653 "-" "Mozilla/5.0 (compatible; SemrushBot/7~bl; +http://www.semrush.com/bot.html)"
54.36.148.156 - - [07/Oct/2024:02:47:22 +0300] "GET /news/?PAGEN_1=3 HTTP/1.0" 200 52950 "-" "Mozilla/5.0 (compatible; AhrefsBot/7.0; +http://ahrefs.com/robot/)"
66.249.66.36 - - [07/Oct/2024:02:47:38 +0300] "GET /yqmsquctw/h1b-sponsorship.html HTTP/1.0" 500 341 "-" "Mozilla/5.0 (Linux; Android 6.0.1; Nexus 5X Build/MMB29P) AppleWebKit/537.36 (KHTML, like Gecko) Chrome/129.0.6668.89 Mobile Safari/537.36 (compatible; GoogleOther)"
85.208.96.211 - - [07/Oct/2024:02:47:48 +0300] "GET /1a9dg9fkru.html HTTP/1.0" 404 34653 "-" "Mozilla/5.0 (compatible; SemrushBot/7~bl; +http://www.semrush.com/bot.html)"
85.208.96.204 - - [07/Oct/2024:02:47:50 +0300] "GET /22nmbe1loy.html HTTP/1.0" 404 34653 "-" "Mozilla/5.0 (compatible; SemrushBot/7~bl; +http://www.semrush.com/bot.html)"
85.208.96.203 - - [07/Oct/2024:02:47:59 +0300] "GET /501g0pvi4p.html HTTP/1.0" 404 34653 "-" "Mozilla/5.0 (compatible; SemrushBot/7~bl; +http://www.semrush.com/bot.html)"
185.191.171.7 - - [07/Oct/2024:02:48:14 +0300] "GET /3a5otpdty.html HTTP/1.0" 404 34651 "-" "Mozilla/5.0 (compatible; SemrushBot/7~bl; +http://www.semrush.com/bot.html)"
66.249.66.35 - - [07/Oct/2024:02:48:29 +0300] "GET /yqmsquctw/what-is-ethical-theory-pdf.html HTTP/1.0" 500 341 "-" "Mozilla/5.0 (Linux; Android 6.0.1; Nexus 5X Build/MMB29P) AppleWebKit/537.36 (KHTML, like Gecko) Chrome/129.0.6668.89 Mobile Safari/537.36 (compatible; GoogleOther)"
185.191.171.12 - - [07/Oct/2024:02:48:34 +0300] "GET /201b470sp1.html HTTP/1.0" 404 34653 "-" "Mozilla/5.0 (compatible; SemrushBot/7~bl; +http://www.semrush.com/bot.html)"
85.208.96.208 - - [07/Oct/2024:02:49:07 +0300] "GET /6ceb5p6quq.html HTTP/1.0" 404 34653 "-" "Mozilla/5.0 (compatible; SemrushBot/7~bl; +http://www.semrush.com/bot.html)"
85.208.96.199 - - [07/Oct/2024:02:49:15 +0300] "GET /5ibf9zh1mv.html HTTP/1.0" 404 34653 "-" "Mozilla/5.0 (compatible; SemrushBot/7~bl; +http://www.semrush.com/bot.html)"
185.191.171.9 - - [07/Oct/2024:02:49:17 +0300] "GET /51233rqhtl.html HTTP/1.0" 404 34653 "-" "Mozilla/5.0 (compatible; SemrushBot/7~bl; +http://www.semrush.com/bot.html)"
85.208.96.209 - - [07/Oct/2024:02:49:26 +0300] "GET /2fnc7y0hmz.html HTTP/1.0" 404 34653 "-" "Mozilla/5.0 (compatible; SemrushBot/7~bl; +http://www.semrush.com/bot.html)"
66.249.66.35 - - [07/Oct/2024:02:49:36 +0300] "GET /yqmsquctw/walther-p22-review.html HTTP/1.0" 500 341 "-" "Mozilla/5.0 (Linux; Android 6.0.1; Nexus 5X Build/MMB29P) AppleWebKit/537.36 (KHTML, like Gecko) Chrome/129.0.6668.89 Mobile Safari/537.36 (compatible; GoogleOther)"
185.191.171.4 - - [07/Oct/2024:02:50:09 +0300] "GET /1860foh51l.html HTTP/1.0" 404 34653 "-" "Mozilla/5.0 (compatible; SemrushBot/7~bl; +http://www.semrush.com/bot.html)"
66.249.66.35 - - [07/Oct/2024:02:50:10 +0300] "GET /yqmsquctw/3000-solved-problems-in-chemistry-pdf.html HTTP/1.0" 500 341 "-" "Mozilla/5.0 (Linux; Android 6.0.1; Nexus 5X Build/MMB29P) AppleWebKit/537.36 (KHTML, like Gecko) Chrome/129.0.6668.89 Mobile Safari/537.36 (compatible; GoogleOther)"
185.191.171.3 - - [07/Oct/2024:02:50:45 +0300] "GET /5bc24ktje8.html HTTP/1.0" 404 34653 "-" "Mozilla/5.0 (compatible; SemrushBot/7~bl; +http://www.semrush.com/bot.html)"
85.208.96.198 - - [07/Oct/2024:02:51:03 +0300] "GET /48j2ck6y3p.html HTTP/1.0" 404 37802 "-" "Mozilla/5.0 (compatible; SemrushBot/7~bl; +http://www.semrush.com/bot.html)"
85.208.96.198 - - [07/Oct/2024:02:51:04 +0300] "GET /2oo4atbxkq.html HTTP/1.0" 404 34653 "-" "Mozilla/5.0 (compatible; SemrushBot/7~bl; +http://www.semrush.com/bot.html)"
66.249.66.37 - - [07/Oct/2024:02:51:13 +0300] "GET /yqmsquctw/github-containers-list.html HTTP/1.0" 500 341 "-" "Mozilla/5.0 (Linux; Android 6.0.1; Nexus 5X Build/MMB29P) AppleWebKit/537.36 (KHTML, like Gecko) Chrome/129.0.6668.89 Mobile Safari/537.36 (compatible; GoogleOther)"
185.191.171.5 - - [07/Oct/2024:02:51:16 +0300] "GET /20m01l2vub.html HTTP/1.0" 404 34653 "-" "Mozilla/5.0 (compatible; SemrushBot/7~bl; +http://www.semrush.com/bot.html)"
185.191.171.2 - - [07/Oct/2024:02:51:19 +0300] "GET /ap88y82vm.html HTTP/1.0" 404 34651 "-" "Mozilla/5.0 (compatible; SemrushBot/7~bl; +http://www.semrush.com/bot.html)"
185.191.171.16 - - [07/Oct/2024:02:51:34 +0300] "GET /1ff47vlcvf.html HTTP/1.0" 404 34653 "-" "Mozilla/5.0 (compatible; SemrushBot/7~bl; +http://www.semrush.com/bot.html)"
66.249.66.36 - - [07/Oct/2024:02:51:35 +0300] "GET /yqmsquctw/slaba-cirkulacija-u-mozgu-simptomi.html HTTP/1.0" 500 341 "-" "Mozilla/5.0 (Linux; Android 6.0.1; Nexus 5X Build/MMB29P) AppleWebKit/537.36 (KHTML, like Gecko) Chrome/129.0.6668.89 Mobile Safari/537.36 (compatible; GoogleOther)"
185.191.171.8 - - [07/Oct/2024:02:51:50 +0300] "GET /6af8kh4tz3.html HTTP/1.0" 404 37802 "-" "Mozilla/5.0 (compatible; SemrushBot/7~bl; +http://www.semrush.com/bot.html)"
85.208.96.197 - - [07/Oct/2024:02:51:58 +0300] "GET /4noj9i09tz.html HTTP/1.0" 404 34653 "-" "Mozilla/5.0 (compatible; SemrushBot/7~bl; +http://www.semrush.com/bot.html)"
85.208.96.206 - - [07/Oct/2024:02:52:20 +0300] "GET /63leislghp.html HTTP/1.0" 404 34653 "-" "Mozilla/5.0 (compatible; SemrushBot/7~bl; +http://www.semrush.com/bot.html)"
85.208.96.195 - - [07/Oct/2024:02:52:22 +0300] "GET /12dl3rtse9.html HTTP/1.0" 404 34653 "-" "Mozilla/5.0 (compatible; SemrushBot/7~bl; +http://www.semrush.com/bot.html)"
185.191.171.9 - - [07/Oct/2024:02:52:34 +0300] "GET /5d2f2iueov.html HTTP/1.0" 404 34653 "-" "Mozilla/5.0 (compatible; SemrushBot/7~bl; +http://www.semrush.com/bot.html)"
185.191.171.1 - - [07/Oct/2024:02:52:53 +0300] "GET /1p00gsuf8i.html HTTP/1.0" 404 34653 "-" "Mozilla/5.0 (compatible; SemrushBot/7~bl; +http://www.semrush.com/bot.html)"
85.208.96.203 - - [07/Oct/2024:02:53:24 +0300] "GET /3oil1q7tmi.html HTTP/1.0" 404 34653 "-" "Mozilla/5.0 (compatible; SemrushBot/7~bl; +http://www.semrush.com/bot.html)"
85.208.96.194 - - [07/Oct/2024:02:53:29 +0300] "GET /7l5zvgjb.html HTTP/1.0" 404 34620 "-" "Mozilla/5.0 (compatible; SemrushBot/7~bl; +http://www.semrush.com/bot.html)"
66.249.66.35 - - [07/Oct/2024:02:53:32 +0300] "GET /yqmsquctw/potter-county-jail-roster-pdf.html HTTP/1.0" 500 341 "-" "Mozilla/5.0 (Linux; Android 6.0.1; Nexus 5X Build/MMB29P) AppleWebKit/537.36 (KHTML, like Gecko) Chrome/129.0.6668.89 Mobile Safari/537.36 (compatible; GoogleOther)"
66.249.66.37 - - [07/Oct/2024:02:53:33 +0300] "GET /yqmsquctw/blazor-dynamic-component.html HTTP/1.0" 500 341 "-" "Mozilla/5.0 (Linux; Android 6.0.1; Nexus 5X Build/MMB29P) AppleWebKit/537.36 (KHTML, like Gecko) Chrome/129.0.6668.89 Mobile Safari/537.36 (compatible; Googlebot/2.1; +http://www.google.com/bot.html)"
66.249.66.37 - - [07/Oct/2024:02:53:34 +0300] "GET /yqmsquctw/factors-influencing-prescribing.html HTTP/1.0" 500 341 "-" "Mozilla/5.0 (Linux; Android 6.0.1; Nexus 5X Build/MMB29P) AppleWebKit/537.36 (KHTML, like Gecko) Chrome/129.0.6668.89 Mobile Safari/537.36 (compatible; GoogleOther)"
85.208.96.209 - - [07/Oct/2024:02:53:37 +0300] "GET /2d4bh9sbfn.html HTTP/1.0" 404 34653 "-" "Mozilla/5.0 (compatible; SemrushBot/7~bl; +http://www.semrush.com/bot.html)"
185.191.171.15 - - [07/Oct/2024:02:54:19 +0300] "GET /37o6bzvhz.html HTTP/1.0" 404 34651 "-" "Mozilla/5.0 (compatible; SemrushBot/7~bl; +http://www.semrush.com/bot.html)"
185.191.171.7 - - [07/Oct/2024:02:54:35 +0300] "GET /47ln0i1hbo.html HTTP/1.0" 404 34653 "-" "Mozilla/5.0 (compatible; SemrushBot/7~bl; +http://www.semrush.com/bot.html)"
185.191.171.7 - - [07/Oct/2024:02:55:03 +0300] "GET /42ogaybqr9.html HTTP/1.0" 404 34653 "-" "Mozilla/5.0 (compatible; SemrushBot/7~bl; +http://www.semrush.com/bot.html)"
185.191.171.18 - - [07/Oct/2024:02:55:22 +0300] "GET /c80bxhj0h.html HTTP/1.0" 404 34651 "-" "Mozilla/5.0 (compatible; SemrushBot/7~bl; +http://www.semrush.com/bot.html)"
85.208.96.195 - - [07/Oct/2024:02:55:27 +0300] "GET /58l4b3l899.html HTTP/1.0" 404 34653 "-" "Mozilla/5.0 (compatible; SemrushBot/7~bl; +http://www.semrush.com/bot.html)"
66.249.66.35 - - [07/Oct/2024:02:55:32 +0300] "GET /yqmsquctw/sanjati-majku-u-crvenom.html HTTP/1.0" 500 341 "-" "Mozilla/5.0 (Linux; Android 6.0.1; Nexus 5X Build/MMB29P) AppleWebKit/537.36 (KHTML, like Gecko) Chrome/129.0.6668.89 Mobile Safari/537.36 (compatible; GoogleOther)"
85.208.96.193 - - [07/Oct/2024:02:55:35 +0300] "GET /3a59gj2p0f.html HTTP/1.0" 404 34653 "-" "Mozilla/5.0 (compatible; SemrushBot/7~bl; +http://www.semrush.com/bot.html)"
185.191.171.7 - - [07/Oct/2024:02:55:43 +0300] "GET /16p0kvbdhp.html HTTP/1.0" 404 34653 "-" "Mozilla/5.0 (compatible; SemrushBot/7~bl; +http://www.semrush.com/bot.html)"
85.208.96.195 - - [07/Oct/2024:02:56:30 +0300] "GET /kg0ocjyw8.html HTTP/1.0" 404 34651 "-" "Mozilla/5.0 (compatible; SemrushBot/7~bl; +http://www.semrush.com/bot.html)"
185.191.171.13 - - [07/Oct/2024:02:56:32 +0300] "GET /4o1k4lbkff.html HTTP/1.0" 404 34653 "-" "Mozilla/5.0 (compatible; SemrushBot/7~bl; +http://www.semrush.com/bot.html)"
85.208.96.200 - - [07/Oct/2024:02:56:34 +0300] "GET /51gn4jqkln.html HTTP/1.0" 404 37802 "-" "Mozilla/5.0 (compatible; SemrushBot/7~bl; +http://www.semrush.com/bot.html)"
85.208.96.208 - - [07/Oct/2024:02:56:39 +0300] "GET /3dadia2y1o.html HTTP/1.0" 404 34653 "-" "Mozilla/5.0 (compatible; SemrushBot/7~bl; +http://www.semrush.com/bot.html)"
66.249.66.35 - - [07/Oct/2024:02:56:54 +0300] "GET /yqmsquctw/karoora-dhuunfaa-qopheessuu-pdf.html HTTP/1.0" 500 341 "-" "Mozilla/5.0 (Linux; Android 6.0.1; Nexus 5X Build/MMB29P) AppleWebKit/537.36 (KHTML, like Gecko) Chrome/129.0.6668.89 Mobile Safari/537.36 (compatible; GoogleOther)"
185.191.171.15 - - [07/Oct/2024:02:57:10 +0300] "GET /2g4ccqozx.html HTTP/1.0" 404 34651 "-" "Mozilla/5.0 (compatible; SemrushBot/7~bl; +http://www.semrush.com/bot.html)"
85.208.96.209 - - [07/Oct/2024:02:57:24 +0300] "GET /5ge40ppmxl.html HTTP/1.0" 404 34653 "-" "Mozilla/5.0 (compatible; SemrushBot/7~bl; +http://www.semrush.com/bot.html)"
107.158.116.9 - - [07/Oct/2024:02:57:26 +0300] "GET /%09%092024-06-20+17:58%09Ready+contact+form+successfully+found%09http://gcba.ru%09%09%09%09%09 HTTP/1.0" 404 34811 "-" "Mozilla/5.0 (X11; Linux x86_64) AppleWebKit/537.36 (KHTML, like Gecko) Chrome/114.0.0.0 Safari/537.36 Vivaldi/5.3.2679.68"
107.158.116.9 - - [07/Oct/2024:02:57:27 +0300] "GET / HTTP/1.0" 200 322 "-" "Mozilla/5.0 (X11; Linux x86_64) AppleWebKit/537.36 (KHTML, like Gecko) Chrome/114.0.0.0 Safari/537.36 Vivaldi/5.3.2679.68"
107.158.116.9 - - [07/Oct/2024:02:57:28 +0300] "GET / HTTP/1.0" 200 322 "-" "Mozilla/5.0 (X11; Linux x86_64) AppleWebKit/537.36 (KHTML, like Gecko) Chrome/114.0.0.0 Safari/537.36 Vivaldi/5.3.2679.68"
107.158.116.9 - - [07/Oct/2024:02:57:29 +0300] "GET / HTTP/1.0" 200 322 "-" "Mozilla/5.0 (X11; Linux x86_64) AppleWebKit/537.36 (KHTML, like Gecko) Chrome/114.0.0.0 Safari/537.36 Vivaldi/5.3.2679.68"
66.249.66.35 - - [07/Oct/2024:02:57:31 +0300] "GET /yqmsquctw/visa-sponsorship-carpenter-jobs.html HTTP/1.0" 500 341 "-" "Mozilla/5.0 (Linux; Android 6.0.1; Nexus 5X Build/MMB29P) AppleWebKit/537.36 (KHTML, like Gecko) Chrome/129.0.6668.89 Mobile Safari/537.36 (compatible; GoogleOther)"
85.208.96.196 - - [07/Oct/2024:02:57:43 +0300] "GET /5dahgpithb.html HTTP/1.0" 404 37802 "-" "Mozilla/5.0 (compatible; SemrushBot/7~bl; +http://www.semrush.com/bot.html)"
66.249.66.36 - - [07/Oct/2024:02:57:54 +0300] "GET /yqmsquctw/swiftui-tabbar.html HTTP/1.0" 500 341 "-" "Mozilla/5.0 (Linux; Android 6.0.1; Nexus 5X Build/MMB29P) AppleWebKit/537.36 (KHTML, like Gecko) Chrome/129.0.6668.89 Mobile Safari/537.36 (compatible; GoogleOther)"
66.249.66.35 - - [07/Oct/2024:02:58:21 +0300] "GET /yqmsquctw/test-inteligencije-pitanja.html HTTP/1.0" 500 341 "-" "Mozilla/5.0 (Linux; Android 6.0.1; Nexus 5X Build/MMB29P) AppleWebKit/537.36 (KHTML, like Gecko) Chrome/129.0.6668.89 Mobile Safari/537.36 (compatible; Googlebot/2.1; +http://www.google.com/bot.html)"
185.191.171.7 - - [07/Oct/2024:02:58:53 +0300] "GET /4fobjxr7mz.html HTTP/1.0" 404 34653 "-" "Mozilla/5.0 (compatible; SemrushBot/7~bl; +http://www.semrush.com/bot.html)"
85.208.96.207 - - [07/Oct/2024:02:59:18 +0300] "GET /327icmm3bs.html HTTP/1.0" 404 34653 "-" "Mozilla/5.0 (compatible; SemrushBot/7~bl; +http://www.semrush.com/bot.html)"
66.249.66.37 - - [07/Oct/2024:02:59:22 +0300] "GET /yqmsquctw/polovne-gume-14-c.html HTTP/1.0" 500 341 "-" "Mozilla/5.0 (Linux; Android 6.0.1; Nexus 5X Build/MMB29P) AppleWebKit/537.36 (KHTML, like Gecko) Chrome/129.0.6668.89 Mobile Safari/537.36 (compatible; Googlebot/2.1; +http://www.google.com/bot.html)"
85.208.96.200 - - [07/Oct/2024:02:59:22 +0300] "GET /35e9f1va6p.html HTTP/1.0" 404 34653 "-" "Mozilla/5.0 (compatible; SemrushBot/7~bl; +http://www.semrush.com/bot.html)"
185.191.171.1 - - [07/Oct/2024:02:59:28 +0300] "GET /5ccjcutugi.html HTTP/1.0" 404 34653 "-" "Mozilla/5.0 (compatible; SemrushBot/7~bl; +http://www.semrush.com/bot.html)"
66.249.66.35 - - [07/Oct/2024:02:59:29 +0300] "GET /yqmsquctw/sedenje-posle-histerektomije.html HTTP/1.0" 500 341 "-" "Mozilla/5.0 (Linux; Android 6.0.1; Nexus 5X Build/MMB29P) AppleWebKit/537.36 (KHTML, like Gecko) Chrome/129.0.6668.89 Mobile Safari/537.36 (compatible; GoogleOther)"
85.208.96.197 - - [07/Oct/2024:02:59:44 +0300] "GET /57gconz08j.html HTTP/1.0" 404 34653 "-" "Mozilla/5.0 (compatible; SemrushBot/7~bl; +http://www.semrush.com/bot.html)"
185.191.171.2 - - [07/Oct/2024:02:59:47 +0300] "GET /4oo52tej4i.html HTTP/1.0" 404 34653 "-" "Mozilla/5.0 (compatible; SemrushBot/7~bl; +http://www.semrush.com/bot.html)"
85.208.96.197 - - [07/Oct/2024:02:59:48 +0300] "GET /1187fisf7i.html HTTP/1.0" 404 34653 "-" "Mozilla/5.0 (compatible; SemrushBot/7~bl; +http://www.semrush.com/bot.html)"
185.191.171.18 - - [07/Oct/2024:03:00:04 +0300] "GET /5ga06j3kpr.html HTTP/1.0" 404 34653 "-" "Mozilla/5.0 (compatible; SemrushBot/7~bl; +http://www.semrush.com/bot.html)"
66.249.66.36 - - [07/Oct/2024:03:00:16 +0300] "GET /yqmsquctw/free-ebooks-pdf.html HTTP/1.0" 500 341 "-" "Mozilla/5.0 (Linux; Android 6.0.1; Nexus 5X Build/MMB29P) AppleWebKit/537.36 (KHTML, like Gecko) Chrome/129.0.6668.89 Mobile Safari/537.36 (compatible; GoogleOther)"
85.208.96.200 - - [07/Oct/2024:03:00:27 +0300] "GET /14pgfgxhnx.html HTTP/1.0" 404 34653 "-" "Mozilla/5.0 (compatible; SemrushBot/7~bl; +http://www.semrush.com/bot.html)"
185.191.171.13 - - [07/Oct/2024:03:00:52 +0300] "GET /69dp7qqngb.html HTTP/1.0" 404 34653 "-" "Mozilla/5.0 (compatible; SemrushBot/7~bl; +http://www.semrush.com/bot.html)"
185.191.171.19 - - [07/Oct/2024:03:01:10 +0300] "GET /19k9pd4egz.html HTTP/1.0" 404 34653 "-" "Mozilla/5.0 (compatible; SemrushBot/7~bl; +http://www.semrush.com/bot.html)"
85.208.96.194 - - [07/Oct/2024:03:01:12 +0300] "GET /4f063vfjqb.html HTTP/1.0" 404 34653 "-" "Mozilla/5.0 (compatible; SemrushBot/7~bl; +http://www.semrush.com/bot.html)"
66.249.66.37 - - [07/Oct/2024:03:01:22 +0300] "GET /yqmsquctw/cloud-mining-companies.html HTTP/1.0" 500 341 "-" "Mozilla/5.0 (Linux; Android 6.0.1; Nexus 5X Build/MMB29P) AppleWebKit/537.36 (KHTML, like Gecko) Chrome/129.0.6668.89 Mobile Safari/537.36 (compatible; Googlebot/2.1; +http://www.google.com/bot.html)"
66.249.66.35 - - [07/Oct/2024:03:01:23 +0300] "GET /yqmsquctw/frontend-developer-jobs-remote.html HTTP/1.0" 500 341 "-" "Mozilla/5.0 (Linux; Android 6.0.1; Nexus 5X Build/MMB29P) AppleWebKit/537.36 (KHTML, like Gecko) Chrome/129.0.6668.89 Mobile Safari/537.36 (compatible; Googlebot/2.1; +http://www.google.com/bot.html)"
66.249.66.37 - - [07/Oct/2024:03:01:23 +0300] "GET /yqmsquctw/sony-tv-software-update-2024.html HTTP/1.0" 500 341 "-" "Mozilla/5.0 (Linux; Android 6.0.1; Nexus 5X Build/MMB29P) AppleWebKit/537.36 (KHTML, like Gecko) Chrome/129.0.6668.89 Mobile Safari/537.36 (compatible; Googlebot/2.1; +http://www.google.com/bot.html)"
66.249.66.37 - - [07/Oct/2024:03:01:24 +0300] "GET /yqmsquctw/which-of-the-following-factors-most-likely-would-cause-a-cpa-not-to-accept-a-new-audit-engagement.html HTTP/1.0" 500 341 "-" "Mozilla/5.0 (Linux; Android 6.0.1; Nexus 5X Build/MMB29P) AppleWebKit/537.36 (KHTML, like Gecko) Chrome/129.0.6668.89 Mobile Safari/537.36 (compatible; Googlebot/2.1; +http://www.google.com/bot.html)"
66.249.66.36 - - [07/Oct/2024:03:01:28 +0300] "GET /yqmsquctw/citi-mobile-app-detected-issues-on-your-mobile-device.html HTTP/1.0" 500 341 "-" "Mozilla/5.0 (Linux; Android 6.0.1; Nexus 5X Build/MMB29P) AppleWebKit/537.36 (KHTML, like Gecko) Chrome/129.0.6668.89 Mobile Safari/537.36 (compatible; GoogleOther)"
85.208.96.209 - - [07/Oct/2024:03:01:30 +0300] "GET /6be3oloiqk.html HTTP/1.0" 404 34653 "-" "Mozilla/5.0 (compatible; SemrushBot/7~bl; +http://www.semrush.com/bot.html)"
85.208.96.203 - - [07/Oct/2024:03:01:42 +0300] "GET /1giihmoyjp.html HTTP/1.0" 404 37802 "-" "Mozilla/5.0 (compatible; SemrushBot/7~bl; +http://www.semrush.com/bot.html)"
185.191.171.13 - - [07/Oct/2024:03:01:49 +0300] "GET /33a09sj222.html HTTP/1.0" 404 34653 "-" "Mozilla/5.0 (compatible; SemrushBot/7~bl; +http://www.semrush.com/bot.html)"
85.208.96.200 - - [07/Oct/2024:03:02:00 +0300] "GET /4ndem31tcu.html HTTP/1.0" 404 34653 "-" "Mozilla/5.0 (compatible; SemrushBot/7~bl; +http://www.semrush.com/bot.html)"
185.191.171.6 - - [07/Oct/2024:03:02:24 +0300] "GET /37e8ldvwsf.html HTTP/1.0" 404 34653 "-" "Mozilla/5.0 (compatible; SemrushBot/7~bl; +http://www.semrush.com/bot.html)"
185.191.171.7 - - [07/Oct/2024:03:03:04 +0300] "GET /28di1asetx.html HTTP/1.0" 404 37802 "-" "Mozilla/5.0 (compatible; SemrushBot/7~bl; +http://www.semrush.com/bot.html)"
85.208.96.208 - - [07/Oct/2024:03:03:12 +0300] "GET /news/nalogi/ekologicheskiy-sbor/ HTTP/1.0" 200 52411 "-" "Mozilla/5.0 (compatible; SemrushBot/7~bl; +http://www.semrush.com/bot.html)"
66.249.66.36 - - [07/Oct/2024:03:03:27 +0300] "GET /yqmsquctw/wilmington-nc-news-obituaries.html HTTP/1.0" 500 341 "-" "Mozilla/5.0 (Linux; Android 6.0.1; Nexus 5X Build/MMB29P) AppleWebKit/537.36 (KHTML, like Gecko) Chrome/129.0.6668.89 Mobile Safari/537.36 (compatible; GoogleOther)"
85.208.96.202 - - [07/Oct/2024:03:03:30 +0300] "GET /bd80h7nre.html HTTP/1.0" 404 34651 "-" "Mozilla/5.0 (compatible; SemrushBot/7~bl; +http://www.semrush.com/bot.html)"
185.191.171.14 - - [07/Oct/2024:03:03:35 +0300] "GET /5clone0vqf.html HTTP/1.0" 404 34653 "-" "Mozilla/5.0 (compatible; SemrushBot/7~bl; +http://www.semrush.com/bot.html)"
185.191.171.3 - - [07/Oct/2024:03:03:39 +0300] "GET /b0akmbzml.html HTTP/1.0" 404 34651 "-" "Mozilla/5.0 (compatible; SemrushBot/7~bl; +http://www.semrush.com/bot.html)"
185.191.171.8 - - [07/Oct/2024:03:03:54 +0300] "GET /12628eup0k.html HTTP/1.0" 404 34653 "-" "Mozilla/5.0 (compatible; SemrushBot/7~bl; +http://www.semrush.com/bot.html)"
85.208.96.201 - - [07/Oct/2024:03:04:06 +0300] "GET /250f4aea7w.html HTTP/1.0" 404 34653 "-" "Mozilla/5.0 (compatible; SemrushBot/7~bl; +http://www.semrush.com/bot.html)"
66.249.66.35 - - [07/Oct/2024:03:04:34 +0300] "GET /yqmsquctw/spring-boot-h2-database-create-table.html HTTP/1.0" 500 341 "-" "Mozilla/5.0 (Linux; Android 6.0.1; Nexus 5X Build/MMB29P) AppleWebKit/537.36 (KHTML, like Gecko) Chrome/129.0.6668.89 Mobile Safari/537.36 (compatible; GoogleOther)"
185.191.171.14 - - [07/Oct/2024:03:04:47 +0300] "GET /j0p3uzi4u.html HTTP/1.0" 404 34651 "-" "Mozilla/5.0 (compatible; SemrushBot/7~bl; +http://www.semrush.com/bot.html)"
185.191.171.4 - - [07/Oct/2024:03:04:54 +0300] "GET /1oaig6sda2.html HTTP/1.0" 404 34653 "-" "Mozilla/5.0 (compatible; SemrushBot/7~bl; +http://www.semrush.com/bot.html)"
66.249.66.36 - - [07/Oct/2024:03:05:22 +0300] "GET /yqmsquctw/power-automate-get-items-filter-query-last-month.html HTTP/1.0" 500 341 "-" "Mozilla/5.0 (Linux; Android 6.0.1; Nexus 5X Build/MMB29P) AppleWebKit/537.36 (KHTML, like Gecko) Chrome/129.0.6668.89 Mobile Safari/537.36 (compatible; Googlebot/2.1; +http://www.google.com/bot.html)"
66.249.66.37 - - [07/Oct/2024:03:05:25 +0300] "GET /yqmsquctw/avengers-fanfiction-peter-texts-tony-during-a-meeting.html HTTP/1.0" 500 341 "-" "Mozilla/5.0 (Linux; Android 6.0.1; Nexus 5X Build/MMB29P) AppleWebKit/537.36 (KHTML, like Gecko) Chrome/129.0.6668.89 Mobile Safari/537.36 (compatible; GoogleOther)"
85.208.96.212 - - [07/Oct/2024:03:05:37 +0300] "GET /4p0iisvuyh.html HTTP/1.0" 404 34653 "-" "Mozilla/5.0 (compatible; SemrushBot/7~bl; +http://www.semrush.com/bot.html)"
85.208.96.210 - - [07/Oct/2024:03:05:50 +0300] "GET /15go2ykd85.html HTTP/1.0" 404 34653 "-" "Mozilla/5.0 (compatible; SemrushBot/7~bl; +http://www.semrush.com/bot.html)"
85.208.96.208 - - [07/Oct/2024:03:05:58 +0300] "GET /2h2hj0k0z5.html HTTP/1.0" 404 34653 "-" "Mozilla/5.0 (compatible; SemrushBot/7~bl; +http://www.semrush.com/bot.html)"
85.208.96.210 - - [07/Oct/2024:03:06:00 +0300] "GET /4d838q0n37.html HTTP/1.0" 404 34653 "-" "Mozilla/5.0 (compatible; SemrushBot/7~bl; +http://www.semrush.com/bot.html)"
85.208.96.206 - - [07/Oct/2024:03:06:08 +0300] "GET /9bf8t75dw.html HTTP/1.0" 404 34651 "-" "Mozilla/5.0 (compatible; SemrushBot/7~bl; +http://www.semrush.com/bot.html)"
85.208.96.207 - - [07/Oct/2024:03:07:00 +0300] "GET /35o14drnzh.html HTTP/1.0" 404 34653 "-" "Mozilla/5.0 (compatible; SemrushBot/7~bl; +http://www.semrush.com/bot.html)"
185.191.171.19 - - [07/Oct/2024:03:07:25 +0300] "GET /4da52uc9gl.html HTTP/1.0" 404 37802 "-" "Mozilla/5.0 (compatible; SemrushBot/7~bl; +http://www.semrush.com/bot.html)"
85.208.96.201 - - [07/Oct/2024:03:07:27 +0300] "GET /igfhatwsi.html HTTP/1.0" 404 34651 "-" "Mozilla/5.0 (compatible; SemrushBot/7~bl; +http://www.semrush.com/bot.html)"
185.191.171.8 - - [07/Oct/2024:03:07:44 +0300] "GET /278931toqc.html HTTP/1.0" 404 34653 "-" "Mozilla/5.0 (compatible; SemrushBot/7~bl; +http://www.semrush.com/bot.html)"
185.191.171.14 - - [07/Oct/2024:03:07:46 +0300] "GET /1af9mawrwl.html HTTP/1.0" 404 34653 "-" "Mozilla/5.0 (compatible; SemrushBot/7~bl; +http://www.semrush.com/bot.html)"
85.208.96.205 - - [07/Oct/2024:03:08:01 +0300] "GET /2m6kmyyj4u.html HTTP/1.0" 404 34653 "-" "Mozilla/5.0 (compatible; SemrushBot/7~bl; +http://www.semrush.com/bot.html)"
185.191.171.1 - - [07/Oct/2024:03:08:03 +0300] "GET /jjl8icodt.html HTTP/1.0" 404 34651 "-" "Mozilla/5.0 (compatible; SemrushBot/7~bl; +http://www.semrush.com/bot.html)"
185.191.171.12 - - [07/Oct/2024:03:08:53 +0300] "GET /6aadoz0inh.html HTTP/1.0" 404 34653 "-" "Mozilla/5.0 (compatible; SemrushBot/7~bl; +http://www.semrush.com/bot.html)"
66.249.66.37 - - [07/Oct/2024:03:09:30 +0300] "GET /yqmsquctw/mit-mechanical-engineering.html HTTP/1.0" 500 3490 "-" "Mozilla/5.0 (Linux; Android 6.0.1; Nexus 5X Build/MMB29P) AppleWebKit/537.36 (KHTML, like Gecko) Chrome/129.0.6668.89 Mobile Safari/537.36 (compatible; GoogleOther)"
185.191.171.4 - - [07/Oct/2024:03:09:35 +0300] "GET /1c9jaje3sd.html HTTP/1.0" 404 34653 "-" "Mozilla/5.0 (compatible; SemrushBot/7~bl; +http://www.semrush.com/bot.html)"
185.191.171.9 - - [07/Oct/2024:03:09:37 +0300] "GET /9lj01jyp3.html HTTP/1.0" 404 34651 "-" "Mozilla/5.0 (compatible; SemrushBot/7~bl; +http://www.semrush.com/bot.html)"
5.182.86.168 - - [07/Oct/2024:03:09:54 +0300] "GET / HTTP/1.0" 200 322 "-" "Mozilla/5.0 (compatible; MSIE 8.0; Windows NT 6.2; WOW64; Trident/4.0)"
5.182.86.168 - - [07/Oct/2024:03:09:55 +0300] "POST / HTTP/1.0" 200 322 "https://gcba.ru/" "Mozilla/5.0 (compatible; MSIE 8.0; Windows NT 6.2; WOW64; Trident/4.0)"
5.182.86.168 - - [07/Oct/2024:03:09:55 +0300] "GET /95f33f6732e3.php HTTP/1.0" 200 358 "https://gcba.ru/" "Mozilla/5.0 (compatible; MSIE 8.0; Windows NT 6.2; WOW64; Trident/4.0)"
66.249.66.37 - - [07/Oct/2024:03:10:03 +0300] "GET /yqmsquctw/json-forms.html HTTP/1.0" 500 341 "-" "Mozilla/5.0 (Linux; Android 6.0.1; Nexus 5X Build/MMB29P) AppleWebKit/537.36 (KHTML, like Gecko) Chrome/129.0.6668.89 Mobile Safari/537.36 (compatible; Googlebot/2.1; +http://www.google.com/bot.html)"
85.208.96.198 - - [07/Oct/2024:03:10:04 +0300] "GET /5k5cnkfrb6.html HTTP/1.0" 404 34653 "-" "Mozilla/5.0 (compatible; SemrushBot/7~bl; +http://www.semrush.com/bot.html)"
185.191.171.4 - - [07/Oct/2024:03:10:06 +0300] "GET /1oem9zj0me.html HTTP/1.0" 404 34653 "-" "Mozilla/5.0 (compatible; SemrushBot/7~bl; +http://www.semrush.com/bot.html)"
185.191.171.18 - - [07/Oct/2024:03:10:17 +0300] "GET /38g9lmyemi.html HTTP/1.0" 404 34653 "-" "Mozilla/5.0 (compatible; SemrushBot/7~bl; +http://www.semrush.com/bot.html)"
185.191.171.7 - - [07/Oct/2024:03:10:19 +0300] "GET /25p9hq8ecf.html HTTP/1.0" 404 34653 "-" "Mozilla/5.0 (compatible; SemrushBot/7~bl; +http://www.semrush.com/bot.html)"
66.249.66.36 - - [07/Oct/2024:03:10:29 +0300] "GET /yqmsquctw/emra-per-djem-shqiptar-modern.html HTTP/1.0" 500 341 "-" "Mozilla/5.0 (Linux; Android 6.0.1; Nexus 5X Build/MMB29P) AppleWebKit/537.36 (KHTML, like Gecko) Chrome/129.0.6668.89 Mobile Safari/537.36 (compatible; GoogleOther)"
66.249.66.35 - - [07/Oct/2024:03:11:15 +0300] "GET /yqmsquctw/create-sequence-in-h2-database-spring-boot.html HTTP/1.0" 500 341 "-" "Mozilla/5.0 (Linux; Android 6.0.1; Nexus 5X Build/MMB29P) AppleWebKit/537.36 (KHTML, like Gecko) Chrome/129.0.6668.89 Mobile Safari/537.36 (compatible; GoogleOther)"
66.249.66.35 - - [07/Oct/2024:03:11:28 +0300] "GET /yqmsquctw/power-automate-get-items-filter-query-last-month.html HTTP/1.0" 500 341 "-" "Mozilla/5.0 (Linux; Android 6.0.1; Nexus 5X Build/MMB29P) AppleWebKit/537.36 (KHTML, like Gecko) Chrome/129.0.6668.89 Mobile Safari/537.36 (compatible; GoogleOther)"
85.208.96.208 - - [07/Oct/2024:03:11:32 +0300] "GET /2d28nwtljj.html HTTP/1.0" 404 34653 "-" "Mozilla/5.0 (compatible; SemrushBot/7~bl; +http://www.semrush.com/bot.html)"
