66.249.66.35 - - [13/Nov/2024:07:31:07 +0300] "GET /yqmsquctw/raspberry-pi-modulenotfounderror-no-module-named-picamera.html HTTP/1.0" 500 3490 "-" "Mozilla/5.0 (Linux; Android 6.0.1; Nexus 5X Build/MMB29P) AppleWebKit/537.36 (KHTML, like Gecko) Chrome/130.0.6723.116 Mobile Safari/537.36 (compatible; Googlebot/2.1; +http://www.google.com/bot.html)"
66.249.66.37 - - [13/Nov/2024:07:34:31 +0300] "GET /news/nalogi/fns-vnov-vzyalas-za-vzaimootnosheniya-s-samozanyatymi/ HTTP/1.0" 200 75986 "-" "Mozilla/5.0 (Linux; Android 6.0.1; Nexus 5X Build/MMB29P) AppleWebKit/537.36 (KHTML, like Gecko) Chrome/130.0.6723.116 Mobile Safari/537.36 (compatible; Googlebot/2.1; +http://www.google.com/bot.html)"
104.168.145.128 - - [13/Nov/2024:07:37:07 +0300] "GET / HTTP/1.0" 200 3471 "-" "Mozilla/5.0 (Macintosh; Intel Mac OS X 12_5) AppleWebKit/537.36 (KHTML, like Gecko) Chrome/114.0.0.0 YaBrowser/22.7.0 Yowser/2.5 Safari/537.36"
104.168.145.128 - - [13/Nov/2024:07:37:07 +0300] "GET / HTTP/1.0" 200 322 "-" "Mozilla/5.0 (Macintosh; Intel Mac OS X 12_5) AppleWebKit/537.36 (KHTML, like Gecko) Chrome/114.0.0.0 YaBrowser/22.7.0 Yowser/2.5 Safari/537.36"
104.168.145.128 - - [13/Nov/2024:07:37:08 +0300] "GET / HTTP/1.0" 200 322 "-" "Mozilla/5.0 (Macintosh; Intel Mac OS X 12_5) AppleWebKit/537.36 (KHTML, like Gecko) Chrome/114.0.0.0 YaBrowser/22.7.0 Yowser/2.5 Safari/537.36"
66.249.66.36 - - [13/Nov/2024:07:38:08 +0300] "GET /yqmsquctw/japan-work-visa.html HTTP/1.0" 500 3490 "-" "Mozilla/5.0 (Linux; Android 6.0.1; Nexus 5X Build/MMB29P) AppleWebKit/537.36 (KHTML, like Gecko) Chrome/130.0.6723.116 Mobile Safari/537.36 (compatible; Googlebot/2.1; +http://www.google.com/bot.html)"
89.208.105.220 - - [13/Nov/2024:07:40:19 +0300] "GET / HTTP/1.0" 200 322 "-" "Mozilla/5.0 (Macintosh; Intel Mac OS X 10_12_0) AppleWebKit/537.36 (KHTML, like Gecko) Chrome/53.0.2801.32 Safari/537.36"
89.208.105.220 - - [13/Nov/2024:07:40:19 +0300] "POST / HTTP/1.0" 200 322 "https://gcba.ru/" "Mozilla/5.0 (Macintosh; Intel Mac OS X 10_12_0) AppleWebKit/537.36 (KHTML, like Gecko) Chrome/53.0.2801.32 Safari/537.36"
89.208.105.220 - - [13/Nov/2024:07:40:20 +0300] "GET /95f33f6732e3.php HTTP/1.0" 200 358 "https://gcba.ru/" "Mozilla/5.0 (Macintosh; Intel Mac OS X 10_12_0) AppleWebKit/537.36 (KHTML, like Gecko) Chrome/53.0.2801.32 Safari/537.36"
66.249.66.37 - - [13/Nov/2024:07:42:09 +0300] "GET /xmw23/p0841-subaru-cvt.html HTTP/1.0" 500 3490 "-" "Mozilla/5.0 (Linux; Android 6.0.1; Nexus 5X Build/MMB29P) AppleWebKit/537.36 (KHTML, like Gecko) Chrome/130.0.6723.116 Mobile Safari/537.36 (compatible; Googlebot/2.1; +http://www.google.com/bot.html)"
66.249.66.37 - - [13/Nov/2024:07:46:09 +0300] "GET /yqmsquctw/diploma-civil-engineering-jobs-in-canada-from-india.html HTTP/1.0" 500 3490 "-" "Mozilla/5.0 (Linux; Android 6.0.1; Nexus 5X Build/MMB29P) AppleWebKit/537.36 (KHTML, like Gecko) Chrome/130.0.6723.116 Mobile Safari/537.36 (compatible; Googlebot/2.1; +http://www.google.com/bot.html)"
79.137.248.92 - - [13/Nov/2024:07:46:59 +0300] "GET /95f33f6732e3.php HTTP/1.0" 200 358 "-" "Mozilla/5.0 (compatible; MSIE 10.0; Windows NT 5.1; Win64; x64; Trident/6.0)"
79.137.248.92 - - [13/Nov/2024:07:46:59 +0300] "POST /95f33f6732e3.php HTTP/1.0" 200 360 "https://gcba.ru/95f33f6732e3.php" "Mozilla/5.0 (compatible; MSIE 10.0; Windows NT 5.1; Win64; x64; Trident/6.0)"
66.249.66.35 - - [13/Nov/2024:07:47:10 +0300] "GET /yqmsquctw/free-stuff-toronto-today.html HTTP/1.0" 500 341 "-" "Mozilla/5.0 (Linux; Android 6.0.1; Nexus 5X Build/MMB29P) AppleWebKit/537.36 (KHTML, like Gecko) Chrome/130.0.6723.116 Mobile Safari/537.36 (compatible; Googlebot/2.1; +http://www.google.com/bot.html)"
66.249.66.36 - - [13/Nov/2024:07:47:10 +0300] "GET /xmw23/bmw-error-101008.html HTTP/1.0" 500 3490 "-" "Mozilla/5.0 (Linux; Android 6.0.1; Nexus 5X Build/MMB29P) AppleWebKit/537.36 (KHTML, like Gecko) Chrome/130.0.6723.116 Mobile Safari/537.36 (compatible; Googlebot/2.1; +http://www.google.com/bot.html)"
66.249.66.35 - - [13/Nov/2024:07:47:23 +0300] "GET /yqmsquctw/monmouth-county-police-blotter-2024.html HTTP/1.0" 500 341 "-" "Mozilla/5.0 (Linux; Android 6.0.1; Nexus 5X Build/MMB29P) AppleWebKit/537.36 (KHTML, like Gecko) Chrome/130.0.6723.116 Mobile Safari/537.36 (compatible; Googlebot/2.1; +http://www.google.com/bot.html)"
66.249.66.37 - - [13/Nov/2024:07:49:26 +0300] "GET /4knecwf5f7.html HTTP/1.0" 404 67174 "-" "Mozilla/5.0 (Linux; Android 6.0.1; Nexus 5X Build/MMB29P) AppleWebKit/537.36 (KHTML, like Gecko) Chrome/130.0.6723.116 Mobile Safari/537.36 (compatible; Googlebot/2.1; +http://www.google.com/bot.html)"
79.137.248.92 - - [13/Nov/2024:07:49:48 +0300] "GET /95f33f6732e3.php HTTP/1.0" 200 358 "-" "Mozilla/5.0 (X11; Ubuntu; Linux x86_64; rv:51.0) Gecko/20100101 Firefox/51.0"
79.137.248.92 - - [13/Nov/2024:07:49:48 +0300] "POST /95f33f6732e3.php HTTP/1.0" 500 387 "https://gcba.ru/95f33f6732e3.php" "Mozilla/5.0 (X11; Ubuntu; Linux x86_64; rv:51.0) Gecko/20100101 Firefox/51.0"
89.208.105.220 - - [13/Nov/2024:07:50:30 +0300] "GET / HTTP/1.0" 200 322 "-" "Mozilla/5.0 (X11; Linux i686 on x86_64) AppleWebKit/537.36 (KHTML, like Gecko) Chrome/56.0.2929.2 Safari/537.36"
89.208.105.220 - - [13/Nov/2024:07:50:41 +0300] "POST / HTTP/1.0" 200 322 "https://gcba.ru/" "Mozilla/5.0 (X11; Linux i686 on x86_64) AppleWebKit/537.36 (KHTML, like Gecko) Chrome/56.0.2929.2 Safari/537.36"
89.208.105.220 - - [13/Nov/2024:07:50:42 +0300] "GET /95f33f6732e3.php HTTP/1.0" 200 358 "https://gcba.ru/" "Mozilla/5.0 (X11; Linux i686 on x86_64) AppleWebKit/537.36 (KHTML, like Gecko) Chrome/56.0.2929.2 Safari/537.36"
35.231.22.177 - - [13/Nov/2024:07:50:49 +0300] "GET / HTTP/1.0" 200 322 "-" "Mozilla/5.0 (Windows NT 10.0; Win64; x64) AppleWebKit/537.36 (KHTML, like Gecko) Chrome/120.0.6099.28 Safari/537.36"
66.249.66.36 - - [13/Nov/2024:07:52:08 +0300] "GET /yqmsquctw/is-working-in-a-warehouse-bad-for-your-health.html HTTP/1.0" 500 341 "-" "Mozilla/5.0 (Linux; Android 6.0.1; Nexus 5X Build/MMB29P) AppleWebKit/537.36 (KHTML, like Gecko) Chrome/130.0.6723.116 Mobile Safari/537.36 (compatible; Googlebot/2.1; +http://www.google.com/bot.html)"
66.249.66.36 - - [13/Nov/2024:07:52:32 +0300] "GET /xmw23/amazon-canada-jobs-work-from-home.html HTTP/1.0" 500 3490 "-" "Mozilla/5.0 (Linux; Android 6.0.1; Nexus 5X Build/MMB29P) AppleWebKit/537.36 (KHTML, like Gecko) Chrome/130.0.6723.116 Mobile Safari/537.36 (compatible; Googlebot/2.1; +http://www.google.com/bot.html)"
66.249.66.35 - - [13/Nov/2024:07:52:47 +0300] "GET /xmw23/citibank-apk-download.html HTTP/1.0" 200 19113 "-" "Mozilla/5.0 (Linux; Android 6.0.1; Nexus 5X Build/MMB29P) AppleWebKit/537.36 (KHTML, like Gecko) Chrome/130.0.6723.116 Mobile Safari/537.36 (compatible; Googlebot/2.1; +http://www.google.com/bot.html)"
47.128.28.70 - - [13/Nov/2024:07:53:15 +0300] "GET /4/16/ HTTP/1.0" 404 67125 "-" "Mozilla/5.0 (Linux; Android 5.0) AppleWebKit/537.36 (KHTML, like Gecko) Mobile Safari/537.36 (compatible; Bytespider; spider-feedback@bytedance.com)"
66.249.66.36 - - [13/Nov/2024:07:53:33 +0300] "GET /xmw23/deberry-funeral-home-denton,-tx-obituaries.html HTTP/1.0" 404 67366 "-" "Mozilla/5.0 (Linux; Android 6.0.1; Nexus 5X Build/MMB29P) AppleWebKit/537.36 (KHTML, like Gecko) Chrome/130.0.6723.116 Mobile Safari/537.36 (compatible; Googlebot/2.1; +http://www.google.com/bot.html)"
66.249.66.37 - - [13/Nov/2024:07:55:27 +0300] "GET /yqmsquctw/avort-medicamentos-pret.html HTTP/1.0" 500 341 "-" "Mozilla/5.0 (Linux; Android 6.0.1; Nexus 5X Build/MMB29P) AppleWebKit/537.36 (KHTML, like Gecko) Chrome/130.0.6723.116 Mobile Safari/537.36 (compatible; Googlebot/2.1; +http://www.google.com/bot.html)"
47.128.111.104 - - [13/Nov/2024:07:57:14 +0300] "GET / HTTP/1.0" 200 322 "-" "Mozilla/5.0 (Linux; Android 5.0) AppleWebKit/537.36 (KHTML, like Gecko) Mobile Safari/537.36 (compatible; Bytespider; spider-feedback@bytedance.com)"
66.249.66.35 - - [13/Nov/2024:07:58:08 +0300] "GET /yqmsquctw/garsonjera-jarun.html HTTP/1.0" 500 3490 "-" "Mozilla/5.0 (Linux; Android 6.0.1; Nexus 5X Build/MMB29P) AppleWebKit/537.36 (KHTML, like Gecko) Chrome/130.0.6723.116 Mobile Safari/537.36 (compatible; Googlebot/2.1; +http://www.google.com/bot.html)"
66.249.66.35 - - [13/Nov/2024:07:58:20 +0300] "GET /yqmsquctw/factors-influencing-prescribing.html HTTP/1.0" 500 341 "-" "Mozilla/5.0 (Linux; Android 6.0.1; Nexus 5X Build/MMB29P) AppleWebKit/537.36 (KHTML, like Gecko) Chrome/130.0.6723.116 Mobile Safari/537.36 (compatible; Googlebot/2.1; +http://www.google.com/bot.html)"
66.249.66.35 - - [13/Nov/2024:07:59:47 +0300] "GET /yqmsquctw/busted-newspaper-pettis-county-mo.html HTTP/1.0" 500 341 "-" "Mozilla/5.0 (Linux; Android 6.0.1; Nexus 5X Build/MMB29P) AppleWebKit/537.36 (KHTML, like Gecko) Chrome/130.0.6723.116 Mobile Safari/537.36 (compatible; Googlebot/2.1; +http://www.google.com/bot.html)"
66.249.66.36 - - [13/Nov/2024:08:00:37 +0300] "GET /xmw23/pune-nga-shtepia-perkthim.html HTTP/1.0" 200 23931 "-" "Mozilla/5.0 (Linux; Android 6.0.1; Nexus 5X Build/MMB29P) AppleWebKit/537.36 (KHTML, like Gecko) Chrome/130.0.6723.116 Mobile Safari/537.36 (compatible; Googlebot/2.1; +http://www.google.com/bot.html)"
47.128.23.66 - - [13/Nov/2024:08:01:14 +0300] "GET /eng/services/?SECTION_ID=16 HTTP/1.0" 200 18980 "-" "Mozilla/5.0 (Linux; Android 5.0) AppleWebKit/537.36 (KHTML, like Gecko) Mobile Safari/537.36 (compatible; Bytespider; spider-feedback@bytedance.com)"
66.249.66.36 - - [13/Nov/2024:08:02:38 +0300] "GET /yqmsquctw/care-assistant-jobs-with-visa-sponsorship-in-uk-salary.html HTTP/1.0" 500 341 "-" "Mozilla/5.0 (Linux; Android 6.0.1; Nexus 5X Build/MMB29P) AppleWebKit/537.36 (KHTML, like Gecko) Chrome/130.0.6723.116 Mobile Safari/537.36 (compatible; Googlebot/2.1; +http://www.google.com/bot.html)"
66.249.66.35 - - [13/Nov/2024:08:03:38 +0300] "GET /news/nalogi/izmenenie-rekvizitov-uplaty-nalogov-i-vznosov-v-gorode-moskve/ HTTP/1.0" 304 347 "-" "Mozilla/5.0 (Linux; Android 6.0.1; Nexus 5X Build/MMB29P) AppleWebKit/537.36 (KHTML, like Gecko) Chrome/130.0.6723.116 Mobile Safari/537.36 (compatible; Googlebot/2.1; +http://www.google.com/bot.html)"
66.249.66.35 - - [13/Nov/2024:08:05:09 +0300] "GET /yqmsquctw/noticias-de-raleigh-nc-en-vivo.html HTTP/1.0" 500 3490 "-" "Mozilla/5.0 (Linux; Android 6.0.1; Nexus 5X Build/MMB29P) AppleWebKit/537.36 (KHTML, like Gecko) Chrome/130.0.6723.116 Mobile Safari/537.36 (compatible; Googlebot/2.1; +http://www.google.com/bot.html)"
47.128.60.125 - - [13/Nov/2024:08:05:14 +0300] "GET /bitrix/redirect.php?goto=https%3A%2F%2Fpierwszy-smartfon.pl%2Fcatalog%2Fiphone%2Fiphone-xs-sferis%2Fetui-kingxbar-iphone-x-xs-phoenix-series-red%2F HTTP/1.0" 404 65908 "-" "Mozilla/5.0 (Linux; Android 5.0) AppleWebKit/537.36 (KHTML, like Gecko) Mobile Safari/537.36 (compatible; Bytespider; spider-feedback@bytedance.com)"
66.249.66.35 - - [13/Nov/2024:08:07:23 +0300] "GET /yqmsquctw/kroeger-funeral-home-obituaries.html HTTP/1.0" 500 341 "-" "Mozilla/5.0 (Linux; Android 6.0.1; Nexus 5X Build/MMB29P) AppleWebKit/537.36 (KHTML, like Gecko) Chrome/130.0.6723.116 Mobile Safari/537.36 (compatible; Googlebot/2.1; +http://www.google.com/bot.html)"
66.249.66.35 - - [13/Nov/2024:08:10:39 +0300] "GET /services/?SECTION_ID=5 HTTP/1.0" 304 3496 "-" "Mozilla/5.0 (Linux; Android 6.0.1; Nexus 5X Build/MMB29P) AppleWebKit/537.36 (KHTML, like Gecko) Chrome/130.0.6723.116 Mobile Safari/537.36 (compatible; Googlebot/2.1; +http://www.google.com/bot.html)"
47.128.60.168 - - [13/Nov/2024:08:13:14 +0300] "GET /eng/ HTTP/1.0" 200 27388 "-" "Mozilla/5.0 (Linux; Android 5.0) AppleWebKit/537.36 (KHTML, like Gecko) Mobile Safari/537.36 (compatible; Bytespider; spider-feedback@bytedance.com)"
66.249.66.35 - - [13/Nov/2024:08:15:39 +0300] "GET /news/nalogi/kak-izmenyatsya-nds-usn-envd-i-eskhn-v-2018-godu/ HTTP/1.0" 200 76817 "-" "Mozilla/5.0 (Linux; Android 6.0.1; Nexus 5X Build/MMB29P) AppleWebKit/537.36 (KHTML, like Gecko) Chrome/130.0.6723.116 Mobile Safari/537.36 (compatible; Googlebot/2.1; +http://www.google.com/bot.html)"
66.249.66.36 - - [13/Nov/2024:08:15:43 +0300] "GET /news/nalogi/kak-izmenyatsya-nds-usn-envd-i-eskhn-v-2018-godu/?bxrand=1731456000000 HTTP/1.0" 200 4861 "https://gcba.ru/news/nalogi/kak-izmenyatsya-nds-usn-envd-i-eskhn-v-2018-godu/" "Mozilla/5.0 (Linux; Android 6.0.1; Nexus 5X Build/MMB29P) AppleWebKit/537.36 (KHTML, like Gecko) Chrome/130.0.6723.69 Mobile Safari/537.36 (compatible; Googlebot/2.1; +http://www.google.com/bot.html)"
66.249.66.36 - - [13/Nov/2024:08:16:20 +0300] "GET /xmw23/lista-de-detenidos-en-spartanburg,-sc.html HTTP/1.0" 404 67356 "-" "Mozilla/5.0 (Linux; Android 6.0.1; Nexus 5X Build/MMB29P) AppleWebKit/537.36 (KHTML, like Gecko) Chrome/130.0.6723.116 Mobile Safari/537.36 (compatible; Googlebot/2.1; +http://www.google.com/bot.html)"
47.128.22.62 - - [13/Nov/2024:08:17:14 +0300] "GET /5/ HTTP/1.0" 404 67148 "-" "Mozilla/5.0 (Linux; Android 5.0) AppleWebKit/537.36 (KHTML, like Gecko) Mobile Safari/537.36 (compatible; Bytespider; spider-feedback@bytedance.com)"
66.249.66.37 - - [13/Nov/2024:08:18:40 +0300] "GET /services/?SECTION_ID=4 HTTP/1.0" 200 101696 "-" "Mozilla/5.0 (Linux; Android 6.0.1; Nexus 5X Build/MMB29P) AppleWebKit/537.36 (KHTML, like Gecko) Chrome/130.0.6723.116 Mobile Safari/537.36 (compatible; Googlebot/2.1; +http://www.google.com/bot.html)"
66.249.66.35 - - [13/Nov/2024:08:18:42 +0300] "GET /services/?bxrand=1731456000000&SECTION_ID=4 HTTP/1.0" 200 4662 "https://gcba.ru/services/?SECTION_ID=4" "Mozilla/5.0 (Linux; Android 6.0.1; Nexus 5X Build/MMB29P) AppleWebKit/537.36 (KHTML, like Gecko) Chrome/130.0.6723.69 Mobile Safari/537.36 (compatible; Googlebot/2.1; +http://www.google.com/bot.html)"
66.249.66.36 - - [13/Nov/2024:08:18:59 +0300] "GET /xmw23/i-am-the-luna-chapter-10.html HTTP/1.0" 500 3490 "-" "Mozilla/5.0 (Linux; Android 6.0.1; Nexus 5X Build/MMB29P) AppleWebKit/537.36 (KHTML, like Gecko) Chrome/130.0.6723.116 Mobile Safari/537.36 (compatible; Googlebot/2.1; +http://www.google.com/bot.html)"
66.249.66.37 - - [13/Nov/2024:08:19:00 +0300] "GET /local/templates/main_bag/favicon.ico HTTP/1.0" 404 67216 "-" "Googlebot-Image/1.0"
47.128.98.201 - - [13/Nov/2024:08:21:14 +0300] "GET /news/ HTTP/1.0" 200 66008 "-" "Mozilla/5.0 (Linux; Android 5.0) AppleWebKit/537.36 (KHTML, like Gecko) Mobile Safari/537.36 (compatible; Bytespider; spider-feedback@bytedance.com)"
47.128.63.89 - - [13/Nov/2024:08:25:14 +0300] "GET /eng/services/?SECTION_ID=13 HTTP/1.0" 200 24879 "-" "Mozilla/5.0 (Linux; Android 5.0) AppleWebKit/537.36 (KHTML, like Gecko) Mobile Safari/537.36 (compatible; Bytespider; spider-feedback@bytedance.com)"
66.249.66.35 - - [13/Nov/2024:08:27:59 +0300] "GET /yqmsquctw/funeral-homes-hicksville,-ny.html HTTP/1.0" 404 67288 "-" "Mozilla/5.0 (Linux; Android 6.0.1; Nexus 5X Build/MMB29P) AppleWebKit/537.36 (KHTML, like Gecko) Chrome/130.0.6723.116 Mobile Safari/537.36 (compatible; Googlebot/2.1; +http://www.google.com/bot.html)"
47.128.52.248 - - [13/Nov/2024:08:29:14 +0300] "GET /eng/services/?SECTION_ID=15 HTTP/1.0" 200 18990 "-" "Mozilla/5.0 (Linux; Android 5.0) AppleWebKit/537.36 (KHTML, like Gecko) Mobile Safari/537.36 (compatible; Bytespider; spider-feedback@bytedance.com)"
66.249.66.36 - - [13/Nov/2024:08:30:10 +0300] "GET /yqmsquctw/dark-fate-chasing-my-rejected-luna-reddit.html HTTP/1.0" 500 341 "-" "Mozilla/5.0 (Linux; Android 6.0.1; Nexus 5X Build/MMB29P) AppleWebKit/537.36 (KHTML, like Gecko) Chrome/130.0.6723.116 Mobile Safari/537.36 (compatible; Googlebot/2.1; +http://www.google.com/bot.html)"
66.249.66.36 - - [13/Nov/2024:08:31:09 +0300] "GET /xmw23/north-weymouth,-ma-obituaries.html HTTP/1.0" 404 67340 "-" "Mozilla/5.0 (Linux; Android 6.0.1; Nexus 5X Build/MMB29P) AppleWebKit/537.36 (KHTML, like Gecko) Chrome/130.0.6723.116 Mobile Safari/537.36 (compatible; Googlebot/2.1; +http://www.google.com/bot.html)"
66.249.66.37 - - [13/Nov/2024:08:32:14 +0300] "GET /xmw23/paradise-funeral-home-jonesboro,-la-obituaries.html HTTP/1.0" 404 67374 "-" "Mozilla/5.0 (Linux; Android 6.0.1; Nexus 5X Build/MMB29P) AppleWebKit/537.36 (KHTML, like Gecko) Chrome/130.0.6723.116 Mobile Safari/537.36 (compatible; Googlebot/2.1; +http://www.google.com/bot.html)"
66.249.66.35 - - [13/Nov/2024:08:32:22 +0300] "GET /xmw23/federal-bureau-of-investigation.html HTTP/1.0" 500 3490 "-" "Mozilla/5.0 (Linux; Android 6.0.1; Nexus 5X Build/MMB29P) AppleWebKit/537.36 (KHTML, like Gecko) Chrome/130.0.6723.116 Mobile Safari/537.36 (compatible; Googlebot/2.1; +http://www.google.com/bot.html)"
66.249.66.37 - - [13/Nov/2024:08:33:13 +0300] "GET /yqmsquctw/mister-fpga-documentation.html HTTP/1.0" 500 341 "-" "Mozilla/5.0 (Linux; Android 6.0.1; Nexus 5X Build/MMB29P) AppleWebKit/537.36 (KHTML, like Gecko) Chrome/130.0.6723.116 Mobile Safari/537.36 (compatible; Googlebot/2.1; +http://www.google.com/bot.html)"
47.128.111.15 - - [13/Nov/2024:08:33:14 +0300] "GET /eng/services/?SECTION_ID=14 HTTP/1.0" 200 15841 "-" "Mozilla/5.0 (Linux; Android 5.0) AppleWebKit/537.36 (KHTML, like Gecko) Mobile Safari/537.36 (compatible; Bytespider; spider-feedback@bytedance.com)"
66.249.66.36 - - [13/Nov/2024:08:33:23 +0300] "GET /yqmsquctw/las-cruces-news-shooting-today.html HTTP/1.0" 500 341 "-" "Mozilla/5.0 (Linux; Android 6.0.1; Nexus 5X Build/MMB29P) AppleWebKit/537.36 (KHTML, like Gecko) Chrome/130.0.6723.116 Mobile Safari/537.36 (compatible; Googlebot/2.1; +http://www.google.com/bot.html)"
66.249.66.35 - - [13/Nov/2024:08:37:09 +0300] "GET /xmw23/where-can-you-watch-strula-in-english.html HTTP/1.0" 500 3490 "-" "Mozilla/5.0 (Linux; Android 6.0.1; Nexus 5X Build/MMB29P) AppleWebKit/537.36 (KHTML, like Gecko) Chrome/130.0.6723.116 Mobile Safari/537.36 (compatible; Googlebot/2.1; +http://www.google.com/bot.html)"
66.249.66.35 - - [13/Nov/2024:08:37:14 +0300] "GET /yqmsquctw/pokemon-rom-hacks-download.html HTTP/1.0" 500 341 "-" "Mozilla/5.0 (Linux; Android 6.0.1; Nexus 5X Build/MMB29P) AppleWebKit/537.36 (KHTML, like Gecko) Chrome/130.0.6723.116 Mobile Safari/537.36 (compatible; Googlebot/2.1; +http://www.google.com/bot.html)"
66.249.66.35 - - [13/Nov/2024:08:38:13 +0300] "GET /xmw23/prescribing-guidelines-for-doctors.html HTTP/1.0" 200 24514 "-" "Mozilla/5.0 (Linux; Android 6.0.1; Nexus 5X Build/MMB29P) AppleWebKit/537.36 (KHTML, like Gecko) Chrome/130.0.6723.116 Mobile Safari/537.36 (compatible; Googlebot/2.1; +http://www.google.com/bot.html)"
66.249.66.35 - - [13/Nov/2024:08:41:57 +0300] "GET /xmw23/ender-3-neo-app.html HTTP/1.0" 500 3490 "-" "Mozilla/5.0 (Linux; Android 6.0.1; Nexus 5X Build/MMB29P) AppleWebKit/537.36 (KHTML, like Gecko) Chrome/130.0.6723.116 Mobile Safari/537.36 (compatible; Googlebot/2.1; +http://www.google.com/bot.html)"
66.249.66.37 - - [13/Nov/2024:08:44:58 +0300] "GET /yqmsquctw/southern-pacific.html HTTP/1.0" 500 3490 "-" "Mozilla/5.0 (Linux; Android 6.0.1; Nexus 5X Build/MMB29P) AppleWebKit/537.36 (KHTML, like Gecko) Chrome/130.0.6723.116 Mobile Safari/537.36 (compatible; Googlebot/2.1; +http://www.google.com/bot.html)"
66.249.66.36 - - [13/Nov/2024:08:53:59 +0300] "GET /xmw23/amazon-warehouse-scarborough-address.html HTTP/1.0" 500 3490 "-" "Mozilla/5.0 (Linux; Android 6.0.1; Nexus 5X Build/MMB29P) AppleWebKit/537.36 (KHTML, like Gecko) Chrome/130.0.6723.116 Mobile Safari/537.36 (compatible; Googlebot/2.1; +http://www.google.com/bot.html)"
66.249.66.35 - - [13/Nov/2024:08:55:27 +0300] "GET /xmw23/dewitt-county-jail-commissary.html HTTP/1.0" 500 341 "-" "Mozilla/5.0 (Linux; Android 6.0.1; Nexus 5X Build/MMB29P) AppleWebKit/537.36 (KHTML, like Gecko) Chrome/130.0.6723.116 Mobile Safari/537.36 (compatible; Googlebot/2.1; +http://www.google.com/bot.html)"
66.249.66.35 - - [13/Nov/2024:08:58:28 +0300] "GET /yqmsquctw/mugshots-palestine,-tx.html HTTP/1.0" 404 70454 "-" "Mozilla/5.0 (Linux; Android 6.0.1; Nexus 5X Build/MMB29P) AppleWebKit/537.36 (KHTML, like Gecko) Chrome/130.0.6723.116 Mobile Safari/537.36 (compatible; Googlebot/2.1; +http://www.google.com/bot.html)"
66.249.66.35 - - [13/Nov/2024:08:58:59 +0300] "GET /xmw23/sinoderm-gel-iskustva.html HTTP/1.0" 500 341 "-" "Mozilla/5.0 (Linux; Android 6.0.1; Nexus 5X Build/MMB29P) AppleWebKit/537.36 (KHTML, like Gecko) Chrome/130.0.6723.116 Mobile Safari/537.36 (compatible; Googlebot/2.1; +http://www.google.com/bot.html)"
66.249.66.37 - - [13/Nov/2024:09:01:33 +0300] "GET /yqmsquctw/springfield,-mo-police-media-report.html HTTP/1.0" 404 70509 "-" "Mozilla/5.0 (Linux; Android 6.0.1; Nexus 5X Build/MMB29P) AppleWebKit/537.36 (KHTML, like Gecko) Chrome/130.0.6723.116 Mobile Safari/537.36 (compatible; Googlebot/2.1; +http://www.google.com/bot.html)"
66.249.66.37 - - [13/Nov/2024:09:05:34 +0300] "GET /xmw23/actualizar-tv-sony-bravia-download.html HTTP/1.0" 500 3490 "-" "Mozilla/5.0 (Linux; Android 6.0.1; Nexus 5X Build/MMB29P) AppleWebKit/537.36 (KHTML, like Gecko) Chrome/130.0.6723.116 Mobile Safari/537.36 (compatible; Googlebot/2.1; +http://www.google.com/bot.html)"
66.249.66.36 - - [13/Nov/2024:09:08:34 +0300] "GET /xmw23/watersave-seep.html HTTP/1.0" 500 3490 "-" "Mozilla/5.0 (Linux; Android 6.0.1; Nexus 5X Build/MMB29P) AppleWebKit/537.36 (KHTML, like Gecko) Chrome/130.0.6723.116 Mobile Safari/537.36 (compatible; Googlebot/2.1; +http://www.google.com/bot.html)"
66.249.66.35 - - [13/Nov/2024:09:08:46 +0300] "GET /xmw23/line-break-in-tcpdf.html HTTP/1.0" 200 22595 "-" "Mozilla/5.0 (Linux; Android 6.0.1; Nexus 5X Build/MMB29P) AppleWebKit/537.36 (KHTML, like Gecko) Chrome/130.0.6723.116 Mobile Safari/537.36 (compatible; Googlebot/2.1; +http://www.google.com/bot.html)"
66.249.66.37 - - [13/Nov/2024:09:11:40 +0300] "GET /yqmsquctw/trabajo-part-time-desde-casa.html HTTP/1.0" 500 341 "-" "Mozilla/5.0 (Linux; Android 6.0.1; Nexus 5X Build/MMB29P) AppleWebKit/537.36 (KHTML, like Gecko) Chrome/130.0.6723.116 Mobile Safari/537.36 (compatible; Googlebot/2.1; +http://www.google.com/bot.html)"
66.249.66.32 - - [13/Nov/2024:09:14:44 +0300] "GET /yqmsquctw/dead-broke-farm.html HTTP/1.0" 500 3490 "-" "Mozilla/5.0 (Linux; Android 6.0.1; Nexus 5X Build/MMB29P) AppleWebKit/537.36 (KHTML, like Gecko) Chrome/130.0.6723.116 Mobile Safari/537.36 (compatible; Googlebot/2.1; +http://www.google.com/bot.html)"
66.249.66.35 - - [13/Nov/2024:09:14:44 +0300] "GET /xmw23/visa-careers-login.html HTTP/1.0" 500 3490 "-" "Mozilla/5.0 (Linux; Android 6.0.1; Nexus 5X Build/MMB29P) AppleWebKit/537.36 (KHTML, like Gecko) Chrome/130.0.6723.116 Mobile Safari/537.36 (compatible; Googlebot/2.1; +http://www.google.com/bot.html)"
66.249.66.35 - - [13/Nov/2024:09:19:45 +0300] "GET /yqmsquctw/strula-english-subtitles-season-1.html HTTP/1.0" 500 3490 "-" "Mozilla/5.0 (Linux; Android 6.0.1; Nexus 5X Build/MMB29P) AppleWebKit/537.36 (KHTML, like Gecko) Chrome/130.0.6723.116 Mobile Safari/537.36 (compatible; Googlebot/2.1; +http://www.google.com/bot.html)"
66.249.66.35 - - [13/Nov/2024:09:20:09 +0300] "GET /yqmsquctw/types-of-visas-in-australia.html HTTP/1.0" 500 341 "-" "Mozilla/5.0 (Linux; Android 6.0.1; Nexus 5X Build/MMB29P) AppleWebKit/537.36 (KHTML, like Gecko) Chrome/130.0.6723.116 Mobile Safari/537.36 (compatible; Googlebot/2.1; +http://www.google.com/bot.html)"
66.249.66.35 - - [13/Nov/2024:09:20:46 +0300] "GET /xmw23/care-home-jobs-in-london-no-experience.html HTTP/1.0" 500 341 "-" "Mozilla/5.0 (Linux; Android 6.0.1; Nexus 5X Build/MMB29P) AppleWebKit/537.36 (KHTML, like Gecko) Chrome/130.0.6723.116 Mobile Safari/537.36 (compatible; Googlebot/2.1; +http://www.google.com/bot.html)"
37.220.86.84 - - [13/Nov/2024:09:21:39 +0300] "GET / HTTP/1.0" 200 3471 "-" "Mozilla/5.0 (Macintosh; Intel Mac OS X 10_11_1) AppleWebKit/537.36 (KHTML, like Gecko) Chrome/56.0.2982.17 Safari/537.36"
37.220.86.84 - - [13/Nov/2024:09:21:40 +0300] "POST / HTTP/1.0" 200 322 "https://gcba.ru/" "Mozilla/5.0 (Macintosh; Intel Mac OS X 10_11_1) AppleWebKit/537.36 (KHTML, like Gecko) Chrome/56.0.2982.17 Safari/537.36"
37.220.86.84 - - [13/Nov/2024:09:21:40 +0300] "GET /95f33f6732e3.php HTTP/1.0" 200 358 "https://gcba.ru/" "Mozilla/5.0 (Macintosh; Intel Mac OS X 10_11_1) AppleWebKit/537.36 (KHTML, like Gecko) Chrome/56.0.2982.17 Safari/537.36"
66.249.66.35 - - [13/Nov/2024:09:23:23 +0300] "GET /yqmsquctw/how-to-download-images-from-open-images-dataset-v7.html HTTP/1.0" 500 341 "-" "Mozilla/5.0 (Linux; Android 6.0.1; Nexus 5X Build/MMB29P) AppleWebKit/537.36 (KHTML, like Gecko) Chrome/130.0.6723.116 Mobile Safari/537.36 (compatible; Googlebot/2.1; +http://www.google.com/bot.html)"
66.249.66.36 - - [13/Nov/2024:09:23:46 +0300] "GET /xmw23/sidebar-bootstrap.html HTTP/1.0" 500 341 "-" "Mozilla/5.0 (Linux; Android 6.0.1; Nexus 5X Build/MMB29P) AppleWebKit/537.36 (KHTML, like Gecko) Chrome/130.0.6723.116 Mobile Safari/537.36 (compatible; Googlebot/2.1; +http://www.google.com/bot.html)"
66.249.66.35 - - [13/Nov/2024:09:24:47 +0300] "GET /yqmsquctw/sedenje-posle-histerektomije.html HTTP/1.0" 500 341 "-" "Mozilla/5.0 (Linux; Android 6.0.1; Nexus 5X Build/MMB29P) AppleWebKit/537.36 (KHTML, like Gecko) Chrome/130.0.6723.116 Mobile Safari/537.36 (compatible; Googlebot/2.1; +http://www.google.com/bot.html)"
66.249.66.36 - - [13/Nov/2024:09:24:47 +0300] "GET /news/metodologiya/kak-sostavit-korrektirovochnyy-schet-fakturu-esli-pervichnyy-byl-vystavlen-do-1-iyulya-2021-goda/ HTTP/1.0" 304 347 "-" "Mozilla/5.0 (Linux; Android 6.0.1; Nexus 5X Build/MMB29P) AppleWebKit/537.36 (KHTML, like Gecko) Chrome/130.0.6723.116 Mobile Safari/537.36 (compatible; Googlebot/2.1; +http://www.google.com/bot.html)"
66.249.66.36 - - [13/Nov/2024:09:26:13 +0300] "GET /xmw23/what-is-lopeswrite.html HTTP/1.0" 200 17531 "-" "Mozilla/5.0 (Linux; Android 6.0.1; Nexus 5X Build/MMB29P) AppleWebKit/537.36 (KHTML, like Gecko) Chrome/130.0.6723.116 Mobile Safari/537.36 (compatible; Googlebot/2.1; +http://www.google.com/bot.html)"
66.249.66.39 - - [13/Nov/2024:09:30:38 +0300] "GET /xmw23/adenomioza-este-cancer.html HTTP/1.0" 200 50187 "-" "Mozilla/5.0 (Linux; Android 6.0.1; Nexus 5X Build/MMB29P) AppleWebKit/537.36 (KHTML, like Gecko) Chrome/130.0.6723.116 Mobile Safari/537.36 (compatible; Googlebot/2.1; +http://www.google.com/bot.html)"
66.249.66.40 - - [13/Nov/2024:09:35:47 +0300] "GET /xmw23/mac-file-cannot-be-opened-because-it-is-from-an-unidentified-developer.html HTTP/1.0" 500 3490 "-" "Mozilla/5.0 (Linux; Android 6.0.1; Nexus 5X Build/MMB29P) AppleWebKit/537.36 (KHTML, like Gecko) Chrome/130.0.6723.116 Mobile Safari/537.36 (compatible; Googlebot/2.1; +http://www.google.com/bot.html)"
66.249.66.39 - - [13/Nov/2024:09:37:04 +0300] "GET /xmw23/senior-general-job-scarborough-ontario.html HTTP/1.0" 500 3490 "-" "Mozilla/5.0 (Linux; Android 6.0.1; Nexus 5X Build/MMB29P) AppleWebKit/537.36 (KHTML, like Gecko) Chrome/130.0.6723.116 Mobile Safari/537.36 (compatible; Googlebot/2.1; +http://www.google.com/bot.html)"
66.249.66.39 - - [13/Nov/2024:09:37:42 +0300] "GET /xmw23/cabinet-vision-2023-crack.html HTTP/1.0" 200 32856 "-" "Mozilla/5.0 (Linux; Android 6.0.1; Nexus 5X Build/MMB29P) AppleWebKit/537.36 (KHTML, like Gecko) Chrome/130.0.6723.116 Mobile Safari/537.36 (compatible; Googlebot/2.1; +http://www.google.com/bot.html)"
66.249.66.38 - - [13/Nov/2024:09:37:42 +0300] "GET /xmw23/acca-epsm-unit-8-accountancy-department-quiz-answers-quizlet.html HTTP/1.0" 500 341 "-" "Mozilla/5.0 (Linux; Android 6.0.1; Nexus 5X Build/MMB29P) AppleWebKit/537.36 (KHTML, like Gecko) Chrome/130.0.6723.116 Mobile Safari/537.36 (compatible; Googlebot/2.1; +http://www.google.com/bot.html)"
66.249.66.39 - - [13/Nov/2024:09:41:43 +0300] "GET /xmw23/online-jobs-work-from-home-sri-lanka-for-female.html HTTP/1.0" 200 25574 "-" "Mozilla/5.0 (Linux; Android 6.0.1; Nexus 5X Build/MMB29P) AppleWebKit/537.36 (KHTML, like Gecko) Chrome/130.0.6723.116 Mobile Safari/537.36 (compatible; Googlebot/2.1; +http://www.google.com/bot.html)"
66.249.66.38 - - [13/Nov/2024:09:44:56 +0300] "GET /yqmsquctw/mv-automobile-avis.html HTTP/1.0" 500 3490 "-" "Mozilla/5.0 (Linux; Android 6.0.1; Nexus 5X Build/MMB29P) AppleWebKit/537.36 (KHTML, like Gecko) Chrome/130.0.6723.116 Mobile Safari/537.36 (compatible; Googlebot/2.1; +http://www.google.com/bot.html)"
66.249.66.38 - - [13/Nov/2024:09:45:19 +0300] "GET /yqmsquctw/frontend-developer-jobs-remote.html HTTP/1.0" 500 341 "-" "Mozilla/5.0 (Linux; Android 6.0.1; Nexus 5X Build/MMB29P) AppleWebKit/537.36 (KHTML, like Gecko) Chrome/130.0.6723.116 Mobile Safari/537.36 (compatible; Googlebot/2.1; +http://www.google.com/bot.html)"
66.249.66.40 - - [13/Nov/2024:09:45:22 +0300] "GET /4knhhg50a.html HTTP/1.0" 404 67172 "-" "Mozilla/5.0 (Linux; Android 6.0.1; Nexus 5X Build/MMB29P) AppleWebKit/537.36 (KHTML, like Gecko) Chrome/130.0.6723.116 Mobile Safari/537.36 (compatible; Googlebot/2.1; +http://www.google.com/bot.html)"
66.249.66.38 - - [13/Nov/2024:09:48:45 +0300] "GET /xmw23/ip-info-checker.html HTTP/1.0" 200 36585 "-" "Mozilla/5.0 (Linux; Android 6.0.1; Nexus 5X Build/MMB29P) AppleWebKit/537.36 (KHTML, like Gecko) Chrome/130.0.6723.116 Mobile Safari/537.36 (compatible; Googlebot/2.1; +http://www.google.com/bot.html)"
66.249.66.38 - - [13/Nov/2024:09:51:45 +0300] "GET /yqmsquctw/p2c-wilmington-nc.html HTTP/1.0" 500 3490 "-" "Mozilla/5.0 (Linux; Android 6.0.1; Nexus 5X Build/MMB29P) AppleWebKit/537.36 (KHTML, like Gecko) Chrome/130.0.6723.116 Mobile Safari/537.36 (compatible; Googlebot/2.1; +http://www.google.com/bot.html)"
66.249.66.40 - - [13/Nov/2024:09:54:46 +0300] "GET /xmw23/kofo-obituaries.html HTTP/1.0" 200 18563 "-" "Mozilla/5.0 (Linux; Android 6.0.1; Nexus 5X Build/MMB29P) AppleWebKit/537.36 (KHTML, like Gecko) Chrome/130.0.6723.116 Mobile Safari/537.36 (compatible; Googlebot/2.1; +http://www.google.com/bot.html)"
66.249.66.40 - - [13/Nov/2024:09:56:26 +0300] "GET /23ba5qdgkj.html HTTP/1.0" 404 67145 "-" "Mozilla/5.0 (Linux; Android 6.0.1; Nexus 5X Build/MMB29P) AppleWebKit/537.36 (KHTML, like Gecko) Chrome/130.0.6723.116 Mobile Safari/537.36 (compatible; Googlebot/2.1; +http://www.google.com/bot.html)"
66.249.66.38 - - [13/Nov/2024:09:56:27 +0300] "GET /yqmsquctw/autodata-free-login.html HTTP/1.0" 500 341 "-" "Mozilla/5.0 (Linux; Android 6.0.1; Nexus 5X Build/MMB29P) AppleWebKit/537.36 (KHTML, like Gecko) Chrome/130.0.6723.116 Mobile Safari/537.36 (compatible; Googlebot/2.1; +http://www.google.com/bot.html)"
66.249.66.39 - - [13/Nov/2024:10:00:26 +0300] "GET /xmw23/mac-file-cannot-be-opened-because-it-is-from-an-unidentified-developer.html HTTP/1.0" 500 3490 "-" "Mozilla/5.0 (Linux; Android 6.0.1; Nexus 5X Build/MMB29P) AppleWebKit/537.36 (KHTML, like Gecko) Chrome/130.0.6723.116 Mobile Safari/537.36 (compatible; Googlebot/2.1; +http://www.google.com/bot.html)"
66.249.66.38 - - [13/Nov/2024:10:01:34 +0300] "GET /yqmsquctw/spideypool-fanfiction-possessive-wade-and-peter.html HTTP/1.0" 500 3490 "-" "Mozilla/5.0 (Linux; Android 6.0.1; Nexus 5X Build/MMB29P) AppleWebKit/537.36 (KHTML, like Gecko) Chrome/130.0.6723.116 Mobile Safari/537.36 (compatible; Googlebot/2.1; +http://www.google.com/bot.html)"
66.249.66.40 - - [13/Nov/2024:10:04:35 +0300] "GET /xmw23/boles-funeral-home-obituaries-laurinburg,-nc.html HTTP/1.0" 404 67341 "-" "Mozilla/5.0 (Linux; Android 6.0.1; Nexus 5X Build/MMB29P) AppleWebKit/537.36 (KHTML, like Gecko) Chrome/130.0.6723.116 Mobile Safari/537.36 (compatible; Googlebot/2.1; +http://www.google.com/bot.html)"
66.249.66.38 - - [13/Nov/2024:10:10:38 +0300] "GET /xmw23/no-experience-jobs-toronto-no-experience-needed.html HTTP/1.0" 200 31086 "-" "Mozilla/5.0 (Linux; Android 6.0.1; Nexus 5X Build/MMB29P) AppleWebKit/537.36 (KHTML, like Gecko) Chrome/130.0.6723.116 Mobile Safari/537.36 (compatible; Googlebot/2.1; +http://www.google.com/bot.html)"
89.208.105.220 - - [13/Nov/2024:10:12:26 +0300] "GET / HTTP/1.0" 200 322 "-" "Mozilla/5.0 (Windows NT 6.1; WOW64) AppleWebKit/537.36 (KHTML, like Gecko) Chrome/50.0.2676.78 Safari/537.36"
89.208.105.220 - - [13/Nov/2024:10:12:26 +0300] "POST / HTTP/1.0" 200 322 "https://gcba.ru/" "Mozilla/5.0 (Windows NT 6.1; WOW64) AppleWebKit/537.36 (KHTML, like Gecko) Chrome/50.0.2676.78 Safari/537.36"
66.249.66.39 - - [13/Nov/2024:10:14:30 +0300] "GET /xmw23/san-marcos-busted-newspaper.html HTTP/1.0" 500 341 "-" "Mozilla/5.0 (Linux; Android 6.0.1; Nexus 5X Build/MMB29P) AppleWebKit/537.36 (KHTML, like Gecko) Chrome/130.0.6723.116 Mobile Safari/537.36 (compatible; Googlebot/2.1; +http://www.google.com/bot.html)"
66.249.66.39 - - [13/Nov/2024:10:14:38 +0300] "GET /news/nalogi/svedeniya-v-ramkakh-vstrechnoy-proverki-vashu-nalogovuyu-taynu-ne-narushat/ HTTP/1.0" 304 347 "-" "Mozilla/5.0 (Linux; Android 6.0.1; Nexus 5X Build/MMB29P) AppleWebKit/537.36 (KHTML, like Gecko) Chrome/130.0.6723.116 Mobile Safari/537.36 (compatible; Googlebot/2.1; +http://www.google.com/bot.html)"
66.249.66.38 - - [13/Nov/2024:10:14:39 +0300] "GET /xmw23/olx-loker-cimahi-tanpa-ijazah.html HTTP/1.0" 500 3490 "-" "Mozilla/5.0 (Linux; Android 6.0.1; Nexus 5X Build/MMB29P) AppleWebKit/537.36 (KHTML, like Gecko) Chrome/130.0.6723.116 Mobile Safari/537.36 (compatible; Googlebot/2.1; +http://www.google.com/bot.html)"
89.208.105.220 - - [13/Nov/2024:10:14:46 +0300] "GET /95f33f6732e3.php HTTP/1.0" 200 358 "https://gcba.ru/" "Mozilla/5.0 (Windows NT 6.1; WOW64) AppleWebKit/537.36 (KHTML, like Gecko) Chrome/50.0.2676.78 Safari/537.36"
85.193.65.155 - - [13/Nov/2024:10:14:53 +0300] "GET / HTTP/1.0" 200 322 "https://gcba.ru/" "Mozilla/5.0 (Windows NT 10.0.0; Win64; x64; ) AppleWebKit/537.36 (KHTML, like Gecko) Chrome/124.0.6367.78 Chrome/124.0.6367.78 Not-A.Brand/99 Safari/537.36"
178.250.190.2 - - [13/Nov/2024:10:16:12 +0300] "GET / HTTP/1.0" 200 322 "-" "User-Agent: Mozilla/5.0 (Linux; U; Android 4.3; en-us; SM-N900T Build/JSS15J) AppleWebKit/534.30 (KHTML, like Gecko) Version/4.0 Mobile Safari/534.30"
66.249.66.38 - - [13/Nov/2024:10:20:07 +0300] "GET /news/nalogi/novyy-spets-rezhim-avtomatizirovannaya-uproshchennaya-sistema-nalogooblozheniya/ HTTP/1.0" 200 86387 "-" "Mozilla/5.0 (Linux; Android 6.0.1; Nexus 5X Build/MMB29P) AppleWebKit/537.36 (KHTML, like Gecko) Chrome/130.0.6723.116 Mobile Safari/537.36 (compatible; Googlebot/2.1; +http://www.google.com/bot.html)"
66.249.66.39 - - [13/Nov/2024:10:20:12 +0300] "GET /news/nalogi/novyy-spets-rezhim-avtomatizirovannaya-uproshchennaya-sistema-nalogooblozheniya/?bxrand=1731456000000 HTTP/1.0" 200 4923 "https://gcba.ru/news/nalogi/novyy-spets-rezhim-avtomatizirovannaya-uproshchennaya-sistema-nalogooblozheniya/" "Mozilla/5.0 (Linux; Android 6.0.1; Nexus 5X Build/MMB29P) AppleWebKit/537.36 (KHTML, like Gecko) Chrome/130.0.6723.69 Mobile Safari/537.36 (compatible; Googlebot/2.1; +http://www.google.com/bot.html)"
66.249.66.38 - - [13/Nov/2024:10:20:30 +0300] "GET /yqmsquctw/ollama.html HTTP/1.0" 500 341 "-" "Mozilla/5.0 (Linux; Android 6.0.1; Nexus 5X Build/MMB29P) AppleWebKit/537.36 (KHTML, like Gecko) Chrome/130.0.6723.116 Mobile Safari/537.36 (compatible; Googlebot/2.1; +http://www.google.com/bot.html)"
62.173.138.88 - - [13/Nov/2024:10:24:32 +0300] "GET / HTTP/1.0" 200 3471 "https://gcba.ru/" "Mozilla/5.0 (Windows NT 6.1) AppleWebKit/537.36 (KHTML, like Gecko) Chrome/103.0.5060.114 Safari/537.36"
66.249.66.40 - - [13/Nov/2024:10:28:28 +0300] "GET /news/pravo/gruppa-deputatov-i-senatorov-vnesla-v-gosdumu-zakonoproekt-kotoryy-predusmatrivaet-do-desyati-let-li/ HTTP/1.0" 200 73179 "-" "Mozilla/5.0 (Linux; Android 6.0.1; Nexus 5X Build/MMB29P) AppleWebKit/537.36 (KHTML, like Gecko) Chrome/130.0.6723.116 Mobile Safari/537.36 (compatible; Googlebot/2.1; +http://www.google.com/bot.html)"
66.249.66.39 - - [13/Nov/2024:10:28:29 +0300] "GET /xmw23/koliko-epizoda-ima-turska-serija-osveta.html HTTP/1.0" 500 341 "-" "Mozilla/5.0 (Linux; Android 6.0.1; Nexus 5X Build/MMB29P) AppleWebKit/537.36 (KHTML, like Gecko) Chrome/130.0.6723.116 Mobile Safari/537.36 (compatible; Googlebot/2.1; +http://www.google.com/bot.html)"
66.249.66.39 - - [13/Nov/2024:10:31:37 +0300] "GET /news/pravo/doverennostm-na-sdachu-otchetnosti/ HTTP/1.0" 200 58702 "-" "Mozilla/5.0 (Linux; Android 6.0.1; Nexus 5X Build/MMB29P) AppleWebKit/537.36 (KHTML, like Gecko) Chrome/130.0.6723.116 Mobile Safari/537.36 (compatible; Googlebot/2.1; +http://www.google.com/bot.html)"
66.249.66.38 - - [13/Nov/2024:10:31:42 +0300] "GET /news/pravo/doverennostm-na-sdachu-otchetnosti/?bxrand=1731456000000 HTTP/1.0" 200 4831 "https://gcba.ru/news/pravo/doverennostm-na-sdachu-otchetnosti/" "Mozilla/5.0 (Linux; Android 6.0.1; Nexus 5X Build/MMB29P) AppleWebKit/537.36 (KHTML, like Gecko) Chrome/130.0.6723.69 Mobile Safari/537.36 (compatible; Googlebot/2.1; +http://www.google.com/bot.html)"
66.249.66.39 - - [13/Nov/2024:10:34:04 +0300] "GET /xmw23/delivery-driver-jobs-in-malta.html HTTP/1.0" 200 27476 "-" "Mozilla/5.0 (Linux; Android 6.0.1; Nexus 5X Build/MMB29P) AppleWebKit/537.36 (KHTML, like Gecko) Chrome/130.0.6723.116 Mobile Safari/537.36 (compatible; Googlebot/2.1; +http://www.google.com/bot.html)"
66.249.66.38 - - [13/Nov/2024:10:34:42 +0300] "GET / HTTP/1.0" 200 3471 "-" "Mozilla/5.0 (Linux; Android 6.0.1; Nexus 5X Build/MMB29P) AppleWebKit/537.36 (KHTML, like Gecko) Chrome/130.0.6723.116 Mobile Safari/537.36 (compatible; Googlebot/2.1; +http://www.google.com/bot.html)"
66.249.66.38 - - [13/Nov/2024:10:41:43 +0300] "GET /news/pravo/ HTTP/1.0" 200 81605 "-" "Mozilla/5.0 (Linux; Android 6.0.1; Nexus 5X Build/MMB29P) AppleWebKit/537.36 (KHTML, like Gecko) Chrome/130.0.6723.116 Mobile Safari/537.36 (compatible; Googlebot/2.1; +http://www.google.com/bot.html)"
66.249.66.40 - - [13/Nov/2024:10:41:46 +0300] "GET /news/pravo/?bxrand=1731456000000 HTTP/1.0" 200 4759 "https://gcba.ru/news/pravo/" "Mozilla/5.0 (Linux; Android 6.0.1; Nexus 5X Build/MMB29P) AppleWebKit/537.36 (KHTML, like Gecko) Chrome/130.0.6723.69 Mobile Safari/537.36 (compatible; Googlebot/2.1; +http://www.google.com/bot.html)"
79.137.248.92 - - [13/Nov/2024:10:42:24 +0300] "POST /95f33f6732e3.php HTTP/1.0" 200 3516 "-" "Mozilla/5.0 (X11; Ubuntu; Linux i686 on x86_64) AppleWebKit/537.36 (KHTML, like Gecko) Chrome/53.0.2821.61 Safari/537.36"
79.137.248.92 - - [13/Nov/2024:10:42:25 +0300] "POST /95f33f6732e3.php HTTP/1.0" 200 360 "https://gcba.ru/95f33f6732e3.php" "Mozilla/5.0 (X11; Ubuntu; Linux i686 on x86_64) AppleWebKit/537.36 (KHTML, like Gecko) Chrome/53.0.2821.61 Safari/537.36"
79.137.248.92 - - [13/Nov/2024:10:42:25 +0300] "GET /102957eef3.php HTTP/1.0" 500 341 "https://gcba.ru/95f33f6732e3.php" "Mozilla/5.0 (X11; Ubuntu; Linux i686 on x86_64) AppleWebKit/537.36 (KHTML, like Gecko) Chrome/53.0.2821.61 Safari/537.36"
79.137.248.92 - - [13/Nov/2024:10:42:25 +0300] "POST /95f33f6732e3.php HTTP/1.0" 200 360 "https://gcba.ru/102957eef3.php" "Mozilla/5.0 (X11; Ubuntu; Linux i686 on x86_64) AppleWebKit/537.36 (KHTML, like Gecko) Chrome/53.0.2821.61 Safari/537.36"
79.137.248.92 - - [13/Nov/2024:10:42:29 +0300] "GET /102957eef3.php HTTP/1.0" 500 341 "https://gcba.ru/95f33f6732e3.php" "Mozilla/5.0 (X11; Ubuntu; Linux i686 on x86_64) AppleWebKit/537.36 (KHTML, like Gecko) Chrome/53.0.2821.61 Safari/537.36"
79.137.248.92 - - [13/Nov/2024:10:46:34 +0300] "POST /95f33f6732e3.php HTTP/1.0" 200 367 "-" "Mozilla/5.0 (compatible; MSIE 9.0; Windows NT 10.0; WOW64; Trident/5.0)"
79.137.248.92 - - [13/Nov/2024:10:46:35 +0300] "POST /95f33f6732e3.php HTTP/1.0" 200 360 "https://gcba.ru/95f33f6732e3.php" "Mozilla/5.0 (compatible; MSIE 9.0; Windows NT 10.0; WOW64; Trident/5.0)"
79.137.248.92 - - [13/Nov/2024:10:46:35 +0300] "GET /294b12067c.php HTTP/1.0" 200 68308 "https://gcba.ru/95f33f6732e3.php" "Mozilla/5.0 (compatible; MSIE 9.0; Windows NT 10.0; WOW64; Trident/5.0)"
79.137.248.92 - - [13/Nov/2024:10:46:35 +0300] "GET /294b12067c.php HTTP/1.0" 200 68250 "https://gcba.ru/294b12067c.php" "Mozilla/5.0 (compatible; MSIE 9.0; Windows NT 10.0; WOW64; Trident/5.0)"
79.137.248.92 - - [13/Nov/2024:10:46:35 +0300] "GET /294b12067c.php HTTP/1.0" 200 68250 "https://gcba.ru/294b12067c.php" "Mozilla/5.0 (compatible; MSIE 9.0; Windows NT 10.0; WOW64; Trident/5.0)"
79.137.248.92 - - [13/Nov/2024:10:49:19 +0300] "POST /95f33f6732e3.php HTTP/1.0" 200 3516 "-" "Mozilla/5.0 (Windows NT 5.1; Win64; x64) AppleWebKit/537.36 (KHTML, like Gecko) Chrome/53.0.2831.43 Safari/537.36"
79.137.248.92 - - [13/Nov/2024:10:49:21 +0300] "POST /95f33f6732e3.php HTTP/1.0" 200 360 "https://gcba.ru/95f33f6732e3.php" "Mozilla/5.0 (Windows NT 5.1; Win64; x64) AppleWebKit/537.36 (KHTML, like Gecko) Chrome/53.0.2831.43 Safari/537.36"
79.137.248.92 - - [13/Nov/2024:10:49:28 +0300] "GET /5dd9076f59.php HTTP/1.0" 200 9336 "https://gcba.ru/95f33f6732e3.php" "Mozilla/5.0 (Windows NT 5.1; Win64; x64) AppleWebKit/537.36 (KHTML, like Gecko) Chrome/53.0.2831.43 Safari/537.36"
79.137.248.92 - - [13/Nov/2024:10:49:28 +0300] "GET /5dd9076f59.php HTTP/1.0" 200 6129 "https://gcba.ru/5dd9076f59.php" "Mozilla/5.0 (Windows NT 5.1; Win64; x64) AppleWebKit/537.36 (KHTML, like Gecko) Chrome/53.0.2831.43 Safari/537.36"
79.137.248.92 - - [13/Nov/2024:10:49:29 +0300] "GET /5dd9076f59.php HTTP/1.0" 200 6129 "https://gcba.ru/5dd9076f59.php" "Mozilla/5.0 (Windows NT 5.1; Win64; x64) AppleWebKit/537.36 (KHTML, like Gecko) Chrome/53.0.2831.43 Safari/537.36"
79.137.248.92 - - [13/Nov/2024:10:52:17 +0300] "POST /95f33f6732e3.php HTTP/1.0" 200 367 "-" "Mozilla/5.0 (Macintosh; Intel Mac OS X 10.8; rv:45.0) Gecko/20100101 Firefox/45.0"
79.137.248.92 - - [13/Nov/2024:10:52:19 +0300] "POST /95f33f6732e3.php HTTP/1.0" 200 360 "https://gcba.ru/95f33f6732e3.php" "Mozilla/5.0 (Macintosh; Intel Mac OS X 10.8; rv:45.0) Gecko/20100101 Firefox/45.0"
79.137.248.92 - - [13/Nov/2024:10:52:19 +0300] "GET /f634f99b41.php HTTP/1.0" 500 341 "https://gcba.ru/95f33f6732e3.php" "Mozilla/5.0 (Macintosh; Intel Mac OS X 10.8; rv:45.0) Gecko/20100101 Firefox/45.0"
79.137.248.92 - - [13/Nov/2024:10:52:19 +0300] "POST /95f33f6732e3.php HTTP/1.0" 200 360 "https://gcba.ru/f634f99b41.php" "Mozilla/5.0 (Macintosh; Intel Mac OS X 10.8; rv:45.0) Gecko/20100101 Firefox/45.0"
79.137.248.92 - - [13/Nov/2024:10:52:33 +0300] "GET /f634f99b41.php HTTP/1.0" 500 341 "https://gcba.ru/95f33f6732e3.php" "Mozilla/5.0 (Macintosh; Intel Mac OS X 10.8; rv:45.0) Gecko/20100101 Firefox/45.0"
79.137.248.92 - - [13/Nov/2024:10:52:34 +0300] "GET /f634f99b41.php HTTP/1.0" 500 341 "https://gcba.ru/f634f99b41.php" "Mozilla/5.0 (Macintosh; Intel Mac OS X 10.8; rv:45.0) Gecko/20100101 Firefox/45.0"
66.249.66.38 - - [13/Nov/2024:10:55:29 +0300] "GET /yqmsquctw/mapa-do-gta-5-offline.html HTTP/1.0" 500 3490 "-" "Mozilla/5.0 (Linux; Android 6.0.1; Nexus 5X Build/MMB29P) AppleWebKit/537.36 (KHTML, like Gecko) Chrome/130.0.6723.116 Mobile Safari/537.36 (compatible; Googlebot/2.1; +http://www.google.com/bot.html)"
89.208.105.220 - - [13/Nov/2024:10:55:31 +0300] "GET / HTTP/1.0" 200 3471 "-" "Mozilla/5.0 (X11; Ubuntu; Linux i686 on x86_64; rv:48.0) Gecko/20100101 Firefox/48.0"
89.208.105.220 - - [13/Nov/2024:10:55:38 +0300] "POST / HTTP/1.0" 200 322 "https://gcba.ru/" "Mozilla/5.0 (X11; Ubuntu; Linux i686 on x86_64; rv:48.0) Gecko/20100101 Firefox/48.0"
89.208.105.220 - - [13/Nov/2024:10:55:39 +0300] "GET /95f33f6732e3.php HTTP/1.0" 200 358 "https://gcba.ru/" "Mozilla/5.0 (X11; Ubuntu; Linux i686 on x86_64; rv:48.0) Gecko/20100101 Firefox/48.0"
195.201.86.27 - - [13/Nov/2024:10:55:45 +0300] "GET / HTTP/1.0" 200 322 "-" "Mozilla/5.0 (compatible; NetpeakCheckerBot/3.7; +https://netpeaksoftware.com/checker)"
66.249.66.40 - - [13/Nov/2024:11:00:52 +0300] "GET /yqmsquctw/chuwi-accessories-list.html HTTP/1.0" 500 3490 "-" "Mozilla/5.0 (Linux; Android 6.0.1; Nexus 5X Build/MMB29P) AppleWebKit/537.36 (KHTML, like Gecko) Chrome/130.0.6723.116 Mobile Safari/537.36 (compatible; Googlebot/2.1; +http://www.google.com/bot.html)"
66.249.66.39 - - [13/Nov/2024:11:05:54 +0300] "GET /xmw23/garland-county-right-to-know-mugshots.html HTTP/1.0" 500 3490 "-" "Mozilla/5.0 (Linux; Android 6.0.1; Nexus 5X Build/MMB29P) AppleWebKit/537.36 (KHTML, like Gecko) Chrome/130.0.6723.116 Mobile Safari/537.36 (compatible; Googlebot/2.1; +http://www.google.com/bot.html)"
66.249.66.40 - - [13/Nov/2024:11:12:54 +0300] "GET /yqmsquctw/hamilton-county-jail-inmate-search.html HTTP/1.0" 500 3490 "-" "Mozilla/5.0 (Linux; Android 6.0.1; Nexus 5X Build/MMB29P) AppleWebKit/537.36 (KHTML, like Gecko) Chrome/130.0.6723.116 Mobile Safari/537.36 (compatible; Googlebot/2.1; +http://www.google.com/bot.html)"
89.208.105.220 - - [13/Nov/2024:11:14:13 +0300] "GET / HTTP/1.0" 200 3471 "-" "Mozilla/5.0 (X11; Linux x86_64; rv:45.0) Gecko/20100101 Firefox/45.0"
158.62.38.162 - - [13/Nov/2024:11:21:27 +0300] "HEAD / HTTP/1.0" 200 3286 "-" "python-requests/2.31.0"
66.249.66.39 - - [13/Nov/2024:11:22:56 +0300] "GET /yqmsquctw/asiri-hospital-vacancies.html HTTP/1.0" 500 341 "-" "Mozilla/5.0 (Linux; Android 6.0.1; Nexus 5X Build/MMB29P) AppleWebKit/537.36 (KHTML, like Gecko) Chrome/130.0.6723.116 Mobile Safari/537.36 (compatible; Googlebot/2.1; +http://www.google.com/bot.html)"
66.249.66.38 - - [13/Nov/2024:11:22:57 +0300] "GET /yqmsquctw/huawei-hg8546m-firmware-download-for-pc.html HTTP/1.0" 500 3490 "-" "Mozilla/5.0 (Linux; Android 6.0.1; Nexus 5X Build/MMB29P) AppleWebKit/537.36 (KHTML, like Gecko) Chrome/130.0.6723.116 Mobile Safari/537.36 (compatible; Googlebot/2.1; +http://www.google.com/bot.html)"
66.249.66.39 - - [13/Nov/2024:11:30:56 +0300] "GET /yqmsquctw/applealc-kext.html HTTP/1.0" 500 3490 "-" "Mozilla/5.0 (Linux; Android 6.0.1; Nexus 5X Build/MMB29P) AppleWebKit/537.36 (KHTML, like Gecko) Chrome/130.0.6723.116 Mobile Safari/537.36 (compatible; Googlebot/2.1; +http://www.google.com/bot.html)"
66.249.66.38 - - [13/Nov/2024:11:40:44 +0300] "GET /xmw23/food-delivery-jobs-in-scarborough-kijiji.html HTTP/1.0" 500 3490 "-" "Mozilla/5.0 (Linux; Android 6.0.1; Nexus 5X Build/MMB29P) AppleWebKit/537.36 (KHTML, like Gecko) Chrome/130.0.6723.116 Mobile Safari/537.36 (compatible; Googlebot/2.1; +http://www.google.com/bot.html)"
66.249.66.39 - - [13/Nov/2024:11:40:45 +0300] "GET /yqmsquctw/how-to-access-docker-container-from-browser.html HTTP/1.0" 500 341 "-" "Mozilla/5.0 (Linux; Android 6.0.1; Nexus 5X Build/MMB29P) AppleWebKit/537.36 (KHTML, like Gecko) Chrome/130.0.6723.116 Mobile Safari/537.36 (compatible; Googlebot/2.1; +http://www.google.com/bot.html)"
66.249.66.40 - - [13/Nov/2024:11:40:46 +0300] "GET /xmw23/serenity-funeral-home-obituaries-waco,-texas.html HTTP/1.0" 404 67312 "-" "Mozilla/5.0 (Linux; Android 6.0.1; Nexus 5X Build/MMB29P) AppleWebKit/537.36 (KHTML, like Gecko) Chrome/130.0.6723.116 Mobile Safari/537.36 (compatible; Googlebot/2.1; +http://www.google.com/bot.html)"
66.249.66.40 - - [13/Nov/2024:11:40:46 +0300] "GET /xmw23/fpl-optimized-github.html HTTP/1.0" 500 341 "-" "Mozilla/5.0 (Linux; Android 6.0.1; Nexus 5X Build/MMB29P) AppleWebKit/537.36 (KHTML, like Gecko) Chrome/130.0.6723.116 Mobile Safari/537.36 (compatible; Googlebot/2.1; +http://www.google.com/bot.html)"
66.249.66.39 - - [13/Nov/2024:11:40:47 +0300] "GET /xmw23/scotland-skilled-worker-visa-jobs.html HTTP/1.0" 500 341 "-" "Mozilla/5.0 (Linux; Android 6.0.1; Nexus 5X Build/MMB29P) AppleWebKit/537.36 (KHTML, like Gecko) Chrome/130.0.6723.116 Mobile Safari/537.36 (compatible; Googlebot/2.1; +http://www.google.com/bot.html)"
66.249.66.39 - - [13/Nov/2024:11:40:48 +0300] "GET /xmw23/snyder-daily-news-crime.html HTTP/1.0" 500 341 "-" "Mozilla/5.0 (Linux; Android 6.0.1; Nexus 5X Build/MMB29P) AppleWebKit/537.36 (KHTML, like Gecko) Chrome/130.0.6723.116 Mobile Safari/537.36 (compatible; Googlebot/2.1; +http://www.google.com/bot.html)"
66.249.66.38 - - [13/Nov/2024:11:40:49 +0300] "GET /yqmsquctw/kijiji-full-time-general-labour-jobs.html HTTP/1.0" 500 341 "-" "Mozilla/5.0 (Linux; Android 6.0.1; Nexus 5X Build/MMB29P) AppleWebKit/537.36 (KHTML, like Gecko) Chrome/130.0.6723.116 Mobile Safari/537.36 (compatible; Googlebot/2.1; +http://www.google.com/bot.html)"
66.249.66.39 - - [13/Nov/2024:11:40:49 +0300] "GET /xmw23/european-commission.html HTTP/1.0" 500 341 "-" "Mozilla/5.0 (Linux; Android 6.0.1; Nexus 5X Build/MMB29P) AppleWebKit/537.36 (KHTML, like Gecko) Chrome/130.0.6723.116 Mobile Safari/537.36 (compatible; Googlebot/2.1; +http://www.google.com/bot.html)"
66.249.66.39 - - [13/Nov/2024:11:40:50 +0300] "GET /yqmsquctw/free-fire-script-hack-headshot.html HTTP/1.0" 500 341 "-" "Mozilla/5.0 (Linux; Android 6.0.1; Nexus 5X Build/MMB29P) AppleWebKit/537.36 (KHTML, like Gecko) Chrome/130.0.6723.116 Mobile Safari/537.36 (compatible; Googlebot/2.1; +http://www.google.com/bot.html)"
66.249.66.38 - - [13/Nov/2024:11:40:51 +0300] "GET /yqmsquctw/dc-circuit-breaker-solar.html HTTP/1.0" 500 341 "-" "Mozilla/5.0 (Linux; Android 6.0.1; Nexus 5X Build/MMB29P) AppleWebKit/537.36 (KHTML, like Gecko) Chrome/130.0.6723.116 Mobile Safari/537.36 (compatible; Googlebot/2.1; +http://www.google.com/bot.html)"
66.249.66.39 - - [13/Nov/2024:11:41:57 +0300] "GET /yqmsquctw/swift-rowing-uk.html HTTP/1.0" 500 341 "-" "Mozilla/5.0 (Linux; Android 6.0.1; Nexus 5X Build/MMB29P) AppleWebKit/537.36 (KHTML, like Gecko) Chrome/130.0.6723.116 Mobile Safari/537.36 (compatible; Googlebot/2.1; +http://www.google.com/bot.html)"
66.249.66.39 - - [13/Nov/2024:11:50:00 +0300] "GET /yqmsquctw/hidalgo-county-free-public-records-mugshots.html HTTP/1.0" 500 3490 "-" "Mozilla/5.0 (Linux; Android 6.0.1; Nexus 5X Build/MMB29P) AppleWebKit/537.36 (KHTML, like Gecko) Chrome/130.0.6723.116 Mobile Safari/537.36 (compatible; Googlebot/2.1; +http://www.google.com/bot.html)"
66.249.66.39 - - [13/Nov/2024:12:01:50 +0300] "GET /xmw23/thunder-tiger-eb4-s2-pro.html HTTP/1.0" 500 3490 "-" "Mozilla/5.0 (Linux; Android 6.0.1; Nexus 5X Build/MMB29P) AppleWebKit/537.36 (KHTML, like Gecko) Chrome/130.0.6723.116 Mobile Safari/537.36 (compatible; Googlebot/2.1; +http://www.google.com/bot.html)"
66.249.66.40 - - [13/Nov/2024:12:02:51 +0300] "GET /5i1d00vat5.html HTTP/1.0" 404 67174 "-" "Mozilla/5.0 (Linux; Android 6.0.1; Nexus 5X Build/MMB29P) AppleWebKit/537.36 (KHTML, like Gecko) Chrome/130.0.6723.116 Mobile Safari/537.36 (compatible; Googlebot/2.1; +http://www.google.com/bot.html)"
