66.249.69.171 - - [06/Oct/2024:10:03:08 +0300] "GET /services/?SECTION_ID=4 HTTP/1.0" 304 347 "-" "Mozilla/5.0 (Linux; Android 6.0.1; Nexus 5X Build/MMB29P) AppleWebKit/537.36 (KHTML, like Gecko) Chrome/129.0.6668.89 Mobile Safari/537.36 (compatible; Googlebot/2.1; +http://www.google.com/bot.html)"
66.249.69.170 - - [06/Oct/2024:10:03:09 +0300] "GET /23ba5qdgkj.html HTTP/1.0" 404 29100 "-" "Mozilla/5.0 (Linux; Android 6.0.1; Nexus 5X Build/MMB29P) AppleWebKit/537.36 (KHTML, like Gecko) Chrome/129.0.6668.89 Mobile Safari/537.36 (compatible; Googlebot/2.1; +http://www.google.com/bot.html)"
66.249.69.170 - - [06/Oct/2024:10:03:33 +0300] "GET /xmw23/thutmose-iii.html HTTP/1.0" 500 341 "-" "Mozilla/5.0 (Linux; Android 6.0.1; Nexus 5X Build/MMB29P) AppleWebKit/537.36 (KHTML, like Gecko) Chrome/129.0.6668.89 Mobile Safari/537.36 (compatible; GoogleOther)"
66.249.69.172 - - [06/Oct/2024:10:04:10 +0300] "GET /xmw23/aditiv-ulei-motor-diesel-metabond.html HTTP/1.0" 200 36537 "-" "Mozilla/5.0 (Linux; Android 6.0.1; Nexus 5X Build/MMB29P) AppleWebKit/537.36 (KHTML, like Gecko) Chrome/129.0.6668.89 Mobile Safari/537.36 (compatible; Googlebot/2.1; +http://www.google.com/bot.html)"
66.249.69.170 - - [06/Oct/2024:10:04:10 +0300] "GET /xmw23/bmw-fsc-generator.html HTTP/1.0" 500 341 "-" "Mozilla/5.0 (Linux; Android 6.0.1; Nexus 5X Build/MMB29P) AppleWebKit/537.36 (KHTML, like Gecko) Chrome/129.0.6668.89 Mobile Safari/537.36 (compatible; Googlebot/2.1; +http://www.google.com/bot.html)"
66.249.69.171 - - [06/Oct/2024:10:04:10 +0300] "GET /news/pravo/vstrechnaya-proverka-ogranicheniya-po-srokam-khraneniya-dokumentov/ HTTP/1.0" 200 30311 "-" "Mozilla/5.0 (Linux; Android 6.0.1; Nexus 5X Build/MMB29P) AppleWebKit/537.36 (KHTML, like Gecko) Chrome/129.0.6668.89 Mobile Safari/537.36 (compatible; Googlebot/2.1; +http://www.google.com/bot.html)"
66.249.69.170 - - [06/Oct/2024:10:04:12 +0300] "GET /news/pravo/vstrechnaya-proverka-ogranicheniya-po-srokam-khraneniya-dokumentov/?bxrand=1726272000000 HTTP/1.0" 200 4895 "https://gcba.ru/news/pravo/vstrechnaya-proverka-ogranicheniya-po-srokam-khraneniya-dokumentov/" "Mozilla/5.0 (Linux; Android 6.0.1; Nexus 5X Build/MMB29P) AppleWebKit/537.36 (KHTML, like Gecko) Chrome/129.0.6668.70 Mobile Safari/537.36 (compatible; Googlebot/2.1; +http://www.google.com/bot.html)"
66.249.69.172 - - [06/Oct/2024:10:06:26 +0300] "GET /news/pravo/shtraf-za-nesvoevremennuyu-uplatu-ndfl-pri-kakikh-usloviyakh-nalogovyy-agent-mozhet-izbezhat-sanktsi/ HTTP/1.0" 200 29324 "-" "Mozilla/5.0 (Linux; Android 6.0.1; Nexus 5X Build/MMB29P) AppleWebKit/537.36 (KHTML, like Gecko) Chrome/129.0.6668.89 Mobile Safari/537.36 (compatible; Googlebot/2.1; +http://www.google.com/bot.html)"
66.249.69.170 - - [06/Oct/2024:10:06:34 +0300] "GET /xmw23/voice-translator.html HTTP/1.0" 500 3490 "-" "Mozilla/5.0 (Linux; Android 6.0.1; Nexus 5X Build/MMB29P) AppleWebKit/537.36 (KHTML, like Gecko) Chrome/129.0.6668.89 Mobile Safari/537.36 (compatible; GoogleOther)"
66.249.69.170 - - [06/Oct/2024:10:07:51 +0300] "GET /xmw23/clinton-courier-news-clinton,-tn-obituaries.html HTTP/1.0" 404 26145 "-" "Mozilla/5.0 (Linux; Android 6.0.1; Nexus 5X Build/MMB29P) AppleWebKit/537.36 (KHTML, like Gecko) Chrome/129.0.6668.89 Mobile Safari/537.36 (compatible; Googlebot/2.1; +http://www.google.com/bot.html)"
66.249.69.170 - - [06/Oct/2024:10:08:54 +0300] "GET /xmw23/what-is-sweepstakes-in-marketing.html HTTP/1.0" 200 42875 "-" "Mozilla/5.0 (Linux; Android 6.0.1; Nexus 5X Build/MMB29P) AppleWebKit/537.36 (KHTML, like Gecko) Chrome/129.0.6668.89 Mobile Safari/537.36 (compatible; Googlebot/2.1; +http://www.google.com/bot.html)"
66.249.69.170 - - [06/Oct/2024:10:09:33 +0300] "GET /xmw23/cerebral-cortex-journal.html HTTP/1.0" 500 341 "-" "Mozilla/5.0 (Linux; Android 6.0.1; Nexus 5X Build/MMB29P) AppleWebKit/537.36 (KHTML, like Gecko) Chrome/129.0.6668.89 Mobile Safari/537.36 (compatible; GoogleOther)"
162.212.168.6 - - [06/Oct/2024:10:11:09 +0300] "GET /%09%092024-06-20+17:58%09Ready+contact+form+successfully+found%09http://gcba.ru%09%09%09%09%09 HTTP/1.0" 404 26109 "-" "Mozilla/5.0 (X11; Linux x86_64) AppleWebKit/537.36 (KHTML, like Gecko) Chrome/114.0.0.0 Safari/537.36 Vivaldi/5.3.2679.68"
162.212.168.6 - - [06/Oct/2024:10:11:10 +0300] "GET / HTTP/1.0" 200 322 "-" "Mozilla/5.0 (X11; Linux x86_64) AppleWebKit/537.36 (KHTML, like Gecko) Chrome/114.0.0.0 Safari/537.36 Vivaldi/5.3.2679.68"
162.212.168.6 - - [06/Oct/2024:10:11:11 +0300] "GET / HTTP/1.0" 200 322 "-" "Mozilla/5.0 (X11; Linux x86_64) AppleWebKit/537.36 (KHTML, like Gecko) Chrome/114.0.0.0 Safari/537.36 Vivaldi/5.3.2679.68"
162.212.168.6 - - [06/Oct/2024:10:11:11 +0300] "GET / HTTP/1.0" 200 322 "-" "Mozilla/5.0 (X11; Linux x86_64) AppleWebKit/537.36 (KHTML, like Gecko) Chrome/114.0.0.0 Safari/537.36 Vivaldi/5.3.2679.68"
66.249.69.171 - - [06/Oct/2024:10:12:33 +0300] "GET /xmw23/bitcoin-miner-app-download-apk-latest-version.html HTTP/1.0" 500 341 "-" "Mozilla/5.0 (Linux; Android 6.0.1; Nexus 5X Build/MMB29P) AppleWebKit/537.36 (KHTML, like Gecko) Chrome/129.0.6668.89 Mobile Safari/537.36 (compatible; GoogleOther)"
66.249.69.172 - - [06/Oct/2024:10:15:01 +0300] "GET /xmw23/rocm-windows.html HTTP/1.0" 500 3490 "-" "Mozilla/5.0 (Linux; Android 6.0.1; Nexus 5X Build/MMB29P) AppleWebKit/537.36 (KHTML, like Gecko) Chrome/129.0.6668.89 Mobile Safari/537.36 (compatible; Googlebot/2.1; +http://www.google.com/bot.html)"
66.249.69.171 - - [06/Oct/2024:10:15:35 +0300] "GET /xmw23/arriva-bus-depot-liverpool-telephone-number.html HTTP/1.0" 500 3490 "-" "Mozilla/5.0 (Linux; Android 6.0.1; Nexus 5X Build/MMB29P) AppleWebKit/537.36 (KHTML, like Gecko) Chrome/129.0.6668.89 Mobile Safari/537.36 (compatible; GoogleOther)"
66.249.69.170 - - [06/Oct/2024:10:18:34 +0300] "GET /xmw23/lubbock-obituaries-griffin-funeral-home.html HTTP/1.0" 500 341 "-" "Mozilla/5.0 (Linux; Android 6.0.1; Nexus 5X Build/MMB29P) AppleWebKit/537.36 (KHTML, like Gecko) Chrome/129.0.6668.89 Mobile Safari/537.36 (compatible; GoogleOther)"
66.249.69.170 - - [06/Oct/2024:10:21:33 +0300] "GET /xmw23/european-commission.html HTTP/1.0" 500 3490 "-" "Mozilla/5.0 (Linux; Android 6.0.1; Nexus 5X Build/MMB29P) AppleWebKit/537.36 (KHTML, like Gecko) Chrome/129.0.6668.89 Mobile Safari/537.36 (compatible; GoogleOther)"
66.249.69.172 - - [06/Oct/2024:10:24:34 +0300] "GET /xmw23/century-motor-bearings-cross-reference.html HTTP/1.0" 500 341 "-" "Mozilla/5.0 (Linux; Android 6.0.1; Nexus 5X Build/MMB29P) AppleWebKit/537.36 (KHTML, like Gecko) Chrome/129.0.6668.89 Mobile Safari/537.36 (compatible; GoogleOther)"
66.249.69.170 - - [06/Oct/2024:10:25:02 +0300] "GET /xmw23/falcon-company-abu-dhabi.html HTTP/1.0" 200 20261 "-" "Mozilla/5.0 (Linux; Android 6.0.1; Nexus 5X Build/MMB29P) AppleWebKit/537.36 (KHTML, like Gecko) Chrome/129.0.6668.89 Mobile Safari/537.36 (compatible; Googlebot/2.1; +http://www.google.com/bot.html)"
66.249.69.172 - - [06/Oct/2024:10:26:16 +0300] "GET /xmw23/appsheet-google.html HTTP/1.0" 500 341 "-" "Mozilla/5.0 (Linux; Android 6.0.1; Nexus 5X Build/MMB29P) AppleWebKit/537.36 (KHTML, like Gecko) Chrome/129.0.6668.89 Mobile Safari/537.36 (compatible; Googlebot/2.1; +http://www.google.com/bot.html)"
66.249.69.172 - - [06/Oct/2024:10:27:34 +0300] "GET /xmw23/clinton-courier-news-clinton,-tn-obituaries.html HTTP/1.0" 404 29294 "-" "Mozilla/5.0 (Linux; Android 6.0.1; Nexus 5X Build/MMB29P) AppleWebKit/537.36 (KHTML, like Gecko) Chrome/129.0.6668.89 Mobile Safari/537.36 (compatible; GoogleOther)"
66.249.69.170 - - [06/Oct/2024:10:30:33 +0300] "GET /xmw23/bmw-error-101008.html HTTP/1.0" 500 341 "-" "Mozilla/5.0 (Linux; Android 6.0.1; Nexus 5X Build/MMB29P) AppleWebKit/537.36 (KHTML, like Gecko) Chrome/129.0.6668.89 Mobile Safari/537.36 (compatible; GoogleOther)"
66.249.69.171 - - [06/Oct/2024:10:33:33 +0300] "GET /xmw23/hr-html-w3schools.html HTTP/1.0" 500 3490 "-" "Mozilla/5.0 (Linux; Android 6.0.1; Nexus 5X Build/MMB29P) AppleWebKit/537.36 (KHTML, like Gecko) Chrome/129.0.6668.89 Mobile Safari/537.36 (compatible; GoogleOther)"
66.249.69.171 - - [06/Oct/2024:10:35:42 +0300] "GET /id28awkwh.html HTTP/1.0" 404 29098 "-" "Mozilla/5.0 (Linux; Android 6.0.1; Nexus 5X Build/MMB29P) AppleWebKit/537.36 (KHTML, like Gecko) Chrome/129.0.6668.89 Mobile Safari/537.36 (compatible; Googlebot/2.1; +http://www.google.com/bot.html)"
66.249.69.170 - - [06/Oct/2024:10:36:33 +0300] "GET /xmw23/temporary-activity-visa.html HTTP/1.0" 500 341 "-" "Mozilla/5.0 (Linux; Android 6.0.1; Nexus 5X Build/MMB29P) AppleWebKit/537.36 (KHTML, like Gecko) Chrome/129.0.6668.89 Mobile Safari/537.36 (compatible; GoogleOther)"
175.44.80.9 - - [06/Oct/2024:10:36:43 +0300] "GET / HTTP/1.0" 200 322 "https://gcba.ru/" "Mozilla/5.0 (Windows NT 6.1; WOW64) AppleWebKit/537.36 (KHTML, like Gecko) Chrome/50.0.2661.102 Safari/537.36"
66.249.69.171 - - [06/Oct/2024:10:37:31 +0300] "GET /xmw23/tcpdf-documentation.html HTTP/1.0" 200 14179 "-" "Mozilla/5.0 (Linux; Android 6.0.1; Nexus 5X Build/MMB29P) AppleWebKit/537.36 (KHTML, like Gecko) Chrome/129.0.6668.89 Mobile Safari/537.36 (compatible; Googlebot/2.1; +http://www.google.com/bot.html)"
66.249.69.171 - - [06/Oct/2024:10:38:39 +0300] "GET /1e932hzdrq.html HTTP/1.0" 404 29100 "-" "Mozilla/5.0 (Linux; Android 6.0.1; Nexus 5X Build/MMB29P) AppleWebKit/537.36 (KHTML, like Gecko) Chrome/129.0.6668.89 Mobile Safari/537.36 (compatible; Googlebot/2.1; +http://www.google.com/bot.html)"
66.249.69.172 - - [06/Oct/2024:10:38:39 +0300] "GET /xmw23/umhlakuva-umuthi-wokulapha-uses.html HTTP/1.0" 500 341 "-" "Mozilla/5.0 (Linux; Android 6.0.1; Nexus 5X Build/MMB29P) AppleWebKit/537.36 (KHTML, like Gecko) Chrome/129.0.6668.89 Mobile Safari/537.36 (compatible; Googlebot/2.1; +http://www.google.com/bot.html)"
66.249.69.171 - - [06/Oct/2024:10:39:33 +0300] "GET /xmw23/cash-in-hand-work-birmingham-gumtree.html HTTP/1.0" 200 27276 "-" "Mozilla/5.0 (Linux; Android 6.0.1; Nexus 5X Build/MMB29P) AppleWebKit/537.36 (KHTML, like Gecko) Chrome/129.0.6668.89 Mobile Safari/537.36 (compatible; GoogleOther)"
66.249.69.171 - - [06/Oct/2024:10:40:18 +0300] "GET /xmw23/top-down-pixel-art-games-reddit.html HTTP/1.0" 500 341 "-" "Mozilla/5.0 (Linux; Android 6.0.1; Nexus 5X Build/MMB29P) AppleWebKit/537.36 (KHTML, like Gecko) Chrome/129.0.6668.89 Mobile Safari/537.36 (compatible; GoogleOther)"
34.238.138.164 - - [06/Oct/2024:10:40:21 +0300] "GET / HTTP/1.0" 200 322 "-" "Mozilla/5.0 (X11; Linux x86_64) AppleWebKit/537.36 (KHTML, like Gecko) Chrome/58.0.3029.110 Safari/537.36"
66.249.69.172 - - [06/Oct/2024:10:41:09 +0300] "GET /xmw23/breaking-news-abilene,-tx-police.html HTTP/1.0" 404 26123 "-" "Mozilla/5.0 (Linux; Android 6.0.1; Nexus 5X Build/MMB29P) AppleWebKit/537.36 (KHTML, like Gecko) Chrome/129.0.6668.89 Mobile Safari/537.36 (compatible; Googlebot/2.1; +http://www.google.com/bot.html)"
66.249.69.170 - - [06/Oct/2024:10:41:49 +0300] "GET /xmw23/visa-para-australia-requisitos.html HTTP/1.0" 500 3490 "-" "Mozilla/5.0 (Linux; Android 6.0.1; Nexus 5X Build/MMB29P) AppleWebKit/537.36 (KHTML, like Gecko) Chrome/129.0.6668.89 Mobile Safari/537.36 (compatible; GoogleOther)"
66.249.69.172 - - [06/Oct/2024:10:42:33 +0300] "GET /xmw23/top-down-pixel-art-games-reddit.html HTTP/1.0" 500 341 "-" "Mozilla/5.0 (Linux; Android 6.0.1; Nexus 5X Build/MMB29P) AppleWebKit/537.36 (KHTML, like Gecko) Chrome/129.0.6668.89 Mobile Safari/537.36 (compatible; GoogleOther)"
66.249.69.170 - - [06/Oct/2024:10:43:19 +0300] "GET /xmw23/dairy-farm-assistant.html HTTP/1.0" 200 20576 "-" "Mozilla/5.0 (Linux; Android 6.0.1; Nexus 5X Build/MMB29P) AppleWebKit/537.36 (KHTML, like Gecko) Chrome/129.0.6668.89 Mobile Safari/537.36 (compatible; GoogleOther)"
66.249.69.171 - - [06/Oct/2024:10:44:49 +0300] "GET /xmw23/farm-jobs-in-australia-for-foreigners.html HTTP/1.0" 500 341 "-" "Mozilla/5.0 (Linux; Android 6.0.1; Nexus 5X Build/MMB29P) AppleWebKit/537.36 (KHTML, like Gecko) Chrome/129.0.6668.89 Mobile Safari/537.36 (compatible; GoogleOther)"
66.249.69.172 - - [06/Oct/2024:10:45:34 +0300] "GET /xmw23/visa-para-australia-requisitos.html HTTP/1.0" 500 3490 "-" "Mozilla/5.0 (Linux; Android 6.0.1; Nexus 5X Build/MMB29P) AppleWebKit/537.36 (KHTML, like Gecko) Chrome/129.0.6668.89 Mobile Safari/537.36 (compatible; GoogleOther)"
66.249.69.170 - - [06/Oct/2024:10:46:19 +0300] "GET /xmw23/most-demanded-jobs-in-japan.html HTTP/1.0" 500 341 "-" "Mozilla/5.0 (Linux; Android 6.0.1; Nexus 5X Build/MMB29P) AppleWebKit/537.36 (KHTML, like Gecko) Chrome/129.0.6668.89 Mobile Safari/537.36 (compatible; GoogleOther)"
184.73.195.18 - - [06/Oct/2024:10:46:20 +0300] "GET /yqmsquctw/part-time-trabajo-sin-experiencia.html HTTP/1.0" 500 341 "-" "Mozilla/5.0 (Macintosh; Intel Mac OS X 10_10_1) AppleWebKit/600.2.5 (KHTML, like Gecko) Version/8.0.2 Safari/600.2.5 (Amazonbot/0.1; +https://developer.amazon.com/support/amazonbot)"
34.227.234.246 - - [06/Oct/2024:10:47:12 +0300] "GET /yqmsquctw/rowing-adverts.html HTTP/1.0" 500 3490 "-" "Mozilla/5.0 (Macintosh; Intel Mac OS X 10_10_1) AppleWebKit/600.2.5 (KHTML, like Gecko) Version/8.0.2 Safari/600.2.5 (Amazonbot/0.1; +https://developer.amazon.com/support/amazonbot)"
66.249.69.171 - - [06/Oct/2024:10:47:49 +0300] "GET /xmw23/what-are-the-names-of-traditional-ceremonies-in-zambia.html HTTP/1.0" 200 38012 "-" "Mozilla/5.0 (Linux; Android 6.0.1; Nexus 5X Build/MMB29P) AppleWebKit/537.36 (KHTML, like Gecko) Chrome/129.0.6668.89 Mobile Safari/537.36 (compatible; GoogleOther)"
3.223.181.32 - - [06/Oct/2024:10:47:56 +0300] "GET /yqmsquctw/list-of-notified-bodies-for-medical-devices.html HTTP/1.0" 500 341 "-" "Mozilla/5.0 (Macintosh; Intel Mac OS X 10_10_1) AppleWebKit/600.2.5 (KHTML, like Gecko) Version/8.0.2 Safari/600.2.5 (Amazonbot/0.1; +https://developer.amazon.com/support/amazonbot)"
52.70.138.176 - - [06/Oct/2024:10:48:00 +0300] "GET /yqmsquctw/strula-english-subtitles-season-1.html HTTP/1.0" 500 341 "-" "Mozilla/5.0 (Macintosh; Intel Mac OS X 10_10_1) AppleWebKit/600.2.5 (KHTML, like Gecko) Version/8.0.2 Safari/600.2.5 (Amazonbot/0.1; +https://developer.amazon.com/support/amazonbot)"
52.204.37.237 - - [06/Oct/2024:10:48:04 +0300] "GET /yqmsquctw/amazon-barcelona-careers.html HTTP/1.0" 500 341 "-" "Mozilla/5.0 (Macintosh; Intel Mac OS X 10_10_1) AppleWebKit/600.2.5 (KHTML, like Gecko) Version/8.0.2 Safari/600.2.5 (Amazonbot/0.1; +https://developer.amazon.com/support/amazonbot)"
50.16.216.166 - - [06/Oct/2024:10:48:36 +0300] "GET /yqmsquctw/mitsubishi-delica-a-venda.html HTTP/1.0" 500 341 "-" "Mozilla/5.0 (Macintosh; Intel Mac OS X 10_10_1) AppleWebKit/600.2.5 (KHTML, like Gecko) Version/8.0.2 Safari/600.2.5 (Amazonbot/0.1; +https://developer.amazon.com/support/amazonbot)"
66.249.69.170 - - [06/Oct/2024:10:48:53 +0300] "GET /xmw23/facebook-web.html HTTP/1.0" 500 341 "-" "Mozilla/5.0 (Linux; Android 6.0.1; Nexus 5X Build/MMB29P) AppleWebKit/537.36 (KHTML, like Gecko) Chrome/129.0.6668.89 Mobile Safari/537.36 (compatible; Googlebot/2.1; +http://www.google.com/bot.html)"
66.249.69.170 - - [06/Oct/2024:10:48:53 +0300] "GET /xmw23/cat-dureaza-sangerarea-dupa-avortul-spontan.html HTTP/1.0" 500 341 "-" "Mozilla/5.0 (Linux; Android 6.0.1; Nexus 5X Build/MMB29P) AppleWebKit/537.36 (KHTML, like Gecko) Chrome/129.0.6668.89 Mobile Safari/537.36 (compatible; Googlebot/2.1; +http://www.google.com/bot.html)"
66.249.69.170 - - [06/Oct/2024:10:48:54 +0300] "GET /news/nalogi/izmenen-poryadok-formirovaniya-rezerva-po-somnitelnym-dolgam/ HTTP/1.0" 200 38371 "-" "Mozilla/5.0 (Linux; Android 6.0.1; Nexus 5X Build/MMB29P) AppleWebKit/537.36 (KHTML, like Gecko) Chrome/129.0.6668.89 Mobile Safari/537.36 (compatible; Googlebot/2.1; +http://www.google.com/bot.html)"
66.249.69.170 - - [06/Oct/2024:10:49:20 +0300] "GET /xmw23/sonic-hearing-aid-parts.html HTTP/1.0" 500 341 "-" "Mozilla/5.0 (Linux; Android 6.0.1; Nexus 5X Build/MMB29P) AppleWebKit/537.36 (KHTML, like Gecko) Chrome/129.0.6668.89 Mobile Safari/537.36 (compatible; GoogleOther)"
18.207.79.144 - - [06/Oct/2024:10:49:44 +0300] "GET /yqmsquctw/bmw-e18f-code.html HTTP/1.0" 500 341 "-" "Mozilla/5.0 (Macintosh; Intel Mac OS X 10_10_1) AppleWebKit/600.2.5 (KHTML, like Gecko) Version/8.0.2 Safari/600.2.5 (Amazonbot/0.1; +https://developer.amazon.com/support/amazonbot)"
52.3.104.214 - - [06/Oct/2024:10:50:08 +0300] "GET /yqmsquctw/lucknow-funeral-home.html HTTP/1.0" 500 341 "-" "Mozilla/5.0 (Macintosh; Intel Mac OS X 10_10_1) AppleWebKit/600.2.5 (KHTML, like Gecko) Version/8.0.2 Safari/600.2.5 (Amazonbot/0.1; +https://developer.amazon.com/support/amazonbot)"
50.116.23.132 - - [06/Oct/2024:10:50:27 +0300] "GET / HTTP/1.0" 200 322 "-" "Mozilla/5.0 (X11; Linux x86_64; rv:60.9) Gecko/20100101 Goanna/4.1 Firefox/60.9 PaleMoon/28.3.0"
50.116.23.132 - - [06/Oct/2024:10:50:28 +0300] "GET / HTTP/1.0" 200 322 "-" "Mozilla/5.0 (X11; Linux x86_64) AppleWebKit/537.36 (KHTML, like Gecko) HeadlessChrome/96.0.4664.45 Safari/537.36"
35.170.205.140 - - [06/Oct/2024:10:50:40 +0300] "GET /yqmsquctw/trabajos-en-toronto-para-hispanos.html HTTP/1.0" 500 3490 "-" "Mozilla/5.0 (Macintosh; Intel Mac OS X 10_10_1) AppleWebKit/600.2.5 (KHTML, like Gecko) Version/8.0.2 Safari/600.2.5 (Amazonbot/0.1; +https://developer.amazon.com/support/amazonbot)"
54.198.33.233 - - [06/Oct/2024:10:51:08 +0300] "GET /yqmsquctw/horses-for-sale-alberta-facebook.html HTTP/1.0" 500 341 "-" "Mozilla/5.0 (Macintosh; Intel Mac OS X 10_10_1) AppleWebKit/600.2.5 (KHTML, like Gecko) Version/8.0.2 Safari/600.2.5 (Amazonbot/0.1; +https://developer.amazon.com/support/amazonbot)"
52.73.142.41 - - [06/Oct/2024:10:51:16 +0300] "GET /yqmsquctw/dallas-county-jail-roster-arkansas.html HTTP/1.0" 500 341 "-" "Mozilla/5.0 (Macintosh; Intel Mac OS X 10_10_1) AppleWebKit/600.2.5 (KHTML, like Gecko) Version/8.0.2 Safari/600.2.5 (Amazonbot/0.1; +https://developer.amazon.com/support/amazonbot)"
66.249.69.172 - - [06/Oct/2024:10:51:35 +0300] "GET /xmw23/farm-jobs-in-australia-for-foreigners.html HTTP/1.0" 500 341 "-" "Mozilla/5.0 (Linux; Android 6.0.1; Nexus 5X Build/MMB29P) AppleWebKit/537.36 (KHTML, like Gecko) Chrome/129.0.6668.89 Mobile Safari/537.36 (compatible; GoogleOther)"
54.156.55.147 - - [06/Oct/2024:10:51:40 +0300] "GET /yqmsquctw/amazon-lager-jobs.html HTTP/1.0" 500 341 "-" "Mozilla/5.0 (Macintosh; Intel Mac OS X 10_10_1) AppleWebKit/600.2.5 (KHTML, like Gecko) Version/8.0.2 Safari/600.2.5 (Amazonbot/0.1; +https://developer.amazon.com/support/amazonbot)"
66.249.69.172 - - [06/Oct/2024:10:52:18 +0300] "GET /xmw23/does-spotify-have-a-visualizer.html HTTP/1.0" 500 3490 "-" "Mozilla/5.0 (Linux; Android 6.0.1; Nexus 5X Build/MMB29P) AppleWebKit/537.36 (KHTML, like Gecko) Chrome/129.0.6668.89 Mobile Safari/537.36 (compatible; GoogleOther)"
34.233.219.155 - - [06/Oct/2024:10:52:24 +0300] "GET /yqmsquctw/las-cruces-news-shooting-today.html HTTP/1.0" 500 341 "-" "Mozilla/5.0 (Macintosh; Intel Mac OS X 10_10_1) AppleWebKit/600.2.5 (KHTML, like Gecko) Version/8.0.2 Safari/600.2.5 (Amazonbot/0.1; +https://developer.amazon.com/support/amazonbot)"
44.212.106.171 - - [06/Oct/2024:10:52:36 +0300] "GET /yqmsquctw/faang-software-engineer-salary-india.html HTTP/1.0" 500 341 "-" "Mozilla/5.0 (Macintosh; Intel Mac OS X 10_10_1) AppleWebKit/600.2.5 (KHTML, like Gecko) Version/8.0.2 Safari/600.2.5 (Amazonbot/0.1; +https://developer.amazon.com/support/amazonbot)"
44.217.255.167 - - [06/Oct/2024:10:54:28 +0300] "GET /yqmsquctw/cosmetic-factory-jobs-in-scarborough-no-experience-needed.html HTTP/1.0" 500 341 "-" "Mozilla/5.0 (Macintosh; Intel Mac OS X 10_10_1) AppleWebKit/600.2.5 (KHTML, like Gecko) Version/8.0.2 Safari/600.2.5 (Amazonbot/0.1; +https://developer.amazon.com/support/amazonbot)"
66.249.69.170 - - [06/Oct/2024:10:54:34 +0300] "GET /xmw23/most-demanded-jobs-in-japan.html HTTP/1.0" 500 341 "-" "Mozilla/5.0 (Linux; Android 6.0.1; Nexus 5X Build/MMB29P) AppleWebKit/537.36 (KHTML, like Gecko) Chrome/129.0.6668.89 Mobile Safari/537.36 (compatible; GoogleOther)"
23.21.119.232 - - [06/Oct/2024:10:55:12 +0300] "GET /yqmsquctw/facebook-hidalgo-county.html HTTP/1.0" 500 341 "-" "Mozilla/5.0 (Macintosh; Intel Mac OS X 10_10_1) AppleWebKit/600.2.5 (KHTML, like Gecko) Version/8.0.2 Safari/600.2.5 (Amazonbot/0.1; +https://developer.amazon.com/support/amazonbot)"
44.223.232.55 - - [06/Oct/2024:10:55:16 +0300] "GET /yqmsquctw/raspberry-pi-4.html HTTP/1.0" 500 341 "-" "Mozilla/5.0 (Macintosh; Intel Mac OS X 10_10_1) AppleWebKit/600.2.5 (KHTML, like Gecko) Version/8.0.2 Safari/600.2.5 (Amazonbot/0.1; +https://developer.amazon.com/support/amazonbot)"
66.249.69.172 - - [06/Oct/2024:10:55:19 +0300] "GET /xmw23/employers-recruitment-job-usa-company.html HTTP/1.0" 500 341 "-" "Mozilla/5.0 (Linux; Android 6.0.1; Nexus 5X Build/MMB29P) AppleWebKit/537.36 (KHTML, like Gecko) Chrome/129.0.6668.89 Mobile Safari/537.36 (compatible; GoogleOther)"
3.230.224.6 - - [06/Oct/2024:10:56:20 +0300] "GET /yqmsquctw/swaim-funeral-home-obituaries.html HTTP/1.0" 500 341 "-" "Mozilla/5.0 (Macintosh; Intel Mac OS X 10_10_1) AppleWebKit/600.2.5 (KHTML, like Gecko) Version/8.0.2 Safari/600.2.5 (Amazonbot/0.1; +https://developer.amazon.com/support/amazonbot)"
54.156.124.2 - - [06/Oct/2024:10:56:24 +0300] "GET /yqmsquctw/e60-turbo-upgrade.html HTTP/1.0" 500 3490 "-" "Mozilla/5.0 (Macintosh; Intel Mac OS X 10_10_1) AppleWebKit/600.2.5 (KHTML, like Gecko) Version/8.0.2 Safari/600.2.5 (Amazonbot/0.1; +https://developer.amazon.com/support/amazonbot)"
52.3.127.170 - - [06/Oct/2024:10:56:52 +0300] "GET /yqmsquctw/stark-smoki-postan.html HTTP/1.0" 500 341 "-" "Mozilla/5.0 (Macintosh; Intel Mac OS X 10_10_1) AppleWebKit/600.2.5 (KHTML, like Gecko) Version/8.0.2 Safari/600.2.5 (Amazonbot/0.1; +https://developer.amazon.com/support/amazonbot)"
66.249.69.170 - - [06/Oct/2024:10:58:19 +0300] "GET /xmw23/online-books-free.html HTTP/1.0" 200 16554 "-" "Mozilla/5.0 (Linux; Android 6.0.1; Nexus 5X Build/MMB29P) AppleWebKit/537.36 (KHTML, like Gecko) Chrome/129.0.6668.89 Mobile Safari/537.36 (compatible; GoogleOther)"
34.234.197.175 - - [06/Oct/2024:10:58:28 +0300] "GET /yqmsquctw/texas-mugshots.html HTTP/1.0" 500 3490 "-" "Mozilla/5.0 (Macintosh; Intel Mac OS X 10_10_1) AppleWebKit/600.2.5 (KHTML, like Gecko) Version/8.0.2 Safari/600.2.5 (Amazonbot/0.1; +https://developer.amazon.com/support/amazonbot)"
34.233.114.237 - - [06/Oct/2024:10:58:40 +0300] "GET /yqmsquctw/hays-county-jail-mugshots.html HTTP/1.0" 500 341 "-" "Mozilla/5.0 (Macintosh; Intel Mac OS X 10_10_1) AppleWebKit/600.2.5 (KHTML, like Gecko) Version/8.0.2 Safari/600.2.5 (Amazonbot/0.1; +https://developer.amazon.com/support/amazonbot)"
66.249.69.172 - - [06/Oct/2024:11:00:33 +0300] "GET /xmw23/sonic-hearing-aid-parts.html HTTP/1.0" 500 341 "-" "Mozilla/5.0 (Linux; Android 6.0.1; Nexus 5X Build/MMB29P) AppleWebKit/537.36 (KHTML, like Gecko) Chrome/129.0.6668.89 Mobile Safari/537.36 (compatible; GoogleOther)"
66.249.69.170 - - [06/Oct/2024:11:00:50 +0300] "GET /xmw23/davis-funeral-home-obituary-in-gretna.html HTTP/1.0" 500 341 "-" "Mozilla/5.0 (Linux; Android 6.0.1; Nexus 5X Build/MMB29P) AppleWebKit/537.36 (KHTML, like Gecko) Chrome/129.0.6668.89 Mobile Safari/537.36 (compatible; Googlebot/2.1; +http://www.google.com/bot.html)"
52.45.15.233 - - [06/Oct/2024:11:00:56 +0300] "GET /yqmsquctw/active-warrant-search-chesapeake,-virginia.html HTTP/1.0" 404 26151 "-" "Mozilla/5.0 (Macintosh; Intel Mac OS X 10_10_1) AppleWebKit/600.2.5 (KHTML, like Gecko) Version/8.0.2 Safari/600.2.5 (Amazonbot/0.1; +https://developer.amazon.com/support/amazonbot)"
185.162.16.189 - - [06/Oct/2024:11:02:16 +0300] "GET /bitrix/admin/index.php HTTP/1.0" 200 22332 "-" "Mozilla/5.0 (Windows NT 6.1) AppleWebKit/537.36 (KHTML, like Gecko) Chrome/45.0.2454.85 Safari/537.36 OPR/32.0.1948.45"
185.162.16.189 - - [06/Oct/2024:11:02:16 +0300] "GET /bitrix/admin/index.php HTTP/1.0" 200 25481 "-" "Mozilla/5.0 (Windows NT 6.1) AppleWebKit/537.36 (KHTML, like Gecko) Chrome/45.0.2454.85 Safari/537.36 OPR/32.0.1948.45"
185.162.16.189 - - [06/Oct/2024:11:02:16 +0300] "GET /bitrix/admin/index.php HTTP/1.0" 200 22332 "-" "Mozilla/5.0 (Windows NT 6.1) AppleWebKit/537.36 (KHTML, like Gecko) Chrome/45.0.2454.85 Safari/537.36 OPR/32.0.1948.45"
185.162.16.189 - - [06/Oct/2024:11:02:17 +0300] "POST /bitrix/admin/?login=yes HTTP/1.0" 200 1010 "-" "Mozilla/5.0 (Windows NT 6.1) AppleWebKit/537.36 (KHTML, like Gecko) Chrome/45.0.2454.85 Safari/537.36 OPR/32.0.1948.45"
185.162.16.189 - - [06/Oct/2024:11:02:17 +0300] "POST /bitrix/admin/?login=yes HTTP/1.0" 200 1010 "-" "Mozilla/5.0 (Windows NT 6.1) AppleWebKit/537.36 (KHTML, like Gecko) Chrome/45.0.2454.85 Safari/537.36 OPR/32.0.1948.45"
185.162.16.189 - - [06/Oct/2024:11:02:17 +0300] "POST /bitrix/admin/?login=yes HTTP/1.0" 200 1010 "-" "Mozilla/5.0 (Windows NT 6.1) AppleWebKit/537.36 (KHTML, like Gecko) Chrome/45.0.2454.85 Safari/537.36 OPR/32.0.1948.45"
52.204.71.8 - - [06/Oct/2024:11:03:24 +0300] "GET /yqmsquctw/care-assistant-jobs-with-visa-sponsorship-in-uk-salary.html HTTP/1.0" 500 341 "-" "Mozilla/5.0 (Macintosh; Intel Mac OS X 10_10_1) AppleWebKit/600.2.5 (KHTML, like Gecko) Version/8.0.2 Safari/600.2.5 (Amazonbot/0.1; +https://developer.amazon.com/support/amazonbot)"
23.21.250.48 - - [06/Oct/2024:11:03:28 +0300] "GET /yqmsquctw/shelby-county-warrants-inmate-lookup.html HTTP/1.0" 500 341 "-" "Mozilla/5.0 (Macintosh; Intel Mac OS X 10_10_1) AppleWebKit/600.2.5 (KHTML, like Gecko) Version/8.0.2 Safari/600.2.5 (Amazonbot/0.1; +https://developer.amazon.com/support/amazonbot)"
66.249.69.170 - - [06/Oct/2024:11:03:33 +0300] "GET /xmw23/does-spotify-have-a-visualizer.html HTTP/1.0" 500 3490 "-" "Mozilla/5.0 (Linux; Android 6.0.1; Nexus 5X Build/MMB29P) AppleWebKit/537.36 (KHTML, like Gecko) Chrome/129.0.6668.89 Mobile Safari/537.36 (compatible; GoogleOther)"
52.204.37.237 - - [06/Oct/2024:11:03:48 +0300] "GET /yqmsquctw/bmw-error-48276e.html HTTP/1.0" 500 341 "-" "Mozilla/5.0 (Macintosh; Intel Mac OS X 10_10_1) AppleWebKit/600.2.5 (KHTML, like Gecko) Version/8.0.2 Safari/600.2.5 (Amazonbot/0.1; +https://developer.amazon.com/support/amazonbot)"
66.249.69.170 - - [06/Oct/2024:11:03:50 +0300] "GET /xmw23/denys-porlock-3-body-problem.html HTTP/1.0" 500 341 "-" "Mozilla/5.0 (Linux; Android 6.0.1; Nexus 5X Build/MMB29P) AppleWebKit/537.36 (KHTML, like Gecko) Chrome/129.0.6668.89 Mobile Safari/537.36 (compatible; Googlebot/2.1; +http://www.google.com/bot.html)"
54.163.136.244 - - [06/Oct/2024:11:04:44 +0300] "GET /yqmsquctw/henderson-county-jail-records.html HTTP/1.0" 500 341 "-" "Mozilla/5.0 (Macintosh; Intel Mac OS X 10_10_1) AppleWebKit/600.2.5 (KHTML, like Gecko) Version/8.0.2 Safari/600.2.5 (Amazonbot/0.1; +https://developer.amazon.com/support/amazonbot)"
66.249.69.171 - - [06/Oct/2024:11:06:33 +0300] "GET /xmw23/employers-recruitment-job-usa-company.html HTTP/1.0" 500 341 "-" "Mozilla/5.0 (Linux; Android 6.0.1; Nexus 5X Build/MMB29P) AppleWebKit/537.36 (KHTML, like Gecko) Chrome/129.0.6668.89 Mobile Safari/537.36 (compatible; GoogleOther)"
66.249.69.170 - - [06/Oct/2024:11:09:46 +0300] "GET /xmw23/weaverbird-plugin-grasshopper.html HTTP/1.0" 200 36480 "-" "Mozilla/5.0 (Linux; Android 6.0.1; Nexus 5X Build/MMB29P) AppleWebKit/537.36 (KHTML, like Gecko) Chrome/129.0.6668.89 Mobile Safari/537.36 (compatible; Googlebot/2.1; +http://www.google.com/bot.html)"
66.249.69.172 - - [06/Oct/2024:11:11:46 +0300] "GET /xmw23/calculus-for-beginners-pdf.html HTTP/1.0" 200 23970 "-" "Mozilla/5.0 (Linux; Android 6.0.1; Nexus 5X Build/MMB29P) AppleWebKit/537.36 (KHTML, like Gecko) Chrome/129.0.6668.89 Mobile Safari/537.36 (compatible; Googlebot/2.1; +http://www.google.com/bot.html)"
66.249.69.170 - - [06/Oct/2024:11:12:38 +0300] "GET /xmw23/unable-to-login-citibank-mobile-app-philippines.html HTTP/1.0" 500 341 "-" "Mozilla/5.0 (Linux; Android 6.0.1; Nexus 5X Build/MMB29P) AppleWebKit/537.36 (KHTML, like Gecko) Chrome/129.0.6668.89 Mobile Safari/537.36 (compatible; GoogleOther)"
66.249.69.171 - - [06/Oct/2024:11:13:47 +0300] "GET /42m1o1qlxb.html HTTP/1.0" 404 25951 "-" "Mozilla/5.0 (Linux; Android 6.0.1; Nexus 5X Build/MMB29P) AppleWebKit/537.36 (KHTML, like Gecko) Chrome/129.0.6668.89 Mobile Safari/537.36 (compatible; Googlebot/2.1; +http://www.google.com/bot.html)"
66.249.69.170 - - [06/Oct/2024:11:15:48 +0300] "GET /xmw23/warehouse-supervisor-job-description.html HTTP/1.0" 500 3490 "-" "Mozilla/5.0 (Linux; Android 6.0.1; Nexus 5X Build/MMB29P) AppleWebKit/537.36 (KHTML, like Gecko) Chrome/129.0.6668.89 Mobile Safari/537.36 (compatible; Googlebot/2.1; +http://www.google.com/bot.html)"
66.249.69.171 - - [06/Oct/2024:11:16:10 +0300] "GET /xmw23/japan-embassy-in-pakistan.html HTTP/1.0" 500 341 "-" "Mozilla/5.0 (Linux; Android 6.0.1; Nexus 5X Build/MMB29P) AppleWebKit/537.36 (KHTML, like Gecko) Chrome/129.0.6668.89 Mobile Safari/537.36 (compatible; GoogleOther)"
54.197.82.195 - - [06/Oct/2024:11:16:24 +0300] "GET /yqmsquctw/how-to-create-var-www-html.html HTTP/1.0" 500 341 "-" "Mozilla/5.0 (Macintosh; Intel Mac OS X 10_10_1) AppleWebKit/600.2.5 (KHTML, like Gecko) Version/8.0.2 Safari/600.2.5 (Amazonbot/0.1; +https://developer.amazon.com/support/amazonbot)"
66.249.69.171 - - [06/Oct/2024:11:16:48 +0300] "GET /xmw23/dts-monaco-download-free.html HTTP/1.0" 500 3490 "-" "Mozilla/5.0 (Linux; Android 6.0.1; Nexus 5X Build/MMB29P) AppleWebKit/537.36 (KHTML, like Gecko) Chrome/129.0.6668.89 Mobile Safari/537.36 (compatible; Googlebot/2.1; +http://www.google.com/bot.html)"
34.227.234.246 - - [06/Oct/2024:11:17:48 +0300] "GET /yqmsquctw/busted-newspaper-mccracken-county.html HTTP/1.0" 500 341 "-" "Mozilla/5.0 (Macintosh; Intel Mac OS X 10_10_1) AppleWebKit/600.2.5 (KHTML, like Gecko) Version/8.0.2 Safari/600.2.5 (Amazonbot/0.1; +https://developer.amazon.com/support/amazonbot)"
66.249.69.172 - - [06/Oct/2024:11:17:48 +0300] "GET /xmw23/live-in-care-jobs-with-visa-sponsorship-near-me.html HTTP/1.0" 500 341 "-" "Mozilla/5.0 (Linux; Android 6.0.1; Nexus 5X Build/MMB29P) AppleWebKit/537.36 (KHTML, like Gecko) Chrome/129.0.6668.89 Mobile Safari/537.36 (compatible; Googlebot/2.1; +http://www.google.com/bot.html)"
66.249.69.171 - - [06/Oct/2024:11:19:48 +0300] "GET /xmw23/maui-fire-map-2024-hawaii.html HTTP/1.0" 500 341 "-" "Mozilla/5.0 (Linux; Android 6.0.1; Nexus 5X Build/MMB29P) AppleWebKit/537.36 (KHTML, like Gecko) Chrome/129.0.6668.89 Mobile Safari/537.36 (compatible; GoogleOther)"
66.249.69.170 - - [06/Oct/2024:11:19:49 +0300] "GET /xmw23/jednostavne-haljine-za-svaki-dan.html HTTP/1.0" 500 341 "-" "Mozilla/5.0 (Linux; Android 6.0.1; Nexus 5X Build/MMB29P) AppleWebKit/537.36 (KHTML, like Gecko) Chrome/129.0.6668.89 Mobile Safari/537.36 (compatible; Googlebot/2.1; +http://www.google.com/bot.html)"
66.249.69.171 - - [06/Oct/2024:11:21:49 +0300] "GET /xmw23/yuzu-emulator.html HTTP/1.0" 500 3490 "-" "Mozilla/5.0 (Linux; Android 6.0.1; Nexus 5X Build/MMB29P) AppleWebKit/537.36 (KHTML, like Gecko) Chrome/129.0.6668.89 Mobile Safari/537.36 (compatible; Googlebot/2.1; +http://www.google.com/bot.html)"
66.249.69.172 - - [06/Oct/2024:11:23:23 +0300] "GET /xmw23/care-homes-with-tier-2-sponsorship-in-glasgow.html HTTP/1.0" 500 341 "-" "Mozilla/5.0 (Linux; Android 6.0.1; Nexus 5X Build/MMB29P) AppleWebKit/537.36 (KHTML, like Gecko) Chrome/129.0.6668.89 Mobile Safari/537.36 (compatible; GoogleOther)"
66.249.69.171 - - [06/Oct/2024:11:23:50 +0300] "GET /news/nalogi/novyy-spets-rezhim-avtomatizirovannaya-uproshchennaya-sistema-nalogooblozheniya/ HTTP/1.0" 200 33896 "-" "Mozilla/5.0 (Linux; Android 6.0.1; Nexus 5X Build/MMB29P) AppleWebKit/537.36 (KHTML, like Gecko) Chrome/129.0.6668.89 Mobile Safari/537.36 (compatible; Googlebot/2.1; +http://www.google.com/bot.html)"
66.249.69.170 - - [06/Oct/2024:11:23:53 +0300] "GET /news/nalogi/novyy-spets-rezhim-avtomatizirovannaya-uproshchennaya-sistema-nalogooblozheniya/?bxrand=1726272000000 HTTP/1.0" 200 8072 "https://gcba.ru/news/nalogi/novyy-spets-rezhim-avtomatizirovannaya-uproshchennaya-sistema-nalogooblozheniya/" "Mozilla/5.0 (Linux; Android 6.0.1; Nexus 5X Build/MMB29P) AppleWebKit/537.36 (KHTML, like Gecko) Chrome/129.0.6668.70 Mobile Safari/537.36 (compatible; Googlebot/2.1; +http://www.google.com/bot.html)"
100.24.149.244 - - [06/Oct/2024:11:24:44 +0300] "GET /yqmsquctw/how-to-translate-using-google-voice.html HTTP/1.0" 500 341 "-" "Mozilla/5.0 (Macintosh; Intel Mac OS X 10_10_1) AppleWebKit/600.2.5 (KHTML, like Gecko) Version/8.0.2 Safari/600.2.5 (Amazonbot/0.1; +https://developer.amazon.com/support/amazonbot)"
66.249.69.171 - - [06/Oct/2024:11:24:50 +0300] "GET /xmw23/raspberry-pi-camera-software-gui.html HTTP/1.0" 500 341 "-" "Mozilla/5.0 (Linux; Android 6.0.1; Nexus 5X Build/MMB29P) AppleWebKit/537.36 (KHTML, like Gecko) Chrome/129.0.6668.89 Mobile Safari/537.36 (compatible; Googlebot/2.1; +http://www.google.com/bot.html)"
66.249.69.172 - - [06/Oct/2024:11:25:51 +0300] "GET /xmw23/mister-fpga-cores-list.html HTTP/1.0" 500 341 "-" "Mozilla/5.0 (Linux; Android 6.0.1; Nexus 5X Build/MMB29P) AppleWebKit/537.36 (KHTML, like Gecko) Chrome/129.0.6668.89 Mobile Safari/537.36 (compatible; Googlebot/2.1; +http://www.google.com/bot.html)"
34.233.114.237 - - [06/Oct/2024:11:26:52 +0300] "GET /yqmsquctw/job-vacancies-2024.html HTTP/1.0" 500 341 "-" "Mozilla/5.0 (Macintosh; Intel Mac OS X 10_10_1) AppleWebKit/600.2.5 (KHTML, like Gecko) Version/8.0.2 Safari/600.2.5 (Amazonbot/0.1; +https://developer.amazon.com/support/amazonbot)"
66.249.69.171 - - [06/Oct/2024:11:26:58 +0300] "GET /xmw23/clackamas-county-sheriff-flash-alert.html HTTP/1.0" 500 3490 "-" "Mozilla/5.0 (Linux; Android 6.0.1; Nexus 5X Build/MMB29P) AppleWebKit/537.36 (KHTML, like Gecko) Chrome/129.0.6668.89 Mobile Safari/537.36 (compatible; GoogleOther)"
66.249.69.170 - - [06/Oct/2024:11:27:51 +0300] "GET /xmw23/nodejs-postgres-orm.html HTTP/1.0" 500 341 "-" "Mozilla/5.0 (Linux; Android 6.0.1; Nexus 5X Build/MMB29P) AppleWebKit/537.36 (KHTML, like Gecko) Chrome/129.0.6668.89 Mobile Safari/537.36 (compatible; Googlebot/2.1; +http://www.google.com/bot.html)"
178.20.31.25 - - [06/Oct/2024:11:27:56 +0300] "GET /eff48aefbe.php HTTP/1.0" 200 40072 "-" "-"
178.20.31.25 - - [06/Oct/2024:11:27:57 +0300] "POST /eff48aefbe.php HTTP/1.0" 200 40864 "-" "-"
178.20.31.25 - - [06/Oct/2024:11:27:57 +0300] "GET /adgyz2m87.php HTTP/1.0" 200 322 "-" "-"
3.218.103.254 - - [06/Oct/2024:11:28:28 +0300] "GET /yqmsquctw/entry-level-software-engineer-jobs-with-visa-sponsorship-uk-salary-near.html HTTP/1.0" 500 341 "-" "Mozilla/5.0 (Macintosh; Intel Mac OS X 10_10_1) AppleWebKit/600.2.5 (KHTML, like Gecko) Version/8.0.2 Safari/600.2.5 (Amazonbot/0.1; +https://developer.amazon.com/support/amazonbot)"
66.249.69.171 - - [06/Oct/2024:11:28:52 +0300] "GET /xmw23/deseti-dan-nakon-embriotransfera-simptomi.html HTTP/1.0" 200 23506 "-" "Mozilla/5.0 (Linux; Android 6.0.1; Nexus 5X Build/MMB29P) AppleWebKit/537.36 (KHTML, like Gecko) Chrome/129.0.6668.89 Mobile Safari/537.36 (compatible; Googlebot/2.1; +http://www.google.com/bot.html)"
66.249.69.171 - - [06/Oct/2024:11:29:52 +0300] "GET /xmw23/client-acceptance-and-continuance-audit.html HTTP/1.0" 500 341 "-" "Mozilla/5.0 (Linux; Android 6.0.1; Nexus 5X Build/MMB29P) AppleWebKit/537.36 (KHTML, like Gecko) Chrome/129.0.6668.89 Mobile Safari/537.36 (compatible; Googlebot/2.1; +http://www.google.com/bot.html)"
66.249.69.171 - - [06/Oct/2024:11:30:34 +0300] "GET /xmw23/dairy-farm-jobs-without-experience-near-columbus,-oh.html HTTP/1.0" 404 27402 "-" "Mozilla/5.0 (Linux; Android 6.0.1; Nexus 5X Build/MMB29P) AppleWebKit/537.36 (KHTML, like Gecko) Chrome/129.0.6668.89 Mobile Safari/537.36 (compatible; GoogleOther)"
66.249.69.172 - - [06/Oct/2024:11:31:52 +0300] "GET /xmw23/bellerose,-ny-obituaries.html HTTP/1.0" 404 27346 "-" "Mozilla/5.0 (Linux; Android 6.0.1; Nexus 5X Build/MMB29P) AppleWebKit/537.36 (KHTML, like Gecko) Chrome/129.0.6668.89 Mobile Safari/537.36 (compatible; Googlebot/2.1; +http://www.google.com/bot.html)"
66.249.69.172 - - [06/Oct/2024:11:32:53 +0300] "GET /xmw23/small-farm-jobs-near-me.html HTTP/1.0" 200 33810 "-" "Mozilla/5.0 (Linux; Android 6.0.1; Nexus 5X Build/MMB29P) AppleWebKit/537.36 (KHTML, like Gecko) Chrome/129.0.6668.89 Mobile Safari/537.36 (compatible; Googlebot/2.1; +http://www.google.com/bot.html)"
3.222.190.107 - - [06/Oct/2024:11:33:52 +0300] "GET /yqmsquctw/dama-aged-care-sponsorship.html HTTP/1.0" 500 341 "-" "Mozilla/5.0 (Macintosh; Intel Mac OS X 10_10_1) AppleWebKit/600.2.5 (KHTML, like Gecko) Version/8.0.2 Safari/600.2.5 (Amazonbot/0.1; +https://developer.amazon.com/support/amazonbot)"
66.249.69.172 - - [06/Oct/2024:11:33:53 +0300] "GET /xmw23/hca-recruitment.html HTTP/1.0" 500 341 "-" "Mozilla/5.0 (Linux; Android 6.0.1; Nexus 5X Build/MMB29P) AppleWebKit/537.36 (KHTML, like Gecko) Chrome/129.0.6668.89 Mobile Safari/537.36 (compatible; Googlebot/2.1; +http://www.google.com/bot.html)"
66.249.69.170 - - [06/Oct/2024:11:33:54 +0300] "GET /4704ozsasx.html HTTP/1.0" 404 30339 "-" "Mozilla/5.0 (Linux; Android 6.0.1; Nexus 5X Build/MMB29P) AppleWebKit/537.36 (KHTML, like Gecko) Chrome/129.0.6668.89 Mobile Safari/537.36 (compatible; Googlebot/2.1; +http://www.google.com/bot.html)"
52.6.5.24 - - [06/Oct/2024:11:34:00 +0300] "GET /yqmsquctw/rudo-ortopedska-pomagala-beograd-prodavnice.html HTTP/1.0" 500 341 "-" "Mozilla/5.0 (Macintosh; Intel Mac OS X 10_10_1) AppleWebKit/600.2.5 (KHTML, like Gecko) Version/8.0.2 Safari/600.2.5 (Amazonbot/0.1; +https://developer.amazon.com/support/amazonbot)"
66.249.69.171 - - [06/Oct/2024:11:34:09 +0300] "GET /xmw23/care-homes-with-tier-2-sponsorship-near-me-for-nurses.html HTTP/1.0" 500 341 "-" "Mozilla/5.0 (Linux; Android 6.0.1; Nexus 5X Build/MMB29P) AppleWebKit/537.36 (KHTML, like Gecko) Chrome/129.0.6668.89 Mobile Safari/537.36 (compatible; GoogleOther)"
44.205.74.196 - - [06/Oct/2024:11:34:28 +0300] "GET /yqmsquctw/clare-county-court-records.html HTTP/1.0" 500 341 "-" "Mozilla/5.0 (Macintosh; Intel Mac OS X 10_10_1) AppleWebKit/600.2.5 (KHTML, like Gecko) Version/8.0.2 Safari/600.2.5 (Amazonbot/0.1; +https://developer.amazon.com/support/amazonbot)"
66.249.69.172 - - [06/Oct/2024:11:35:56 +0300] "GET / HTTP/1.0" 200 322 "-" "Mozilla/5.0 (Linux; Android 6.0.1; Nexus 5X Build/MMB29P) AppleWebKit/537.36 (KHTML, like Gecko) Chrome/129.0.6668.89 Mobile Safari/537.36 (compatible; Googlebot/2.1; +http://www.google.com/bot.html)"
66.249.69.172 - - [06/Oct/2024:11:37:45 +0300] "GET /xmw23/harwin-jewelry-store-near-new-york.html HTTP/1.0" 500 341 "-" "Mozilla/5.0 (Linux; Android 6.0.1; Nexus 5X Build/MMB29P) AppleWebKit/537.36 (KHTML, like Gecko) Chrome/129.0.6668.89 Mobile Safari/537.36 (compatible; GoogleOther)"
34.234.197.175 - - [06/Oct/2024:11:37:52 +0300] "GET /yqmsquctw/telegram-download-video.html HTTP/1.0" 500 341 "-" "Mozilla/5.0 (Macintosh; Intel Mac OS X 10_10_1) AppleWebKit/600.2.5 (KHTML, like Gecko) Version/8.0.2 Safari/600.2.5 (Amazonbot/0.1; +https://developer.amazon.com/support/amazonbot)"
66.249.69.170 - - [06/Oct/2024:11:40:55 +0300] "GET /xmw23/how-to-stop-autistic-child-from-biting-others.html HTTP/1.0" 500 3490 "-" "Mozilla/5.0 (Linux; Android 6.0.1; Nexus 5X Build/MMB29P) AppleWebKit/537.36 (KHTML, like Gecko) Chrome/129.0.6668.89 Mobile Safari/537.36 (compatible; Googlebot/2.1; +http://www.google.com/bot.html)"
66.249.69.172 - - [06/Oct/2024:11:40:57 +0300] "GET /xmw23/grafana-configure-datasource-influxdb.html HTTP/1.0" 500 341 "-" "Mozilla/5.0 (Linux; Android 6.0.1; Nexus 5X Build/MMB29P) AppleWebKit/537.36 (KHTML, like Gecko) Chrome/129.0.6668.89 Mobile Safari/537.36 (compatible; Googlebot/2.1; +http://www.google.com/bot.html)"
66.249.69.171 - - [06/Oct/2024:11:41:21 +0300] "GET /xmw23/uk-supermarket-jobs-with-visa-sponsorship.html HTTP/1.0" 500 3490 "-" "Mozilla/5.0 (Linux; Android 6.0.1; Nexus 5X Build/MMB29P) AppleWebKit/537.36 (KHTML, like Gecko) Chrome/129.0.6668.89 Mobile Safari/537.36 (compatible; GoogleOther)"
34.225.138.57 - - [06/Oct/2024:11:42:28 +0300] "GET /yqmsquctw/hp-key.html HTTP/1.0" 500 341 "-" "Mozilla/5.0 (Macintosh; Intel Mac OS X 10_10_1) AppleWebKit/600.2.5 (KHTML, like Gecko) Version/8.0.2 Safari/600.2.5 (Amazonbot/0.1; +https://developer.amazon.com/support/amazonbot)"
157.55.39.10 - - [06/Oct/2024:11:42:31 +0300] "GET /sitemap.xml HTTP/1.0" 404 27182 "-" "Mozilla/5.0 AppleWebKit/537.36 (KHTML, like Gecko; compatible; bingbot/2.0; +http://www.bing.com/bingbot.htm) Chrome/116.0.1938.76 Safari/537.36"
66.249.69.172 - - [06/Oct/2024:11:43:54 +0300] "GET /xmw23/forklift-operator-material-handler-job-description.html HTTP/1.0" 500 341 "-" "Mozilla/5.0 (Linux; Android 6.0.1; Nexus 5X Build/MMB29P) AppleWebKit/537.36 (KHTML, like Gecko) Chrome/129.0.6668.89 Mobile Safari/537.36 (compatible; Googlebot/2.1; +http://www.google.com/bot.html)"
66.249.69.170 - - [06/Oct/2024:11:43:56 +0300] "GET /xmw23/laboratorij-pula.html HTTP/1.0" 500 341 "-" "Mozilla/5.0 (Linux; Android 6.0.1; Nexus 5X Build/MMB29P) AppleWebKit/537.36 (KHTML, like Gecko) Chrome/129.0.6668.89 Mobile Safari/537.36 (compatible; Googlebot/2.1; +http://www.google.com/bot.html)"
66.249.69.172 - - [06/Oct/2024:11:44:58 +0300] "GET /xmw23/grafana-zipkin-datasource.html HTTP/1.0" 500 341 "-" "Mozilla/5.0 (Linux; Android 6.0.1; Nexus 5X Build/MMB29P) AppleWebKit/537.36 (KHTML, like Gecko) Chrome/129.0.6668.89 Mobile Safari/537.36 (compatible; GoogleOther)"
66.249.69.172 - - [06/Oct/2024:11:45:13 +0300] "GET /xmw23/mac-file-cannot-be-opened-because-it-is-from-an-unidentified-developer.html HTTP/1.0" 500 341 "-" "Mozilla/5.0 (Linux; Android 6.0.1; Nexus 5X Build/MMB29P) AppleWebKit/537.36 (KHTML, like Gecko) Chrome/129.0.6668.89 Mobile Safari/537.36 (compatible; Googlebot/2.1; +http://www.google.com/bot.html)"
66.249.69.170 - - [06/Oct/2024:11:45:16 +0300] "GET /xmw23/work-and-holiday-visa-australia.html HTTP/1.0" 500 341 "-" "Mozilla/5.0 (Linux; Android 6.0.1; Nexus 5X Build/MMB29P) AppleWebKit/537.36 (KHTML, like Gecko) Chrome/129.0.6668.89 Mobile Safari/537.36 (compatible; Googlebot/2.1; +http://www.google.com/bot.html)"
44.218.6.93 - - [06/Oct/2024:11:45:24 +0300] "GET /yqmsquctw/osint-framework-kali-linux.html HTTP/1.0" 500 341 "-" "Mozilla/5.0 (Macintosh; Intel Mac OS X 10_10_1) AppleWebKit/600.2.5 (KHTML, like Gecko) Version/8.0.2 Safari/600.2.5 (Amazonbot/0.1; +https://developer.amazon.com/support/amazonbot)"
66.249.69.172 - - [06/Oct/2024:11:47:18 +0300] "GET /xmw23/matomo.html HTTP/1.0" 500 3490 "-" "Mozilla/5.0 (Linux; Android 6.0.1; Nexus 5X Build/MMB29P) AppleWebKit/537.36 (KHTML, like Gecko) Chrome/129.0.6668.89 Mobile Safari/537.36 (compatible; Googlebot/2.1; +http://www.google.com/bot.html)"
66.249.69.170 - - [06/Oct/2024:11:48:34 +0300] "GET /xmw23/gaji-part-time-di-bali.html HTTP/1.0" 500 3490 "-" "Mozilla/5.0 (Linux; Android 6.0.1; Nexus 5X Build/MMB29P) AppleWebKit/537.36 (KHTML, like Gecko) Chrome/129.0.6668.89 Mobile Safari/537.36 (compatible; GoogleOther)"
66.249.69.172 - - [06/Oct/2024:11:49:18 +0300] "GET /xmw23/bnsf-logistics-carrier-setup.html HTTP/1.0" 500 341 "-" "Mozilla/5.0 (Linux; Android 6.0.1; Nexus 5X Build/MMB29P) AppleWebKit/537.36 (KHTML, like Gecko) Chrome/129.0.6668.89 Mobile Safari/537.36 (compatible; Googlebot/2.1; +http://www.google.com/bot.html)"
34.194.95.99 - - [06/Oct/2024:11:49:23 +0300] "GET /yqmsquctw/singer-job-vacancies-2024.html HTTP/1.0" 500 341 "-" "Mozilla/5.0 (Macintosh; Intel Mac OS X 10_10_1) AppleWebKit/600.2.5 (KHTML, like Gecko) Version/8.0.2 Safari/600.2.5 (Amazonbot/0.1; +https://developer.amazon.com/support/amazonbot)"
66.249.69.171 - - [06/Oct/2024:11:50:19 +0300] "GET /xmw23/japan-embassy-in-pakistan.html HTTP/1.0" 500 341 "-" "Mozilla/5.0 (Linux; Android 6.0.1; Nexus 5X Build/MMB29P) AppleWebKit/537.36 (KHTML, like Gecko) Chrome/129.0.6668.89 Mobile Safari/537.36 (compatible; Googlebot/2.1; +http://www.google.com/bot.html)"
66.249.69.172 - - [06/Oct/2024:11:50:19 +0300] "GET /xmw23/amazon-canada-jobs-work-from-home.html HTTP/1.0" 500 341 "-" "Mozilla/5.0 (Linux; Android 6.0.1; Nexus 5X Build/MMB29P) AppleWebKit/537.36 (KHTML, like Gecko) Chrome/129.0.6668.89 Mobile Safari/537.36 (compatible; Googlebot/2.1; +http://www.google.com/bot.html)"
66.249.69.171 - - [06/Oct/2024:11:51:20 +0300] "GET /news/pravo/gruppa-deputatov-i-senatorov-vnesla-v-gosdumu-zakonoproekt-kotoryy-predusmatrivaet-do-desyati-let-li/ HTTP/1.0" 200 21527 "-" "Mozilla/5.0 (Linux; Android 6.0.1; Nexus 5X Build/MMB29P) AppleWebKit/537.36 (KHTML, like Gecko) Chrome/129.0.6668.89 Mobile Safari/537.36 (compatible; Googlebot/2.1; +http://www.google.com/bot.html)"
66.249.69.172 - - [06/Oct/2024:11:51:20 +0300] "GET /xmw23/f-keys-functions.html HTTP/1.0" 500 341 "-" "Mozilla/5.0 (Linux; Android 6.0.1; Nexus 5X Build/MMB29P) AppleWebKit/537.36 (KHTML, like Gecko) Chrome/129.0.6668.89 Mobile Safari/537.36 (compatible; Googlebot/2.1; +http://www.google.com/bot.html)"
66.249.69.172 - - [06/Oct/2024:11:51:20 +0300] "GET /xmw23/cherokee-county-sc-inmate-search.html HTTP/1.0" 500 341 "-" "Mozilla/5.0 (Linux; Android 6.0.1; Nexus 5X Build/MMB29P) AppleWebKit/537.36 (KHTML, like Gecko) Chrome/129.0.6668.89 Mobile Safari/537.36 (compatible; Googlebot/2.1; +http://www.google.com/bot.html)"
66.249.69.171 - - [06/Oct/2024:11:51:28 +0300] "GET /news/pravo/gruppa-deputatov-i-senatorov-vnesla-v-gosdumu-zakonoproekt-kotoryy-predusmatrivaet-do-desyati-let-li/?bxrand=1726272000000 HTTP/1.0" 200 4963 "https://gcba.ru/news/pravo/gruppa-deputatov-i-senatorov-vnesla-v-gosdumu-zakonoproekt-kotoryy-predusmatrivaet-do-desyati-let-li/" "Mozilla/5.0 (Linux; Android 6.0.1; Nexus 5X Build/MMB29P) AppleWebKit/537.36 (KHTML, like Gecko) Chrome/129.0.6668.70 Mobile Safari/537.36 (compatible; Googlebot/2.1; +http://www.google.com/bot.html)"
66.249.69.171 - - [06/Oct/2024:11:52:10 +0300] "GET /xmw23/kompletan-ginekoloski-pregled-sta-obuhvata.html HTTP/1.0" 500 341 "-" "Mozilla/5.0 (Linux; Android 6.0.1; Nexus 5X Build/MMB29P) AppleWebKit/537.36 (KHTML, like Gecko) Chrome/129.0.6668.89 Mobile Safari/537.36 (compatible; GoogleOther)"
66.249.69.171 - - [06/Oct/2024:11:52:35 +0300] "GET /xmw23/well-broke-horses-for-sale-in-alberta.html HTTP/1.0" 500 3490 "-" "Mozilla/5.0 (Linux; Android 6.0.1; Nexus 5X Build/MMB29P) AppleWebKit/537.36 (KHTML, like Gecko) Chrome/129.0.6668.89 Mobile Safari/537.36 (compatible; Googlebot/2.1; +http://www.google.com/bot.html)"
66.249.69.171 - - [06/Oct/2024:11:53:50 +0300] "GET /xmw23/octenisept-za-afte.html HTTP/1.0" 500 341 "-" "Mozilla/5.0 (Linux; Android 6.0.1; Nexus 5X Build/MMB29P) AppleWebKit/537.36 (KHTML, like Gecko) Chrome/129.0.6668.89 Mobile Safari/537.36 (compatible; Googlebot/2.1; +http://www.google.com/bot.html)"
66.249.69.171 - - [06/Oct/2024:11:54:24 +0300] "GET /xmw23/clarke-energy-generator.html HTTP/1.0" 500 341 "-" "Mozilla/5.0 (Linux; Android 6.0.1; Nexus 5X Build/MMB29P) AppleWebKit/537.36 (KHTML, like Gecko) Chrome/129.0.6668.89 Mobile Safari/537.36 (compatible; Googlebot/2.1; +http://www.google.com/bot.html)"
66.249.69.171 - - [06/Oct/2024:11:55:50 +0300] "GET /xmw23/prodaja-kuca-sarajevo.html HTTP/1.0" 500 341 "-" "Mozilla/5.0 (Linux; Android 6.0.1; Nexus 5X Build/MMB29P) AppleWebKit/537.36 (KHTML, like Gecko) Chrome/129.0.6668.89 Mobile Safari/537.36 (compatible; GoogleOther)"
66.249.69.172 - - [06/Oct/2024:11:56:17 +0300] "GET /xmw23/avengers-fanfiction-pepper-abuses-tony.html HTTP/1.0" 500 3490 "-" "Mozilla/5.0 (Linux; Android 6.0.1; Nexus 5X Build/MMB29P) AppleWebKit/537.36 (KHTML, like Gecko) Chrome/129.0.6668.89 Mobile Safari/537.36 (compatible; Googlebot/2.1; +http://www.google.com/bot.html)"
66.249.69.171 - - [06/Oct/2024:11:58:47 +0300] "GET /xmw23/is-citi-mobile-app-down-today.html HTTP/1.0" 500 3490 "-" "Mozilla/5.0 (Linux; Android 6.0.1; Nexus 5X Build/MMB29P) AppleWebKit/537.36 (KHTML, like Gecko) Chrome/129.0.6668.89 Mobile Safari/537.36 (compatible; Googlebot/2.1; +http://www.google.com/bot.html)"
66.249.69.170 - - [06/Oct/2024:11:59:22 +0300] "GET /xmw23/a-town-busted-newspaper-near-koregaon,-maharashtra.html HTTP/1.0" 404 27398 "-" "Mozilla/5.0 (Linux; Android 6.0.1; Nexus 5X Build/MMB29P) AppleWebKit/537.36 (KHTML, like Gecko) Chrome/129.0.6668.89 Mobile Safari/537.36 (compatible; GoogleOther)"
66.249.69.172 - - [06/Oct/2024:12:00:54 +0300] "GET /cp4jtyrhx.html HTTP/1.0" 404 27159 "-" "Mozilla/5.0 (Linux; Android 6.0.1; Nexus 5X Build/MMB29P) AppleWebKit/537.36 (KHTML, like Gecko) Chrome/129.0.6668.89 Mobile Safari/537.36 (compatible; Googlebot/2.1; +http://www.google.com/bot.html)"
66.249.69.171 - - [06/Oct/2024:12:01:17 +0300] "GET /news/nalogi/ HTTP/1.0" 200 41861 "-" "Mozilla/5.0 (Linux; Android 6.0.1; Nexus 5X Build/MMB29P) AppleWebKit/537.36 (KHTML, like Gecko) Chrome/129.0.6668.89 Mobile Safari/537.36 (compatible; Googlebot/2.1; +http://www.google.com/bot.html)"
66.249.69.171 - - [06/Oct/2024:12:01:19 +0300] "GET /news/nalogi/?bxrand=1726272000000 HTTP/1.0" 200 7910 "https://gcba.ru/news/nalogi/" "Mozilla/5.0 (Linux; Android 6.0.1; Nexus 5X Build/MMB29P) AppleWebKit/537.36 (KHTML, like Gecko) Chrome/129.0.6668.70 Mobile Safari/537.36 (compatible; Googlebot/2.1; +http://www.google.com/bot.html)"
66.249.69.170 - - [06/Oct/2024:12:02:41 +0300] "GET /xmw23/peter-parker-ceo-of-stark-industries-fanfiction-field-trip.html HTTP/1.0" 200 22921 "-" "Mozilla/5.0 (Linux; Android 6.0.1; Nexus 5X Build/MMB29P) AppleWebKit/537.36 (KHTML, like Gecko) Chrome/129.0.6668.89 Mobile Safari/537.36 (compatible; Googlebot/2.1; +http://www.google.com/bot.html)"
66.249.69.170 - - [06/Oct/2024:12:02:57 +0300] "GET /xmw23/pa-lifetime-dog-license.html HTTP/1.0" 500 341 "-" "Mozilla/5.0 (Linux; Android 6.0.1; Nexus 5X Build/MMB29P) AppleWebKit/537.36 (KHTML, like Gecko) Chrome/129.0.6668.89 Mobile Safari/537.36 (compatible; GoogleOther)"
66.249.69.172 - - [06/Oct/2024:12:03:53 +0300] "GET /xmw23/bnha-fic-izuku-mei.html HTTP/1.0" 500 3490 "-" "Mozilla/5.0 (Linux; Android 6.0.1; Nexus 5X Build/MMB29P) AppleWebKit/537.36 (KHTML, like Gecko) Chrome/129.0.6668.89 Mobile Safari/537.36 (compatible; Googlebot/2.1; +http://www.google.com/bot.html)"
