66.249.66.37 - - [12/Nov/2024:23:40:24 +0300] "GET /yqmsquctw/serenity-funeral-home-huntsville-obituaries.html HTTP/1.0" 500 341 "-" "Mozilla/5.0 (Linux; Android 6.0.1; Nexus 5X Build/MMB29P) AppleWebKit/537.36 (KHTML, like Gecko) Chrome/130.0.6723.116 Mobile Safari/537.36 (compatible; Googlebot/2.1; +http://www.google.com/bot.html)"
66.249.66.36 - - [12/Nov/2024:23:42:24 +0300] "GET /yqmsquctw/look-who-got-busted-kerrville-mugshots.html HTTP/1.0" 500 341 "-" "Mozilla/5.0 (Linux; Android 6.0.1; Nexus 5X Build/MMB29P) AppleWebKit/537.36 (KHTML, like Gecko) Chrome/130.0.6723.116 Mobile Safari/537.36 (compatible; Googlebot/2.1; +http://www.google.com/bot.html)"
66.249.66.35 - - [12/Nov/2024:23:43:25 +0300] "GET /yqmsquctw/phinazee-funeral-home-obituaries.html HTTP/1.0" 500 3490 "-" "Mozilla/5.0 (Linux; Android 6.0.1; Nexus 5X Build/MMB29P) AppleWebKit/537.36 (KHTML, like Gecko) Chrome/130.0.6723.116 Mobile Safari/537.36 (compatible; Googlebot/2.1; +http://www.google.com/bot.html)"
66.249.66.36 - - [12/Nov/2024:23:43:25 +0300] "GET /1jm8kwx6m-1.html HTTP/1.0" 404 57996 "-" "Mozilla/5.0 (Linux; Android 6.0.1; Nexus 5X Build/MMB29P) AppleWebKit/537.36 (KHTML, like Gecko) Chrome/130.0.6723.116 Mobile Safari/537.36 (compatible; Googlebot/2.1; +http://www.google.com/bot.html)"
66.249.66.37 - - [12/Nov/2024:23:47:32 +0300] "GET /yqmsquctw/bluebird-care-visa-sponsorship-salary.html HTTP/1.0" 500 341 "-" "Mozilla/5.0 (Linux; Android 6.0.1; Nexus 5X Build/MMB29P) AppleWebKit/537.36 (KHTML, like Gecko) Chrome/130.0.6723.116 Mobile Safari/537.36 (compatible; Googlebot/2.1; +http://www.google.com/bot.html)"
66.249.66.35 - - [12/Nov/2024:23:47:48 +0300] "GET /yqmsquctw/github-containers-list.html HTTP/1.0" 500 341 "-" "Mozilla/5.0 (Linux; Android 6.0.1; Nexus 5X Build/MMB29P) AppleWebKit/537.36 (KHTML, like Gecko) Chrome/130.0.6723.116 Mobile Safari/537.36 (compatible; Googlebot/2.1; +http://www.google.com/bot.html)"
66.249.66.37 - - [12/Nov/2024:23:49:10 +0300] "GET /yqmsquctw/earth-wire-colour.html HTTP/1.0" 500 3490 "-" "Mozilla/5.0 (Linux; Android 6.0.1; Nexus 5X Build/MMB29P) AppleWebKit/537.36 (KHTML, like Gecko) Chrome/130.0.6723.116 Mobile Safari/537.36 (compatible; Googlebot/2.1; +http://www.google.com/bot.html)"
66.249.66.37 - - [12/Nov/2024:23:50:42 +0300] "GET /xmw23/lubbock-obituaries-griffin-funeral-home.html HTTP/1.0" 500 341 "-" "Mozilla/5.0 (Linux; Android 6.0.1; Nexus 5X Build/MMB29P) AppleWebKit/537.36 (KHTML, like Gecko) Chrome/130.0.6723.116 Mobile Safari/537.36 (compatible; Googlebot/2.1; +http://www.google.com/bot.html)"
66.249.66.36 - - [12/Nov/2024:23:50:43 +0300] "GET /yqmsquctw/smrt-job-for-senior-citizen-salary-in-singapore.html HTTP/1.0" 500 3490 "-" "Mozilla/5.0 (Linux; Android 6.0.1; Nexus 5X Build/MMB29P) AppleWebKit/537.36 (KHTML, like Gecko) Chrome/130.0.6723.116 Mobile Safari/537.36 (compatible; Googlebot/2.1; +http://www.google.com/bot.html)"
66.249.66.35 - - [12/Nov/2024:23:50:48 +0300] "GET /yqmsquctw/your-feedback-about-profile-facebook.html HTTP/1.0" 500 341 "-" "Mozilla/5.0 (Linux; Android 6.0.1; Nexus 5X Build/MMB29P) AppleWebKit/537.36 (KHTML, like Gecko) Chrome/130.0.6723.116 Mobile Safari/537.36 (compatible; Googlebot/2.1; +http://www.google.com/bot.html)"
66.249.66.36 - - [12/Nov/2024:23:51:00 +0300] "GET /yqmsquctw/catawba-county-clerk-of-court-phone-number.html HTTP/1.0" 500 341 "-" "Mozilla/5.0 (Linux; Android 6.0.1; Nexus 5X Build/MMB29P) AppleWebKit/537.36 (KHTML, like Gecko) Chrome/130.0.6723.116 Mobile Safari/537.36 (compatible; Googlebot/2.1; +http://www.google.com/bot.html)"
66.249.66.35 - - [12/Nov/2024:23:51:43 +0300] "GET /xmw23/logistics-assistant-salary-texas.html HTTP/1.0" 500 341 "-" "Mozilla/5.0 (Linux; Android 6.0.1; Nexus 5X Build/MMB29P) AppleWebKit/537.36 (KHTML, like Gecko) Chrome/130.0.6723.116 Mobile Safari/537.36 (compatible; Googlebot/2.1; +http://www.google.com/bot.html)"
66.249.66.35 - - [12/Nov/2024:23:51:44 +0300] "GET /xmw23/carbon-steel-pipe-price-in-saudi-arabia.html HTTP/1.0" 500 341 "-" "Mozilla/5.0 (Linux; Android 6.0.1; Nexus 5X Build/MMB29P) AppleWebKit/537.36 (KHTML, like Gecko) Chrome/130.0.6723.116 Mobile Safari/537.36 (compatible; Googlebot/2.1; +http://www.google.com/bot.html)"
66.249.66.35 - - [12/Nov/2024:23:51:44 +0300] "GET /xmw23/mit-mechanical-engineering-course.html HTTP/1.0" 500 341 "-" "Mozilla/5.0 (Linux; Android 6.0.1; Nexus 5X Build/MMB29P) AppleWebKit/537.36 (KHTML, like Gecko) Chrome/130.0.6723.116 Mobile Safari/537.36 (compatible; Googlebot/2.1; +http://www.google.com/bot.html)"
66.249.66.36 - - [12/Nov/2024:23:54:49 +0300] "GET /yqmsquctw/where-is-boot-img-android.html HTTP/1.0" 500 341 "-" "Mozilla/5.0 (Linux; Android 6.0.1; Nexus 5X Build/MMB29P) AppleWebKit/537.36 (KHTML, like Gecko) Chrome/130.0.6723.116 Mobile Safari/537.36 (compatible; Googlebot/2.1; +http://www.google.com/bot.html)"
66.249.66.36 - - [13/Nov/2024:00:01:27 +0300] "GET /yqmsquctw/chuwi-ubook-xpro-tablet.html HTTP/1.0" 500 3490 "-" "Mozilla/5.0 (Linux; Android 6.0.1; Nexus 5X Build/MMB29P) AppleWebKit/537.36 (KHTML, like Gecko) Chrome/130.0.6723.116 Mobile Safari/537.36 (compatible; Googlebot/2.1; +http://www.google.com/bot.html)"
176.53.223.16 - - [13/Nov/2024:00:02:06 +0300] "GET / HTTP/1.0" 200 3471 "-" "Mozilla/5.0 (Windows NT 10.0; Win64; x64) AppleWebKit/537.36 (KHTML, like Gecko) Chrome/94.0.4606.61 Safari/537.36"
66.249.66.35 - - [13/Nov/2024:00:03:27 +0300] "GET /yqmsquctw/docker-exec-as-root.html HTTP/1.0" 500 341 "-" "Mozilla/5.0 (Linux; Android 6.0.1; Nexus 5X Build/MMB29P) AppleWebKit/537.36 (KHTML, like Gecko) Chrome/130.0.6723.116 Mobile Safari/537.36 (compatible; Googlebot/2.1; +http://www.google.com/bot.html)"
66.249.66.35 - - [13/Nov/2024:00:03:28 +0300] "GET /xmw23/senior-general-job-scarborough-ontario.html HTTP/1.0" 500 341 "-" "Mozilla/5.0 (Linux; Android 6.0.1; Nexus 5X Build/MMB29P) AppleWebKit/537.36 (KHTML, like Gecko) Chrome/130.0.6723.116 Mobile Safari/537.36 (compatible; Googlebot/2.1; +http://www.google.com/bot.html)"
176.53.223.148 - - [13/Nov/2024:00:04:28 +0300] "GET / HTTP/1.0" 200 322 "-" "Mozilla/5.0 (Windows NT 10.0; Win64; x64) AppleWebKit/537.36 (KHTML, like Gecko) Chrome/94.0.4606.61 Safari/537.36"
66.249.66.37 - - [13/Nov/2024:00:07:28 +0300] "GET /yqmsquctw/pydantic-configdict-github.html HTTP/1.0" 500 3490 "-" "Mozilla/5.0 (Linux; Android 6.0.1; Nexus 5X Build/MMB29P) AppleWebKit/537.36 (KHTML, like Gecko) Chrome/130.0.6723.116 Mobile Safari/537.36 (compatible; Googlebot/2.1; +http://www.google.com/bot.html)"
207.46.13.83 - - [13/Nov/2024:00:08:03 +0300] "GET /eng HTTP/1.0" 301 627 "-" "Mozilla/5.0 AppleWebKit/537.36 (KHTML, like Gecko; compatible; bingbot/2.0; +http://www.bing.com/bingbot.htm) Chrome/116.0.1938.76 Safari/537.36"
207.46.13.83 - - [13/Nov/2024:00:08:04 +0300] "GET /eng/ HTTP/1.0" 200 24239 "-" "Mozilla/5.0 AppleWebKit/537.36 (KHTML, like Gecko; compatible; bingbot/2.0; +http://www.bing.com/bingbot.htm) Chrome/116.0.1938.76 Safari/537.36"
66.249.66.35 - - [13/Nov/2024:00:10:29 +0300] "GET /yqmsquctw/burke-county-jail-phone-number.html HTTP/1.0" 500 341 "-" "Mozilla/5.0 (Linux; Android 6.0.1; Nexus 5X Build/MMB29P) AppleWebKit/537.36 (KHTML, like Gecko) Chrome/130.0.6723.116 Mobile Safari/537.36 (compatible; Googlebot/2.1; +http://www.google.com/bot.html)"
54.36.148.77 - - [13/Nov/2024:00:13:10 +0300] "GET /eng/ HTTP/1.0" 200 27388 "-" "Mozilla/5.0 (compatible; AhrefsBot/7.0; +http://ahrefs.com/robot/)"
66.249.66.36 - - [13/Nov/2024:00:14:29 +0300] "GET /xmw23/brain-research-impact-factor.html HTTP/1.0" 200 24453 "-" "Mozilla/5.0 (Linux; Android 6.0.1; Nexus 5X Build/MMB29P) AppleWebKit/537.36 (KHTML, like Gecko) Chrome/130.0.6723.116 Mobile Safari/537.36 (compatible; Googlebot/2.1; +http://www.google.com/bot.html)"
66.249.66.36 - - [13/Nov/2024:00:14:59 +0300] "GET /yqmsquctw/pokemon-rom-editor-android.html HTTP/1.0" 500 341 "-" "Mozilla/5.0 (Linux; Android 6.0.1; Nexus 5X Build/MMB29P) AppleWebKit/537.36 (KHTML, like Gecko) Chrome/130.0.6723.116 Mobile Safari/537.36 (compatible; Googlebot/2.1; +http://www.google.com/bot.html)"
66.249.66.36 - - [13/Nov/2024:00:18:30 +0300] "GET /xmw23/cameron-county-jail-records.html HTTP/1.0" 500 3490 "-" "Mozilla/5.0 (Linux; Android 6.0.1; Nexus 5X Build/MMB29P) AppleWebKit/537.36 (KHTML, like Gecko) Chrome/130.0.6723.116 Mobile Safari/537.36 (compatible; Googlebot/2.1; +http://www.google.com/bot.html)"
40.126.229.142 - - [13/Nov/2024:00:22:45 +0300] "HEAD /wordpress HTTP/1.0" 404 3286 "http://gcba.ru/wordpress" "Mozilla/5.0 (Windows NT 10.0; Win64; x64) AppleWebKit/537.36 (KHTML, like Gecko) Chrome/74.0.3729.169 Safari/537.36"
40.126.229.142 - - [13/Nov/2024:00:22:45 +0300] "HEAD / HTTP/1.0" 200 137 "http://gcba.ru/" "Mozilla/5.0 (Windows NT 10.0; Win64; x64) AppleWebKit/537.36 (KHTML, like Gecko) Chrome/74.0.3729.169 Safari/537.36"
40.126.229.142 - - [13/Nov/2024:00:22:46 +0300] "HEAD /wp HTTP/1.0" 404 137 "http://gcba.ru/wp" "Mozilla/5.0 (Windows NT 10.0; Win64; x64) AppleWebKit/537.36 (KHTML, like Gecko) Chrome/74.0.3729.169 Safari/537.36"
40.126.229.142 - - [13/Nov/2024:00:22:47 +0300] "HEAD /bc HTTP/1.0" 404 137 "http://gcba.ru/bc" "Mozilla/5.0 (Windows NT 10.0; Win64; x64) AppleWebKit/537.36 (KHTML, like Gecko) Chrome/74.0.3729.169 Safari/537.36"
40.126.229.142 - - [13/Nov/2024:00:22:47 +0300] "HEAD /bk HTTP/1.0" 404 137 "http://gcba.ru/bk" "Mozilla/5.0 (Windows NT 10.0; Win64; x64) AppleWebKit/537.36 (KHTML, like Gecko) Chrome/74.0.3729.169 Safari/537.36"
40.126.229.142 - - [13/Nov/2024:00:22:48 +0300] "HEAD /backup HTTP/1.0" 404 137 "http://gcba.ru/backup" "Mozilla/5.0 (Windows NT 10.0; Win64; x64) AppleWebKit/537.36 (KHTML, like Gecko) Chrome/74.0.3729.169 Safari/537.36"
40.126.229.142 - - [13/Nov/2024:00:22:48 +0300] "HEAD /old HTTP/1.0" 404 137 "http://gcba.ru/old" "Mozilla/5.0 (Windows NT 10.0; Win64; x64) AppleWebKit/537.36 (KHTML, like Gecko) Chrome/74.0.3729.169 Safari/537.36"
40.126.229.142 - - [13/Nov/2024:00:22:49 +0300] "HEAD /new HTTP/1.0" 404 137 "http://gcba.ru/new" "Mozilla/5.0 (Windows NT 10.0; Win64; x64) AppleWebKit/537.36 (KHTML, like Gecko) Chrome/74.0.3729.169 Safari/537.36"
40.126.229.142 - - [13/Nov/2024:00:22:50 +0300] "HEAD /main HTTP/1.0" 404 137 "http://gcba.ru/main" "Mozilla/5.0 (Windows NT 10.0; Win64; x64) AppleWebKit/537.36 (KHTML, like Gecko) Chrome/74.0.3729.169 Safari/537.36"
40.126.229.142 - - [13/Nov/2024:00:22:50 +0300] "HEAD /home HTTP/1.0" 404 137 "http://gcba.ru/home" "Mozilla/5.0 (Windows NT 10.0; Win64; x64) AppleWebKit/537.36 (KHTML, like Gecko) Chrome/74.0.3729.169 Safari/537.36"
66.249.66.36 - - [13/Nov/2024:00:23:14 +0300] "GET /xmw23/temporary-activity-visa.html HTTP/1.0" 500 341 "-" "Mozilla/5.0 (Linux; Android 6.0.1; Nexus 5X Build/MMB29P) AppleWebKit/537.36 (KHTML, like Gecko) Chrome/130.0.6723.116 Mobile Safari/537.36 (compatible; Googlebot/2.1; +http://www.google.com/bot.html)"
66.249.66.36 - - [13/Nov/2024:00:23:42 +0300] "GET /yqmsquctw/buscar-personas-detenidas-en-fort-worth,-tx.html HTTP/1.0" 404 58196 "-" "Mozilla/5.0 (Linux; Android 6.0.1; Nexus 5X Build/MMB29P) AppleWebKit/537.36 (KHTML, like Gecko) Chrome/130.0.6723.116 Mobile Safari/537.36 (compatible; Googlebot/2.1; +http://www.google.com/bot.html)"
89.208.105.220 - - [13/Nov/2024:00:24:43 +0300] "GET / HTTP/1.0" 200 322 "-" "Mozilla/5.0 (X11; Linux i686 on x86_64) AppleWebKit/537.36 (KHTML, like Gecko) Chrome/50.0.2683.17 Safari/537.36"
79.173.92.212 - - [13/Nov/2024:00:24:44 +0300] "GET /news/nalogi/chto-to-pro-nalogi/ HTTP/1.0" 200 73749 "https://yandex.ru/" "Mozilla/5.0 (Windows NT 10.0; Win64; x64; ) AppleWebKit/537.36 (KHTML, like Gecko) Chrome/126.0.6478.234 Not/A)Brand/8 YaBrowser/24.7.3.1250 Yowser/2.5 Safari/537.36"
89.208.105.220 - - [13/Nov/2024:00:24:48 +0300] "POST / HTTP/1.0" 200 322 "https://gcba.ru/" "Mozilla/5.0 (X11; Linux i686 on x86_64) AppleWebKit/537.36 (KHTML, like Gecko) Chrome/50.0.2683.17 Safari/537.36"
89.208.105.220 - - [13/Nov/2024:00:24:48 +0300] "GET /95f33f6732e3.php HTTP/1.0" 200 358 "https://gcba.ru/" "Mozilla/5.0 (X11; Linux i686 on x86_64) AppleWebKit/537.36 (KHTML, like Gecko) Chrome/50.0.2683.17 Safari/537.36"
66.249.66.36 - - [13/Nov/2024:00:27:24 +0300] "GET /xmw23/teaching-jobs-in-australia-salary.html HTTP/1.0" 500 341 "-" "Mozilla/5.0 (Linux; Android 6.0.1; Nexus 5X Build/MMB29P) AppleWebKit/537.36 (KHTML, like Gecko) Chrome/130.0.6723.116 Mobile Safari/537.36 (compatible; Googlebot/2.1; +http://www.google.com/bot.html)"
66.249.66.36 - - [13/Nov/2024:00:27:25 +0300] "GET /xmw23/busted-newspaper-wv.html HTTP/1.0" 500 341 "-" "Mozilla/5.0 (Linux; Android 6.0.1; Nexus 5X Build/MMB29P) AppleWebKit/537.36 (KHTML, like Gecko) Chrome/130.0.6723.116 Mobile Safari/537.36 (compatible; Googlebot/2.1; +http://www.google.com/bot.html)"
66.249.66.35 - - [13/Nov/2024:00:31:25 +0300] "GET /yqmsquctw/weekend-cash-in-hand-work-birmingham-no-experience-part-time.html HTTP/1.0" 500 3490 "-" "Mozilla/5.0 (Linux; Android 6.0.1; Nexus 5X Build/MMB29P) AppleWebKit/537.36 (KHTML, like Gecko) Chrome/130.0.6723.116 Mobile Safari/537.36 (compatible; Googlebot/2.1; +http://www.google.com/bot.html)"
66.249.66.35 - - [13/Nov/2024:00:31:48 +0300] "GET /xmw23/ukuphupha-ibhokisi-lomshado.html HTTP/1.0" 500 341 "-" "Mozilla/5.0 (Linux; Android 6.0.1; Nexus 5X Build/MMB29P) AppleWebKit/537.36 (KHTML, like Gecko) Chrome/130.0.6723.116 Mobile Safari/537.36 (compatible; Googlebot/2.1; +http://www.google.com/bot.html)"
66.249.66.37 - - [13/Nov/2024:00:35:26 +0300] "GET /yqmsquctw/federal-bureau-of-prisons-headquarters.html HTTP/1.0" 500 341 "-" "Mozilla/5.0 (Linux; Android 6.0.1; Nexus 5X Build/MMB29P) AppleWebKit/537.36 (KHTML, like Gecko) Chrome/130.0.6723.116 Mobile Safari/537.36 (compatible; Googlebot/2.1; +http://www.google.com/bot.html)"
66.249.66.37 - - [13/Nov/2024:00:36:58 +0300] "GET /xmw23/change-window-shortcut.html HTTP/1.0" 500 3490 "-" "Mozilla/5.0 (Linux; Android 6.0.1; Nexus 5X Build/MMB29P) AppleWebKit/537.36 (KHTML, like Gecko) Chrome/130.0.6723.116 Mobile Safari/537.36 (compatible; Googlebot/2.1; +http://www.google.com/bot.html)"
66.249.66.37 - - [13/Nov/2024:00:40:26 +0300] "GET /yqmsquctw/eb3-jobs-2024.html HTTP/1.0" 500 3490 "-" "Mozilla/5.0 (Linux; Android 6.0.1; Nexus 5X Build/MMB29P) AppleWebKit/537.36 (KHTML, like Gecko) Chrome/130.0.6723.116 Mobile Safari/537.36 (compatible; Googlebot/2.1; +http://www.google.com/bot.html)"
66.249.66.36 - - [13/Nov/2024:00:41:00 +0300] "GET /xmw23/part-time-jobs-in-scarborough-town-centre.html HTTP/1.0" 500 341 "-" "Mozilla/5.0 (Linux; Android 6.0.1; Nexus 5X Build/MMB29P) AppleWebKit/537.36 (KHTML, like Gecko) Chrome/130.0.6723.116 Mobile Safari/537.36 (compatible; Googlebot/2.1; +http://www.google.com/bot.html)"
66.249.66.37 - - [13/Nov/2024:00:44:27 +0300] "GET /yqmsquctw/how-to-cut-mesh-in-rhino.html HTTP/1.0" 500 341 "-" "Mozilla/5.0 (Linux; Android 6.0.1; Nexus 5X Build/MMB29P) AppleWebKit/537.36 (KHTML, like Gecko) Chrome/130.0.6723.116 Mobile Safari/537.36 (compatible; Googlebot/2.1; +http://www.google.com/bot.html)"
66.249.66.36 - - [13/Nov/2024:00:48:27 +0300] "GET /yqmsquctw/amazon-area-manager-job-description.html HTTP/1.0" 500 3490 "-" "Mozilla/5.0 (Linux; Android 6.0.1; Nexus 5X Build/MMB29P) AppleWebKit/537.36 (KHTML, like Gecko) Chrome/130.0.6723.116 Mobile Safari/537.36 (compatible; Googlebot/2.1; +http://www.google.com/bot.html)"
66.249.66.36 - - [13/Nov/2024:00:48:28 +0300] "GET /yqmsquctw/truck-drivers-job.html HTTP/1.0" 500 341 "-" "Mozilla/5.0 (Linux; Android 6.0.1; Nexus 5X Build/MMB29P) AppleWebKit/537.36 (KHTML, like Gecko) Chrome/130.0.6723.116 Mobile Safari/537.36 (compatible; Googlebot/2.1; +http://www.google.com/bot.html)"
66.249.66.35 - - [13/Nov/2024:00:48:29 +0300] "GET /xmw23/west-palm-beach,-florida.html HTTP/1.0" 404 61328 "-" "Mozilla/5.0 (Linux; Android 6.0.1; Nexus 5X Build/MMB29P) AppleWebKit/537.36 (KHTML, like Gecko) Chrome/130.0.6723.116 Mobile Safari/537.36 (compatible; Googlebot/2.1; +http://www.google.com/bot.html)"
66.249.66.35 - - [13/Nov/2024:00:48:30 +0300] "GET /yqmsquctw/675-battery-equivalent-energizer.html HTTP/1.0" 500 341 "-" "Mozilla/5.0 (Linux; Android 6.0.1; Nexus 5X Build/MMB29P) AppleWebKit/537.36 (KHTML, like Gecko) Chrome/130.0.6723.116 Mobile Safari/537.36 (compatible; Googlebot/2.1; +http://www.google.com/bot.html)"
66.249.66.37 - - [13/Nov/2024:00:50:30 +0300] "GET /yqmsquctw/free-residential-construction-cost-per-square-foot-by-zip-code-calculator-california.html HTTP/1.0" 500 341 "-" "Mozilla/5.0 (Linux; Android 6.0.1; Nexus 5X Build/MMB29P) AppleWebKit/537.36 (KHTML, like Gecko) Chrome/130.0.6723.116 Mobile Safari/537.36 (compatible; Googlebot/2.1; +http://www.google.com/bot.html)"
66.249.66.35 - - [13/Nov/2024:00:53:21 +0300] "GET /yqmsquctw/softlogic-job-vacancies.html HTTP/1.0" 500 341 "-" "Mozilla/5.0 (Linux; Android 6.0.1; Nexus 5X Build/MMB29P) AppleWebKit/537.36 (KHTML, like Gecko) Chrome/130.0.6723.116 Mobile Safari/537.36 (compatible; Googlebot/2.1; +http://www.google.com/bot.html)"
66.249.66.36 - - [13/Nov/2024:00:57:45 +0300] "GET /yqmsquctw/rains-county-police-department.html HTTP/1.0" 500 3490 "-" "Mozilla/5.0 (Linux; Android 6.0.1; Nexus 5X Build/MMB29P) AppleWebKit/537.36 (KHTML, like Gecko) Chrome/130.0.6723.116 Mobile Safari/537.36 (compatible; Googlebot/2.1; +http://www.google.com/bot.html)"
66.249.66.35 - - [13/Nov/2024:00:59:10 +0300] "GET /yqmsquctw/busted-newspaper-newport-news-va.html HTTP/1.0" 500 3490 "-" "Mozilla/5.0 (Linux; Android 6.0.1; Nexus 5X Build/MMB29P) AppleWebKit/537.36 (KHTML, like Gecko) Chrome/130.0.6723.116 Mobile Safari/537.36 (compatible; Googlebot/2.1; +http://www.google.com/bot.html)"
66.249.66.36 - - [13/Nov/2024:00:59:17 +0300] "GET /xmw23/google-cloud-console-api-key.html HTTP/1.0" 200 20904 "-" "Mozilla/5.0 (Linux; Android 6.0.1; Nexus 5X Build/MMB29P) AppleWebKit/537.36 (KHTML, like Gecko) Chrome/130.0.6723.116 Mobile Safari/537.36 (compatible; Googlebot/2.1; +http://www.google.com/bot.html)"
66.249.66.37 - - [13/Nov/2024:01:00:10 +0300] "GET /xmw23/panpsychism-consciousness.html HTTP/1.0" 200 23413 "-" "Mozilla/5.0 (Linux; Android 6.0.1; Nexus 5X Build/MMB29P) AppleWebKit/537.36 (KHTML, like Gecko) Chrome/130.0.6723.116 Mobile Safari/537.36 (compatible; Googlebot/2.1; +http://www.google.com/bot.html)"
66.249.66.35 - - [13/Nov/2024:01:01:59 +0300] "GET /yqmsquctw/janitor-ai-download.html HTTP/1.0" 500 341 "-" "Mozilla/5.0 (Linux; Android 6.0.1; Nexus 5X Build/MMB29P) AppleWebKit/537.36 (KHTML, like Gecko) Chrome/130.0.6723.116 Mobile Safari/537.36 (compatible; Googlebot/2.1; +http://www.google.com/bot.html)"
66.249.66.35 - - [13/Nov/2024:01:05:59 +0300] "GET /yqmsquctw/dawnlight-bl-novel.html HTTP/1.0" 500 3490 "-" "Mozilla/5.0 (Linux; Android 6.0.1; Nexus 5X Build/MMB29P) AppleWebKit/537.36 (KHTML, like Gecko) Chrome/130.0.6723.116 Mobile Safari/537.36 (compatible; Googlebot/2.1; +http://www.google.com/bot.html)"
66.249.66.37 - - [13/Nov/2024:01:10:00 +0300] "GET /xmw23/lake-county,-il-arrests-mugshots.html HTTP/1.0" 404 61315 "-" "Mozilla/5.0 (Linux; Android 6.0.1; Nexus 5X Build/MMB29P) AppleWebKit/537.36 (KHTML, like Gecko) Chrome/130.0.6723.116 Mobile Safari/537.36 (compatible; Googlebot/2.1; +http://www.google.com/bot.html)"
66.249.66.36 - - [13/Nov/2024:01:10:10 +0300] "GET /yqmsquctw/power-automate-odata-date-filter.html HTTP/1.0" 500 341 "-" "Mozilla/5.0 (Linux; Android 6.0.1; Nexus 5X Build/MMB29P) AppleWebKit/537.36 (KHTML, like Gecko) Chrome/130.0.6723.116 Mobile Safari/537.36 (compatible; Googlebot/2.1; +http://www.google.com/bot.html)"
66.249.66.36 - - [13/Nov/2024:01:15:01 +0300] "GET /xmw23/masonic-lodge-blenheim.html HTTP/1.0" 200 24456 "-" "Mozilla/5.0 (Linux; Android 6.0.1; Nexus 5X Build/MMB29P) AppleWebKit/537.36 (KHTML, like Gecko) Chrome/130.0.6723.116 Mobile Safari/537.36 (compatible; Googlebot/2.1; +http://www.google.com/bot.html)"
35.94.130.165 - - [13/Nov/2024:01:16:17 +0300] "GET / HTTP/1.0" 200 3471 "-" "Mozilla/5.0 (compatible; wpbot/1.1; +https://forms.gle/ajBaxygz9jSR8p8G9)"
66.249.66.37 - - [13/Nov/2024:01:19:58 +0300] "GET /xmw23/dallas-county-jail-online-records.html HTTP/1.0" 500 341 "-" "Mozilla/5.0 (Linux; Android 6.0.1; Nexus 5X Build/MMB29P) AppleWebKit/537.36 (KHTML, like Gecko) Chrome/130.0.6723.116 Mobile Safari/537.36 (compatible; Googlebot/2.1; +http://www.google.com/bot.html)"
66.249.66.37 - - [13/Nov/2024:01:20:01 +0300] "GET /yqmsquctw/dts-monaco-license-bin.html HTTP/1.0" 500 341 "-" "Mozilla/5.0 (Linux; Android 6.0.1; Nexus 5X Build/MMB29P) AppleWebKit/537.36 (KHTML, like Gecko) Chrome/130.0.6723.116 Mobile Safari/537.36 (compatible; Googlebot/2.1; +http://www.google.com/bot.html)"
66.249.66.35 - - [13/Nov/2024:01:20:05 +0300] "GET /xmw23/roon-endpoints.html HTTP/1.0" 500 341 "-" "Mozilla/5.0 (Linux; Android 6.0.1; Nexus 5X Build/MMB29P) AppleWebKit/537.36 (KHTML, like Gecko) Chrome/130.0.6723.116 Mobile Safari/537.36 (compatible; Googlebot/2.1; +http://www.google.com/bot.html)"
66.249.66.35 - - [13/Nov/2024:01:20:59 +0300] "GET /news/pravo/shtraf-za-nesvoevremennuyu-uplatu-ndfl-pri-kakikh-usloviyakh-nalogovyy-agent-mozhet-izbezhat-sanktsi/?bxajaxid=7890a307e4f4bc7b66250ad1a4ae104f HTTP/1.0" 200 4118 "-" "Mozilla/5.0 (Linux; Android 6.0.1; Nexus 5X Build/MMB29P) AppleWebKit/537.36 (KHTML, like Gecko) Chrome/130.0.6723.116 Mobile Safari/537.36 (compatible; Googlebot/2.1; +http://www.google.com/bot.html)"
66.249.66.35 - - [13/Nov/2024:01:21:48 +0300] "GET /xmw23/14-dpo-positive-pregnancy-test.html HTTP/1.0" 500 3490 "-" "Mozilla/5.0 (Linux; Android 6.0.1; Nexus 5X Build/MMB29P) AppleWebKit/537.36 (KHTML, like Gecko) Chrome/130.0.6723.116 Mobile Safari/537.36 (compatible; Googlebot/2.1; +http://www.google.com/bot.html)"
66.249.66.37 - - [13/Nov/2024:01:24:48 +0300] "GET /xmw23/balkonske-ograde-cijena.html HTTP/1.0" 500 341 "-" "Mozilla/5.0 (Linux; Android 6.0.1; Nexus 5X Build/MMB29P) AppleWebKit/537.36 (KHTML, like Gecko) Chrome/130.0.6723.116 Mobile Safari/537.36 (compatible; Googlebot/2.1; +http://www.google.com/bot.html)"
66.249.66.37 - - [13/Nov/2024:01:25:02 +0300] "GET /xmw23/ender-3-v3-se-in-cura.html HTTP/1.0" 500 341 "-" "Mozilla/5.0 (Linux; Android 6.0.1; Nexus 5X Build/MMB29P) AppleWebKit/537.36 (KHTML, like Gecko) Chrome/130.0.6723.116 Mobile Safari/537.36 (compatible; Googlebot/2.1; +http://www.google.com/bot.html)"
66.249.66.36 - - [13/Nov/2024:01:25:09 +0300] "GET /xmw23/russia-factory-jobs.html HTTP/1.0" 500 341 "-" "Mozilla/5.0 (Linux; Android 6.0.1; Nexus 5X Build/MMB29P) AppleWebKit/537.36 (KHTML, like Gecko) Chrome/130.0.6723.116 Mobile Safari/537.36 (compatible; Googlebot/2.1; +http://www.google.com/bot.html)"
66.249.66.37 - - [13/Nov/2024:01:30:21 +0300] "GET /news/nalogi/fns-vnov-vzyalas-za-vzaimootnosheniya-s-samozanyatymi/ HTTP/1.0" 200 35855 "-" "Mozilla/5.0 (Linux; Android 6.0.1; Nexus 5X Build/MMB29P) AppleWebKit/537.36 (KHTML, like Gecko) Chrome/130.0.6723.116 Mobile Safari/537.36 (compatible; GoogleOther)"
66.249.66.35 - - [13/Nov/2024:01:30:28 +0300] "GET /xmw23/varcov-tner-erevanum-age.html HTTP/1.0" 500 3490 "-" "Mozilla/5.0 (Linux; Android 6.0.1; Nexus 5X Build/MMB29P) AppleWebKit/537.36 (KHTML, like Gecko) Chrome/130.0.6723.116 Mobile Safari/537.36 (compatible; Googlebot/2.1; +http://www.google.com/bot.html)"
66.249.66.35 - - [13/Nov/2024:01:31:28 +0300] "GET /xmw23/imt-tractor-price.html HTTP/1.0" 500 341 "-" "Mozilla/5.0 (Linux; Android 6.0.1; Nexus 5X Build/MMB29P) AppleWebKit/537.36 (KHTML, like Gecko) Chrome/130.0.6723.116 Mobile Safari/537.36 (compatible; Googlebot/2.1; +http://www.google.com/bot.html)"
66.249.66.37 - - [13/Nov/2024:01:32:28 +0300] "GET /yqmsquctw/drm-removal-tool-pdf.html HTTP/1.0" 500 341 "-" "Mozilla/5.0 (Linux; Android 6.0.1; Nexus 5X Build/MMB29P) AppleWebKit/537.36 (KHTML, like Gecko) Chrome/130.0.6723.116 Mobile Safari/537.36 (compatible; Googlebot/2.1; +http://www.google.com/bot.html)"
66.249.66.37 - - [13/Nov/2024:01:34:31 +0300] "GET /xmw23/lista-de-detenidos-en-fort-worth,-tx.html HTTP/1.0" 404 58203 "-" "Mozilla/5.0 (Linux; Android 6.0.1; Nexus 5X Build/MMB29P) AppleWebKit/537.36 (KHTML, like Gecko) Chrome/130.0.6723.116 Mobile Safari/537.36 (compatible; Googlebot/2.1; +http://www.google.com/bot.html)"
66.249.66.35 - - [13/Nov/2024:01:36:32 +0300] "GET /xmw23/mega-for-pc.html HTTP/1.0" 500 3490 "-" "Mozilla/5.0 (Linux; Android 6.0.1; Nexus 5X Build/MMB29P) AppleWebKit/537.36 (KHTML, like Gecko) Chrome/130.0.6723.116 Mobile Safari/537.36 (compatible; Googlebot/2.1; +http://www.google.com/bot.html)"
66.249.66.36 - - [13/Nov/2024:01:36:33 +0300] "GET /xmw23/alpha-and-luna-ayla.html HTTP/1.0" 500 341 "-" "Mozilla/5.0 (Linux; Android 6.0.1; Nexus 5X Build/MMB29P) AppleWebKit/537.36 (KHTML, like Gecko) Chrome/130.0.6723.116 Mobile Safari/537.36 (compatible; Googlebot/2.1; +http://www.google.com/bot.html)"
66.249.66.35 - - [13/Nov/2024:01:37:33 +0300] "GET /yqmsquctw/entry-level-software-engineer-jobs-with-visa-sponsorship-uk-salary-near.html HTTP/1.0" 500 341 "-" "Mozilla/5.0 (Linux; Android 6.0.1; Nexus 5X Build/MMB29P) AppleWebKit/537.36 (KHTML, like Gecko) Chrome/130.0.6723.116 Mobile Safari/537.36 (compatible; Googlebot/2.1; +http://www.google.com/bot.html)"
66.249.66.36 - - [13/Nov/2024:01:39:01 +0300] "GET /xmw23/fatal-car-accident-edmonton-this-week.html HTTP/1.0" 200 17897 "-" "Mozilla/5.0 (Linux; Android 6.0.1; Nexus 5X Build/MMB29P) AppleWebKit/537.36 (KHTML, like Gecko) Chrome/130.0.6723.116 Mobile Safari/537.36 (compatible; Googlebot/2.1; +http://www.google.com/bot.html)"
66.249.66.36 - - [13/Nov/2024:01:42:34 +0300] "GET /yqmsquctw/wilmington-nc-news-obituaries.html HTTP/1.0" 500 3490 "-" "Mozilla/5.0 (Linux; Android 6.0.1; Nexus 5X Build/MMB29P) AppleWebKit/537.36 (KHTML, like Gecko) Chrome/130.0.6723.116 Mobile Safari/537.36 (compatible; Googlebot/2.1; +http://www.google.com/bot.html)"
66.249.66.37 - - [13/Nov/2024:01:43:24 +0300] "GET /news/nalogi/lgoty-po-nalogu-na-imushchestvo/ HTTP/1.0" 200 75594 "-" "Mozilla/5.0 (Linux; Android 6.0.1; Nexus 5X Build/MMB29P) AppleWebKit/537.36 (KHTML, like Gecko) Chrome/130.0.6723.116 Mobile Safari/537.36 (compatible; GoogleOther)"
66.249.66.36 - - [13/Nov/2024:01:46:48 +0300] "GET /xmw23/undp-jobs.html HTTP/1.0" 500 341 "-" "Mozilla/5.0 (Linux; Android 6.0.1; Nexus 5X Build/MMB29P) AppleWebKit/537.36 (KHTML, like Gecko) Chrome/130.0.6723.116 Mobile Safari/537.36 (compatible; Googlebot/2.1; +http://www.google.com/bot.html)"
66.249.66.35 - - [13/Nov/2024:01:48:17 +0300] "GET /news/nalogi/fns-vnov-vzyalas-za-vzaimootnosheniya-s-samozanyatymi/?bxrand=1728864000000 HTTP/1.0" 200 8020 "https://gcba.ru/news/nalogi/fns-vnov-vzyalas-za-vzaimootnosheniya-s-samozanyatymi/" "Mozilla/5.0 (Linux; Android 6.0.1; Nexus 5X Build/MMB29P) AppleWebKit/537.36 (KHTML, like Gecko) Chrome/130.0.6723.69 Mobile Safari/537.36 (compatible; Googlebot/2.1; +http://www.google.com/bot.html)"
66.249.66.36 - - [13/Nov/2024:01:50:06 +0300] "GET /news/nalogi/fns-vnov-vzyalas-za-vzaimootnosheniya-s-samozanyatymi/?bxrand=1728864000000 HTTP/1.0" 200 4871 "https://gcba.ru/news/nalogi/fns-vnov-vzyalas-za-vzaimootnosheniya-s-samozanyatymi/" "Mozilla/5.0 (Linux; Android 6.0.1; Nexus 5X Build/MMB29P) AppleWebKit/537.36 (KHTML, like Gecko) Chrome/130.0.6723.69 Mobile Safari/537.36 (compatible; Googlebot/2.1; +http://www.google.com/bot.html)"
66.249.66.37 - - [13/Nov/2024:01:54:41 +0300] "GET /xmw23/epsm-unit-8-accountancy-department-costs-quiz.html HTTP/1.0" 500 3490 "-" "Mozilla/5.0 (Linux; Android 6.0.1; Nexus 5X Build/MMB29P) AppleWebKit/537.36 (KHTML, like Gecko) Chrome/130.0.6723.116 Mobile Safari/537.36 (compatible; Googlebot/2.1; +http://www.google.com/bot.html)"
66.249.66.36 - - [13/Nov/2024:01:56:15 +0300] "GET /news/nalogi/utochneny-usloviya-primeneniya-stavki-10-po-nalogu-na-dobavlennuyu-stoimost-pri-realizatsii-periodich/ HTTP/1.0" 200 31053 "-" "Mozilla/5.0 (Linux; Android 6.0.1; Nexus 5X Build/MMB29P) AppleWebKit/537.36 (KHTML, like Gecko) Chrome/130.0.6723.116 Mobile Safari/537.36 (compatible; GoogleOther)"
66.249.66.36 - - [13/Nov/2024:01:56:17 +0300] "GET /xmw23/keyboard-shortcuts-windows-10.html HTTP/1.0" 500 3490 "-" "Mozilla/5.0 (Linux; Android 6.0.1; Nexus 5X Build/MMB29P) AppleWebKit/537.36 (KHTML, like Gecko) Chrome/130.0.6723.116 Mobile Safari/537.36 (compatible; Googlebot/2.1; +http://www.google.com/bot.html)"
66.249.66.35 - - [13/Nov/2024:01:57:09 +0300] "GET /news/nalogi/utochneny-usloviya-primeneniya-stavki-10-po-nalogu-na-dobavlennuyu-stoimost-pri-realizatsii-periodich/?bxrand=1728864000000 HTTP/1.0" 200 4967 "https://gcba.ru/news/nalogi/utochneny-usloviya-primeneniya-stavki-10-po-nalogu-na-dobavlennuyu-stoimost-pri-realizatsii-periodich/" "Mozilla/5.0 (Linux; Android 6.0.1; Nexus 5X Build/MMB29P) AppleWebKit/537.36 (KHTML, like Gecko) Chrome/130.0.6723.69 Mobile Safari/537.36 (compatible; Googlebot/2.1; +http://www.google.com/bot.html)"
66.249.66.35 - - [13/Nov/2024:01:57:24 +0300] "GET /yqmsquctw/look-who-got-busted-austin,-tx.html HTTP/1.0" 404 58199 "-" "Mozilla/5.0 (Linux; Android 6.0.1; Nexus 5X Build/MMB29P) AppleWebKit/537.36 (KHTML, like Gecko) Chrome/130.0.6723.116 Mobile Safari/537.36 (compatible; Googlebot/2.1; +http://www.google.com/bot.html)"
66.249.66.36 - - [13/Nov/2024:01:59:31 +0300] "GET /xmw23/serenity-funeral-home-etowah,-tn-obituaries.html HTTP/1.0" 404 58217 "-" "Mozilla/5.0 (Linux; Android 6.0.1; Nexus 5X Build/MMB29P) AppleWebKit/537.36 (KHTML, like Gecko) Chrome/130.0.6723.116 Mobile Safari/537.36 (compatible; Googlebot/2.1; +http://www.google.com/bot.html)"
66.249.66.36 - - [13/Nov/2024:02:00:00 +0300] "GET /xmw23/google-map-flutter-example-github.html HTTP/1.0" 200 18916 "-" "Mozilla/5.0 (Linux; Android 6.0.1; Nexus 5X Build/MMB29P) AppleWebKit/537.36 (KHTML, like Gecko) Chrome/130.0.6723.116 Mobile Safari/537.36 (compatible; Googlebot/2.1; +http://www.google.com/bot.html)"
178.178.240.136 - - [13/Nov/2024:02:01:15 +0300] "GET / HTTP/1.0" 200 3471 "https://yandex.ru/search/?lr=193&text=parsinfo.ru" "Mozilla/5.0 (Windows NT 10.0; Win64; x64) AppleWebKit/537.36 (KHTML, like Gecko) Chrome/70.0.3538.102 Safari/537.36 Edge/18.19041"
71.6.134.235 - - [13/Nov/2024:02:01:27 +0300] "GET / HTTP/1.0" 200 3471 "-" "Mozilla/5.0 (Windows NT 10.0; Win64; x64) AppleWebKit/537.36 (KHTML, like Gecko) Chrome/102.0.0.0 Safari/537.36"
66.249.66.37 - - [13/Nov/2024:02:01:32 +0300] "GET /xmw23/nursing-jobs.html HTTP/1.0" 500 341 "-" "Mozilla/5.0 (Linux; Android 6.0.1; Nexus 5X Build/MMB29P) AppleWebKit/537.36 (KHTML, like Gecko) Chrome/130.0.6723.116 Mobile Safari/537.36 (compatible; Googlebot/2.1; +http://www.google.com/bot.html)"
66.249.66.37 - - [13/Nov/2024:02:04:33 +0300] "GET /xmw23/nando-notified-body.html HTTP/1.0" 500 341 "-" "Mozilla/5.0 (Linux; Android 6.0.1; Nexus 5X Build/MMB29P) AppleWebKit/537.36 (KHTML, like Gecko) Chrome/130.0.6723.116 Mobile Safari/537.36 (compatible; Googlebot/2.1; +http://www.google.com/bot.html)"
66.249.66.37 - - [13/Nov/2024:02:04:33 +0300] "GET /5b6n81j4yj.html HTTP/1.0" 404 57994 "-" "Mozilla/5.0 (Linux; Android 6.0.1; Nexus 5X Build/MMB29P) AppleWebKit/537.36 (KHTML, like Gecko) Chrome/130.0.6723.116 Mobile Safari/537.36 (compatible; Googlebot/2.1; +http://www.google.com/bot.html)"
66.249.66.36 - - [13/Nov/2024:02:08:20 +0300] "GET /xmw23/victoria,-tx-police-department.html HTTP/1.0" 404 61340 "-" "Mozilla/5.0 (Linux; Android 6.0.1; Nexus 5X Build/MMB29P) AppleWebKit/537.36 (KHTML, like Gecko) Chrome/130.0.6723.116 Mobile Safari/537.36 (compatible; Googlebot/2.1; +http://www.google.com/bot.html)"
66.249.66.36 - - [13/Nov/2024:02:09:07 +0300] "GET /news/nalogi/blanki-scheta-faktury-i-korrektirovochnogo-scheta-faktury-dopolneny-novoy-strokoy/ HTTP/1.0" 200 70082 "-" "Mozilla/5.0 (Linux; Android 6.0.1; Nexus 5X Build/MMB29P) AppleWebKit/537.36 (KHTML, like Gecko) Chrome/130.0.6723.116 Mobile Safari/537.36 (compatible; GoogleOther)"
66.249.66.37 - - [13/Nov/2024:02:10:09 +0300] "GET /xmw23/cherokee-county-sc-inmate-search.html HTTP/1.0" 500 3490 "-" "Mozilla/5.0 (Linux; Android 6.0.1; Nexus 5X Build/MMB29P) AppleWebKit/537.36 (KHTML, like Gecko) Chrome/130.0.6723.116 Mobile Safari/537.36 (compatible; Googlebot/2.1; +http://www.google.com/bot.html)"
66.249.66.35 - - [13/Nov/2024:02:10:58 +0300] "GET /yqmsquctw/junior-software-developer-jobs-remote-salary-worldwide.html HTTP/1.0" 500 341 "-" "Mozilla/5.0 (Linux; Android 6.0.1; Nexus 5X Build/MMB29P) AppleWebKit/537.36 (KHTML, like Gecko) Chrome/130.0.6723.116 Mobile Safari/537.36 (compatible; Googlebot/2.1; +http://www.google.com/bot.html)"
66.249.66.36 - - [13/Nov/2024:02:11:35 +0300] "GET /xmw23/gonzales-county-busted-newspaper.html HTTP/1.0" 500 341 "-" "Mozilla/5.0 (Linux; Android 6.0.1; Nexus 5X Build/MMB29P) AppleWebKit/537.36 (KHTML, like Gecko) Chrome/130.0.6723.116 Mobile Safari/537.36 (compatible; Googlebot/2.1; +http://www.google.com/bot.html)"
66.249.66.36 - - [13/Nov/2024:02:13:36 +0300] "GET /yqmsquctw/montgomery-county-jail-mugshots.html HTTP/1.0" 500 341 "-" "Mozilla/5.0 (Linux; Android 6.0.1; Nexus 5X Build/MMB29P) AppleWebKit/537.36 (KHTML, like Gecko) Chrome/130.0.6723.116 Mobile Safari/537.36 (compatible; Googlebot/2.1; +http://www.google.com/bot.html)"
66.249.66.37 - - [13/Nov/2024:02:14:37 +0300] "GET /yqmsquctw/ox-inventory-redesign.html HTTP/1.0" 500 3490 "-" "Mozilla/5.0 (Linux; Android 6.0.1; Nexus 5X Build/MMB29P) AppleWebKit/537.36 (KHTML, like Gecko) Chrome/130.0.6723.116 Mobile Safari/537.36 (compatible; Googlebot/2.1; +http://www.google.com/bot.html)"
66.249.66.35 - - [13/Nov/2024:02:18:38 +0300] "GET /xmw23/tabview.html HTTP/1.0" 500 3490 "-" "Mozilla/5.0 (Linux; Android 6.0.1; Nexus 5X Build/MMB29P) AppleWebKit/537.36 (KHTML, like Gecko) Chrome/130.0.6723.116 Mobile Safari/537.36 (compatible; Googlebot/2.1; +http://www.google.com/bot.html)"
66.249.66.37 - - [13/Nov/2024:02:21:39 +0300] "GET /xmw23/aged-care-jobs-in-australia-for-overseas-applicants.html HTTP/1.0" 500 3490 "-" "Mozilla/5.0 (Linux; Android 6.0.1; Nexus 5X Build/MMB29P) AppleWebKit/537.36 (KHTML, like Gecko) Chrome/130.0.6723.116 Mobile Safari/537.36 (compatible; Googlebot/2.1; +http://www.google.com/bot.html)"
66.249.66.36 - - [13/Nov/2024:02:21:58 +0300] "GET /news/nalogi/s-1-yanvarya-2017-goda-vnosyatsya-izmeneniya-pri-ischislenii-aktsizov/ HTTP/1.0" 200 39276 "-" "Mozilla/5.0 (Linux; Android 6.0.1; Nexus 5X Build/MMB29P) AppleWebKit/537.36 (KHTML, like Gecko) Chrome/130.0.6723.116 Mobile Safari/537.36 (compatible; GoogleOther)"
66.249.66.36 - - [13/Nov/2024:02:22:00 +0300] "GET /news/nalogi/s-1-yanvarya-2017-goda-vnosyatsya-izmeneniya-pri-ischislenii-aktsizov/?bxrand=1728864000000 HTTP/1.0" 200 4903 "https://gcba.ru/news/nalogi/s-1-yanvarya-2017-goda-vnosyatsya-izmeneniya-pri-ischislenii-aktsizov/" "Mozilla/5.0 (Linux; Android 6.0.1; Nexus 5X Build/MMB29P) AppleWebKit/537.36 (KHTML, like Gecko) Chrome/130.0.6723.69 Mobile Safari/537.36 (compatible; Googlebot/2.1; +http://www.google.com/bot.html)"
66.249.66.35 - - [13/Nov/2024:02:24:24 +0300] "GET /xmw23/used-mobile-homes-for-sale-fresno-clovis-area.html HTTP/1.0" 200 29644 "-" "Mozilla/5.0 (Linux; Android 6.0.1; Nexus 5X Build/MMB29P) AppleWebKit/537.36 (KHTML, like Gecko) Chrome/130.0.6723.116 Mobile Safari/537.36 (compatible; Googlebot/2.1; +http://www.google.com/bot.html)"
66.249.66.36 - - [13/Nov/2024:02:24:58 +0300] "GET /yqmsquctw/dolan-funeral-home-chelmsford,-ma-obituaries.html HTTP/1.0" 404 58227 "-" "Mozilla/5.0 (Linux; Android 6.0.1; Nexus 5X Build/MMB29P) AppleWebKit/537.36 (KHTML, like Gecko) Chrome/130.0.6723.116 Mobile Safari/537.36 (compatible; Googlebot/2.1; +http://www.google.com/bot.html)"
66.249.66.36 - - [13/Nov/2024:02:25:09 +0300] "GET /xmw23/olx-loker-cimahi-tanpa-ijazah.html HTTP/1.0" 500 341 "-" "Mozilla/5.0 (Linux; Android 6.0.1; Nexus 5X Build/MMB29P) AppleWebKit/537.36 (KHTML, like Gecko) Chrome/130.0.6723.116 Mobile Safari/537.36 (compatible; Googlebot/2.1; +http://www.google.com/bot.html)"
66.249.66.37 - - [13/Nov/2024:02:27:24 +0300] "GET /yqmsquctw/freelance-front-end-developer.html HTTP/1.0" 500 3490 "-" "Mozilla/5.0 (Linux; Android 6.0.1; Nexus 5X Build/MMB29P) AppleWebKit/537.36 (KHTML, like Gecko) Chrome/130.0.6723.116 Mobile Safari/537.36 (compatible; Googlebot/2.1; +http://www.google.com/bot.html)"
54.36.148.12 - - [13/Nov/2024:02:29:55 +0300] "GET /news/nalogi/utochneny-usloviya-primeneniya-stavki-10-po-nalogu-na-dobavlennuyu-stoimost-pri-realizatsii-periodich/ HTTP/1.0" 200 77482 "-" "Mozilla/5.0 (compatible; AhrefsBot/7.0; +http://ahrefs.com/robot/)"
66.249.66.36 - - [13/Nov/2024:02:33:47 +0300] "GET /yqmsquctw/mikuni-vm36-float-height.html HTTP/1.0" 500 341 "-" "Mozilla/5.0 (Linux; Android 6.0.1; Nexus 5X Build/MMB29P) AppleWebKit/537.36 (KHTML, like Gecko) Chrome/130.0.6723.116 Mobile Safari/537.36 (compatible; Googlebot/2.1; +http://www.google.com/bot.html)"
66.249.66.37 - - [13/Nov/2024:02:36:45 +0300] "GET /yqmsquctw/amul-salary-slip.html HTTP/1.0" 500 3490 "-" "Mozilla/5.0 (Linux; Android 6.0.1; Nexus 5X Build/MMB29P) AppleWebKit/537.36 (KHTML, like Gecko) Chrome/130.0.6723.116 Mobile Safari/537.36 (compatible; Googlebot/2.1; +http://www.google.com/bot.html)"
66.249.66.36 - - [13/Nov/2024:02:37:46 +0300] "GET /news/nalogi/novye-lgoty-po-uplate-gosudarstvennykh-poshlin/ HTTP/1.0" 200 30919 "-" "Mozilla/5.0 (Linux; Android 6.0.1; Nexus 5X Build/MMB29P) AppleWebKit/537.36 (KHTML, like Gecko) Chrome/130.0.6723.116 Mobile Safari/537.36 (compatible; GoogleOther)"
66.249.66.37 - - [13/Nov/2024:02:37:49 +0300] "GET /news/nalogi/novye-lgoty-po-uplate-gosudarstvennykh-poshlin/?bxrand=1728864000000 HTTP/1.0" 200 4857 "https://gcba.ru/news/nalogi/novye-lgoty-po-uplate-gosudarstvennykh-poshlin/" "Mozilla/5.0 (Linux; Android 6.0.1; Nexus 5X Build/MMB29P) AppleWebKit/537.36 (KHTML, like Gecko) Chrome/130.0.6723.69 Mobile Safari/537.36 (compatible; Googlebot/2.1; +http://www.google.com/bot.html)"
66.249.66.37 - - [13/Nov/2024:02:38:46 +0300] "GET /xmw23/jobs-in-germany-for-spanish-speakers.html HTTP/1.0" 500 341 "-" "Mozilla/5.0 (Linux; Android 6.0.1; Nexus 5X Build/MMB29P) AppleWebKit/537.36 (KHTML, like Gecko) Chrome/130.0.6723.116 Mobile Safari/537.36 (compatible; Googlebot/2.1; +http://www.google.com/bot.html)"
66.249.66.37 - - [13/Nov/2024:02:39:22 +0300] "GET /xmw23/millen,-ga-newspaper-obituaries.html HTTP/1.0" 404 58164 "-" "Mozilla/5.0 (Linux; Android 6.0.1; Nexus 5X Build/MMB29P) AppleWebKit/537.36 (KHTML, like Gecko) Chrome/130.0.6723.116 Mobile Safari/537.36 (compatible; Googlebot/2.1; +http://www.google.com/bot.html)"
45.148.235.248 - - [13/Nov/2024:02:39:55 +0300] "GET /eff48aefbe.php HTTP/1.0" 200 64158 "-" "-"
45.80.105.217 - - [13/Nov/2024:02:40:12 +0300] "POST /eff48aefbe.php HTTP/1.0" 200 61801 "-" "-"
45.80.105.217 - - [13/Nov/2024:02:40:16 +0300] "GET /whvae3w90.php HTTP/1.0" 200 322 "-" "-"
66.249.66.37 - - [13/Nov/2024:02:41:50 +0300] "GET / HTTP/1.0" 200 322 "-" "Mozilla/5.0 (Linux; Android 6.0.1; Nexus 5X Build/MMB29P) AppleWebKit/537.36 (KHTML, like Gecko) Chrome/130.0.6723.116 Mobile Safari/537.36 (compatible; Googlebot/2.1; +http://www.google.com/bot.html)"
66.249.66.36 - - [13/Nov/2024:02:44:52 +0300] "GET /xmw23/index-of-leafmailer.html HTTP/1.0" 500 341 "-" "Mozilla/5.0 (Linux; Android 6.0.1; Nexus 5X Build/MMB29P) AppleWebKit/537.36 (KHTML, like Gecko) Chrome/130.0.6723.116 Mobile Safari/537.36 (compatible; Googlebot/2.1; +http://www.google.com/bot.html)"
66.249.66.35 - - [13/Nov/2024:02:46:47 +0300] "GET /xmw23/blacksburg,-sc-obituaries.html HTTP/1.0" 404 64361 "-" "Mozilla/5.0 (Linux; Android 6.0.1; Nexus 5X Build/MMB29P) AppleWebKit/537.36 (KHTML, like Gecko) Chrome/130.0.6723.116 Mobile Safari/537.36 (compatible; Googlebot/2.1; +http://www.google.com/bot.html)"
66.249.66.36 - - [13/Nov/2024:02:46:53 +0300] "GET /news/metodologiya/sokrashcheno-kolichestvo-sluchaev-obyazatelnogo-audita-otchetnosti-nepublichnykh-aktsionernykh-obshch/ HTTP/1.0" 304 3496 "-" "Mozilla/5.0 (Linux; Android 6.0.1; Nexus 5X Build/MMB29P) AppleWebKit/537.36 (KHTML, like Gecko) Chrome/130.0.6723.116 Mobile Safari/537.36 (compatible; Googlebot/2.1; +http://www.google.com/bot.html)"
66.249.66.35 - - [13/Nov/2024:02:47:14 +0300] "GET / HTTP/1.0" 200 322 "-" "Mozilla/5.0 (compatible; Googlebot/2.1; +http://www.google.com/bot.html)"
66.249.66.36 - - [13/Nov/2024:02:47:15 +0300] "GET / HTTP/1.0" 200 322 "-" "Mozilla/5.0 (Linux; Android 6.0.1; Nexus 5X Build/MMB29P) AppleWebKit/537.36 (KHTML, like Gecko) Chrome/99.0.4844.84 Mobile Safari/537.36 (compatible; Googlebot/2.1; +http://www.google.com/bot.html)"
66.249.66.35 - - [13/Nov/2024:02:49:54 +0300] "GET /xmw23/cattle-ranch-jobs-with-housing.html HTTP/1.0" 500 341 "-" "Mozilla/5.0 (Linux; Android 6.0.1; Nexus 5X Build/MMB29P) AppleWebKit/537.36 (KHTML, like Gecko) Chrome/130.0.6723.116 Mobile Safari/537.36 (compatible; Googlebot/2.1; +http://www.google.com/bot.html)"
66.249.66.36 - - [13/Nov/2024:02:51:10 +0300] "GET /news/pravo/ HTTP/1.0" 200 45802 "-" "Mozilla/5.0 (Linux; Android 6.0.1; Nexus 5X Build/MMB29P) AppleWebKit/537.36 (KHTML, like Gecko) Chrome/130.0.6723.116 Mobile Safari/537.36 (compatible; GoogleOther)"
66.249.66.36 - - [13/Nov/2024:02:51:20 +0300] "GET /news/pravo/?bxrand=1728864000000 HTTP/1.0" 200 4759 "https://gcba.ru/news/pravo/" "Mozilla/5.0 (Linux; Android 6.0.1; Nexus 5X Build/MMB29P) AppleWebKit/537.36 (KHTML, like Gecko) Chrome/130.0.6723.69 Mobile Safari/537.36 (compatible; Googlebot/2.1; +http://www.google.com/bot.html)"
66.249.66.35 - - [13/Nov/2024:02:54:55 +0300] "GET /news/pravo/shtraf-za-nesvoevremennuyu-uplatu-ndfl-pri-kakikh-usloviyakh-nalogovyy-agent-mozhet-izbezhat-sanktsi/ HTTP/1.0" 304 3496 "-" "Mozilla/5.0 (Linux; Android 6.0.1; Nexus 5X Build/MMB29P) AppleWebKit/537.36 (KHTML, like Gecko) Chrome/130.0.6723.116 Mobile Safari/537.36 (compatible; Googlebot/2.1; +http://www.google.com/bot.html)"
66.249.66.36 - - [13/Nov/2024:02:58:24 +0300] "GET /xmw23/biber-crep-cena.html HTTP/1.0" 500 341 "-" "Mozilla/5.0 (Linux; Android 6.0.1; Nexus 5X Build/MMB29P) AppleWebKit/537.36 (KHTML, like Gecko) Chrome/130.0.6723.116 Mobile Safari/537.36 (compatible; Googlebot/2.1; +http://www.google.com/bot.html)"
89.208.105.220 - - [13/Nov/2024:03:00:03 +0300] "GET / HTTP/1.0" 200 3471 "-" "Mozilla/5.0 (X11; Linux x86_64; rv:45.0) Gecko/20100101 Firefox/45.0"
89.208.105.220 - - [13/Nov/2024:03:01:24 +0300] "GET /bitrix/tools/composite_data.php HTTP/1.0" 200 1126 "https://gcba.ru/" "Mozilla/5.0 (X11; Linux x86_64; rv:45.0) Gecko/20100101 Firefox/45.0"
89.208.105.220 - - [13/Nov/2024:03:01:39 +0300] "GET / HTTP/1.0" 200 322 "-" "Mozilla/5.0 (X11; Ubuntu; Linux x86_64; rv:51.0) Gecko/20100101 Firefox/51.0"
89.208.105.220 - - [13/Nov/2024:03:01:43 +0300] "POST /bitrix/tools/html_editor_action.php HTTP/1.0" 200 690 "https://gcba.ru/bitrix/tools/composite_data.php" "Mozilla/5.0 (X11; Linux x86_64; rv:45.0) Gecko/20100101 Firefox/45.0"
89.208.105.220 - - [13/Nov/2024:03:01:43 +0300] "POST /bitrix/tools/html_editor_action.php HTTP/1.0" 200 690 "https://gcba.ru/bitrix/tools/html_editor_action.php" "Mozilla/5.0 (X11; Linux x86_64; rv:45.0) Gecko/20100101 Firefox/45.0"
89.208.105.220 - - [13/Nov/2024:03:01:43 +0300] "POST /bitrix/tools/html_editor_action.php HTTP/1.0" 200 690 "https://gcba.ru/bitrix/tools/html_editor_action.php" "Mozilla/5.0 (X11; Linux x86_64; rv:45.0) Gecko/20100101 Firefox/45.0"
89.208.105.220 - - [13/Nov/2024:03:01:44 +0300] "GET / HTTP/1.0" 200 322 "https://gcba.ru/bitrix/tools/html_editor_action.php" "Mozilla/5.0 (X11; Linux x86_64; rv:45.0) Gecko/20100101 Firefox/45.0"
89.208.105.220 - - [13/Nov/2024:03:01:44 +0300] "POST /bitrix/tools/accesson.php HTTP/1.0" 404 59528 "https://gcba.ru/" "Mozilla/5.0 (X11; Linux x86_64; rv:45.0) Gecko/20100101 Firefox/45.0"
89.208.105.220 - - [13/Nov/2024:03:01:59 +0300] "GET /bitrix/tools/composite_data.php HTTP/1.0" 200 1126 "https://gcba.ru/" "Mozilla/5.0 (X11; Ubuntu; Linux x86_64; rv:51.0) Gecko/20100101 Firefox/51.0"
89.208.105.220 - - [13/Nov/2024:03:02:32 +0300] "POST /bitrix/tools/html_editor_action.php HTTP/1.0" 200 690 "https://gcba.ru/bitrix/tools/composite_data.php" "Mozilla/5.0 (X11; Ubuntu; Linux x86_64; rv:51.0) Gecko/20100101 Firefox/51.0"
89.208.105.220 - - [13/Nov/2024:03:02:32 +0300] "POST /bitrix/tools/html_editor_action.php HTTP/1.0" 200 690 "https://gcba.ru/bitrix/tools/html_editor_action.php" "Mozilla/5.0 (X11; Ubuntu; Linux x86_64; rv:51.0) Gecko/20100101 Firefox/51.0"
89.208.105.220 - - [13/Nov/2024:03:02:33 +0300] "POST /bitrix/tools/html_editor_action.php HTTP/1.0" 200 690 "https://gcba.ru/bitrix/tools/html_editor_action.php" "Mozilla/5.0 (X11; Ubuntu; Linux x86_64; rv:51.0) Gecko/20100101 Firefox/51.0"
89.208.105.220 - - [13/Nov/2024:03:02:33 +0300] "GET / HTTP/1.0" 200 322 "https://gcba.ru/bitrix/tools/html_editor_action.php" "Mozilla/5.0 (X11; Ubuntu; Linux x86_64; rv:51.0) Gecko/20100101 Firefox/51.0"
89.208.105.220 - - [13/Nov/2024:03:02:34 +0300] "POST /accesson.php HTTP/1.0" 404 60561 "https://gcba.ru/" "Mozilla/5.0 (X11; Ubuntu; Linux x86_64; rv:51.0) Gecko/20100101 Firefox/51.0"
66.249.66.36 - - [13/Nov/2024:03:03:16 +0300] "GET /xmw23/employers-recruitment-job-usa-company.html HTTP/1.0" 500 341 "-" "Mozilla/5.0 (Linux; Android 6.0.1; Nexus 5X Build/MMB29P) AppleWebKit/537.36 (KHTML, like Gecko) Chrome/130.0.6723.116 Mobile Safari/537.36 (compatible; Googlebot/2.1; +http://www.google.com/bot.html)"
66.249.66.37 - - [13/Nov/2024:03:04:44 +0300] "GET /yqmsquctw/divlji-serija.html HTTP/1.0" 500 341 "-" "Mozilla/5.0 (Linux; Android 6.0.1; Nexus 5X Build/MMB29P) AppleWebKit/537.36 (KHTML, like Gecko) Chrome/130.0.6723.116 Mobile Safari/537.36 (compatible; Googlebot/2.1; +http://www.google.com/bot.html)"
66.249.66.36 - - [13/Nov/2024:03:05:21 +0300] "GET /xmw23/job-vacancies.html HTTP/1.0" 500 3490 "-" "Mozilla/5.0 (Linux; Android 6.0.1; Nexus 5X Build/MMB29P) AppleWebKit/537.36 (KHTML, like Gecko) Chrome/130.0.6723.116 Mobile Safari/537.36 (compatible; Googlebot/2.1; +http://www.google.com/bot.html)"
37.220.86.84 - - [13/Nov/2024:03:08:09 +0300] "GET / HTTP/1.0" 200 322 "-" "Mozilla/5.0 (X11; Linux x86_64; rv:47.0) Gecko/20100101 Firefox/47.0"
37.220.86.84 - - [13/Nov/2024:03:08:10 +0300] "POST / HTTP/1.0" 200 322 "https://gcba.ru/" "Mozilla/5.0 (X11; Linux x86_64; rv:47.0) Gecko/20100101 Firefox/47.0"
37.220.86.84 - - [13/Nov/2024:03:08:11 +0300] "GET /95f33f6732e3.php HTTP/1.0" 200 358 "https://gcba.ru/" "Mozilla/5.0 (X11; Linux x86_64; rv:47.0) Gecko/20100101 Firefox/47.0"
66.249.66.37 - - [13/Nov/2024:03:08:25 +0300] "GET /xmw23/karotida-na-vratu.html HTTP/1.0" 500 341 "-" "Mozilla/5.0 (Linux; Android 6.0.1; Nexus 5X Build/MMB29P) AppleWebKit/537.36 (KHTML, like Gecko) Chrome/130.0.6723.116 Mobile Safari/537.36 (compatible; Googlebot/2.1; +http://www.google.com/bot.html)"
66.249.66.36 - - [13/Nov/2024:03:09:33 +0300] "GET /xmw23/uk-driver-visa-apply-online.html HTTP/1.0" 500 341 "-" "Mozilla/5.0 (Linux; Android 6.0.1; Nexus 5X Build/MMB29P) AppleWebKit/537.36 (KHTML, like Gecko) Chrome/130.0.6723.116 Mobile Safari/537.36 (compatible; Googlebot/2.1; +http://www.google.com/bot.html)"
66.249.66.35 - - [13/Nov/2024:03:13:13 +0300] "GET /news/nalogi/lgoty-po-nalogu-na-imushchestvo/?bxajaxid=7890a307e4f4bc7b66250ad1a4ae104f HTTP/1.0" 200 15177 "-" "Mozilla/5.0 (Linux; Android 6.0.1; Nexus 5X Build/MMB29P) AppleWebKit/537.36 (KHTML, like Gecko) Chrome/130.0.6723.116 Mobile Safari/537.36 (compatible; GoogleOther)"
66.249.66.35 - - [13/Nov/2024:03:13:54 +0300] "GET /xmw23/davanja-na-uvoz-teretnih-vozila.html HTTP/1.0" 500 341 "-" "Mozilla/5.0 (Linux; Android 6.0.1; Nexus 5X Build/MMB29P) AppleWebKit/537.36 (KHTML, like Gecko) Chrome/130.0.6723.116 Mobile Safari/537.36 (compatible; Googlebot/2.1; +http://www.google.com/bot.html)"
66.249.66.35 - - [13/Nov/2024:03:15:54 +0300] "GET /xmw23/busted-newspaper-jackson-county-mo.html HTTP/1.0" 500 3490 "-" "Mozilla/5.0 (Linux; Android 6.0.1; Nexus 5X Build/MMB29P) AppleWebKit/537.36 (KHTML, like Gecko) Chrome/130.0.6723.116 Mobile Safari/537.36 (compatible; Googlebot/2.1; +http://www.google.com/bot.html)"
42.236.17.83 - - [13/Nov/2024:03:22:44 +0300] "GET / HTTP/1.0" 200 3471 "https://gcba.ru/" "Mozilla/5.0 (Windows NT 6.1; WOW64) AppleWebKit/537.36 (KHTML, like Gecko) Chrome/50.0.2661.102 Safari/537.36; 360Spider"
42.236.101.199 - - [13/Nov/2024:03:23:07 +0300] "GET / HTTP/1.0" 200 322 "https://gcba.ru/" "Mozilla/5.0 (Windows NT 6.1; WOW64) AppleWebKit/537.36 (KHTML, like Gecko) Chrome/50.0.2661.102 Safari/537.36; 360Spider"
91.92.41.8 - - [13/Nov/2024:03:27:14 +0300] "GET /news/metodologiya/banki-v-pogode-za-predprinimatelem/ HTTP/1.0" 200 82188 "-" "Mozilla/5.0 (Macintosh; Intel Mac OS X 12_5) AppleWebKit/537.36 (KHTML, like Gecko) Chrome/114.0.0.0 YaBrowser/22.7.0 Yowser/2.5 Safari/537.36"
66.249.66.35 - - [13/Nov/2024:03:29:41 +0300] "GET /yqmsquctw/mit-mechanical-engineering-study-plan.html HTTP/1.0" 500 3490 "-" "Mozilla/5.0 (Linux; Android 6.0.1; Nexus 5X Build/MMB29P) AppleWebKit/537.36 (KHTML, like Gecko) Chrome/130.0.6723.116 Mobile Safari/537.36 (compatible; Googlebot/2.1; +http://www.google.com/bot.html)"
85.208.96.211 - - [08/Oct/2024:04:04:43 +0300] "GET /robots.txt HTTP/1.1" 200 198 "-" "Mozilla/5.0 (compatible; SemrushBot/7~bl; +http://www.semrush.com/bot.html)"
85.208.96.210 - - [08/Oct/2024:05:04:56 +0300] "GET /robots.txt HTTP/1.1" 200 198 "-" "Mozilla/5.0 (compatible; SemrushBot/7~bl; +http://www.semrush.com/bot.html)"
185.191.171.1 - - [08/Oct/2024:06:05:40 +0300] "GET /robots.txt HTTP/1.1" 200 198 "-" "Mozilla/5.0 (compatible; SemrushBot/7~bl; +http://www.semrush.com/bot.html)"
85.208.96.204 - - [08/Oct/2024:07:06:30 +0300] "GET /robots.txt HTTP/1.1" 200 198 "-" "Mozilla/5.0 (compatible; SemrushBot/7~bl; +http://www.semrush.com/bot.html)"
203.55.81.229 - - [08/Oct/2024:07:10:25 +0300] "GET /.well-known/acme-challenge/cloud.php HTTP/1.1" 404 146 "-" "-"
