45.156.128.107 - - [05/Oct/2024:15:27:15 +0300] "GET / HTTP/1.0" 200 322 "-" "Mozilla/5.0 (Windows NT 10.0; Win64; x64) AppleWebKit/537.36 (KHTML, like Gecko) Chrome/60.0.3112.113 Safari/537.36"
45.156.128.107 - - [05/Oct/2024:15:27:17 +0300] "GET / HTTP/1.0" 200 322 "-" "Mozilla/5.0 (Windows NT 10.0; Win64; x64) AppleWebKit/537.36 (KHTML, like Gecko) Chrome/60.0.3112.113 Safari/537.36"
45.156.128.106 - - [05/Oct/2024:15:27:21 +0300] "GET /aspera/faspex/ HTTP/1.0" 404 25949 "-" "Mozilla/5.0 (Windows NT 10.0; Win64; x64) AppleWebKit/537.36 (KHTML, like Gecko) Chrome/60.0.3112.113 Safari/537.36"
85.208.96.195 - - [05/Oct/2024:15:29:07 +0300] "GET /6780asdlgh.html HTTP/1.0" 404 29100 "-" "Mozilla/5.0 (compatible; SemrushBot/7~bl; +http://www.semrush.com/bot.html)"
85.208.96.212 - - [05/Oct/2024:15:32:19 +0300] "GET /15j7corjuv.html HTTP/1.0" 404 29100 "-" "Mozilla/5.0 (compatible; SemrushBot/7~bl; +http://www.semrush.com/bot.html)"
66.249.69.171 - - [05/Oct/2024:15:32:29 +0300] "GET /xmw23/disparition-meaning.html HTTP/1.0" 200 20026 "-" "Mozilla/5.0 (Linux; Android 6.0.1; Nexus 5X Build/MMB29P) AppleWebKit/537.36 (KHTML, like Gecko) Chrome/129.0.6668.89 Mobile Safari/537.36 (compatible; Googlebot/2.1; +http://www.google.com/bot.html)"
66.249.69.170 - - [05/Oct/2024:15:38:30 +0300] "GET /xmw23/google-cloud-console-api-key.html HTTP/1.0" 200 24053 "-" "Mozilla/5.0 (Linux; Android 6.0.1; Nexus 5X Build/MMB29P) AppleWebKit/537.36 (KHTML, like Gecko) Chrome/129.0.6668.89 Mobile Safari/537.36 (compatible; Googlebot/2.1; +http://www.google.com/bot.html)"
54.36.149.85 - - [05/Oct/2024:15:48:24 +0300] "GET /news/nalogi/predostavlenie-sotsialnogo-nalogovogo-vycheta-u-rabotodatelya-do-okonchaniya-nalogovogo-perioda/ HTTP/1.0" 200 33865 "-" "Mozilla/5.0 (compatible; AhrefsBot/7.0; +http://ahrefs.com/robot/)"
185.191.171.17 - - [05/Oct/2024:15:49:27 +0300] "GET /1o060fue37.html HTTP/1.0" 404 29100 "-" "Mozilla/5.0 (compatible; SemrushBot/7~bl; +http://www.semrush.com/bot.html)"
66.249.69.172 - - [05/Oct/2024:15:51:30 +0300] "GET /xmw23/brunswick-county-crime.html HTTP/1.0" 200 36177 "-" "Mozilla/5.0 (Linux; Android 6.0.1; Nexus 5X Build/MMB29P) AppleWebKit/537.36 (KHTML, like Gecko) Chrome/129.0.6668.89 Mobile Safari/537.36 (compatible; Googlebot/2.1; +http://www.google.com/bot.html)"
185.191.171.5 - - [05/Oct/2024:15:51:56 +0300] "GET /54b2jejos9.html HTTP/1.0" 404 25951 "-" "Mozilla/5.0 (compatible; SemrushBot/7~bl; +http://www.semrush.com/bot.html)"
66.249.69.172 - - [05/Oct/2024:15:52:31 +0300] "GET /xmw23/evanston-police-arrests.html HTTP/1.0" 200 20992 "-" "Mozilla/5.0 (Linux; Android 6.0.1; Nexus 5X Build/MMB29P) AppleWebKit/537.36 (KHTML, like Gecko) Chrome/129.0.6668.89 Mobile Safari/537.36 (compatible; Googlebot/2.1; +http://www.google.com/bot.html)"
66.249.69.171 - - [05/Oct/2024:15:53:28 +0300] "GET /xmw23/lista-de-detenidos-en-fort-worth,-tx.html HTTP/1.0" 404 29280 "-" "Mozilla/5.0 (Linux; Android 6.0.1; Nexus 5X Build/MMB29P) AppleWebKit/537.36 (KHTML, like Gecko) Chrome/129.0.6668.89 Mobile Safari/537.36 (compatible; Googlebot/2.1; +http://www.google.com/bot.html)"
185.191.171.19 - - [05/Oct/2024:15:54:05 +0300] "GET /4pdfoklhtr.html HTTP/1.0" 404 25951 "-" "Mozilla/5.0 (compatible; SemrushBot/7~bl; +http://www.semrush.com/bot.html)"
85.208.96.202 - - [05/Oct/2024:15:57:28 +0300] "GET /4icpagnhxt.html HTTP/1.0" 404 25951 "-" "Mozilla/5.0 (compatible; SemrushBot/7~bl; +http://www.semrush.com/bot.html)"
185.191.171.2 - - [05/Oct/2024:16:00:13 +0300] "GET /5a4mncd4fi.html HTTP/1.0" 404 29100 "-" "Mozilla/5.0 (compatible; SemrushBot/7~bl; +http://www.semrush.com/bot.html)"
66.249.69.172 - - [05/Oct/2024:16:03:31 +0300] "GET /xmw23/healthcare-jobs-with-visa-sponsorship-uk-salary.html HTTP/1.0" 200 17649 "-" "Mozilla/5.0 (Linux; Android 6.0.1; Nexus 5X Build/MMB29P) AppleWebKit/537.36 (KHTML, like Gecko) Chrome/129.0.6668.89 Mobile Safari/537.36 (compatible; Googlebot/2.1; +http://www.google.com/bot.html)"
85.208.96.196 - - [05/Oct/2024:16:04:00 +0300] "GET /5oa5ol5w0y.html HTTP/1.0" 404 25951 "-" "Mozilla/5.0 (compatible; SemrushBot/7~bl; +http://www.semrush.com/bot.html)"
66.249.69.170 - - [05/Oct/2024:16:08:32 +0300] "GET /xmw23/brazos-county-arrests-today.html HTTP/1.0" 200 25183 "-" "Mozilla/5.0 (Linux; Android 6.0.1; Nexus 5X Build/MMB29P) AppleWebKit/537.36 (KHTML, like Gecko) Chrome/129.0.6668.89 Mobile Safari/537.36 (compatible; Googlebot/2.1; +http://www.google.com/bot.html)"
54.36.148.55 - - [05/Oct/2024:16:11:37 +0300] "GET /news/nalogi/izmeneniya-v-ischislenii-edinogo-selskokhozyaystvennogo-naloga-/ HTTP/1.0" 200 35796 "-" "Mozilla/5.0 (compatible; AhrefsBot/7.0; +http://ahrefs.com/robot/)"
66.249.69.172 - - [05/Oct/2024:16:26:33 +0300] "GET /xmw23/upshur-county-busted-newspaper.html HTTP/1.0" 200 13782 "-" "Mozilla/5.0 (Linux; Android 6.0.1; Nexus 5X Build/MMB29P) AppleWebKit/537.36 (KHTML, like Gecko) Chrome/129.0.6668.89 Mobile Safari/537.36 (compatible; Googlebot/2.1; +http://www.google.com/bot.html)"
85.208.96.194 - - [05/Oct/2024:16:32:08 +0300] "GET /3de791dise.html HTTP/1.0" 404 29100 "-" "Mozilla/5.0 (compatible; SemrushBot/7~bl; +http://www.semrush.com/bot.html)"
54.36.149.81 - - [05/Oct/2024:16:34:14 +0300] "GET /news/nalogi/fns-vnov-vzyalas-za-vzaimootnosheniya-s-samozanyatymi/ HTTP/1.0" 200 32706 "-" "Mozilla/5.0 (compatible; AhrefsBot/7.0; +http://ahrefs.com/robot/)"
66.249.69.170 - - [05/Oct/2024:16:38:34 +0300] "GET /xmw23/cash-jobs-in-scarborough-kijiji-no-experience.html HTTP/1.0" 200 17160 "-" "Mozilla/5.0 (Linux; Android 6.0.1; Nexus 5X Build/MMB29P) AppleWebKit/537.36 (KHTML, like Gecko) Chrome/129.0.6668.89 Mobile Safari/537.36 (compatible; Googlebot/2.1; +http://www.google.com/bot.html)"
66.249.69.172 - - [05/Oct/2024:16:40:34 +0300] "GET /xmw23/radiologija-pula-izdavanje-nalaza.html HTTP/1.0" 200 25077 "-" "Mozilla/5.0 (Linux; Android 6.0.1; Nexus 5X Build/MMB29P) AppleWebKit/537.36 (KHTML, like Gecko) Chrome/129.0.6668.89 Mobile Safari/537.36 (compatible; Googlebot/2.1; +http://www.google.com/bot.html)"
185.162.16.189 - - [05/Oct/2024:16:41:34 +0300] "GET /bitrix/admin/index.php HTTP/1.0" 200 22332 "-" "Mozilla/5.0 (Windows NT 6.1) AppleWebKit/537.36 (KHTML, like Gecko) Chrome/45.0.2454.85 Safari/537.36 OPR/32.0.1948.45"
185.162.16.189 - - [05/Oct/2024:16:41:34 +0300] "GET /bitrix/admin/index.php HTTP/1.0" 200 22332 "-" "Mozilla/5.0 (Windows NT 6.1) AppleWebKit/537.36 (KHTML, like Gecko) Chrome/45.0.2454.85 Safari/537.36 OPR/32.0.1948.45"
185.162.16.189 - - [05/Oct/2024:16:41:34 +0300] "GET /bitrix/admin/index.php HTTP/1.0" 200 22332 "-" "Mozilla/5.0 (Windows NT 6.1) AppleWebKit/537.36 (KHTML, like Gecko) Chrome/45.0.2454.85 Safari/537.36 OPR/32.0.1948.45"
185.162.16.189 - - [05/Oct/2024:16:41:35 +0300] "POST /bitrix/admin/?login=yes HTTP/1.0" 200 1010 "-" "Mozilla/5.0 (Windows NT 6.1) AppleWebKit/537.36 (KHTML, like Gecko) Chrome/45.0.2454.85 Safari/537.36 OPR/32.0.1948.45"
185.162.16.189 - - [05/Oct/2024:16:41:35 +0300] "POST /bitrix/admin/?login=yes HTTP/1.0" 200 1010 "-" "Mozilla/5.0 (Windows NT 6.1) AppleWebKit/537.36 (KHTML, like Gecko) Chrome/45.0.2454.85 Safari/537.36 OPR/32.0.1948.45"
185.162.16.189 - - [05/Oct/2024:16:41:35 +0300] "POST /bitrix/admin/?login=yes HTTP/1.0" 200 1010 "-" "Mozilla/5.0 (Windows NT 6.1) AppleWebKit/537.36 (KHTML, like Gecko) Chrome/45.0.2454.85 Safari/537.36 OPR/32.0.1948.45"
185.200.242.95 - - [05/Oct/2024:16:43:35 +0300] "GET / HTTP/1.0" 200 3471 "-" "-"
66.249.69.171 - - [05/Oct/2024:16:58:34 +0300] "GET /xmw23/nwi-indiana.html HTTP/1.0" 200 21521 "-" "Mozilla/5.0 (Linux; Android 6.0.1; Nexus 5X Build/MMB29P) AppleWebKit/537.36 (KHTML, like Gecko) Chrome/129.0.6668.89 Mobile Safari/537.36 (compatible; Googlebot/2.1; +http://www.google.com/bot.html)"
54.36.149.91 - - [05/Oct/2024:17:01:12 +0300] "GET /news/nalogi/s-1-yanvarya-2017-goda-vstupaet-v-silu-federalnyy-zakon-rasshiryayushchiy-perechen-organizatsiy-priz/ HTTP/1.0" 200 33333 "-" "Mozilla/5.0 (compatible; AhrefsBot/7.0; +http://ahrefs.com/robot/)"
66.249.69.172 - - [05/Oct/2024:17:02:29 +0300] "GET /xmw23/prodaja-stanova-tuzla.html HTTP/1.0" 200 17580 "-" "Mozilla/5.0 (Linux; Android 6.0.1; Nexus 5X Build/MMB29P) AppleWebKit/537.36 (KHTML, like Gecko) Chrome/129.0.6668.89 Mobile Safari/537.36 (compatible; Googlebot/2.1; +http://www.google.com/bot.html)"
66.249.69.170 - - [05/Oct/2024:17:03:35 +0300] "GET /xmw23/fashion-nova-silver-dress.html HTTP/1.0" 200 20393 "-" "Mozilla/5.0 (Linux; Android 6.0.1; Nexus 5X Build/MMB29P) AppleWebKit/537.36 (KHTML, like Gecko) Chrome/129.0.6668.89 Mobile Safari/537.36 (compatible; Googlebot/2.1; +http://www.google.com/bot.html)"
27.156.198.97 - - [05/Oct/2024:17:04:01 +0300] "GET /xmw23/amul-company-job-contact-number.html HTTP/1.0" 200 22302 "http://creolecodewebdesigns.com/2xcpesei/adult-sexy-pictures-full-naked.html" "Mozilla/5.0 (compatible; Googlebot/2.1; +http://www.google.com/bot.html)"
27.156.198.97 - - [05/Oct/2024:17:04:01 +0300] "GET /xmw23/brandix-hr-contact-number.html HTTP/1.0" 200 35189 "http://creolecodewebdesigns.com/2xcpesei/adult-sexy-pictures-full-naked.html" "Mozilla/5.0 (compatible; Bingbot/2.0; +http://www.bing.com/bingbot.htm)"
27.156.198.97 - - [05/Oct/2024:17:04:41 +0300] "GET /xmw23/existing-home-sales.html HTTP/1.0" 200 29453 "http://creolecodewebdesigns.com/2xcpesei/adult-sexy-pictures-full-naked.html" "Mozilla/5.0 (compatible; Bingbot/2.0; +http://www.bing.com/bingbot.htm)"
27.156.198.97 - - [05/Oct/2024:17:04:42 +0300] "GET /xmw23/stardew-valley-mods-steam.html HTTP/1.0" 200 23063 "http://creolecodewebdesigns.com/2xcpesei/adult-sexy-pictures-full-naked.html" "Mozilla/5.0 (compatible; Bingbot/2.0; +http://www.bing.com/bingbot.htm)"
27.156.198.97 - - [05/Oct/2024:17:04:43 +0300] "GET /xmw23/used-mobile-homes-for-sale-fresno-clovis-area.html HTTP/1.0" 200 29644 "http://creolecodewebdesigns.com/2xcpesei/adult-sexy-pictures-full-naked.html" "Mozilla/5.0 (compatible; Bingbot/2.0; +http://www.bing.com/bingbot.htm)"
85.208.96.211 - - [05/Oct/2024:17:14:55 +0300] "GET /kf7eguzwv.html HTTP/1.0" 404 29098 "-" "Mozilla/5.0 (compatible; SemrushBot/7~bl; +http://www.semrush.com/bot.html)"
66.249.69.171 - - [05/Oct/2024:17:16:36 +0300] "GET /xmw23/fardriver-72240.html HTTP/1.0" 200 19395 "-" "Mozilla/5.0 (Linux; Android 6.0.1; Nexus 5X Build/MMB29P) AppleWebKit/537.36 (KHTML, like Gecko) Chrome/129.0.6668.89 Mobile Safari/537.36 (compatible; Googlebot/2.1; +http://www.google.com/bot.html)"
185.191.171.16 - - [05/Oct/2024:17:18:42 +0300] "GET /5bcf3xyhmn.html HTTP/1.0" 404 25951 "-" "Mozilla/5.0 (compatible; SemrushBot/7~bl; +http://www.semrush.com/bot.html)"
54.36.148.98 - - [05/Oct/2024:17:22:14 +0300] "GET /news/nalogi/novyy-spets-rezhim-avtomatizirovannaya-uproshchennaya-sistema-nalogooblozheniya/ HTTP/1.0" 200 37045 "-" "Mozilla/5.0 (compatible; AhrefsBot/7.0; +http://ahrefs.com/robot/)"
85.208.96.205 - - [05/Oct/2024:17:22:28 +0300] "GET /9g0bblbg0.html HTTP/1.0" 404 29098 "-" "Mozilla/5.0 (compatible; SemrushBot/7~bl; +http://www.semrush.com/bot.html)"
66.249.69.172 - - [05/Oct/2024:17:23:27 +0300] "GET /news/nalogi/lgoty-po-nalogu-na-imushchestvo/ HTTP/1.0" 200 33093 "-" "Mozilla/5.0 (Linux; Android 6.0.1; Nexus 5X Build/MMB29P) AppleWebKit/537.36 (KHTML, like Gecko) Chrome/129.0.6668.89 Mobile Safari/537.36 (compatible; Googlebot/2.1; +http://www.google.com/bot.html)"
66.249.69.170 - - [05/Oct/2024:17:23:33 +0300] "GET /news/nalogi/lgoty-po-nalogu-na-imushchestvo/?bxrand=1726272000000 HTTP/1.0" 200 4827 "https://gcba.ru/news/nalogi/lgoty-po-nalogu-na-imushchestvo/" "Mozilla/5.0 (Linux; Android 6.0.1; Nexus 5X Build/MMB29P) AppleWebKit/537.36 (KHTML, like Gecko) Chrome/129.0.6668.70 Mobile Safari/537.36 (compatible; Googlebot/2.1; +http://www.google.com/bot.html)"
66.249.69.170 - - [05/Oct/2024:17:24:22 +0300] "GET /xmw23/busted-newspaper-seguin.html HTTP/1.0" 200 7612 "-" "Mozilla/5.0 (Linux; Android 6.0.1; Nexus 5X Build/MMB29P) AppleWebKit/537.36 (KHTML, like Gecko) Chrome/129.0.6668.89 Mobile Safari/537.36 (compatible; GoogleOther)"
185.191.171.8 - - [05/Oct/2024:17:24:22 +0300] "GET /1jdcptdhds.html HTTP/1.0" 404 25951 "-" "Mozilla/5.0 (compatible; SemrushBot/7~bl; +http://www.semrush.com/bot.html)"
66.249.69.171 - - [05/Oct/2024:17:24:25 +0300] "GET /xmw23/hotel-jobs-in-uk-with-visa-sponsorship.html HTTP/1.0" 200 23629 "-" "Mozilla/5.0 (Linux; Android 6.0.1; Nexus 5X Build/MMB29P) AppleWebKit/537.36 (KHTML, like Gecko) Chrome/129.0.6668.89 Mobile Safari/537.36 (compatible; GoogleOther)"
185.191.171.9 - - [05/Oct/2024:17:26:09 +0300] "GET /1c3f2ilscc.html HTTP/1.0" 404 25951 "-" "Mozilla/5.0 (compatible; SemrushBot/7~bl; +http://www.semrush.com/bot.html)"
66.249.69.170 - - [05/Oct/2024:17:29:28 +0300] "GET /xmw23/bnd-news-today.html HTTP/1.0" 200 19186 "-" "Mozilla/5.0 (Linux; Android 6.0.1; Nexus 5X Build/MMB29P) AppleWebKit/537.36 (KHTML, like Gecko) Chrome/129.0.6668.89 Mobile Safari/537.36 (compatible; Googlebot/2.1; +http://www.google.com/bot.html)"
66.249.69.170 - - [05/Oct/2024:17:29:29 +0300] "GET /xmw23/normalna-velicina-materice.html HTTP/1.0" 200 24723 "-" "Mozilla/5.0 (Linux; Android 6.0.1; Nexus 5X Build/MMB29P) AppleWebKit/537.36 (KHTML, like Gecko) Chrome/129.0.6668.89 Mobile Safari/537.36 (compatible; Googlebot/2.1; +http://www.google.com/bot.html)"
66.249.69.172 - - [05/Oct/2024:17:29:29 +0300] "GET /xmw23/general-labour-jobs-north-york.html HTTP/1.0" 500 3490 "-" "Mozilla/5.0 (Linux; Android 6.0.1; Nexus 5X Build/MMB29P) AppleWebKit/537.36 (KHTML, like Gecko) Chrome/129.0.6668.89 Mobile Safari/537.36 (compatible; Googlebot/2.1; +http://www.google.com/bot.html)"
85.208.96.197 - - [05/Oct/2024:17:29:31 +0300] "GET /50h11saavt.html HTTP/1.0" 404 25951 "-" "Mozilla/5.0 (compatible; SemrushBot/7~bl; +http://www.semrush.com/bot.html)"
185.191.171.6 - - [05/Oct/2024:17:30:37 +0300] "GET /2o08dblxad.html HTTP/1.0" 404 25951 "-" "Mozilla/5.0 (compatible; SemrushBot/7~bl; +http://www.semrush.com/bot.html)"
66.249.69.171 - - [05/Oct/2024:17:31:30 +0300] "GET /xmw23/cash-in-hand-work-birmingham-gumtree.html HTTP/1.0" 200 27276 "-" "Mozilla/5.0 (Linux; Android 6.0.1; Nexus 5X Build/MMB29P) AppleWebKit/537.36 (KHTML, like Gecko) Chrome/129.0.6668.89 Mobile Safari/537.36 (compatible; Googlebot/2.1; +http://www.google.com/bot.html)"
54.36.148.14 - - [05/Oct/2024:17:36:29 +0300] "GET /news/nalogi/s-1-yanvarya-2017-goda-vstupayut-v-silu-novye-polozheniya-napravlennye-na-sovershenstvovanie-nalogov/ HTTP/1.0" 200 35741 "-" "Mozilla/5.0 (compatible; Ahref66.249.69.170 - - [06/Oct/2024:03:23:40 +0300] "GET /news/pravo/doverennostm-na-sdachu-otchetnosti/ HTTP/1.0" 304 3496 "-" "Mozilla/5.0 (Linux; Android 6.0.1; Nexus 5X Build/MMB29P) AppleWebKit/537.36 (KHTML, like Gecko) Chrome/129.0.6668.89 Mobile Safari/537.36 (compatible; Googlebot/2.1; +http://www.google.com/bot.html)"
66.249.69.170 - - [06/Oct/2024:03:27:04 +0300] "GET /xmw23/what-is-it-like-working-in-a-warehouse-reddit.html HTTP/1.0" 500 341 "-" "Mozilla/5.0 (Linux; Android 6.0.1; Nexus 5X Build/MMB29P) AppleWebKit/537.36 (KHTML, like Gecko) Chrome/129.0.6668.89 Mobile Safari/537.36 (compatible; GoogleOther)"
66.249.69.170 - - [06/Oct/2024:03:28:41 +0300] "GET /xmw23/tightvnc-32-bit.html HTTP/1.0" 500 3490 "-" "Mozilla/5.0 (Linux; Android 6.0.1; Nexus 5X Build/MMB29P) AppleWebKit/537.36 (KHTML, like Gecko) Chrome/129.0.6668.89 Mobile Safari/537.36 (compatible; Googlebot/2.1; +http://www.google.com/bot.html)"
66.249.69.172 - - [06/Oct/2024:03:29:35 +0300] "GET /news/nalogi/izmenen-poryadok-formirovaniya-rezerva-po-somnitelnym-dolgam/?bxajaxid=7890a307e4f4bc7b66250ad1a4ae104f HTTP/1.0" 200 15206 "-" "Mozilla/5.0 (Linux; Android 6.0.1; Nexus 5X Build/MMB29P) AppleWebKit/537.36 (KHTML, like Gecko) Chrome/129.0.6668.89 Mobile Safari/537.36 (compatible; Googlebot/2.1; +http://www.google.com/bot.html)"
85.208.96.206 - - [06/Oct/2024:03:31:37 +0300] "GET /47jno2jreo.html HTTP/1.0" 404 25951 "-" "Mozilla/5.0 (compatible; SemrushBot/7~bl; +http://www.semrush.com/bot.html)"
66.249.69.171 - - [06/Oct/2024:03:33:17 +0300] "GET /xmw23/well-broke-horses-for-sale-in-alberta.html HTTP/1.0" 500 341 "-" "Mozilla/5.0 (Linux; Android 6.0.1; Nexus 5X Build/MMB29P) AppleWebKit/537.36 (KHTML, like Gecko) Chrome/129.0.6668.89 Mobile Safari/537.36 (compatible; GoogleOther)"
66.249.69.171 - - [06/Oct/2024:03:33:42 +0300] "GET /xmw23/najbolji-koncentrat-za-koke-nosilje.html HTTP/1.0" 200 43581 "-" "Mozilla/5.0 (Linux; Android 6.0.1; Nexus 5X Build/MMB29P) AppleWebKit/537.36 (KHTML, like Gecko) Chrome/129.0.6668.89 Mobile Safari/537.36 (compatible; Googlebot/2.1; +http://www.google.com/bot.html)"
66.249.69.172 - - [06/Oct/2024:03:38:42 +0300] "GET /xmw23/google-apprenticeship-reddit.html HTTP/1.0" 500 3490 "-" "Mozilla/5.0 (Linux; Android 6.0.1; Nexus 5X Build/MMB29P) AppleWebKit/537.36 (KHTML, like Gecko) Chrome/129.0.6668.89 Mobile Safari/537.36 (compatible; Googlebot/2.1; +http://www.google.com/bot.html)"
66.249.69.170 - - [06/Oct/2024:03:39:29 +0300] "GET /xmw23/bnha-fic-izuku-mei.html HTTP/1.0" 500 3490 "-" "Mozilla/5.0 (Linux; Android 6.0.1; Nexus 5X Build/MMB29P) AppleWebKit/537.36 (KHTML, like Gecko) Chrome/129.0.6668.89 Mobile Safari/537.36 (compatible; GoogleOther)"
66.249.69.171 - - [06/Oct/2024:03:40:41 +0300] "GET /xmw23/how-to-get-a-job-in-masjid-al-haram-for-male.html HTTP/1.0" 200 39693 "-" "Mozilla/5.0 (Linux; Android 6.0.1; Nexus 5X Build/MMB29P) AppleWebKit/537.36 (KHTML, like Gecko) Chrome/129.0.6668.89 Mobile Safari/537.36 (compatible; Googlebot/2.1; +http://www.google.com/bot.html)"
66.249.69.171 - - [06/Oct/2024:03:45:41 +0300] "GET /xmw23/busted-newspaper-terre-haute.html HTTP/1.0" 200 28841 "-" "Mozilla/5.0 (Linux; Android 6.0.1; Nexus 5X Build/MMB29P) AppleWebKit/537.36 (KHTML, like Gecko) Chrome/129.0.6668.89 Mobile Safari/537.36 (compatible; GoogleOther)"
66.249.69.172 - - [06/Oct/2024:03:48:42 +0300] "GET /xmw23/western-tidewater-regional-jail.html HTTP/1.0" 500 341 "-" "Mozilla/5.0 (Linux; Android 6.0.1; Nexus 5X Build/MMB29P) AppleWebKit/537.36 (KHTML, like Gecko) Chrome/129.0.6668.89 Mobile Safari/537.36 (compatible; Googlebot/2.1; +http://www.google.com/bot.html)"
66.249.69.171 - - [06/Oct/2024:03:51:54 +0300] "GET /xmw23/employer-sponsored-visa-australia-processing-time.html HTTP/1.0" 500 3490 "-" "Mozilla/5.0 (Linux; Android 6.0.1; Nexus 5X Build/MMB29P) AppleWebKit/537.36 (KHTML, like Gecko) Chrome/129.0.6668.89 Mobile Safari/537.36 (compatible; GoogleOther)"
66.249.69.172 - - [06/Oct/2024:03:56:36 +0300] "GET /news/pravo/rss/ HTTP/1.0" 200 12894 "-" "Mozilla/5.0 (Linux; Android 6.0.1; Nexus 5X Build/MMB29P) AppleWebKit/537.36 (KHTML, like Gecko) Chrome/129.0.6668.89 Mobile Safari/537.36 (compatible; Googlebot/2.1; +http://www.google.com/bot.html)"
66.249.69.170 - - [06/Oct/2024:03:56:54 +0300] "GET /xmw23/amazon-warehouse-scarborough-hiring.html HTTP/1.0" 200 16754 "-" "Mozilla/5.0 (Linux; Android 6.0.1; Nexus 5X Build/MMB29P) AppleWebKit/537.36 (KHTML, like Gecko) Chrome/129.0.6668.89 Mobile Safari/537.36 (compatible; Googlebot/2.1; +http://www.google.com/bot.html)"
66.249.69.170 - - [06/Oct/2024:03:57:55 +0300] "GET /xmw23/unity-free-camera-script.html HTTP/1.0" 500 341 "-" "Mozilla/5.0 (Linux; Android 6.0.1; Nexus 5X Build/MMB29P) AppleWebKit/537.36 (KHTML, like Gecko) Chrome/129.0.6668.89 Mobile Safari/537.36 (compatible; Googlebot/2.1; +http://www.google.com/bot.html)"
66.249.69.170 - - [06/Oct/2024:03:58:06 +0300] "GET /xmw23/social-cognitive-and-affective-neuroscience-abbreviation.html HTTP/1.0" 500 341 "-" "Mozilla/5.0 (Linux; Android 6.0.1; Nexus 5X Build/MMB29P) AppleWebKit/537.36 (KHTML, like Gecko) Chrome/129.0.6668.89 Mobile Safari/537.36 (compatible; GoogleOther)"
66.249.69.170 - - [06/Oct/2024:03:58:55 +0300] "GET /xmw23/deberry-funeral-home-denton,-tx-obituaries.html HTTP/1.0" 404 26143 "-" "Mozilla/5.0 (Linux; Android 6.0.1; Nexus 5X Build/MMB29P) AppleWebKit/537.36 (KHTML, like Gecko) Chrome/129.0.6668.89 Mobile Safari/537.36 (compatible; Googlebot/2.1; +http://www.google.com/bot.html)"
66.249.69.172 - - [06/Oct/2024:04:00:55 +0300] "GET /xmw23/arrestos-en-jacksonville-fl.html HTTP/1.0" 500 3490 "-" "Mozilla/5.0 (Linux; Android 6.0.1; Nexus 5X Build/MMB29P) AppleWebKit/537.36 (KHTML, like Gecko) Chrome/129.0.6668.89 Mobile Safari/537.36 (compatible; Googlebot/2.1; +http://www.google.com/bot.html)"
54.36.148.237 - - [06/Oct/2024:04:02:30 +0300] "GET /services/?SECTION_ID=6 HTTP/1.0" 200 17970 "-" "Mozilla/5.0 (compatible; AhrefsBot/7.0; +http://ahrefs.com/robot/)"
66.249.69.172 - - [06/Oct/2024:04:04:18 +0300] "GET /xmw23/laboratorij-pula.html HTTP/1.0" 500 341 "-" "Mozilla/5.0 (Linux; Android 6.0.1; Nexus 5X Build/MMB29P) AppleWebKit/537.36 (KHTML, like Gecko) Chrome/129.0.6668.89 Mobile Safari/537.36 (compatible; GoogleOther)"
66.249.69.170 - - [06/Oct/2024:04:04:56 +0300] "GET /xmw23/beliani-jobs.html HTTP/1.0" 500 341 "-" "Mozilla/5.0 (Linux; Android 6.0.1; Nexus 5X Build/MMB29P) AppleWebKit/537.36 (KHTML, like Gecko) Chrome/129.0.6668.89 Mobile Safari/537.36 (compatible; Googlebot/2.1; +http://www.google.com/bot.html)"
66.249.69.172 - - [06/Oct/2024:04:10:31 +0300] "GET /xmw23/work-and-holiday-visa-australia.html HTTP/1.0" 500 3490 "-" "Mozilla/5.0 (Linux; Android 6.0.1; Nexus 5X Build/MMB29P) AppleWebKit/537.36 (KHTML, like Gecko) Chrome/129.0.6668.89 Mobile Safari/537.36 (compatible; GoogleOther)"
66.249.69.172 - - [06/Oct/2024:04:11:12 +0300] "GET /xmw23/ollama-tutorial.html HTTP/1.0" 500 341 "-" "Mozilla/5.0 (Linux; Android 6.0.1; Nexus 5X Build/MMB29P) AppleWebKit/537.36 (KHTML, like Gecko) Chrome/129.0.6668.89 Mobile Safari/537.36 (compatible; GoogleOther)"
66.249.69.170 - - [06/Oct/2024:04:12:40 +0300] "GET /xmw23/eval-ploce-za-krov.html HTTP/1.0" 500 341 "-" "Mozilla/5.0 (Linux; Android 6.0.1; Nexus 5X Build/MMB29P) AppleWebKit/537.36 (KHTML, like Gecko) Chrome/129.0.6668.89 Mobile Safari/537.36 (compatible; Googlebot/2.1; +http://www.google.com/bot.html)"
66.249.69.170 - - [06/Oct/2024:04:13:36 +0300] "GET /news/nalogi/s-1-yanvarya-2017-goda-edinovremennye-denezhnye-vyplaty-pensioneram-budut-osvobozhdeny-ot-oblozheniya/?bxajaxid=7890a307e4f4bc7b66250ad1a4ae104f HTTP/1.0" 200 12098 "-" "Mozilla/5.0 (Linux; Android 6.0.1; Nexus 5X Build/MMB29P) AppleWebKit/537.36 (KHTML, like Gecko) Chrome/129.0.6668.89 Mobile Safari/537.36 (compatible; Googlebot/2.1; +http://www.google.com/bot.html)"
66.249.69.171 - - [06/Oct/2024:04:14:37 +0300] "GET /news/nalogi/predostavlenie-sotsialnogo-nalogovogo-vycheta-u-rabotodatelya-do-okonchaniya-nalogovogo-perioda/?bxajaxid=7890a307e4f4bc7b66250ad1a4ae104f HTTP/1.0" 200 15241 "-" "Mozilla/5.0 (Linux; Android 6.0.1; Nexus 5X Build/MMB29P) AppleWebKit/537.36 (KHTML, like Gecko) Chrome/129.0.6668.89 Mobile Safari/537.36 (compatible; Googlebot/2.1; +http://www.google.com/bot.html)"
66.249.69.172 - - [06/Oct/2024:04:14:40 +0300] "GET /news/nalogi/kak-izmenyatsya-nds-usn-envd-i-eskhn-v-2018-godu/ HTTP/1.0" 200 45756 "-" "Mozilla/5.0 (Linux; Android 6.0.1; Nexus 5X Build/MMB29P) AppleWebKit/537.36 (KHTML, like Gecko) Chrome/129.0.6668.89 Mobile Safari/537.36 (compatible; Googlebot/2.1; +http://www.google.com/bot.html)"
66.249.69.170 - - [06/Oct/2024:04:14:43 +0300] "GET /news/nalogi/kak-izmenyatsya-nds-usn-envd-i-eskhn-v-2018-godu/?bxrand=1726272000000 HTTP/1.0" 200 4861 "https://gcba.ru/news/nalogi/kak-izmenyatsya-nds-usn-envd-i-eskhn-v-2018-godu/" "Mozilla/5.0 (Linux; Android 6.0.1; Nexus 5X Build/MMB29P) AppleWebKit/537.36 (KHTML, like Gecko) Chrome/129.0.6668.70 Mobile Safari/537.36 (compatible; Googlebot/2.1; +http://www.google.com/bot.html)"
66.249.69.171 - - [06/Oct/2024:04:16:46 +0300] "GET /xmw23/bnsf-logistics-carrier-setup.html HTTP/1.0" 500 341 "-" "Mozilla/5.0 (Linux; Android 6.0.1; Nexus 5X Build/MMB29P) AppleWebKit/537.36 (KHTML, like Gecko) Chrome/129.0.6668.89 Mobile Safari/537.36 (compatible; GoogleOther)"
66.249.69.171 - - [06/Oct/2024:04:22:41 +0300] "GET /xmw23/fpl-analysis.html HTTP/1.0" 500 3490 "-" "Mozilla/5.0 (Linux; Android 6.0.1; Nexus 5X Build/MMB29P) AppleWebKit/537.36 (KHTML, like Gecko) Chrome/129.0.6668.89 Mobile Safari/537.36 (compatible; Googlebot/2.1; +http://www.google.com/bot.html)"
66.249.69.171 - - [06/Oct/2024:04:22:55 +0300] "GET /xmw23/e46-320d-turbo-upgrade.html HTTP/1.0" 500 341 "-" "Mozilla/5.0 (Linux; Android 6.0.1; Nexus 5X Build/MMB29P) AppleWebKit/537.36 (KHTML, like Gecko) Chrome/129.0.6668.89 Mobile Safari/537.36 (compatible; GoogleOther)"
66.249.69.170 - - [06/Oct/2024:04:29:08 +0300] "GET /xmw23/throughput-lte.html HTTP/1.0" 500 3490 "-" "Mozilla/5.0 (Linux; Android 6.0.1; Nexus 5X Build/MMB29P) AppleWebKit/537.36 (KHTML, like Gecko) Chrome/129.0.6668.89 Mobile Safari/537.36 (compatible; GoogleOther)"
66.249.69.170 - - [06/Oct/2024:04:29:42 +0300] "GET /xmw23/betonski-blokovi-bauhaus.html HTTP/1.0" 200 25861 "-" "Mozilla/5.0 (Linux; Android 6.0.1; Nexus 5X Build/MMB29P) AppleWebKit/537.36 (KHTML, like Gecko) Chrome/129.0.6668.89 Mobile Safari/537.36 (compatible; Googlebot/2.1; +http://www.google.com/bot.html)"
66.249.69.170 - - [06/Oct/2024:04:31:42 +0300] "GET /xmw23/jail-harris-county.html HTTP/1.0" 500 341 "-" "Mozilla/5.0 (Linux; Android 6.0.1; Nexus 5X Build/MMB29P) AppleWebKit/537.36 (KHTML, like Gecko) Chrome/129.0.6668.89 Mobile Safari/537.36 (compatible; Googlebot/2.1; +http://www.google.com/bot.html)"
94.154.239.69 - - [06/Oct/2024:04:34:19 +0300] "GET /eng/services/?SECTION_ID=13 HTTP/1.0" 200 21730 "-" "Mozilla/5.0 (compatible; MJ12bot/v1.4.8; http://mj12bot.com/)"
94.154.239.69 - - [06/Oct/2024:04:34:27 +0300] "GET /eng/services/?SECTION_ID=14 HTTP/1.0" 200 15841 "-" "Mozilla/5.0 (compatible; MJ12bot/v1.4.8; http://mj12bot.com/)"
94.154.239.69 - - [06/Oct/2024:04:34:37 +0300] "GET /eng/services/?SECTION_ID=15 HTTP/1.0" 200 15841 "-" "Mozilla/5.0 (compatible; MJ12bot/v1.4.8; http://mj12bot.com/)"
66.249.69.171 - - [06/Oct/2024:04:34:43 +0300] "GET /xmw23/koliko-epizoda-ima-turska-serija-osveta.html HTTP/1.0" 500 3490 "-" "Mozilla/5.0 (Linux; Android 6.0.1; Nexus 5X Build/MMB29P) AppleWebKit/537.36 (KHTML, like Gecko) Chrome/129.0.6668.89 Mobile Safari/537.36 (compatible; Googlebot/2.1; +http://www.google.com/bot.html)"
94.154.239.69 - - [06/Oct/2024:04:34:47 +0300] "GET /eng/services/?SECTION_ID=16 HTTP/1.0" 200 18980 "-" "Mozilla/5.0 (compatible; MJ12bot/v1.4.8; http://mj12bot.com/)"
94.154.239.69 - - [06/Oct/2024:04:35:21 +0300] "GET /news/ HTTP/1.0" 200 34976 "-" "Mozilla/5.0 (compatible; MJ12bot/v1.4.8; http://mj12bot.com/)"
66.249.69.171 - - [06/Oct/2024:04:35:21 +0300] "GET /xmw23/who-is-the-chief-of-western-province.html HTTP/1.0" 500 341 "-" "Mozilla/5.0 (Linux; Android 6.0.1; Nexus 5X Build/MMB29P) AppleWebKit/537.36 (KHTML, like Gecko) Chrome/129.0.6668.89 Mobile Safari/537.36 (compatible; GoogleOther)"
94.154.239.69 - - [06/Oct/2024:04:35:30 +0300] "GET /news/ HTTP/1.0" 200 34976 "-" "Mozilla/5.0 (compatible; MJ12bot/v1.4.8; http://mj12bot.com/)"
94.154.239.69 - - [06/Oct/2024:04:35:42 +0300] "GET /news/?PAGEN_1=2 HTTP/1.0" 200 31707 "-" "Mozilla/5.0 (compatible; MJ12bot/v1.4.8; http://mj12bot.com/)"
94.154.239.69 - - [06/Oct/2024:04:35:51 +0300] "GET /news/?PAGEN_1=2 HTTP/1.0" 200 31707 "-" "Mozilla/5.0 (compatible; MJ12bot/v1.4.8; http://mj12bot.com/)"
94.154.239.69 - - [06/Oct/2024:04:35:59 +0300] "GET /news/?PAGEN_1=3 HTTP/1.0" 200 52950 "-" "Mozilla/5.0 (compatible; MJ12bot/v1.4.8; http://mj12bot.com/)"
94.154.239.69 - - [06/Oct/2024:04:36:50 +0300] "GET /10/ HTTP/1.0" 404 25927 "-" "Mozilla/5.0 (compatible; MJ12bot/v1.4.8; http://mj12bot.com/)"
94.154.239.69 - - [06/Oct/2024:04:37:03 +0300] "GET /10/?p=4 HTTP/1.0" 404 25935 "-" "Mozilla/5.0 (compatible; MJ12bot/v1.4.8; http://mj12bot.com/)"
94.154.239.69 - - [06/Oct/2024:04:37:13 +0300] "GET /11/ HTTP/1.0" 404 25927 "-" "Mozilla/5.0 (compatible; MJ12bot/v1.4.8; http://mj12bot.com/)"
94.154.239.69 - - [06/Oct/2024:04:37:29 +0300] "GET /11/?p=4 HTTP/1.0" 404 25935 "-" "Mozilla/5.0 (compatible; MJ12bot/v1.4.8; http://mj12bot.com/)"
94.154.239.69 - - [06/Oct/2024:04:37:44 +0300] "GET /11?p=4 HTTP/1.0" 404 25933 "-" "Mozilla/5.0 (compatible; MJ12bot/v1.4.8; http://mj12bot.com/)"
94.154.239.69 - - [06/Oct/2024:04:37:58 +0300] "GET /12/ HTTP/1.0" 404 25927 "-" "Mozilla/5.0 (compatible; MJ12bot/v1.4.8; http://mj12bot.com/)"
94.154.239.69 - - [06/Oct/2024:04:38:09 +0300] "GET /12/?p=4 HTTP/1.0" 404 25935 "-" "Mozilla/5.0 (compatible; MJ12bot/v1.4.8; http://mj12bot.com/)"
94.154.239.69 - - [06/Oct/2024:04:38:22 +0300] "GET /12?p=4 HTTP/1.0" 404 25933 "-" "Mozilla/5.0 (compatible; MJ12bot/v1.4.8; http://mj12bot.com/)"
94.154.239.69 - - [06/Oct/2024:04:38:34 +0300] "GET /13/?p=4 HTTP/1.0" 404 25935 "-" "Mozilla/5.0 (compatible; MJ12bot/v1.4.8; http://mj12bot.com/)"
94.154.239.69 - - [06/Oct/2024:04:38:47 +0300] "GET /13?p=4 HTTP/1.0" 404 25933 "-" "Mozilla/5.0 (compatible; MJ12bot/v1.4.8; http://mj12bot.com/)"
94.154.239.69 - - [06/Oct/2024:04:39:02 +0300] "GET /14/?p=4 HTTP/1.0" 404 25935 "-" "Mozilla/5.0 (compatible; MJ12bot/v1.4.8; http://mj12bot.com/)"
94.154.239.69 - - [06/Oct/2024:04:39:16 +0300] "GET /15/?p=4 HTTP/1.0" 404 25935 "-" "Mozilla/5.0 (compatible; MJ12bot/v1.4.8; http://mj12bot.com/)"
94.154.239.69 - - [06/Oct/2024:04:39:32 +0300] "GET /1?p=4 HTTP/1.0" 404 25931 "-" "Mozilla/5.0 (compatible; MJ12bot/v1.4.8; http://mj12bot.com/)"
94.154.239.69 - - [06/Oct/2024:04:39:41 +0300] "GET /2/ HTTP/1.0" 404 25925 "-" "Mozilla/5.0 (compatible; MJ12bot/v1.4.8; http://mj12bot.com/)"
94.154.239.69 - - [06/Oct/2024:04:39:54 +0300] "GET /2/?p=4 HTTP/1.0" 404 29082 "-" "Mozilla/5.0 (compatible; MJ12bot/v1.4.8; http://mj12bot.com/)"
94.154.239.69 - - [06/Oct/2024:04:40:04 +0300] "GET /2?p=4 HTTP/1.0" 404 25931 "-" "Mozilla/5.0 (compatible; MJ12bot/v1.4.8; http://mj12bot.com/)"
94.154.239.69 - - [06/Oct/2024:04:40:17 +0300] "GET /3/2/ HTTP/1.0" 404 25929 "-" "Mozilla/5.0 (compatible; MJ12bot/v1.4.8; http://mj12bot.com/)"
178.184.24.11 - - [06/Oct/2024:04:40:20 +0300] "GET / HTTP/1.0" 200 3471 "https://gcba.ru/" "Mozilla/5.0 (Windows NT 10.0; WOW64) AppleWebKit/537.36 (KHTML, like Gecko) Chrome/90.0.4400.8 Safari/537.36"
94.154.239.69 - - [06/Oct/2024:04:40:30 +0300] "GET /3/2/?p=4 HTTP/1.0" 404 25937 "-" "Mozilla/5.0 (compatible; MJ12bot/v1.4.8; http://mj12bot.com/)"
94.154.239.69 - - [06/Oct/2024:04:40:39 +0300] "GET /3/2?p=4 HTTP/1.0" 404 25935 "-" "Mozilla/5.0 (compatible; MJ12bot/v1.4.8; http://mj12bot.com/)"
94.154.239.69 - - [06/Oct/2024:04:40:48 +0300] "GET /3/3/ HTTP/1.0" 404 25929 "-" "Mozilla/5.0 (compatible; MJ12bot/v1.4.8; http://mj12bot.com/)"
94.154.239.69 - - [06/Oct/2024:04:40:59 +0300] "GET /3/3?p=4 HTTP/1.0" 404 25935 "-" "Mozilla/5.0 (compatible; MJ12bot/v1.4.8; http://mj12bot.com/)"
94.154.239.69 - - [06/Oct/2024:04:41:12 +0300] "GET /3/4/ HTTP/1.0" 404 25929 "-" "Mozilla/5.0 (compatible; MJ12bot/v1.4.8; http://mj12bot.com/)"
94.154.239.69 - - [06/Oct/2024:04:41:24 +0300] "GET /3/4/?p=4 HTTP/1.0" 404 25937 "-" "Mozilla/5.0 (compatible; MJ12bot/v1.4.8; http://mj12bot.com/)"
66.249.69.170 - - [06/Oct/2024:04:41:33 +0300] "GET /xmw23/error-del-servicio-de-disco-virtual-no-se-permiten-las-operaciones-de-limpieza-en-disco.html HTTP/1.0" 500 341 "-" "Mozilla/5.0 (Linux; Android 6.0.1; Nexus 5X Build/MMB29P) AppleWebKit/537.36 (KHTML, like Gecko) Chrome/129.0.6668.89 Mobile Safari/537.36 (compatible; GoogleOther)"
66.249.69.171 - - [06/Oct/2024:04:41:38 +0300] "GET /news/nalogi/izmeneniya-v-ischislenii-edinogo-selskokhozyaystvennogo-naloga-/?bxajaxid=7890a307e4f4bc7b66250ad1a4ae104f HTTP/1.0" 200 12060 "-" "Mozilla/5.0 (Linux; Android 6.0.1; Nexus 5X Build/MMB29P) AppleWebKit/537.36 (KHTML, like Gecko) Chrome/129.0.6668.89 Mobile Safari/537.36 (compatible; Googlebot/2.1; +http://www.google.com/bot.html)"
66.249.69.170 - - [06/Oct/2024:04:41:39 +0300] "GET /xmw23/xunit-async-setup.html HTTP/1.0" 500 341 "-" "Mozilla/5.0 (Linux; Android 6.0.1; Nexus 5X Build/MMB29P) AppleWebKit/537.36 (KHTML, like Gecko) Chrome/129.0.6668.89 Mobile Safari/537.36 (compatible; Googlebot/2.1; +http://www.google.com/bot.html)"
94.154.239.69 - - [06/Oct/2024:04:41:40 +0300] "GET /3/4?p=4 HTTP/1.0" 404 25935 "-" "Mozilla/5.0 (compatible; MJ12bot/v1.4.8; http://mj12bot.com/)"
94.154.239.69 - - [06/Oct/2024:04:41:50 +0300] "GET /3/?p=4 HTTP/1.0" 404 25933 "-" "Mozilla/5.0 (compatible; MJ12bot/v1.4.8; http://mj12bot.com/)"
94.154.239.69 - - [06/Oct/2024:04:42:04 +0300] "GET /3?p=4 HTTP/1.0" 404 25931 "-" "Mozilla/5.0 (compatible; MJ12bot/v1.4.8; http://mj12bot.com/)"
94.154.239.69 - - [06/Oct/2024:04:42:13 +0300] "GET /4/16/ HTTP/1.0" 404 25931 "-" "Mozilla/5.0 (compatible; MJ12bot/v1.4.8; http://mj12bot.com/)"
94.154.239.69 - - [06/Oct/2024:04:42:25 +0300] "GET /4/17/ HTTP/1.0" 404 25931 "-" "Mozilla/5.0 (compatible; MJ12bot/v1.4.8; http://mj12bot.com/)"
94.154.239.69 - - [06/Oct/2024:04:42:36 +0300] "GET /40/ HTTP/1.0" 404 25927 "-" "Mozilla/5.0 (compatible; MJ12bot/v1.4.8; http://mj12bot.com/)"
94.154.239.69 - - [06/Oct/2024:04:42:50 +0300] "GET /44/ HTTP/1.0" 404 25927 "-" "Mozilla/5.0 (compatible; MJ12bot/v1.4.8; http://mj12bot.com/)"
94.154.239.69 - - [06/Oct/2024:04:43:03 +0300] "GET /45/ HTTP/1.0" 404 25927 "-" "Mozilla/5.0 (compatible; MJ12bot/v1.4.8; http://mj12bot.com/)"
94.154.239.69 - - [06/Oct/2024:04:43:15 +0300] "GET /46/ HTTP/1.0" 404 25927 "-" "Mozilla/5.0 (compatible; MJ12bot/v1.4.8; http://mj12bot.com/)"
94.154.239.69 - - [06/Oct/2024:04:43:28 +0300] "GET /5/ HTTP/1.0" 404 25925 "-" "Mozilla/5.0 (compatible; MJ12bot/v1.4.8; http://mj12bot.com/)"
94.154.239.69 - - [06/Oct/2024:04:43:42 +0300] "GET /6/?p=4 HTTP/1.0" 404 25933 "-" "Mozilla/5.0 (compatible; MJ12bot/v1.4.8; http://mj12bot.com/)"
94.154.239.69 - - [06/Oct/2024:04:43:54 +0300] "GET /7/ HTTP/1.0" 404 25925 "-" "Mozilla/5.0 (compatible; MJ12bot/v1.4.8; http://mj12bot.com/)"
85.215.250.135 - - [06/Oct/2024:04:43:59 +0300] "GET / HTTP/1.0" 200 322 "-" "Mozilla/5.0 (compatible; Googlebot/2.1; +http://www.google.com/bot.html)"
85.215.250.135 - - [06/Oct/2024:04:43:59 +0300] "GET / HTTP/1.0" 200 322 "-" "Mozilla/5.0 (Macintosh; Intel Mac OS X 10_15_6) AppleWebKit/605.1.15 (KHTML, like Gecko) Version/14.0.3 Safari/605.1.15"
94.154.239.69 - - [06/Oct/2024:04:44:07 +0300] "GET /7/?p=4 HTTP/1.0" 404 25933 "-" "Mozilla/5.0 (compatible; MJ12bot/v1.4.8; http://mj12bot.com/)"
94.154.239.69 - - [06/Oct/2024:04:44:19 +0300] "GET /9/ HTTP/1.0" 404 25925 "-" "Mozilla/5.0 (compatible; MJ12bot/v1.4.8; http://mj12bot.com/)"
94.154.239.69 - - [06/Oct/2024:04:44:29 +0300] "GET /9/?p=4 HTTP/1.0" 404 25933 "-" "Mozilla/5.0 (compatible; MJ12bot/v1.4.8; http://mj12bot.com/)"
94.154.239.69 - - [06/Oct/2024:04:44:42 +0300] "GET /9?p=4 HTTP/1.0" 404 25931 "-" "Mozilla/5.0 (compatible; MJ12bot/v1.4.8; http://mj12bot.com/)"
94.154.239.69 - - [06/Oct/2024:04:44:53 +0300] "GET /?p=4 HTTP/1.0" 200 322 "-" "Mozilla/5.0 (compatible; MJ12bot/v1.4.8; http://mj12bot.com/)"
66.249.69.170 - - [06/Oct/2024:04:45:40 +0300] "GET /xmw23/aws-transfer-family-permission-denied.html HTTP/1.0" 500 3490 "-" "Mozilla/5.0 (Linux; Android 6.0.1; Nexus 5X Build/MMB29P) AppleWebKit/537.36 (KHTML, like Gecko) Chrome/129.0.6668.89 Mobile Safari/537.36 (compatible; Googlebot/2.1; +http://www.google.com/bot.html)"
66.249.69.170 - - [06/Oct/2024:04:47:45 +0300] "GET /xmw23/costco-credit-card-benefits.html HTTP/1.0" 500 341 "-" "Mozilla/5.0 (Linux; Android 6.0.1; Nexus 5X Build/MMB29P) AppleWebKit/537.36 (KHTML, like Gecko) Chrome/129.0.6668.89 Mobile Safari/537.36 (compatible; GoogleOther)"
66.249.69.170 - - [06/Oct/2024:04:47:47 +0300] "GET /xmw23/uinta-county-courthouse.html HTTP/1.0" 500 341 "-" "Mozilla/5.0 (Linux; Android 6.0.1; Nexus 5X Build/MMB29P) AppleWebKit/537.36 (KHTML, like Gecko) Chrome/129.0.6668.89 Mobile Safari/537.36 (compatible; Googlebot/2.1; +http://www.google.com/bot.html)"
66.249.69.170 - - [06/Oct/2024:04:49:48 +0300] "GET /xmw23/dog-licence-renewal.html HTTP/1.0" 500 341 "-" "Mozilla/5.0 (Linux; Android 6.0.1; Nexus 5X Build/MMB29P) AppleWebKit/537.36 (KHTML, like Gecko) Chrome/129.0.6668.89 Mobile Safari/537.36 (compatible; Googlebot/2.1; +http://www.google.com/bot.html)"
66.249.69.171 - - [06/Oct/2024:04:53:57 +0300] "GET /xmw23/open-images-dataset-v7-and-extensions.html HTTP/1.0" 200 21946 "-" "Mozilla/5.0 (Linux; Android 6.0.1; Nexus 5X Build/MMB29P) AppleWebKit/537.36 (KHTML, like Gecko) Chrome/129.0.6668.89 Mobile Safari/537.36 (compatible; GoogleOther)"
66.249.69.170 - - [06/Oct/2024:04:58:48 +0300] "GET /news/nalogi/blanki-scheta-faktury-i-korrektirovochnogo-scheta-faktury-dopolneny-novoy-strokoy/ HTTP/1.0" 200 30759 "-" "Mozilla/5.0 (Linux; Android 6.0.1; Nexus 5X Build/MMB29P) AppleWebKit/537.36 (KHTML, like Gecko) Chrome/129.0.6668.89 Mobile Safari/537.36 (compatible; Googlebot/2.1; +http://www.google.com/bot.html)"
66.249.69.171 - - [06/Oct/2024:04:58:49 +0300] "GET /xmw23/pydantic-settings.html HTTP/1.0" 500 3490 "-" "Mozilla/5.0 (Linux; Android 6.0.1; Nexus 5X Build/MMB29P) AppleWebKit/537.36 (KHTML, like Gecko) Chrome/129.0.6668.89 Mobile Safari/537.36 (compatible; Googlebot/2.1; +http://www.google.com/bot.html)"
66.249.69.170 - - [06/Oct/2024:04:58:54 +0300] "GET /news/nalogi/blanki-scheta-faktury-i-korrektirovochnogo-scheta-faktury-dopolneny-novoy-strokoy/?bxrand=1726272000000 HTTP/1.0" 200 4927 "https://gcba.ru/news/nalogi/blanki-scheta-faktury-i-korrektirovochnogo-scheta-faktury-dopolneny-novoy-strokoy/" "Mozilla/5.0 (Linux; Android 6.0.1; Nexus 5X Build/MMB29P) AppleWebKit/537.36 (KHTML, like Gecko) Chrome/129.0.6668.70 Mobile Safari/537.36 (compatible; Googlebot/2.1; +http://www.google.com/bot.html)"
66.249.69.172 - - [06/Oct/2024:05:00:18 +0300] "GET /xmw23/discover.html HTTP/1.0" 500 3490 "-" "Mozilla/5.0 (Linux; Android 6.0.1; Nexus 5X Build/MMB29P) AppleWebKit/537.36 (KHTML, like Gecko) Chrome/129.0.6668.89 Mobile Safari/537.36 (compatible; GoogleOther)"
185.162.16.189 - - [06/Oct/2024:05:01:15 +0300] "GET /bitrix/admin/index.php HTTP/1.0" 200 22332 "-" "Mozilla/5.0 (Windows NT 6.1) AppleWebKit/537.36 (KHTML, like Gecko) Chrome/45.0.2454.85 Safari/537.36 OPR/32.0.1948.45"
185.162.16.189 - - [06/Oct/2024:05:01:15 +0300] "GET /bitrix/admin/index.php HTTP/1.0" 200 22332 "-" "Mozilla/5.0 (Windows NT 6.1) AppleWebKit/537.36 (KHTML, like Gecko) Chrome/45.0.2454.85 Safari/537.36 OPR/32.0.1948.45"
185.162.16.189 - - [06/Oct/2024:05:01:15 +0300] "GET /bitrix/admin/index.php HTTP/1.0" 200 22332 "-" "Mozilla/5.0 (Windows NT 6.1) AppleWebKit/537.36 (KHTML, like Gecko) Chrome/45.0.2454.85 Safari/537.36 OPR/32.0.1948.45"
185.162.16.189 - - [06/Oct/2024:05:01:16 +0300] "POST /bitrix/admin/?login=yes HTTP/1.0" 200 1010 "-" "Mozilla/5.0 (Windows NT 6.1) AppleWebKit/537.36 (KHTML, like Gecko) Chrome/45.0.2454.85 Safari/537.36 OPR/32.0.1948.45"
185.162.16.189 - - [06/Oct/2024:05:01:16 +0300] "POST /bitrix/admin/?login=yes HTTP/1.0" 200 1010 "-" "Mozilla/5.0 (Windows NT 6.1) AppleWebKit/537.36 (KHTML, like Gecko) Chrome/45.0.2454.85 Safari/537.36 OPR/32.0.1948.45"
185.162.16.189 - - [06/Oct/2024:05:01:16 +0300] "POST /bitrix/admin/?login=yes HTTP/1.0" 200 1010 "-" "Mozilla/5.0 (Windows NT 6.1) AppleWebKit/537.36 (KHTML, like Gecko) Chrome/45.0.2454.85 Safari/537.36 OPR/32.0.1948.45"
66.249.69.170 - - [06/Oct/2024:05:01:34 +0300] "GET /xmw23/fiberhome-router-password-admin.html HTTP/1.0" 500 341 "-" "Mozilla/5.0 (Linux; Android 6.0.1; Nexus 5X Build/MMB29P) AppleWebKit/537.36 (KHTML, like Gecko) Chrome/129.0.6668.89 Mobile Safari/537.36 (compatible; Googlebot/2.1; +http://www.google.com/bot.html)"
66.249.69.171 - - [06/Oct/2024:05:06:22 +0300] "GET /xmw23/octenisept-za-afte.html HTTP/1.0" 500 3490 "-" "Mozilla/5.0 (Linux; Android 6.0.1; Nexus 5X Build/MMB29P) AppleWebKit/537.36 (KHTML, like Gecko) Chrome/129.0.6668.89 Mobile Safari/537.36 (compatible; GoogleOther)"
66.249.69.171 - - [06/Oct/2024:05:07:41 +0300] "GET /xmw23/swe-salary-reddit.html HTTP/1.0" 200 21117 "-" "Mozilla/5.0 (Linux; Android 6.0.1; Nexus 5X Build/MMB29P) AppleWebKit/537.36 (KHTML, like Gecko) Chrome/129.0.6668.89 Mobile Safari/537.36 (compatible; Googlebot/2.1; +http://www.google.com/bot.html)"
66.249.69.172 - - [06/Oct/2024:05:08:26 +0300] "GET /news/nalogi/novye-lgoty-po-uplate-gosudarstvennykh-poshlin/?bxajaxid=7890a307e4f4bc7b66250ad1a4ae104f HTTP/1.0" 200 12043 "-" "Mozilla/5.0 (Linux; Android 6.0.1; Nexus 5X Build/MMB29P) AppleWebKit/537.36 (KHTML, like Gecko) Chrome/129.0.6668.89 Mobile Safari/537.36 (compatible; Googlebot/2.1; +http://www.google.com/bot.html)"
66.249.69.170 - - [06/Oct/2024:05:09:27 +0300] "GET /news/nalogi/oplata-nalogov-tretimi-litsami/?bxajaxid=7890a307e4f4bc7b66250ad1a4ae104f HTTP/1.0" 200 15176 "-" "Mozilla/5.0 (Linux; Android 6.0.1; Nexus 5X Build/MMB29P) AppleWebKit/537.36 (KHTML, like Gecko) Chrome/129.0.6668.89 Mobile Safari/537.36 (compatible; Googlebot/2.1; +http://www.google.com/bot.html)"
66.249.69.170 - - [06/Oct/2024:05:12:42 +0300] "GET /xmw23/is-citi-mobile-app-down-today.html HTTP/1.0" 500 3490 "-" "Mozilla/5.0 (Linux; Android 6.0.1; Nexus 5X Build/MMB29P) AppleWebKit/537.36 (KHTML, like Gecko) Chrome/129.0.6668.89 Mobile Safari/537.36 (compatible; GoogleOther)"
66.249.69.172 - - [06/Oct/2024:05:14:27 +0300] "GET /news/nalogi/s-1-yanvarya-2017-goda-vnosyatsya-izmeneniya-pri-ischislenii-aktsizov/?bxajaxid=7890a307e4f4bc7b66250ad1a4ae104f HTTP/1.0" 200 12066 "-" "Mozilla/5.0 (Linux; Android 6.0.1; Nexus 5X Build/MMB29P) AppleWebKit/537.36 (KHTML, like Gecko) Chrome/129.0.6668.89 Mobile Safari/537.36 (compatible; Googlebot/2.1; +http://www.google.com/bot.html)"
66.249.69.170 - - [06/Oct/2024:05:15:28 +0300] "GET /eng/ HTTP/1.0" 200 24239 "-" "Mozilla/5.0 (Linux; Android 6.0.1; Nexus 5X Build/MMB29P) AppleWebKit/537.36 (KHTML, like Gecko) Chrome/129.0.6668.89 Mobile Safari/537.36 (compatible; Googlebot/2.1; +http://www.google.com/bot.html)"
66.249.69.171 - - [06/Oct/2024:05:16:29 +0300] "GET /news/metodologiya/banki-v-pogode-za-predprinimatelem/?bxajaxid=7890a307e4f4bc7b66250ad1a4ae104f HTTP/1.0" 200 8868 "-" "Mozilla/5.0 (Linux; Android 6.0.1; Nexus 5X Build/MMB29P) AppleWebKit/537.36 (KHTML, like Gecko) Chrome/129.0.6668.89 Mobile Safari/537.36 (compatible; Googlebot/2.1; +http://www.google.com/bot.html)"
66.249.69.171 - - [06/Oct/2024:05:16:40 +0300] "GET /xmw23/e46-320d-turbo-upgrade.html HTTP/1.0" 500 341 "-" "Mozilla/5.0 (Linux; Android 6.0.1; Nexus 5X Build/MMB29P) AppleWebKit/537.36 (KHTML, like Gecko) Chrome/129.0.6668.89 Mobile Safari/537.36 (compatible; Googlebot/2.1; +http://www.google.com/bot.html)"
66.249.69.171 - - [06/Oct/2024:05:18:47 +0300] "GET /xmw23/ruska-biljna-apoteka-organic-beograd.html HTTP/1.0" 500 341 "-" "Mozilla/5.0 (Linux; Android 6.0.1; Nexus 5X Build/MMB29P) AppleWebKit/537.36 (KHTML, like Gecko) Chrome/129.0.6668.89 Mobile Safari/537.36 (compatible; Googlebot/2.1; +http://www.google.com/bot.html)"
66.249.69.171 - - [06/Oct/2024:05:18:48 +0300] "GET /xmw23/lijek-za-cirkulaciju-u-glavi.html HTTP/1.0" 500 3490 "-" "Mozilla/5.0 (Linux; Android 6.0.1; Nexus 5X Build/MMB29P) AppleWebKit/537.36 (KHTML, like Gecko) Chrome/129.0.6668.89 Mobile Safari/537.36 (compatible; GoogleOther)"
95.108.213.117 - - [06/Oct/2024:05:21:41 +0300] "GET / HTTP/1.0" 200 322 "-" "Mozilla/5.0 (compatible; YandexRenderResourcesBot/1.0; +http://yandex.com/bots) AppleWebKit/537.36 (KHTML, like Gecko) Chrome/108.0.0.0"
66.249.69.172 - - [06/Oct/2024:05:24:29 +0300] "GET /news/pravo/zarplatu-za-schet-sredstv-subsidii-osvobodili-ot-ndfl/?bxajaxid=7890a307e4f4bc7b66250ad1a4ae104f HTTP/1.0" 200 7220 "-" "Mozilla/5.0 (Linux; Android 6.0.1; Nexus 5X Build/MMB29P) AppleWebKit/537.36 (KHTML, like Gecko) Chrome/129.0.6668.89 Mobile Safari/537.36 (compatible; Googlebot/2.1; +http://www.google.com/bot.html)"
66.249.69.172 - - [06/Oct/2024:05:25:00 +0300] "GET /xmw23/kato-unitrack.html HTTP/1.0" 500 3490 "-" "Mozilla/5.0 (Linux; Android 6.0.1; Nexus 5X Build/MMB29P) AppleWebKit/537.36 (KHTML, like Gecko) Chrome/129.0.6668.89 Mobile Safari/537.36 (compatible; GoogleOther)"
66.249.69.170 - - [06/Oct/2024:05:26:15 +0300] "GET /xmw23/employer-sponsored-visa-australia-processing-time.html HTTP/1.0" 500 341 "-" "Mozilla/5.0 (Linux; Android 6.0.1; Nexus 5X Build/MMB29P) AppleWebKit/537.36 (KHTML, like Gecko) Chrome/129.0.6668.89 Mobile Safari/537.36 (compatible; Googlebot/2.1; +http://www.google.com/bot.html)"
66.249.69.171 - - [06/Oct/2024:05:26:30 +0300] "GET /news/metodologiya/s-1-fevralya-2017-goda-v-rossii-menyayutsya-pravila-torgovli/?bxajaxid=7890a307e4f4bc7b66250ad1a4ae104f HTTP/1.0" 200 5745 "-" "Mozilla/5.0 (Linux; Android 6.0.1; Nexus 5X Build/MMB29P) AppleWebKit/537.36 (KHTML, like Gecko) Chrome/129.0.6668.89 Mobile Safari/537.36 (compatible; Googlebot/2.1; +http://www.google.com/bot.html)"
66.249.69.171 - - [06/Oct/2024:05:26:31 +0300] "GET /news/nalogi/lgoty-po-nalogu-na-imushchestvo/?bxajaxid=7890a307e4f4bc7b66250ad1a4ae104f HTTP/1.0" 200 12028 "-" "Mozilla/5.0 (Linux; Android 6.0.1; Nexus 5X Build/MMB29P) AppleWebKit/537.36 (KHTML, like Gecko) Chrome/129.0.6668.89 Mobile Safari/537.36 (compatible; Googlebot/2.1; +http://www.google.com/bot.html)"
66.249.69.171 - - [06/Oct/2024:05:28:16 +0300] "GET /epopr9x2p.html HTTP/1.0" 404 25949 "-" "Mozilla/5.0 (Linux; Android 6.0.1; Nexus 5X Build/MMB29P) AppleWebKit/537.36 (KHTML, like Gecko) Chrome/129.0.6668.89 Mobile Safari/537.36 (compatible; Googlebot/2.1; +http://www.google.com/bot.html)"
66.249.69.170 - - [06/Oct/2024:05:28:36 +0300] "GET /xmw23/kalendari-maya-per-shtatzani.html HTTP/1.0" 200 36835 "-" "Mozilla/5.0 (Linux; Android 6.0.1; Nexus 5X Build/MMB29P) AppleWebKit/537.36 (KHTML, like Gecko) Chrome/129.0.6668.89 Mobile Safari/537.36 (compatible; GoogleOther)"
66.249.69.170 - - [06/Oct/2024:05:28:49 +0300] "GET /51g81yllls.html HTTP/1.0" 404 25951 "-" "Mozilla/5.0 (Linux; Android 6.0.1; Nexus 5X Build/MMB29P) AppleWebKit/537.36 (KHTML, like Gecko) Chrome/129.0.6668.89 Mobile Safari/537.36 (compatible; Googlebot/2.1; +http://www.google.com/bot.html)"
66.249.69.172 - - [06/Oct/2024:05:32:12 +0300] "GET /xmw23/dog-licence-renewal.html HTTP/1.0" 500 3490 "-" "Mozilla/5.0 (Linux; Android 6.0.1; Nexus 5X Build/MMB29P) AppleWebKit/537.36 (KHTML, like Gecko) Chrome/129.0.6668.89 Mobile Safari/537.36 (compatible; GoogleOther)"
66.249.69.171 - - [06/Oct/2024:05:34:17 +0300] "GET /xmw23/nhs-ireland.html HTTP/1.0" 500 3490 "-" "Mozilla/5.0 (Linux; Android 6.0.1; Nexus 5X Build/MMB29P) AppleWebKit/537.36 (KHTML, like Gecko) Chrome/129.0.6668.89 Mobile Safari/537.36 (compatible; Googlebot/2.1; +http://www.google.com/bot.html)"
66.249.69.171 - - [06/Oct/2024:05:35:48 +0300] "GET /xmw23/warehouse-supervisor-job-description.html HTTP/1.0" 500 341 "-" "Mozilla/5.0 (Linux; Android 6.0.1; Nexus 5X Build/MMB29P) AppleWebKit/537.36 (KHTML, like Gecko) Chrome/129.0.6668.89 Mobile Safari/537.36 (compatible; GoogleOther)"
66.249.69.170 - - [06/Oct/2024:05:39:24 +0300] "GET /xmw23/denys-porlock-3-body-problem.html HTTP/1.0" 500 3490 "-" "Mozilla/5.0 (Linux; Android 6.0.1; Nexus 5X Build/MMB29P) AppleWebKit/537.36 (KHTML, like Gecko) Chrome/129.0.6668.89 Mobile Safari/537.36 (compatible; GoogleOther)"
66.249.69.170 - - [06/Oct/2024:05:42:59 +0300] "GET /xmw23/ramses-iii-wife.html HTTP/1.0" 500 341 "-" "Mozilla/5.0 (Linux; Android 6.0.1; Nexus 5X Build/MMB29P) AppleWebKit/537.36 (KHTML, like Gecko) Chrome/129.0.6668.89 Mobile Safari/537.36 (compatible; GoogleOther)"
66.249.69.171 - - [06/Oct/2024:05:43:33 +0300] "GET /news/metodologiya/chto-takoe-ebitda/?bxajaxid=7890a307e4f4bc7b66250ad1a4ae104f HTTP/1.0" 200 8851 "-" "Mozilla/5.0 (Linux; Android 6.0.1; Nexus 5X Build/MMB29P) AppleWebKit/537.36 (KHTML, like Gecko) Chrome/129.0.6668.89 Mobile Safari/537.36 (compatible; Googlebot/2.1; +http://www.google.com/bot.html)"
66.249.69.172 - - [06/Oct/2024:05:44:53 +0300] "GET /news/metodologiya/vozvrat-pereplaty-vznosov-v-pfr/ HTTP/1.0" 200 34045 "-" "Mozilla/5.0 (Linux; Android 6.0.1; Nexus 5X Build/MMB29P) AppleWebKit/537.36 (KHTML, like Gecko) Chrome/129.0.6668.89 Mobile Safari/537.36 (compatible; Googlebot/2.1; +http://www.google.com/bot.html)"
66.249.69.172 - - [06/Oct/2024:05:46:35 +0300] "GET /xmw23/davis-funeral-home-obituary-in-gretna.html HTTP/1.0" 500 341 "-" "Mozilla/5.0 (Linux; Android 6.0.1; Nexus 5X Build/MMB29P) AppleWebKit/537.36 (KHTML, like Gecko) Chrome/129.0.6668.89 Mobile Safari/537.36 (compatible; GoogleOther)"
66.249.69.170 - - [06/Oct/2024:05:50:11 +0300] "GET /xmw23/logistics-jobs-in-canada-for-foreigners.html HTTP/1.0" 500 3490 "-" "Mozilla/5.0 (Linux; Android 6.0.1; Nexus 5X Build/MMB29P) AppleWebKit/537.36 (KHTML, like Gecko) Chrome/129.0.6668.89 Mobile Safari/537.36 (compatible; GoogleOther)"
66.249.69.171 - - [06/Oct/2024:05:51:34 +0300] "GET /news/nalogi/predostavlenie-sotsialnogo-nalogovogo-vycheta-u-rabotodatelya-do-okonchaniya-nalogovogo-perioda/ HTTP/1.0" 200 33865 "-" "Mozilla/5.0 (Linux; Android 6.0.1; Nexus 5X Build/MMB29P) AppleWebKit/537.36 (KHTML, like Gecko) Chrome/129.0.6668.89 Mobile Safari/537.36 (compatible; Googlebot/2.1; +http://www.google.com/bot.html)"
66.249.69.172 - - [06/Oct/2024:05:53:15 +0300] "GET /xmw23/caesar-cipher-key-4.html HTTP/1.0" 500 341 "-" "Mozilla/5.0 (Linux; Android 6.0.1; Nexus 5X Build/MMB29P) AppleWebKit/537.36 (KHTML, like Gecko) Chrome/129.0.6668.89 Mobile Safari/537.36 (compatible; Googlebot/2.1; +http://www.google.com/bot.html)"
66.249.69.171 - - [06/Oct/2024:05:53:48 +0300] "GET /xmw23/how-to-stop-autistic-child-from-biting-others.html HTTP/1.0" 500 341 "-" "Mozilla/5.0 (Linux; Android 6.0.1; Nexus 5X Build/MMB29P) AppleWebKit/537.36 (KHTML, like Gecko) Chrome/129.0.6668.89 Mobile Safari/537.36 (compatible; GoogleOther)"
66.249.69.172 - - [06/Oct/2024:05:55:11 +0300] "GET /xmw23/how-to-add-exceptions-to-firewall-windows-11.html HTTP/1.0" 500 341 "-" "Mozilla/5.0 (Linux; Android 6.0.1; Nexus 5X Build/MMB29P) AppleWebKit/537.36 (KHTML, like Gecko) Chrome/129.0.6668.89 Mobile Safari/537.36 (compatible; Googlebot/2.1; +http://www.google.com/bot.html)"
