85.208.96.206 - - [07/Oct/2024:03:11:39 +0300] "GET /h397dezlv.html HTTP/1.0" 404 34651 "-" "Mozilla/5.0 (compatible; SemrushBot/7~bl; +http://www.semrush.com/bot.html)"
185.191.171.10 - - [07/Oct/2024:03:11:55 +0300] "GET /f1k0w39uf.html HTTP/1.0" 404 34651 "-" "Mozilla/5.0 (compatible; SemrushBot/7~bl; +http://www.semrush.com/bot.html)"
185.191.171.11 - - [07/Oct/2024:03:12:01 +0300] "GET /5e1i6jj7uo.html HTTP/1.0" 404 34653 "-" "Mozilla/5.0 (compatible; SemrushBot/7~bl; +http://www.semrush.com/bot.html)"
185.191.171.10 - - [07/Oct/2024:03:12:38 +0300] "GET /1fom9oiltc.html HTTP/1.0" 404 37802 "-" "Mozilla/5.0 (compatible; SemrushBot/7~bl; +http://www.semrush.com/bot.html)"
85.208.96.193 - - [07/Oct/2024:03:12:58 +0300] "GET /yqmsquctw/truck-driver-jobs-with-visa-sponsorship.html HTTP/1.0" 500 341 "-" "Mozilla/5.0 (compatible; SemrushBot/7~bl; +http://www.semrush.com/bot.html)"
66.249.66.37 - - [07/Oct/2024:03:13:20 +0300] "GET /yqmsquctw/picking-and-packing-job-in-toronto.html HTTP/1.0" 500 341 "-" "Mozilla/5.0 (Linux; Android 6.0.1; Nexus 5X Build/MMB29P) AppleWebKit/537.36 (KHTML, like Gecko) Chrome/129.0.6668.89 Mobile Safari/537.36 (compatible; GoogleOther)"
85.208.96.193 - - [07/Oct/2024:03:13:32 +0300] "GET /3d7efktqss.html HTTP/1.0" 404 34653 "-" "Mozilla/5.0 (compatible; SemrushBot/7~bl; +http://www.semrush.com/bot.html)"
185.191.171.16 - - [07/Oct/2024:03:13:49 +0300] "GET /5mhkncvbbl.html HTTP/1.0" 404 34653 "-" "Mozilla/5.0 (compatible; SemrushBot/7~bl; +http://www.semrush.com/bot.html)"
85.208.96.196 - - [07/Oct/2024:03:13:50 +0300] "GET /64jmlyagkr.html HTTP/1.0" 404 34653 "-" "Mozilla/5.0 (compatible; SemrushBot/7~bl; +http://www.semrush.com/bot.html)"
185.191.171.18 - - [07/Oct/2024:03:13:52 +0300] "GET /508ekml0ir.html HTTP/1.0" 404 34653 "-" "Mozilla/5.0 (compatible; SemrushBot/7~bl; +http://www.semrush.com/bot.html)"
85.208.96.195 - - [07/Oct/2024:03:13:54 +0300] "GET /5n8644ovub.html HTTP/1.0" 404 34653 "-" "Mozilla/5.0 (compatible; SemrushBot/7~bl; +http://www.semrush.com/bot.html)"
85.208.96.195 - - [07/Oct/2024:03:14:08 +0300] "GET /435n3edrmm.html HTTP/1.0" 404 34653 "-" "Mozilla/5.0 (compatible; SemrushBot/7~bl; +http://www.semrush.com/bot.html)"
185.191.171.2 - - [07/Oct/2024:03:14:09 +0300] "GET /2i58gevkkk.html HTTP/1.0" 404 34653 "-" "Mozilla/5.0 (compatible; SemrushBot/7~bl; +http://www.semrush.com/bot.html)"
85.208.96.197 - - [07/Oct/2024:03:14:19 +0300] "GET /35j128yanj.html HTTP/1.0" 404 34653 "-" "Mozilla/5.0 (compatible; SemrushBot/7~bl; +http://www.semrush.com/bot.html)"
5.182.86.168 - - [07/Oct/2024:03:14:23 +0300] "GET / HTTP/1.0" 200 322 "-" "Mozilla/5.0 (Macintosh; Intel Mac OS X 10.8; rv:45.0) Gecko/20100101 Firefox/45.0"
185.191.171.19 - - [07/Oct/2024:03:14:29 +0300] "GET /3lb01ll8up.html HTTP/1.0" 404 34653 "-" "Mozilla/5.0 (compatible; SemrushBot/7~bl; +http://www.semrush.com/bot.html)"
5.182.86.168 - - [07/Oct/2024:03:14:35 +0300] "POST / HTTP/1.0" 200 3471 "https://gcba.ru/" "Mozilla/5.0 (Macintosh; Intel Mac OS X 10.8; rv:45.0) Gecko/20100101 Firefox/45.0"
5.182.86.168 - - [07/Oct/2024:03:14:36 +0300] "GET /95f33f6732e3.php HTTP/1.0" 200 358 "https://gcba.ru/" "Mozilla/5.0 (Macintosh; Intel Mac OS X 10.8; rv:45.0) Gecko/20100101 Firefox/45.0"
66.249.66.36 - - [07/Oct/2024:03:15:19 +0300] "GET /yqmsquctw/windows-audio-enhancements.html HTTP/1.0" 500 341 "-" "Mozilla/5.0 (Linux; Android 6.0.1; Nexus 5X Build/MMB29P) AppleWebKit/537.36 (KHTML, like Gecko) Chrome/129.0.6668.89 Mobile Safari/537.36 (compatible; GoogleOther)"
185.191.171.19 - - [07/Oct/2024:03:15:34 +0300] "GET /1cj0fk2b9h.html HTTP/1.0" 404 34653 "-" "Mozilla/5.0 (compatible; SemrushBot/7~bl; +http://www.semrush.com/bot.html)"
85.208.96.208 - - [07/Oct/2024:03:16:22 +0300] "GET /6ddbdplzrk.html HTTP/1.0" 404 34653 "-" "Mozilla/5.0 (compatible; SemrushBot/7~bl; +http://www.semrush.com/bot.html)"
185.191.171.2 - - [07/Oct/2024:03:16:38 +0300] "GET /54fafrxghl.html HTTP/1.0" 404 34653 "-" "Mozilla/5.0 (compatible; SemrushBot/7~bl; +http://www.semrush.com/bot.html)"
185.191.171.1 - - [07/Oct/2024:03:16:39 +0300] "GET /4bb48srvif.html HTTP/1.0" 404 34653 "-" "Mozilla/5.0 (compatible; SemrushBot/7~bl; +http://www.semrush.com/bot.html)"
85.208.96.203 - - [07/Oct/2024:03:16:46 +0300] "GET /5k77alnvct.html HTTP/1.0" 404 34653 "-" "Mozilla/5.0 (compatible; SemrushBot/7~bl; +http://www.semrush.com/bot.html)"
85.208.96.195 - - [07/Oct/2024:03:17:08 +0300] "GET /27g91nben0.html HTTP/1.0" 404 34653 "-" "Mozilla/5.0 (compatible; SemrushBot/7~bl; +http://www.semrush.com/bot.html)"
185.191.171.7 - - [07/Oct/2024:03:17:14 +0300] "GET /63j8apqjm6.html HTTP/1.0" 404 34653 "-" "Mozilla/5.0 (compatible; SemrushBot/7~bl; +http://www.semrush.com/bot.html)"
185.191.171.7 - - [07/Oct/2024:03:17:16 +0300] "GET /54gkhpw94.html HTTP/1.0" 404 34651 "-" "Mozilla/5.0 (compatible; SemrushBot/7~bl; +http://www.semrush.com/bot.html)"
66.249.66.35 - - [07/Oct/2024:03:17:20 +0300] "GET /yqmsquctw/how-to-download-images-from-open-images-dataset-v7.html HTTP/1.0" 500 341 "-" "Mozilla/5.0 (Linux; Android 6.0.1; Nexus 5X Build/MMB29P) AppleWebKit/537.36 (KHTML, like Gecko) Chrome/129.0.6668.89 Mobile Safari/537.36 (compatible; Googlebot/2.1; +http://www.google.com/bot.html)"
66.249.66.36 - - [07/Oct/2024:03:17:20 +0300] "GET /yqmsquctw/pine-bluff-obituaries-today.html HTTP/1.0" 500 341 "-" "Mozilla/5.0 (Linux; Android 6.0.1; Nexus 5X Build/MMB29P) AppleWebKit/537.36 (KHTML, like Gecko) Chrome/129.0.6668.89 Mobile Safari/537.36 (compatible; GoogleOther)"
85.208.96.211 - - [07/Oct/2024:03:17:34 +0300] "GET /69gbinocgu.html HTTP/1.0" 404 34653 "-" "Mozilla/5.0 (compatible; SemrushBot/7~bl; +http://www.semrush.com/bot.html)"
66.249.66.35 - - [07/Oct/2024:03:17:47 +0300] "GET /yqmsquctw/esp32-arduino-library.html HTTP/1.0" 500 3490 "-" "Mozilla/5.0 (Linux; Android 6.0.1; Nexus 5X Build/MMB29P) AppleWebKit/537.36 (KHTML, like Gecko) Chrome/129.0.6668.89 Mobile Safari/537.36 (compatible; GoogleOther)"
185.191.171.16 - - [07/Oct/2024:03:17:51 +0300] "GET /eadbbecfv.html HTTP/1.0" 404 34651 "-" "Mozilla/5.0 (compatible; SemrushBot/7~bl; +http://www.semrush.com/bot.html)"
185.191.171.17 - - [07/Oct/2024:03:18:20 +0300] "GET /1kcen7vwm2.html HTTP/1.0" 404 34653 "-" "Mozilla/5.0 (compatible; SemrushBot/7~bl; +http://www.semrush.com/bot.html)"
185.191.171.14 - - [07/Oct/2024:03:19:01 +0300] "GET /5foono86yp.html HTTP/1.0" 404 34653 "-" "Mozilla/5.0 (compatible; SemrushBot/7~bl; +http://www.semrush.com/bot.html)"
66.249.66.37 - - [07/Oct/2024:03:19:21 +0300] "GET /yqmsquctw/mv-automobile-avis.html HTTP/1.0" 500 341 "-" "Mozilla/5.0 (Linux; Android 6.0.1; Nexus 5X Build/MMB29P) AppleWebKit/537.36 (KHTML, like Gecko) Chrome/129.0.6668.89 Mobile Safari/537.36 (compatible; Googlebot/2.1; +http://www.google.com/bot.html)"
66.249.66.35 - - [07/Oct/2024:03:19:21 +0300] "GET /yqmsquctw/player-movement-and-look-script-unity.html HTTP/1.0" 500 341 "-" "Mozilla/5.0 (Linux; Android 6.0.1; Nexus 5X Build/MMB29P) AppleWebKit/537.36 (KHTML, like Gecko) Chrome/129.0.6668.89 Mobile Safari/537.36 (compatible; Googlebot/2.1; +http://www.google.com/bot.html)"
66.249.66.36 - - [07/Oct/2024:03:19:22 +0300] "GET /yqmsquctw/entry-level-front-end-developer-jobs-in-europe-with-visa-sponsorship.html HTTP/1.0" 500 341 "-" "Mozilla/5.0 (Linux; Android 6.0.1; Nexus 5X Build/MMB29P) AppleWebKit/537.36 (KHTML, like Gecko) Chrome/129.0.6668.89 Mobile Safari/537.36 (compatible; GoogleOther)"
66.249.66.35 - - [07/Oct/2024:03:19:22 +0300] "GET /yqmsquctw/si-ta-bejme-bebin-te-leviz-ne-bark.html HTTP/1.0" 500 341 "-" "Mozilla/5.0 (Linux; Android 6.0.1; Nexus 5X Build/MMB29P) AppleWebKit/537.36 (KHTML, like Gecko) Chrome/129.0.6668.89 Mobile Safari/537.36 (compatible; Googlebot/2.1; +http://www.google.com/bot.html)"
185.191.171.5 - - [07/Oct/2024:03:20:04 +0300] "GET /82ioruhsh.html HTTP/1.0" 404 34651 "-" "Mozilla/5.0 (compatible; SemrushBot/7~bl; +http://www.semrush.com/bot.html)"
3.137.178.9 - - [07/Oct/2024:03:20:08 +0300] "GET /yqmsquctw/lucknow-funeral-home.html HTTP/1.0" 500 341 "-" "Mozilla/5.0 AppleWebKit/537.36 (KHTML, like Gecko; compatible; ClaudeBot/1.0; +claudebot@anthropic.com)"
185.191.171.3 - - [07/Oct/2024:03:20:23 +0300] "GET /2mccwewiu.html HTTP/1.0" 404 34651 "-" "Mozilla/5.0 (compatible; SemrushBot/7~bl; +http://www.semrush.com/bot.html)"
185.191.171.19 - - [07/Oct/2024:03:20:27 +0300] "GET /1l15p1lyc9.html HTTP/1.0" 404 37802 "-" "Mozilla/5.0 (compatible; SemrushBot/7~bl; +http://www.semrush.com/bot.html)"
185.191.171.13 - - [07/Oct/2024:03:20:39 +0300] "GET /9f6iy8ggk.html HTTP/1.0" 404 34651 "-" "Mozilla/5.0 (compatible; SemrushBot/7~bl; +http://www.semrush.com/bot.html)"
85.208.96.194 - - [07/Oct/2024:03:20:41 +0300] "GET /1hah7gnyn.html HTTP/1.0" 404 34651 "-" "Mozilla/5.0 (compatible; SemrushBot/7~bl; +http://www.semrush.com/bot.html)"
85.208.96.210 - - [07/Oct/2024:03:21:01 +0300] "GET /1k4chuxxnu.html HTTP/1.0" 404 34653 "-" "Mozilla/5.0 (compatible; SemrushBot/7~bl; +http://www.semrush.com/bot.html)"
85.208.96.193 - - [07/Oct/2024:03:21:03 +0300] "GET /10ieksilc.html HTTP/1.0" 404 34651 "-" "Mozilla/5.0 (compatible; SemrushBot/7~bl; +http://www.semrush.com/bot.html)"
66.249.66.37 - - [07/Oct/2024:03:21:23 +0300] "GET /yqmsquctw/helena-obituaries.html HTTP/1.0" 500 341 "-" "Mozilla/5.0 (Linux; Android 6.0.1; Nexus 5X Build/MMB29P) AppleWebKit/537.36 (KHTML, like Gecko) Chrome/129.0.6668.89 Mobile Safari/537.36 (compatible; GoogleOther)"
185.191.171.18 - - [07/Oct/2024:03:21:34 +0300] "GET /67gi8tfgul.html HTTP/1.0" 404 34653 "-" "Mozilla/5.0 (compatible; SemrushBot/7~bl; +http://www.semrush.com/bot.html)"
85.208.96.195 - - [07/Oct/2024:03:22:01 +0300] "GET /3hmjgzgg9b.html HTTP/1.0" 404 34653 "-" "Mozilla/5.0 (compatible; SemrushBot/7~bl; +http://www.semrush.com/bot.html)"
185.191.171.5 - - [07/Oct/2024:03:22:14 +0300] "GET /551c3xv8sp.html HTTP/1.0" 404 34653 "-" "Mozilla/5.0 (compatible; SemrushBot/7~bl; +http://www.semrush.com/bot.html)"
3.149.249.252 - - [07/Oct/2024:03:22:49 +0300] "GET /yqmsquctw/truck-driver-jobs-with-visa-sponsorship.html HTTP/1.0" 500 3490 "-" "Mozilla/5.0 AppleWebKit/537.36 (KHTML, like Gecko; compatible; ClaudeBot/1.0; +claudebot@anthropic.com)"
66.249.66.37 - - [07/Oct/2024:03:23:23 +0300] "GET /yqmsquctw/crane-worldwide-logistics.html HTTP/1.0" 500 341 "-" "Mozilla/5.0 (Linux; Android 6.0.1; Nexus 5X Build/MMB29P) AppleWebKit/537.36 (KHTML, like Gecko) Chrome/129.0.6668.89 Mobile Safari/537.36 (compatible; Googlebot/2.1; +http://www.google.com/bot.html)"
66.249.66.35 - - [07/Oct/2024:03:23:24 +0300] "GET /yqmsquctw/is-working-in-a-warehouse-bad-for-your-health.html HTTP/1.0" 500 341 "-" "Mozilla/5.0 (Linux; Android 6.0.1; Nexus 5X Build/MMB29P) AppleWebKit/537.36 (KHTML, like Gecko) Chrome/129.0.6668.89 Mobile Safari/537.36 (compatible; GoogleOther)"
85.208.96.196 - - [07/Oct/2024:03:24:04 +0300] "GET /4b459ah1o5.html HTTP/1.0" 404 34653 "-" "Mozilla/5.0 (compatible; SemrushBot/7~bl; +http://www.semrush.com/bot.html)"
185.191.171.15 - - [07/Oct/2024:03:24:11 +0300] "GET /1hl01y7iha.html HTTP/1.0" 404 34653 "-" "Mozilla/5.0 (compatible; SemrushBot/7~bl; +http://www.semrush.com/bot.html)"
185.191.171.9 - - [07/Oct/2024:03:24:16 +0300] "GET /i6603cwzt.html HTTP/1.0" 404 34651 "-" "Mozilla/5.0 (compatible; SemrushBot/7~bl; +http://www.semrush.com/bot.html)"
66.249.66.36 - - [07/Oct/2024:03:24:18 +0300] "GET /yqmsquctw/entry-level-software-developer-jobs.html HTTP/1.0" 500 341 "-" "Mozilla/5.0 (Linux; Android 6.0.1; Nexus 5X Build/MMB29P) AppleWebKit/537.36 (KHTML, like Gecko) Chrome/129.0.6668.89 Mobile Safari/537.36 (compatible; GoogleOther)"
85.208.96.199 - - [07/Oct/2024:03:24:29 +0300] "GET /36hp6yzgg8.html HTTP/1.0" 404 34653 "-" "Mozilla/5.0 (compatible; SemrushBot/7~bl; +http://www.semrush.com/bot.html)"
85.208.96.206 - - [07/Oct/2024:03:24:33 +0300] "GET /15n8k4rfvw.html HTTP/1.0" 404 34653 "-" "Mozilla/5.0 (compatible; SemrushBot/7~bl; +http://www.semrush.com/bot.html)"
85.208.96.200 - - [07/Oct/2024:03:24:46 +0300] "GET /59b2cbuip4.html HTTP/1.0" 404 34653 "-" "Mozilla/5.0 (compatible; SemrushBot/7~bl; +http://www.semrush.com/bot.html)"
185.191.171.9 - - [07/Oct/2024:03:24:47 +0300] "GET /4d026pkgsg.html HTTP/1.0" 404 34653 "-" "Mozilla/5.0 (compatible; SemrushBot/7~bl; +http://www.semrush.com/bot.html)"
185.191.171.18 - - [07/Oct/2024:03:25:07 +0300] "GET /nbn1mqm7q.html HTTP/1.0" 404 34651 "-" "Mozilla/5.0 (compatible; SemrushBot/7~bl; +http://www.semrush.com/bot.html)"
85.208.96.202 - - [07/Oct/2024:03:25:21 +0300] "GET /mg4ecjckh.html HTTP/1.0" 404 34651 "-" "Mozilla/5.0 (compatible; SemrushBot/7~bl; +http://www.semrush.com/bot.html)"
66.249.66.35 - - [07/Oct/2024:03:25:23 +0300] "GET /yqmsquctw/victoria,-texas-obituaries-for-today.html HTTP/1.0" 404 34812 "-" "Mozilla/5.0 (Linux; Android 6.0.1; Nexus 5X Build/MMB29P) AppleWebKit/537.36 (KHTML, like Gecko) Chrome/129.0.6668.89 Mobile Safari/537.36 (compatible; Googlebot/2.1; +http://www.google.com/bot.html)"
66.249.66.37 - - [07/Oct/2024:03:25:26 +0300] "GET /yqmsquctw/unnatural-causes-book.html HTTP/1.0" 500 341 "-" "Mozilla/5.0 (Linux; Android 6.0.1; Nexus 5X Build/MMB29P) AppleWebKit/537.36 (KHTML, like Gecko) Chrome/129.0.6668.89 Mobile Safari/537.36 (compatible; GoogleOther)"
85.208.96.206 - - [07/Oct/2024:03:26:13 +0300] "GET /5f0l1fkrrk.html HTTP/1.0" 404 34653 "-" "Mozilla/5.0 (compatible; SemrushBot/7~bl; +http://www.semrush.com/bot.html)"
185.191.171.5 - - [07/Oct/2024:03:26:22 +0300] "GET /5n2k2khffn.html HTTP/1.0" 404 34653 "-" "Mozilla/5.0 (compatible; SemrushBot/7~bl; +http://www.semrush.com/bot.html)"
85.208.96.200 - - [07/Oct/2024:03:26:42 +0300] "GET /3m5g8d3gyy.html HTTP/1.0" 404 37802 "-" "Mozilla/5.0 (compatible; SemrushBot/7~bl; +http://www.semrush.com/bot.html)"
85.208.96.200 - - [07/Oct/2024:03:26:47 +0300] "GET /1fl5diytln.html HTTP/1.0" 404 34653 "-" "Mozilla/5.0 (compatible; SemrushBot/7~bl; +http://www.semrush.com/bot.html)"
66.249.66.35 - - [07/Oct/2024:03:27:27 +0300] "GET /yqmsquctw/marriott-visa-sponsorship.html HTTP/1.0" 500 341 "-" "Mozilla/5.0 (Linux; Android 6.0.1; Nexus 5X Build/MMB29P) AppleWebKit/537.36 (KHTML, like Gecko) Chrome/129.0.6668.89 Mobile Safari/537.36 (compatible; GoogleOther)"
185.191.171.9 - - [07/Oct/2024:03:27:40 +0300] "GET /20cjnkbaxh.html HTTP/1.0" 404 34653 "-" "Mozilla/5.0 (compatible; SemrushBot/7~bl; +http://www.semrush.com/bot.html)"
85.208.96.210 - - [07/Oct/2024:03:27:55 +0300] "GET /385ga7anb4.html HTTP/1.0" 404 37802 "-" "Mozilla/5.0 (compatible; SemrushBot/7~bl; +http://www.semrush.com/bot.html)"
85.208.96.212 - - [07/Oct/2024:03:28:18 +0300] "GET /5hhfcznsqx.html HTTP/1.0" 404 34653 "-" "Mozilla/5.0 (compatible; SemrushBot/7~bl; +http://www.semrush.com/bot.html)"
85.208.96.209 - - [07/Oct/2024:03:28:28 +0300] "GET /3pgd7ca39b.html HTTP/1.0" 404 34653 "-" "Mozilla/5.0 (compatible; SemrushBot/7~bl; +http://www.semrush.com/bot.html)"
185.191.171.18 - - [07/Oct/2024:03:28:34 +0300] "GET /3kpghauaq3.html HTTP/1.0" 404 34653 "-" "Mozilla/5.0 (compatible; SemrushBot/7~bl; +http://www.semrush.com/bot.html)"
85.208.96.194 - - [07/Oct/2024:03:28:44 +0300] "GET /4i200wjxs9.html HTTP/1.0" 404 34653 "-" "Mozilla/5.0 (compatible; SemrushBot/7~bl; +http://www.semrush.com/bot.html)"
85.208.96.199 - - [07/Oct/2024:03:28:47 +0300] "GET /304hnismhd.html HTTP/1.0" 404 34653 "-" "Mozilla/5.0 (compatible; SemrushBot/7~bl; +http://www.semrush.com/bot.html)"
85.208.96.200 - - [07/Oct/2024:03:28:56 +0300] "GET /50gd75s0z9.html HTTP/1.0" 404 34653 "-" "Mozilla/5.0 (compatible; SemrushBot/7~bl; +http://www.semrush.com/bot.html)"
85.208.96.204 - - [07/Oct/2024:03:29:17 +0300] "GET /2bhblyjvyc.html HTTP/1.0" 404 34653 "-" "Mozilla/5.0 (compatible; SemrushBot/7~bl; +http://www.semrush.com/bot.html)"
66.249.66.37 - - [07/Oct/2024:03:29:23 +0300] "GET /yqmsquctw/tdcj-inmate-search-by-name.html HTTP/1.0" 500 341 "-" "Mozilla/5.0 (Linux; Android 6.0.1; Nexus 5X Build/MMB29P) AppleWebKit/537.36 (KHTML, like Gecko) Chrome/129.0.6668.89 Mobile Safari/537.36 (compatible; Googlebot/2.1; +http://www.google.com/bot.html)"
66.249.66.35 - - [07/Oct/2024:03:29:28 +0300] "GET /yqmsquctw/his-billionaire-ex-wife-chapter-11-read-online-free.html HTTP/1.0" 500 341 "-" "Mozilla/5.0 (Linux; Android 6.0.1; Nexus 5X Build/MMB29P) AppleWebKit/537.36 (KHTML, like Gecko) Chrome/129.0.6668.89 Mobile Safari/537.36 (compatible; GoogleOther)"
85.208.96.194 - - [07/Oct/2024:03:30:01 +0300] "GET /4ml46rhz4z.html HTTP/1.0" 404 34653 "-" "Mozilla/5.0 (compatible; SemrushBot/7~bl; +http://www.semrush.com/bot.html)"
85.208.96.194 - - [07/Oct/2024:03:30:24 +0300] "GET /2g1f0gzccz.html HTTP/1.0" 404 34653 "-" "Mozilla/5.0 (compatible; SemrushBot/7~bl; +http://www.semrush.com/bot.html)"
85.208.96.196 - - [07/Oct/2024:03:30:28 +0300] "GET /5o1m6r16cc.html HTTP/1.0" 404 34653 "-" "Mozilla/5.0 (compatible; SemrushBot/7~bl; +http://www.semrush.com/bot.html)"
185.191.171.15 - - [07/Oct/2024:03:30:33 +0300] "GET /111ioiec4y.html HTTP/1.0" 404 34653 "-" "Mozilla/5.0 (compatible; SemrushBot/7~bl; +http://www.semrush.com/bot.html)"
85.208.96.201 - - [07/Oct/2024:03:30:45 +0300] "GET /28i6hu1upa.html HTTP/1.0" 404 34653 "-" "Mozilla/5.0 (compatible; SemrushBot/7~bl; +http://www.semrush.com/bot.html)"
185.191.171.8 - - [07/Oct/2024:03:30:47 +0300] "GET /5hmm1tjhin.html HTTP/1.0" 404 34653 "-" "Mozilla/5.0 (compatible; SemrushBot/7~bl; +http://www.semrush.com/bot.html)"
66.249.66.36 - - [07/Oct/2024:03:30:49 +0300] "GET /yqmsquctw/mister-fpga-documentation.html HTTP/1.0" 500 341 "-" "Mozilla/5.0 (Linux; Android 6.0.1; Nexus 5X Build/MMB29P) AppleWebKit/537.36 (KHTML, like Gecko) Chrome/129.0.6668.89 Mobile Safari/537.36 (compatible; GoogleOther)"
66.249.66.35 - - [07/Oct/2024:03:31:24 +0300] "GET /yqmsquctw/101-electrical-wiring-diagram-pdf.html HTTP/1.0" 500 341 "-" "Mozilla/5.0 (Linux; Android 6.0.1; Nexus 5X Build/MMB29P) AppleWebKit/537.36 (KHTML, like Gecko) Chrome/129.0.6668.89 Mobile Safari/537.36 (compatible; Googlebot/2.1; +http://www.google.com/bot.html)"
66.249.66.36 - - [07/Oct/2024:03:31:29 +0300] "GET /yqmsquctw/mister-fpga-documentation.html HTTP/1.0" 500 341 "-" "Mozilla/5.0 (Linux; Android 6.0.1; Nexus 5X Build/MMB29P) AppleWebKit/537.36 (KHTML, like Gecko) Chrome/129.0.6668.89 Mobile Safari/537.36 (compatible; GoogleOther)"
185.191.171.1 - - [07/Oct/2024:03:31:44 +0300] "GET /23ipbitbx2.html HTTP/1.0" 404 34653 "-" "Mozilla/5.0 (compatible; SemrushBot/7~bl; +http://www.semrush.com/bot.html)"
85.208.96.196 - - [07/Oct/2024:03:31:57 +0300] "GET /iadhtohtl.html HTTP/1.0" 404 34651 "-" "Mozilla/5.0 (compatible; SemrushBot/7~bl; +http://www.semrush.com/bot.html)"
66.249.66.36 - - [07/Oct/2024:03:32:24 +0300] "GET /yqmsquctw/teaching-in-australia-from-uk.html HTTP/1.0" 500 3490 "-" "Mozilla/5.0 (Linux; Android 6.0.1; Nexus 5X Build/MMB29P) AppleWebKit/537.36 (KHTML, like Gecko) Chrome/129.0.6668.89 Mobile Safari/537.36 (compatible; Googlebot/2.1; +http://www.google.com/bot.html)"
66.249.66.35 - - [07/Oct/2024:03:32:25 +0300] "GET /yqmsquctw/clark-legacy-funeral-home-obituaries-frankfort,-ky.html HTTP/1.0" 404 34869 "-" "Mozilla/5.0 (Linux; Android 6.0.1; Nexus 5X Build/MMB29P) AppleWebKit/537.36 (KHTML, like Gecko) Chrome/129.0.6668.89 Mobile Safari/537.36 (compatible; Googlebot/2.1; +http://www.google.com/bot.html)"
185.191.171.10 - - [07/Oct/2024:03:32:28 +0300] "GET /3l9p89ouza.html HTTP/1.0" 404 34653 "-" "Mozilla/5.0 (compatible; SemrushBot/7~bl; +http://www.semrush.com/bot.html)"
85.208.96.194 - - [07/Oct/2024:03:32:31 +0300] "GET /5n7hovyjfu.html HTTP/1.0" 404 34653 "-" "Mozilla/5.0 (compatible; SemrushBot/7~bl; +http://www.semrush.com/bot.html)"
85.208.96.210 - - [07/Oct/2024:03:32:34 +0300] "GET /47doplq5ie.html HTTP/1.0" 404 34653 "-" "Mozilla/5.0 (compatible; SemrushBot/7~bl; +http://www.semrush.com/bot.html)"
85.208.96.198 - - [07/Oct/2024:03:32:36 +0300] "GET /59p1b0ytmy.html HTTP/1.0" 404 34653 "-" "Mozilla/5.0 (compatible; SemrushBot/7~bl; +http://www.semrush.com/bot.html)"
85.208.96.200 - - [07/Oct/2024:03:32:51 +0300] "GET /6bgh8z7t7k.html HTTP/1.0" 404 34653 "-" "Mozilla/5.0 (compatible; SemrushBot/7~bl; +http://www.semrush.com/bot.html)"
185.191.171.3 - - [07/Oct/2024:03:32:55 +0300] "GET /5i9a3nwwqc.html HTTP/1.0" 404 34653 "-" "Mozilla/5.0 (compatible; SemrushBot/7~bl; +http://www.semrush.com/bot.html)"
66.249.66.36 - - [07/Oct/2024:03:33:31 +0300] "GET /yqmsquctw/an-attitude-of-professional-skepticism-means.html HTTP/1.0" 500 3490 "-" "Mozilla/5.0 (Linux; Android 6.0.1; Nexus 5X Build/MMB29P) AppleWebKit/537.36 (KHTML, like Gecko) Chrome/129.0.6668.89 Mobile Safari/537.36 (compatible; GoogleOther)"
185.191.171.7 - - [07/Oct/2024:03:34:01 +0300] "GET /badjotfo1.html HTTP/1.0" 404 34651 "-" "Mozilla/5.0 (compatible; SemrushBot/7~bl; +http://www.semrush.com/bot.html)"
185.191.171.13 - - [07/Oct/2024:03:34:04 +0300] "GET /2e3b0sv7ix.html HTTP/1.0" 404 34653 "-" "Mozilla/5.0 (compatible; SemrushBot/7~bl; +http://www.semrush.com/bot.html)"
185.191.171.4 - - [07/Oct/2024:03:34:06 +0300] "GET /83odjxo4j.html HTTP/1.0" 404 34651 "-" "Mozilla/5.0 (compatible; SemrushBot/7~bl; +http://www.semrush.com/bot.html)"
185.191.171.5 - - [07/Oct/2024:03:34:16 +0300] "GET /4b92dhivpk.html HTTP/1.0" 404 34653 "-" "Mozilla/5.0 (compatible; SemrushBot/7~bl; +http://www.semrush.com/bot.html)"
185.191.171.11 - - [07/Oct/2024:03:34:21 +0300] "GET /2gac5osskz.html HTTP/1.0" 404 34653 "-" "Mozilla/5.0 (compatible; SemrushBot/7~bl; +http://www.semrush.com/bot.html)"
185.191.171.2 - - [07/Oct/2024:03:34:37 +0300] "GET /1hf6icqkow.html HTTP/1.0" 404 34653 "-" "Mozilla/5.0 (compatible; SemrushBot/7~bl; +http://www.semrush.com/bot.html)"
185.191.171.13 - - [07/Oct/2024:03:34:51 +0300] "GET /61lg05kqov.html HTTP/1.0" 404 34653 "-" "Mozilla/5.0 (compatible; SemrushBot/7~bl; +http://www.semrush.com/bot.html)"
66.249.66.35 - - [07/Oct/2024:03:35:32 +0300] "GET /yqmsquctw/spideypool-fanfiction-possessive-wade-and-peter.html HTTP/1.0" 500 341 "-" "Mozilla/5.0 (Linux; Android 6.0.1; Nexus 5X Build/MMB29P) AppleWebKit/537.36 (KHTML, like Gecko) Chrome/129.0.6668.89 Mobile Safari/537.36 (compatible; GoogleOther)"
85.208.96.206 - - [07/Oct/2024:03:35:47 +0300] "GET /2cphhhcsyj.html HTTP/1.0" 404 34653 "-" "Mozilla/5.0 (compatible; SemrushBot/7~bl; +http://www.semrush.com/bot.html)"
85.208.96.198 - - [07/Oct/2024:03:35:58 +0300] "GET /40en9zf5sn.html HTTP/1.0" 404 34653 "-" "Mozilla/5.0 (compatible; SemrushBot/7~bl; +http://www.semrush.com/bot.html)"
85.208.96.200 - - [07/Oct/2024:03:36:01 +0300] "GET /4dma2jp3cs.html HTTP/1.0" 404 34653 "-" "Mozilla/5.0 (compatible; SemrushBot/7~bl; +http://www.semrush.com/bot.html)"
85.208.96.212 - - [07/Oct/2024:03:36:07 +0300] "GET /2o7oknhnpj.html HTTP/1.0" 404 34653 "-" "Mozilla/5.0 (compatible; SemrushBot/7~bl; +http://www.semrush.com/bot.html)"
85.208.96.193 - - [07/Oct/2024:03:36:28 +0300] "GET /1if8nvkcd2.html HTTP/1.0" 404 34653 "-" "Mozilla/5.0 (compatible; SemrushBot/7~bl; +http://www.semrush.com/bot.html)"
85.208.96.201 - - [07/Oct/2024:03:36:35 +0300] "GET /jp9lmhhf9.html HTTP/1.0" 404 34651 "-" "Mozilla/5.0 (compatible; SemrushBot/7~bl; +http://www.semrush.com/bot.html)"
85.208.96.208 - - [07/Oct/2024:03:36:55 +0300] "GET /5ie4hvuc4q.html HTTP/1.0" 404 34653 "-" "Mozilla/5.0 (compatible; SemrushBot/7~bl; +http://www.semrush.com/bot.html)"
66.249.66.37 - - [07/Oct/2024:03:37:21 +0300] "GET /yqmsquctw/entry-level-front-end-developer-job.html HTTP/1.0" 500 341 "-" "Mozilla/5.0 (Linux; Android 6.0.1; Nexus 5X Build/MMB29P) AppleWebKit/537.36 (KHTML, like Gecko) Chrome/129.0.6668.89 Mobile Safari/537.36 (compatible; GoogleOther)"
66.249.66.35 - - [07/Oct/2024:03:37:34 +0300] "GET /yqmsquctw/ofertas-de-trabajo-en-toronto-para-extranjeros.html HTTP/1.0" 500 3490 "-" "Mozilla/5.0 (Linux; Android 6.0.1; Nexus 5X Build/MMB29P) AppleWebKit/537.36 (KHTML, like Gecko) Chrome/129.0.6668.89 Mobile Safari/537.36 (compatible; GoogleOther)"
85.208.96.212 - - [07/Oct/2024:03:38:21 +0300] "GET /1dk9bcrcey.html HTTP/1.0" 404 34653 "-" "Mozilla/5.0 (compatible; SemrushBot/7~bl; +http://www.semrush.com/bot.html)"
66.249.66.37 - - [07/Oct/2024:03:38:25 +0300] "GET /yqmsquctw/global-news-edmonton.html HTTP/1.0" 500 341 "-" "Mozilla/5.0 (Linux; Android 6.0.1; Nexus 5X Build/MMB29P) AppleWebKit/537.36 (KHTML, like Gecko) Chrome/129.0.6668.89 Mobile Safari/537.36 (compatible; Googlebot/2.1; +http://www.google.com/bot.html)"
66.249.66.37 - - [07/Oct/2024:03:38:25 +0300] "GET /yqmsquctw/avort-medicamentos-pret.html HTTP/1.0" 500 341 "-" "Mozilla/5.0 (Linux; Android 6.0.1; Nexus 5X Build/MMB29P) AppleWebKit/537.36 (KHTML, like Gecko) Chrome/129.0.6668.89 Mobile Safari/537.36 (compatible; Googlebot/2.1; +http://www.google.com/bot.html)"
185.191.171.6 - - [07/Oct/2024:03:38:32 +0300] "GET /b719iyebz.html HTTP/1.0" 404 34651 "-" "Mozilla/5.0 (compatible; SemrushBot/7~bl; +http://www.semrush.com/bot.html)"
85.208.96.198 - - [07/Oct/2024:03:38:44 +0300] "GET /24gi84vkfv.html HTTP/1.0" 404 37802 "-" "Mozilla/5.0 (compatible; SemrushBot/7~bl; +http://www.semrush.com/bot.html)"
66.249.66.35 - - [07/Oct/2024:03:39:26 +0300] "GET /yqmsquctw/how-to-stop-toddler-from-biting-when-mad.html HTTP/1.0" 500 341 "-" "Mozilla/5.0 (Linux; Android 6.0.1; Nexus 5X Build/MMB29P) AppleWebKit/537.36 (KHTML, like Gecko) Chrome/129.0.6668.89 Mobile Safari/537.36 (compatible; Googlebot/2.1; +http://www.google.com/bot.html)"
85.208.96.212 - - [07/Oct/2024:03:39:34 +0300] "GET /389aaugbky.html HTTP/1.0" 404 34653 "-" "Mozilla/5.0 (compatible; SemrushBot/7~bl; +http://www.semrush.com/bot.html)"
66.249.66.35 - - [07/Oct/2024:03:39:35 +0300] "GET /yqmsquctw/book-review-of-maus.html HTTP/1.0" 500 341 "-" "Mozilla/5.0 (Linux; Android 6.0.1; Nexus 5X Build/MMB29P) AppleWebKit/537.36 (KHTML, like Gecko) Chrome/129.0.6668.89 Mobile Safari/537.36 (compatible; GoogleOther)"
185.191.171.18 - - [07/Oct/2024:03:39:48 +0300] "GET /51e3gswwvu.html HTTP/1.0" 404 34653 "-" "Mozilla/5.0 (compatible; SemrushBot/7~bl; +http://www.semrush.com/bot.html)"
85.208.96.197 - - [07/Oct/2024:03:39:59 +0300] "GET /398afbd32s.html HTTP/1.0" 404 34653 "-" "Mozilla/5.0 (compatible; SemrushBot/7~bl; +http://www.semrush.com/bot.html)"
85.208.96.205 - - [07/Oct/2024:03:40:01 +0300] "GET /3l8b3ayhxr.html HTTP/1.0" 404 34653 "-" "Mozilla/5.0 (compatible; SemrushBot/7~bl; +http://www.semrush.com/bot.html)"
85.208.96.201 - - [07/Oct/2024:03:40:21 +0300] "GET /460kglicfj.html HTTP/1.0" 404 34653 "-" "Mozilla/5.0 (compatible; SemrushBot/7~bl; +http://www.semrush.com/bot.html)"
185.191.171.19 - - [07/Oct/2024:03:40:39 +0300] "GET /yqmsquctw/e60-turbo-upgrade.html HTTP/1.0" 500 341 "-" "Mozilla/5.0 (compatible; SemrushBot/7~bl; +http://www.semrush.com/bot.html)"
185.191.171.18 - - [07/Oct/2024:03:40:55 +0300] "GET /4mmhf6qqqp.html HTTP/1.0" 404 34653 "-" "Mozilla/5.0 (compatible; SemrushBot/7~bl; +http://www.semrush.com/bot.html)"
185.191.171.10 - - [07/Oct/2024:03:41:02 +0300] "GET /51me7swcml.html HTTP/1.0" 404 34653 "-" "Mozilla/5.0 (compatible; SemrushBot/7~bl; +http://www.semrush.com/bot.html)"
66.249.66.35 - - [07/Oct/2024:03:41:06 +0300] "GET /yqmsquctw/pine-bluff-obituaries-today.html HTTP/1.0" 500 341 "-" "Mozilla/5.0 (Linux; Android 6.0.1; Nexus 5X Build/MMB29P) AppleWebKit/537.36 (KHTML, like Gecko) Chrome/129.0.6668.89 Mobile Safari/537.36 (compatible; Googlebot/2.1; +http://www.google.com/bot.html)"
185.191.171.9 - - [07/Oct/2024:03:41:29 +0300] "GET /6dlfpzbwnu.html HTTP/1.0" 404 34653 "-" "Mozilla/5.0 (compatible; SemrushBot/7~bl; +http://www.semrush.com/bot.html)"
66.249.66.36 - - [07/Oct/2024:03:41:36 +0300] "GET /yqmsquctw/volunteer-in-canada-for-free.html HTTP/1.0" 500 341 "-" "Mozilla/5.0 (Linux; Android 6.0.1; Nexus 5X Build/MMB29P) AppleWebKit/537.36 (KHTML, like Gecko) Chrome/129.0.6668.89 Mobile Safari/537.36 (compatible; GoogleOther)"
85.208.96.194 - - [07/Oct/2024:03:42:02 +0300] "GET /3kn8a3uypj.html HTTP/1.0" 404 34653 "-" "Mozilla/5.0 (compatible; SemrushBot/7~bl; +http://www.semrush.com/bot.html)"
85.208.96.202 - - [07/Oct/2024:03:42:29 +0300] "GET /6a2311jwzp.html HTTP/1.0" 404 34653 "-" "Mozilla/5.0 (compatible; SemrushBot/7~bl; +http://www.semrush.com/bot.html)"
185.191.171.8 - - [07/Oct/2024:03:42:45 +0300] "GET /6c07dmtlkj.html HTTP/1.0" 404 34653 "-" "Mozilla/5.0 (compatible; SemrushBot/7~bl; +http://www.semrush.com/bot.html)"
66.249.66.37 - - [07/Oct/2024:03:43:38 +0300] "GET /yqmsquctw/amazon-marketing-profile.html HTTP/1.0" 500 341 "-" "Mozilla/5.0 (Linux; Android 6.0.1; Nexus 5X Build/MMB29P) AppleWebKit/537.36 (KHTML, like Gecko) Chrome/129.0.6668.89 Mobile Safari/537.36 (compatible; GoogleOther)"
85.208.96.193 - - [07/Oct/2024:03:43:50 +0300] "GET /16id8iagz1.html HTTP/1.0" 404 37802 "-" "Mozilla/5.0 (compatible; SemrushBot/7~bl; +http://www.semrush.com/bot.html)"
66.249.66.35 - - [07/Oct/2024:03:43:52 +0300] "GET /yqmsquctw/sni-bug-host-finder-github.html HTTP/1.0" 500 341 "-" "Mozilla/5.0 (Linux; Android 6.0.1; Nexus 5X Build/MMB29P) AppleWebKit/537.36 (KHTML, like Gecko) Chrome/129.0.6668.89 Mobile Safari/537.36 (compatible; GoogleOther)"
85.208.96.196 - - [07/Oct/2024:03:44:07 +0300] "GET /1lkkcbp0ew.html HTTP/1.0" 404 37802 "-" "Mozilla/5.0 (compatible; SemrushBot/7~bl; +http://www.semrush.com/bot.html)"
85.208.96.208 - - [07/Oct/2024:03:44:10 +0300] "GET /1k23nexbtr.html HTTP/1.0" 404 34653 "-" "Mozilla/5.0 (compatible; SemrushBot/7~bl; +http://www.semrush.com/bot.html)"
85.208.96.208 - - [07/Oct/2024:03:44:39 +0300] "GET /58o96fzl8q.html HTTP/1.0" 404 34653 "-" "Mozilla/5.0 (compatible; SemrushBot/7~bl; +http://www.semrush.com/bot.html)"
85.208.96.196 - - [07/Oct/2024:03:44:47 +0300] "GET /kkk7z6e9w.html HTTP/1.0" 404 34651 "-" "Mozilla/5.0 (compatible; SemrushBot/7~bl; +http://www.semrush.com/bot.html)"
185.191.171.3 - - [07/Oct/2024:03:45:01 +0300] "GET /64accrqz5m.html HTTP/1.0" 404 34653 "-" "Mozilla/5.0 (compatible; SemrushBot/7~bl; +http://www.semrush.com/bot.html)"
85.208.96.202 - - [07/Oct/2024:03:45:03 +0300] "GET /5m1dzw895.html HTTP/1.0" 404 34651 "-" "Mozilla/5.0 (compatible; SemrushBot/7~bl; +http://www.semrush.com/bot.html)"
185.191.171.7 - - [07/Oct/2024:03:45:05 +0300] "GET /52h06tbsux.html HTTP/1.0" 404 34653 "-" "Mozilla/5.0 (compatible; SemrushBot/7~bl; +http://www.semrush.com/bot.html)"
185.191.171.10 - - [07/Oct/2024:03:45:08 +0300] "GET /42gbiv3kyb.html HTTP/1.0" 404 34653 "-" "Mozilla/5.0 (compatible; SemrushBot/7~bl; +http://www.semrush.com/bot.html)"
66.249.66.37 - - [07/Oct/2024:03:45:10 +0300] "GET /xmw23/best-settings-for-ender-3-neo.html HTTP/1.0" 200 23639 "-" "Mozilla/5.0 (Linux; Android 6.0.1; Nexus 5X Build/MMB29P) AppleWebKit/537.36 (KHTML, like Gecko) Chrome/129.0.6668.89 Mobile Safari/537.36 (compatible; Googlebot/2.1; +http://www.google.com/bot.html)"
85.208.96.194 - - [07/Oct/2024:03:45:14 +0300] "GET /5mll3jgc45.html HTTP/1.0" 404 34653 "-" "Mozilla/5.0 (compatible; SemrushBot/7~bl; +http://www.semrush.com/bot.html)"
185.191.171.9 - - [07/Oct/2024:03:45:21 +0300] "GET /5h4pozenn4.html HTTP/1.0" 404 34653 "-" "Mozilla/5.0 (compatible; SemrushBot/7~bl; +http://www.semrush.com/bot.html)"
66.249.66.35 - - [07/Oct/2024:03:45:40 +0300] "GET /yqmsquctw/nottingham,-nh-obituaries.html HTTP/1.0" 404 34819 "-" "Mozilla/5.0 (Linux; Android 6.0.1; Nexus 5X Build/MMB29P) AppleWebKit/537.36 (KHTML, like Gecko) Chrome/129.0.6668.89 Mobile Safari/537.36 (compatible; GoogleOther)"
85.208.96.198 - - [07/Oct/2024:03:45:42 +0300] "GET /aak388kcx.html HTTP/1.0" 404 34651 "-" "Mozilla/5.0 (compatible; SemrushBot/7~bl; +http://www.semrush.com/bot.html)"
66.249.66.36 - - [07/Oct/2024:03:46:10 +0300] "GET /xmw23/voyage-care-recruitment-phone-number.html HTTP/1.0" 500 341 "-" "Mozilla/5.0 (Linux; Android 6.0.1; Nexus 5X Build/MMB29P) AppleWebKit/537.36 (KHTML, like Gecko) Chrome/129.0.6668.89 Mobile Safari/537.36 (compatible; Googlebot/2.1; +http://www.google.com/bot.html)"
66.249.66.35 - - [07/Oct/2024:03:46:10 +0300] "GET /yqmsquctw/esp32-ble-scan.html HTTP/1.0" 500 341 "-" "Mozilla/5.0 (Linux; Android 6.0.1; Nexus 5X Build/MMB29P) AppleWebKit/537.36 (KHTML, like Gecko) Chrome/129.0.6668.89 Mobile Safari/537.36 (compatible; Googlebot/2.1; +http://www.google.com/bot.html)"
85.208.96.207 - - [07/Oct/2024:03:47:19 +0300] "GET /hbd0cog0o.html HTTP/1.0" 404 34651 "-" "Mozilla/5.0 (compatible; SemrushBot/7~bl; +http://www.semrush.com/bot.html)"
185.191.171.17 - - [07/Oct/2024:03:47:36 +0300] "GET /g5pdllcn4.html HTTP/1.0" 404 34651 "-" "Mozilla/5.0 (compatible; SemrushBot/7~bl; +http://www.semrush.com/bot.html)"
66.249.66.36 - - [07/Oct/2024:03:47:41 +0300] "GET /yqmsquctw/best-crypto-mining.html HTTP/1.0" 500 341 "-" "Mozilla/5.0 (Linux; Android 6.0.1; Nexus 5X Build/MMB29P) AppleWebKit/537.36 (KHTML, like Gecko) Chrome/129.0.6668.89 Mobile Safari/537.36 (compatible; GoogleOther)"
85.208.96.201 - - [07/Oct/2024:03:48:07 +0300] "GET /1hio4muz8a.html HTTP/1.0" 404 34653 "-" "Mozilla/5.0 (compatible; SemrushBot/7~bl; +http://www.semrush.com/bot.html)"
185.191.171.2 - - [07/Oct/2024:03:48:19 +0300] "GET /5ja7klvoiy.html HTTP/1.0" 404 34653 "-" "Mozilla/5.0 (compatible; SemrushBot/7~bl; +http://www.semrush.com/bot.html)"
185.191.171.17 - - [07/Oct/2024:03:48:45 +0300] "GET /3n9l9kkql8.html HTTP/1.0" 404 34653 "-" "Mozilla/5.0 (compatible; SemrushBot/7~bl; +http://www.semrush.com/bot.html)"
85.208.96.198 - - [07/Oct/2024:03:49:08 +0300] "GET /2i6noi0fbx.html HTTP/1.0" 404 37802 "-" "Mozilla/5.0 (compatible; SemrushBot/7~bl; +http://www.semrush.com/bot.html)"
85.208.96.205 - - [07/Oct/2024:03:49:17 +0300] "GET /bpld0fxnp.html HTTP/1.0" 404 37800 "-" "Mozilla/5.0 (compatible; SemrushBot/7~bl; +http://www.semrush.com/bot.html)"
85.208.96.207 - - [07/Oct/2024:03:49:29 +0300] "GET /4f3ooth8lk.html HTTP/1.0" 404 34653 "-" "Mozilla/5.0 (compatible; SemrushBot/7~bl; +http://www.semrush.com/bot.html)"
85.208.96.202 - - [07/Oct/2024:03:49:38 +0300] "GET /5ojahnekdg.html HTTP/1.0" 404 34653 "-" "Mozilla/5.0 (compatible; SemrushBot/7~bl; +http://www.semrush.com/bot.html)"
66.249.66.37 - - [07/Oct/2024:03:49:43 +0300] "GET /yqmsquctw/teaching-in-australia-from-uk.html HTTP/1.0" 500 341 "-" "Mozilla/5.0 (Linux; Android 6.0.1; Nexus 5X Build/MMB29P) AppleWebKit/537.36 (KHTML, like Gecko) Chrome/129.0.6668.89 Mobile Safari/537.36 (compatible; GoogleOther)"
85.208.96.206 - - [07/Oct/2024:03:49:56 +0300] "GET /75jdmpl2e.html HTTP/1.0" 404 34651 "-" "Mozilla/5.0 (compatible; SemrushBot/7~bl; +http://www.semrush.com/bot.html)"
185.191.171.3 - - [07/Oct/2024:03:50:10 +0300] "GET /2mkin8z5pu.html HTTP/1.0" 404 34653 "-" "Mozilla/5.0 (compatible; SemrushBot/7~bl; +http://www.semrush.com/bot.html)"
66.249.66.35 - - [07/Oct/2024:03:50:24 +0300] "GET /yqmsquctw/freelance-front-end-developer.html HTTP/1.0" 500 341 "-" "Mozilla/5.0 (Linux; Android 6.0.1; Nexus 5X Build/MMB29P) AppleWebKit/537.36 (KHTML, like Gecko) Chrome/129.0.6668.89 Mobile Safari/537.36 (compatible; GoogleOther)"
185.191.171.9 - - [07/Oct/2024:03:50:46 +0300] "GET /1dl31oq1zd.html HTTP/1.0" 404 34653 "-" "Mozilla/5.0 (compatible; SemrushBot/7~bl; +http://www.semrush.com/bot.html)"
85.208.96.208 - - [07/Oct/2024:03:51:03 +0300] "GET /45eoiir2gx.html HTTP/1.0" 404 34653 "-" "Mozilla/5.0 (compatible; SemrushBot/7~bl; +http://www.semrush.com/bot.html)"
66.249.66.36 - - [07/Oct/2024:03:51:43 +0300] "GET /yqmsquctw/yandex-maps-street-view.html HTTP/1.0" 500 341 "-" "Mozilla/5.0 (Linux; Android 6.0.1; Nexus 5X Build/MMB29P) AppleWebKit/537.36 (KHTML, like Gecko) Chrome/129.0.6668.89 Mobile Safari/537.36 (compatible; GoogleOther)"
185.191.171.6 - - [07/Oct/2024:03:52:01 +0300] "GET /yqmsquctw/hays-county-jail-mugshots.html HTTP/1.0" 500 341 "-" "Mozilla/5.0 (compatible; SemrushBot/7~bl; +http://www.semrush.com/bot.html)"
185.191.171.5 - - [07/Oct/2024:03:52:10 +0300] "GET /7j49xfbqj.html HTTP/1.0" 404 34651 "-" "Mozilla/5.0 (compatible; SemrushBot/7~bl; +http://www.semrush.com/bot.html)"
66.249.66.37 - - [07/Oct/2024:03:52:13 +0300] "GET /xmw23/change-window-shortcut.html HTTP/1.0" 500 341 "-" "Mozilla/5.0 (Linux; Android 6.0.1; Nexus 5X Build/MMB29P) AppleWebKit/537.36 (KHTML, like Gecko) Chrome/129.0.6668.89 Mobile Safari/537.36 (compatible; Googlebot/2.1; +http://www.google.com/bot.html)"
66.249.66.35 - - [07/Oct/2024:03:52:13 +0300] "GET /yqmsquctw/boot-img-extractor-apk-mod.html HTTP/1.0" 500 341 "-" "Mozilla/5.0 (Linux; Android 6.0.1; Nexus 5X Build/MMB29P) AppleWebKit/537.36 (KHTML, like Gecko) Chrome/129.0.6668.89 Mobile Safari/537.36 (compatible; Googlebot/2.1; +http://www.google.com/bot.html)"
185.191.171.5 - - [07/Oct/2024:03:52:13 +0300] "GET /6549l260bo.html HTTP/1.0" 404 34653 "-" "Mozilla/5.0 (compatible; SemrushBot/7~bl; +http://www.semrush.com/bot.html)"
85.208.96.206 - - [05/Oct/2024:04:45:47 +0300] "GET /robots.txt HTTP/1.1" 200 198 "-" "Mozilla/5.0 (compatible; SemrushBot/7~bl; +http://www.semrush.com/bot.html)"
185.191.171.6 - - [05/Oct/2024:05:47:09 +0300] "GET /robots.txt HTTP/1.1" 200 198 "-" "Mozilla/5.0 (compatible; SemrushBot/7~bl; +http://www.semrush.com/bot.html)"
138.246.253.24 - - [05/Oct/2024:06:20:36 +0300] "GET /robots.txt HTTP/1.1" 200 469 "-" "Mozilla/5.0 (Windows NT 10.0; Win64; x64) AppleWebKit/537.36 (KHTML, like Gecko) Chrome/103.0.5060.134 Safari/537.36"
185.191.171.19 - - [05/Oct/2024:06:56:33 +0300] "GET /robots.txt HTTP/1.1" 200 198 "-" "Mozilla/5.0 (compatible; SemrushBot/7~bl; +http://www.semrush.com/bot.html)"
109.194.248.25 - - [05/Oct/2024:07:50:25 +0300] "GET gcba.ru: HTTP/1.0" 400 150 "-" "-"
85.208.96.197 - - [05/Oct/2024:07:57:18 +0300] "GET /robots.txt HTTP/1.1" 200 198 "-" "Mozilla/5.0 (compatible; SemrushBot/7~bl; +http://www.semrush.com/bot.html)"
85.208.96.201 - - [05/Oct/2024:09:00:21 +0300] "GET /robots.txt HTTP/1.1" 200 198 "-" "Mozilla/5.0 (compatible; SemrushBot/7~bl; +http://www.semrush.com/bot.html)"
185.191.171.6 - - [05/Oct/2024:10:04:34 +0300] "GET /robots.txt HTTP/1.1" 200 198 "-" "Mozilla/5.0 (compatible; SemrushBot/7~bl; +http://www.semrush.com/bot.html)"
185.191.171.10 - - [05/Oct/2024:11:06:15 +0300] "GET /robots.txt HTTP/1.1" 200 198 "-" "Mozilla/5.0 (compatible; SemrushBot/7~bl; +http://www.semrush.com/bot.html)"
66.249.66.36 - - [05/Oct/2024:12:03:37 +0300] "GET /robots.txt HTTP/1.1" 200 198 "-" "Mozilla/5.0 (compatible; Googlebot/2.1; +http://www.google.com/bot.html)"
85.208.96.193 - - [05/Oct/2024:12:11:04 +0300] "GET /robots.txt HTTP/1.1" 200 198 "-" "Mozilla/5.0 (compatible; SemrushBot/7~bl; +http://www.semrush.com/bot.html)"
91.121.80.103 - - [05/Oct/2024:12:48:19 +0300] "GET /favicon.ico HTTP/2.0" 200 1150 "https://gcba.ru/eff48aefbe.php" "Mozilla/5.0 (Windows NT 10.0; Win64; x64) AppleWebKit/537.36 (KHTML, like Gecko) Chrome/114.0.0.0 Safari/537.36"
91.121.80.103 - - [05/Oct/2024:12:48:26 +0300] "GET /favicon.ico HTTP/2.0" 200 1150 "https://gcba.ru/eff48aefbe.php" "Mozilla/5.0 (Windows NT 10.0; Win64; x64) AppleWebKit/537.36 (KHTML, like Gecko) Chrome/114.0.0.0 Safari/537.36"
91.121.80.103 - - [05/Oct/2024:12:48:33 +0300] "GET /favicon.ico HTTP/2.0" 200 1150 "https://gcba.ru/content.php" "Mozilla/5.0 (Windows NT 10.0; Win64; x64) AppleWebKit/537.36 (KHTML, like Gecko) Chrome/114.0.0.0 Safari/537.36"
51.222.253.15 - - [05/Oct/2024:12:49:31 +0300] "GET /robots.txt HTTP/2.0" 200 187 "-" "Mozilla/5.0 (compatible; AhrefsBot/7.0; +http://ahrefs.com/robot/)"
85.208.96.206 - - [05/Oct/2024:13:11:59 +0300] "GET /robots.txt HTTP/1.1" 200 198 "-" "Mozilla/5.0 (compatible; SemrushBot/7~bl; +http://www.semrush.com/bot.html)"
27.115.124.97 - - [05/Oct/2024:13:58:34 +0300] "GET /js/plugins.js HTTP/2.0" 200 7108 "-" "Mozilla/5.0 (Windows NT 6.1; WOW64) AppleWebKit/537.36 (KHTML, like Gecko) Chrome/50.0.2661.102 Safari/537.36"
1.192.195.11 - - [05/Oct/2024:13:59:06 +0300] "GET /js/script.js HTTP/2.0" 200 1234 "-" "Mozilla/5.0 (Windows NT 6.1; WOW64) AppleWebKit/537.36 (KHTML, like Gecko) Chrome/50.0.2661.102 Safari/537.36"
185.191.171.18 - - [05/Oct/2024:14:13:15 +0300] "GET /robots.txt HTTP/1.1" 200 198 "-" "Mozilla/5.0 (compatible; SemrushBot/7~bl; +http://www.semrush.com/bot.html)"
87.236.176.193 - - [05/Oct/2024:14:24:10 +0300] "GET /favicon.ico HTTP/2.0" 200 1150 "-" "Mozilla/5.0 (compatible; InternetMeasurement/1.0; +https://internet-measurement.com/)"
85.208.96.201 - - [05/Oct/2024:15:16:16 +0300] "GET /robots.txt HTTP/1.1" 200 198 "-" "Mozilla/5.0 (compatible; SemrushBot/7~bl; +http://www.semrush.com/bot.html)"
45.156.128.106 - - [05/Oct/2024:15:27:16 +0300] "GET /favicon.ico HTTP/1.1" 200 1150 "-" "Mozilla/5.0 (Windows NT 10.0; WOW64) AppleWebKit/537.36 (KHTML, like Gecko) Chrome/66.0.3359.117 Safari/537.36"
85.208.96.201 - - [05/Oct/2024:16:32:08 +0300] "GET /robots.txt HTTP/1.1" 200 198 "-" "Mozilla/5.0 (compatible; SemrushBot/7~bl; +http://www.semrush.com/bot.html)"
66.249.69.171 - - [05/Oct/2024:17:23:34 +0300] "GET /js/script.js HTTP/1.1" 200 1246 "https://gcba.ru/news/nalogi/lgoty-po-nalogu-na-imushchestvo/" "Mozilla/5.0 (Linux; Android 6.0.1; Nexus 5X Build/MMB29P) AppleWebKit/537.36 (KHTML, like Gecko) Chrome/129.0.6668.70 Mobile Safari/537.36 (compatible; Googlebot/2.1; +http://www.google.com/bot.html)"
185.191.171.16 - - [05/Oct/2024:18:18:09 +0300] "GET /robots.txt HTTP/1.1" 200 198 "-" "Mozilla/5.0 (compatible; SemrushBot/7~bl; +http://www.semrush.com/bot.html)"
185.191.171.11 - - [05/Oct/2024:19:41:27 +0300] "GET /robots.txt HTTP/1.1" 200 198 "-" "Mozilla/5.0 (compatible; SemrushBot/7~bl; +http://www.semrush.com/bot.html)"
185.191.171.6 - - [05/Oct/2024:21:12:48 +0300] "GET /robots.txt HTTP/1.1" 200 198 "-" "Mozilla/5.0 (compatible; SemrushBot/7~bl; +http://www.semrush.com/bot.html)"
66.249.69.170 - - [05/Oct/2024:21:31:24 +0300] "GET /robots.txt HTTP/1.1" 200 198 "-" "Mozilla/5.0 (compatible; Googlebot/2.1; +http://www.google.com/bot.html)"
91.121.80.103 - - [05/Oct/2024:23:05:22 +0300] "GET /favicon.ico HTTP/2.0" 200 1150 "https://gcba.ru/yqmsquctw/testing.html" "Mozilla/5.0 (Windows NT 10.0; Win64; x64) AppleWebKit/537.36 (KHTML, like Gecko) Chrome/114.0.0.0 Safari/537.36"
85.208.96.203 - - [05/Oct/2024:23:17:58 +0300] "GET /robots.txt HTTP/1.1" 200 198 "-" "Mozilla/5.0 (compatible; SemrushBot/7~bl; +http://www.semrush.com/bot.html)"
185.191.171.18 - - [06/Oct/2024:00:36:31 +0300] "GET /robots.txt HTTP/1.1" 200 198 "-" "Mozilla/5.0 (compatible; SemrushBot/7~bl; +http://www.semrush.com/bot.html)"
54.36.148.246 - - [06/Oct/2024:01:54:55 +0300] "GET /robots.txt HTTP/2.0" 200 187 "-" "Mozilla/5.0 (compatible; AhrefsBot/7.0; +http://ahrefs.com/robot/)"
185.191.171.8 - - [06/Oct/2024:02:05:46 +0300] "GET /robots.txt HTTP/1.1" 200 198 "-" "Mozilla/5.0 (compatible; SemrushBot/7~bl; +http://www.semrush.com/bot.html)"
85.208.96.195 - - [06/Oct/2024:03:17:21 +0300] "GET /robots.txt HTTP/1.1" 200 198 "-" "Mozilla/5.0 (compatible; SemrushBot/7~bl; +http://www.semrush.com/bot.html)"
66.249.69.171 - - [06/Oct/2024:03:43:42 +0300] "GET /upload/iblock/dfd/dfd131af7a75e8f8266fce7d812aadf7.pdf HTTP/1.1" 200 155901 "-" "Mozilla/5.0 (Linux; Android 6.0.1; Nexus 5X Build/MMB29P) AppleWebKit/537.36 (KHTML, like Gecko) Chrome/129.0.6668.89 Mobile Safari/537.36 (compatible; Googlebot/2.1; +http://www.google.com/bot.html)"
94.154.239.69 - - [06/Oct/2024:04:34:11 +0300] "GET /robots.txt HTTP/1.1" 200 469 "-" "Mozilla/5.0 (compatible; MJ12bot/v1.4.8; http://mj12bot.com/)"
94.154.239.69 - - [06/Oct/2024:04:35:02 +0300] "GET /robots.txt HTTP/1.1" 200 469 "-" "Mozilla/5.0 (compatible; MJ12bot/v1.4.8; http://mj12bot.com/)"
94.154.239.69 - - [06/Oct/2024:04:36:34 +0300] "GET /robots.txt HTTP/1.1" 200 469 "-" "Mozilla/5.0 (compatible; MJ12bot/v1.4.8; http://mj12bot.com/)"
95.108.213.1 - - [06/Oct/2024:05:21:12 +0300] "GET /robots.txt HTTP/1.1" 200 469 "-" "Mozilla/5.0 (compatible; YandexBot/3.0; +http://yandex.com/bots)"
87.250.224.205 - - [06/Oct/2024:05:21:12 +0300] "GET /robots.txt HTTP/1.1" 200 469 "-" "Mozilla/5.0 (compatible; YandexBot/3.0; +http://yandex.com/bots)"
5.255.231.121 - - [06/Oct/2024:05:21:13 +0300] "GET /upload/iblock/d3f/d3f34bd0f502b5e938c7a1bb4d2ee2e8.pdf HTTP/1.1" 200 361105 "-" "Mozilla/5.0 (compatible; YandexBot/3.0; +http://yandex.com/bots)"
95.108.213.3 - - [06/Oct/2024:05:21:13 +0300] "GET /upload/iblock/d3f/d3f34bd0f502b5e938c7a1bb4d2ee2e8.pdf HTTP/1.1" 200 361105 "-" "Mozilla/5.0 (compatible; YandexBot/3.0; +http://yandex.com/bots)"
213.180.203.119 - - [06/Oct/2024:05:21:40 +0300] "GET /robots.txt HTTP/1.1" 200 469 "-" "Mozilla/5.0 (compatible; YandexBot/3.0; +http://yandex.com/bots)"
213.180.203.128 - - [06/Oct/2024:06:07:31 +0300] "GET /robots.txt HTTP/1.1" 200 469 "-" "Mozilla/5.0 (compatible; YandexBot/3.0; +http://yandex.com/bots)"
5.255.231.197 - - [06/Oct/2024:06:07:32 +0300] "GET /robots.txt HTTP/1.1" 200 469 "-" "Mozilla/5.0 (compatible; YandexBot/3.0; +http://yandex.com/bots)"
185.191.171.1 - - [06/Oct/2024:06:11:04 +0300] "GET /robots.txt HTTP/1.1" 200 198 "-" "Mozilla/5.0 (compatible; SemrushBot/7~bl; +http://www.semrush.com/bot.html)"
77.37.243.14 - - [06/Oct/2024:06:14:56 +0300] "GET /bitrix/js/ui/design-tokens/dist/ui.design-tokens.min.css?170790634422911 HTTP/2.0" 200 4019 "https://gcba.ru/news/nalogi/szv-stazh-spetsifika-zapolneniya/" "Mozilla/5.0 (X11; Linux x86_64) AppleWebKit/537.36 (KHTML, like Gecko) Chrome/107.0.0.0 Safari/537.36"
77.37.243.14 - - [06/Oct/2024:06:14:56 +0300] "GET /bitrix/js/ui/fonts/opensans/ui.font.opensans.min.css?16796853182320 HTTP/2.0" 200 300 "https://gcba.ru/news/nalogi/szv-stazh-spetsifika-zapolneniya/" "Mozilla/5.0 (X11; Linux x86_64) AppleWebKit/537.36 (KHTML, like Gecko) Chrome/107.0.0.0 Safari/537.36"
77.37.243.14 - - [06/Oct/2024:06:14:56 +0300] "GET /bitrix/js/main/popup/dist/main.popup.bundle.min.css?168786249826598 HTTP/2.0" 200 5911 "https://gcba.ru/news/nalogi/szv-stazh-spetsifika-zapolneniya/" "Mozilla/5.0 (X11; Linux x86_64) AppleWebKit/537.36 (KHTML, like Gecko) Chrome/107.0.0.0 Safari/537.36"
77.37.243.14 - - [06/Oct/2024:06:14:56 +0300] "GET /bitrix/cache/css/s1/for_news/page_06d65837aacbe07652c6f3b49fc4a1bd/page_06d65837aacbe07652c6f3b49fc4a1bd_v1.css?1725455944783 HTTP/2.0" 200 332 "https://gcba.ru/news/nalogi/szv-stazh-spetsifika-zapolneniya/" "Mozilla/5.0 (X11; Linux x86_64) AppleWebKit/537.36 (KHTML, like Gecko) Chrome/107.0.0.0 Safari/537.36"
77.37.243.14 - - [06/Oct/2024:06:14:56 +0300] "GET /bitrix/cache/css/s1/for_news/template_180244c91f5cb0e220406ab26e066c21/template_180244c91f5cb0e220406ab26e066c21_v1.css?172545594412862 HTTP/2.0" 200 3291 "https://gcba.ru/news/nalogi/szv-stazh-spetsifika-zapolneniya/" "Mozilla/5.0 (X11; Linux x86_64) AppleWebKit/537.36 (KHTML, like Gecko) Chrome/107.0.0.0 Safari/537.36"
77.37.243.14 - - [06/Oct/2024:06:14:56 +0300] "GET /bitrix/js/main/core/core.min.js?1707906884223197 HTTP/2.0" 200 65195 "https://gcba.ru/news/nalogi/szv-stazh-spetsifika-zapolneniya/" "Mozilla/5.0 (X11; Linux x86_64) AppleWebKit/537.36 (KHTML, like Gecko) Chrome/107.0.0.0 Safari/537.36"
77.37.243.14 - - [06/Oct/2024:06:14:56 +0300] "GET /bitrix/cache/js/s1/for_news/kernel_main/kernel_main_v1.js?172545594410092 HTTP/2.0" 200 2972 "https://gcba.ru/news/nalogi/szv-stazh-spetsifika-zapolneniya/" "Mozilla/5.0 (X11; Linux x86_64) AppleWebKit/537.36 (KHTML, like Gecko) Chrome/107.0.0.0 Safari/537.36"
77.37.243.14 - - [06/Oct/2024:06:14:56 +0300] "GET /bitrix/js/ui/dexie/dist/dexie3.bundle.min.js?170790625888274 HTTP/2.0" 200 27363 "https://gcba.ru/news/nalogi/szv-stazh-spetsifika-zapolneniya/" "Mozilla/5.0 (X11; Linux x86_64) AppleWebKit/537.36 (KHTML, like Gecko) Chrome/107.0.0.0 Safari/537.36"
77.37.243.14 - - [06/Oct/2024:06:14:56 +0300] "GET /bitrix/js/main/core/core_ls.min.js?16796846117365 HTTP/2.0" 200 1947 "https://gcba.ru/news/nalogi/szv-stazh-spetsifika-zapolneniya/" "Mozilla/5.0 (X11; Linux x86_64) AppleWebKit/537.36 (KHTML, like Gecko) Chrome/107.0.0.0 Safari/537.36"
77.37.243.14 - - [06/Oct/2024:06:14:56 +0300] "GET /bitrix/js/main/core/core_frame_cache.min.js?170790681511210 HTTP/2.0" 200 3807 "https://gcba.ru/news/nalogi/szv-stazh-spetsifika-zapolneniya/" "Mozilla/5.0 (X11; Linux x86_64) AppleWebKit/537.36 (KHTML, like Gecko) Chrome/107.0.0.0 Safari/537.36"
77.37.243.14 - - [06/Oct/2024:06:14:56 +0300] "GET /bitrix/js/main/jquery/jquery-1.12.4.min.js?167968529797163 HTTP/2.0" 200 33738 "https://gcba.ru/news/nalogi/szv-stazh-spetsifika-zapolneniya/" "Mozilla/5.0 (X11; Linux x86_64) AppleWebKit/537.36 (KHTML, like Gecko) Chrome/107.0.0.0 Safari/537.36"
77.37.243.14 - - [06/Oct/2024:06:14:56 +0300] "GET /bitrix/js/main/popup/dist/main.popup.bundle.min.js?170790681565824 HTTP/2.0" 200 14020 "https://gcba.ru/news/nalogi/szv-stazh-spetsifika-zapolneniya/" "Mozilla/5.0 (X11; Linux x86_64) AppleWebKit/537.36 (KHTML, like Gecko) Chrome/107.0.0.0 Safari/537.36"
77.37.243.14 - - [06/Oct/2024:06:14:56 +0300] "GET /bitrix/cache/js/s1/for_news/template_2b3737f74508ed26a91bf1be469f53d2/template_2b3737f74508ed26a91bf1be469f53d2_v1.js?17254559446641 HTTP/2.0" 200 2566 "https://gcba.ru/news/nalogi/szv-stazh-spetsifika-zapolneniya/" "Mozilla/5.0 (X11; Linux x86_64) AppleWebKit/537.36 (KHTML, like Gecko) Chrome/107.0.0.0 Safari/537.36"
77.37.243.14 - - [06/Oct/2024:06:14:56 +0300] "GET /js/plugins.js HTTP/2.0" 200 7108 "https://gcba.ru/news/nalogi/szv-stazh-spetsifika-zapolneniya/" "Mozilla/5.0 (X11; Linux x86_64) AppleWebKit/537.36 (KHTML, like Gecko) Chrome/107.0.0.0 Safari/537.36"
77.37.243.14 - - [06/Oct/2024:06:14:56 +0300] "GET /js/script.js HTTP/2.0" 200 1234 "https://gcba.ru/news/nalogi/szv-stazh-spetsifika-zapolneniya/" "Mozilla/5.0 (X11; Linux x86_64) AppleWebKit/537.36 (KHTML, like Gecko) Chrome/107.0.0.0 Safari/537.36"
77.37.243.14 - - [06/Oct/2024:06:14:56 +0300] "GET /local/components/mb/social.links/templates/.default/images/vk.jpg HTTP/2.0" 200 4002 "https://gcba.ru/news/nalogi/szv-stazh-spetsifika-zapolneniya/" "Mozilla/5.0 (X11; Linux x86_64) AppleWebKit/537.36 (KHTML, like Gecko) Chrome/107.0.0.0 Safari/537.36"
