185.191.171.11 - - [07/Oct/2024:19:04:37 +0300] "GET /12m37txwgk.html HTTP/1.0" 404 42116 "-" "Mozilla/5.0 (compatible; SemrushBot/7~bl; +http://www.semrush.com/bot.html)"
85.208.96.210 - - [07/Oct/2024:19:04:46 +0300] "GET /3mdniskc8u.html HTTP/1.0" 404 42116 "-" "Mozilla/5.0 (compatible; SemrushBot/7~bl; +http://www.semrush.com/bot.html)"
185.191.171.13 - - [07/Oct/2024:19:05:02 +0300] "GET /458a8olin0.html HTTP/1.0" 404 45265 "-" "Mozilla/5.0 (compatible; SemrushBot/7~bl; +http://www.semrush.com/bot.html)"
185.191.171.6 - - [07/Oct/2024:19:05:37 +0300] "GET /3cmhiitqrc.html HTTP/1.0" 404 42116 "-" "Mozilla/5.0 (compatible; SemrushBot/7~bl; +http://www.semrush.com/bot.html)"
185.191.171.7 - - [07/Oct/2024:19:05:39 +0300] "GET /4agcht89dp.html HTTP/1.0" 404 42116 "-" "Mozilla/5.0 (compatible; SemrushBot/7~bl; +http://www.semrush.com/bot.html)"
85.208.96.197 - - [07/Oct/2024:19:06:20 +0300] "GET /22g53pey27.html HTTP/1.0" 404 42116 "-" "Mozilla/5.0 (compatible; SemrushBot/7~bl; +http://www.semrush.com/bot.html)"
185.191.171.11 - - [07/Oct/2024:19:06:25 +0300] "GET /5f6b2su9hj.html HTTP/1.0" 404 42116 "-" "Mozilla/5.0 (compatible; SemrushBot/7~bl; +http://www.semrush.com/bot.html)"
85.208.96.208 - - [07/Oct/2024:19:07:09 +0300] "GET /cmpgeoqqh.html HTTP/1.0" 404 42114 "-" "Mozilla/5.0 (compatible; SemrushBot/7~bl; +http://www.semrush.com/bot.html)"
185.191.171.13 - - [07/Oct/2024:19:07:26 +0300] "GET /15fmjaajzg.html HTTP/1.0" 404 42116 "-" "Mozilla/5.0 (compatible; SemrushBot/7~bl; +http://www.semrush.com/bot.html)"
66.249.66.36 - - [07/Oct/2024:19:07:55 +0300] "GET /xmw23/daily-paid-jobs-birmingham.html HTTP/1.0" 200 16552 "-" "Mozilla/5.0 (Linux; Android 6.0.1; Nexus 5X Build/MMB29P) AppleWebKit/537.36 (KHTML, like Gecko) Chrome/129.0.6668.89 Mobile Safari/537.36 (compatible; Googlebot/2.1; +http://www.google.com/bot.html)"
185.191.171.9 - - [07/Oct/2024:19:08:05 +0300] "GET /1l4nanwzff.html HTTP/1.0" 404 42116 "-" "Mozilla/5.0 (compatible; SemrushBot/7~bl; +http://www.semrush.com/bot.html)"
185.191.171.17 - - [07/Oct/2024:19:08:19 +0300] "GET /jbidmvjm3.html HTTP/1.0" 404 42114 "-" "Mozilla/5.0 (compatible; SemrushBot/7~bl; +http://www.semrush.com/bot.html)"
185.191.171.6 - - [07/Oct/2024:19:08:32 +0300] "GET /17ppouznpx.html HTTP/1.0" 404 42116 "-" "Mozilla/5.0 (compatible; SemrushBot/7~bl; +http://www.semrush.com/bot.html)"
85.208.96.195 - - [07/Oct/2024:19:09:03 +0300] "GET /4jn6mxze0b.html HTTP/1.0" 404 42116 "-" "Mozilla/5.0 (compatible; SemrushBot/7~bl; +http://www.semrush.com/bot.html)"
85.208.96.207 - - [07/Oct/2024:19:10:00 +0300] "GET /34g1azhzxv.html HTTP/1.0" 404 45265 "-" "Mozilla/5.0 (compatible; SemrushBot/7~bl; +http://www.semrush.com/bot.html)"
85.208.96.205 - - [07/Oct/2024:19:10:13 +0300] "GET /11pam0bkom.html HTTP/1.0" 404 45265 "-" "Mozilla/5.0 (compatible; SemrushBot/7~bl; +http://www.semrush.com/bot.html)"
85.208.96.194 - - [07/Oct/2024:19:10:33 +0300] "GET /5of5hn2kxg.html HTTP/1.0" 404 42116 "-" "Mozilla/5.0 (compatible; SemrushBot/7~bl; +http://www.semrush.com/bot.html)"
85.208.96.201 - - [07/Oct/2024:19:10:38 +0300] "GET /2boinumq3k.html HTTP/1.0" 404 42116 "-" "Mozilla/5.0 (compatible; SemrushBot/7~bl; +http://www.semrush.com/bot.html)"
185.191.171.12 - - [07/Oct/2024:19:10:40 +0300] "GET /i4n7uqj1w.html HTTP/1.0" 404 42114 "-" "Mozilla/5.0 (compatible; SemrushBot/7~bl; +http://www.semrush.com/bot.html)"
185.191.171.16 - - [07/Oct/2024:19:11:03 +0300] "GET /398d1hto8v.html HTTP/1.0" 404 42116 "-" "Mozilla/5.0 (compatible; SemrushBot/7~bl; +http://www.semrush.com/bot.html)"
185.191.171.4 - - [07/Oct/2024:19:11:33 +0300] "GET /5g5kghatb.html HTTP/1.0" 404 42114 "-" "Mozilla/5.0 (compatible; SemrushBot/7~bl; +http://www.semrush.com/bot.html)"
85.208.96.199 - - [07/Oct/2024:19:11:34 +0300] "GET /5kmbcjqtvx.html HTTP/1.0" 404 42116 "-" "Mozilla/5.0 (compatible; SemrushBot/7~bl; +http://www.semrush.com/bot.html)"
185.191.171.11 - - [07/Oct/2024:19:11:43 +0300] "GET /6o91pina2.html HTTP/1.0" 404 42114 "-" "Mozilla/5.0 (compatible; SemrushBot/7~bl; +http://www.semrush.com/bot.html)"
85.208.96.193 - - [07/Oct/2024:19:12:12 +0300] "GET /2hdkpv1gg1.html HTTP/1.0" 404 42116 "-" "Mozilla/5.0 (compatible; SemrushBot/7~bl; +http://www.semrush.com/bot.html)"
85.208.96.204 - - [07/Oct/2024:19:12:39 +0300] "GET /4efapeotlm.html HTTP/1.0" 404 42116 "-" "Mozilla/5.0 (compatible; SemrushBot/7~bl; +http://www.semrush.com/bot.html)"
185.191.171.5 - - [07/Oct/2024:19:12:46 +0300] "GET /56ei8rmfu9.html HTTP/1.0" 404 42116 "-" "Mozilla/5.0 (compatible; SemrushBot/7~bl; +http://www.semrush.com/bot.html)"
85.208.96.212 - - [07/Oct/2024:19:13:41 +0300] "GET /4728p1xvtj.html HTTP/1.0" 404 42116 "-" "Mozilla/5.0 (compatible; SemrushBot/7~bl; +http://www.semrush.com/bot.html)"
185.191.171.3 - - [07/Oct/2024:19:14:20 +0300] "GET /2lmil4hpbq.html HTTP/1.0" 404 42116 "-" "Mozilla/5.0 (compatible; SemrushBot/7~bl; +http://www.semrush.com/bot.html)"
185.191.171.3 - - [07/Oct/2024:19:14:24 +0300] "GET /548p788e5k.html HTTP/1.0" 404 42116 "-" "Mozilla/5.0 (compatible; SemrushBot/7~bl; +http://www.semrush.com/bot.html)"
85.208.96.205 - - [07/Oct/2024:19:14:29 +0300] "GET /64hj3o1dm1.html HTTP/1.0" 404 42116 "-" "Mozilla/5.0 (compatible; SemrushBot/7~bl; +http://www.semrush.com/bot.html)"
85.208.96.203 - - [07/Oct/2024:19:14:33 +0300] "GET /67e51wel9e.html HTTP/1.0" 404 42116 "-" "Mozilla/5.0 (compatible; SemrushBot/7~bl; +http://www.semrush.com/bot.html)"
85.208.96.200 - - [07/Oct/2024:19:14:42 +0300] "GET /3840hptdao.html HTTP/1.0" 404 42116 "-" "Mozilla/5.0 (compatible; SemrushBot/7~bl; +http://www.semrush.com/bot.html)"
85.208.96.208 - - [07/Oct/2024:19:15:22 +0300] "GET /54gm2ijvxs.html HTTP/1.0" 404 45265 "-" "Mozilla/5.0 (compatible; SemrushBot/7~bl; +http://www.semrush.com/bot.html)"
185.191.171.9 - - [07/Oct/2024:19:15:29 +0300] "GET /525hmivxv7.html HTTP/1.0" 404 42116 "-" "Mozilla/5.0 (compatible; SemrushBot/7~bl; +http://www.semrush.com/bot.html)"
85.208.96.194 - - [07/Oct/2024:19:15:35 +0300] "GET /4ff7mgcgjl.html HTTP/1.0" 404 45265 "-" "Mozilla/5.0 (compatible; SemrushBot/7~bl; +http://www.semrush.com/bot.html)"
85.208.96.208 - - [07/Oct/2024:19:15:46 +0300] "GET /bc19twow4.html HTTP/1.0" 404 42114 "-" "Mozilla/5.0 (compatible; SemrushBot/7~bl; +http://www.semrush.com/bot.html)"
85.208.96.202 - - [07/Oct/2024:19:16:18 +0300] "GET /2dl34wgilz.html HTTP/1.0" 404 42116 "-" "Mozilla/5.0 (compatible; SemrushBot/7~bl; +http://www.semrush.com/bot.html)"
5.182.86.168 - - [07/Oct/2024:19:17:06 +0300] "GET / HTTP/1.0" 200 322 "-" "Mozilla/5.0 (Windows NT 10.0; rv:48.0) Gecko/20100101 Firefox/48.0"
185.191.171.3 - - [07/Oct/2024:19:17:06 +0300] "GET /4gmjptuctr.html HTTP/1.0" 404 42116 "-" "Mozilla/5.0 (compatible; SemrushBot/7~bl; +http://www.semrush.com/bot.html)"
5.182.86.168 - - [07/Oct/2024:19:17:13 +0300] "POST / HTTP/1.0" 200 322 "https://gcba.ru/" "Mozilla/5.0 (Windows NT 10.0; rv:48.0) Gecko/20100101 Firefox/48.0"
185.191.171.10 - - [07/Oct/2024:19:17:21 +0300] "GET /5al6kbgnrm.html HTTP/1.0" 404 42116 "-" "Mozilla/5.0 (compatible; SemrushBot/7~bl; +http://www.semrush.com/bot.html)"
85.208.96.206 - - [07/Oct/2024:19:17:37 +0300] "GET /5j5jirhvv.html HTTP/1.0" 404 42114 "-" "Mozilla/5.0 (compatible; SemrushBot/7~bl; +http://www.semrush.com/bot.html)"
5.182.86.168 - - [07/Oct/2024:19:17:43 +0300] "GET /95f33f6732e3.php HTTP/1.0" 200 358 "https://gcba.ru/" "Mozilla/5.0 (Windows NT 10.0; rv:48.0) Gecko/20100101 Firefox/48.0"
85.208.96.207 - - [07/Oct/2024:19:18:25 +0300] "GET /36bb2za2jp.html HTTP/1.0" 404 42116 "-" "Mozilla/5.0 (compatible; SemrushBot/7~bl; +http://www.semrush.com/bot.html)"
185.191.171.3 - - [07/Oct/2024:19:18:34 +0300] "GET /35jmhqnw91.html HTTP/1.0" 404 42116 "-" "Mozilla/5.0 (compatible; SemrushBot/7~bl; +http://www.semrush.com/bot.html)"
85.208.96.207 - - [07/Oct/2024:19:18:39 +0300] "GET /523b3arux7.html HTTP/1.0" 404 42116 "-" "Mozilla/5.0 (compatible; SemrushBot/7~bl; +http://www.semrush.com/bot.html)"
185.191.171.7 - - [07/Oct/2024:19:19:37 +0300] "GET /2e88meaynn.html HTTP/1.0" 404 42116 "-" "Mozilla/5.0 (compatible; SemrushBot/7~bl; +http://www.semrush.com/bot.html)"
185.191.171.9 - - [07/Oct/2024:19:19:56 +0300] "GET /6849io4htr.html HTTP/1.0" 404 42116 "-" "Mozilla/5.0 (compatible; SemrushBot/7~bl; +http://www.semrush.com/bot.html)"
185.191.171.11 - - [07/Oct/2024:19:20:35 +0300] "GET /4ikg0zbikn.html HTTP/1.0" 404 45265 "-" "Mozilla/5.0 (compatible; SemrushBot/7~bl; +http://www.semrush.com/bot.html)"
85.208.96.202 - - [07/Oct/2024:19:20:40 +0300] "GET /2li830gwi7.html HTTP/1.0" 404 42116 "-" "Mozilla/5.0 (compatible; SemrushBot/7~bl; +http://www.semrush.com/bot.html)"
85.208.96.205 - - [07/Oct/2024:19:21:22 +0300] "GET /3fjk1wvd7c.html HTTP/1.0" 404 42116 "-" "Mozilla/5.0 (compatible; SemrushBot/7~bl; +http://www.semrush.com/bot.html)"
85.208.96.205 - - [07/Oct/2024:19:21:25 +0300] "GET /6a7f0dqxg6.html HTTP/1.0" 404 45265 "-" "Mozilla/5.0 (compatible; SemrushBot/7~bl; +http://www.semrush.com/bot.html)"
85.208.96.212 - - [07/Oct/2024:19:21:27 +0300] "GET /64cbhcudlt.html HTTP/1.0" 404 42116 "-" "Mozilla/5.0 (compatible; SemrushBot/7~bl; +http://www.semrush.com/bot.html)"
85.208.96.195 - - [07/Oct/2024:19:22:41 +0300] "GET /5j819achus.html HTTP/1.0" 404 42116 "-" "Mozilla/5.0 (compatible; SemrushBot/7~bl; +http://www.semrush.com/bot.html)"
85.208.96.209 - - [07/Oct/2024:19:22:45 +0300] "GET /15ofe0odnv.html HTTP/1.0" 404 42116 "-" "Mozilla/5.0 (compatible; SemrushBot/7~bl; +http://www.semrush.com/bot.html)"
185.191.171.14 - - [07/Oct/2024:19:22:49 +0300] "GET /13c3na9ycs.html HTTP/1.0" 404 42116 "-" "Mozilla/5.0 (compatible; SemrushBot/7~bl; +http://www.semrush.com/bot.html)"
85.208.96.195 - - [07/Oct/2024:19:23:20 +0300] "GET /njji9zre.html HTTP/1.0" 404 42112 "-" "Mozilla/5.0 (compatible; SemrushBot/7~bl; +http://www.semrush.com/bot.html)"
185.191.171.6 - - [07/Oct/2024:19:23:36 +0300] "GET /2dd45coiuz.html HTTP/1.0" 404 42116 "-" "Mozilla/5.0 (compatible; SemrushBot/7~bl; +http://www.semrush.com/bot.html)"
66.249.66.37 - - [07/Oct/2024:19:23:56 +0300] "GET /xmw23/dts-monaco-passthru.html HTTP/1.0" 200 20644 "-" "Mozilla/5.0 (Linux; Android 6.0.1; Nexus 5X Build/MMB29P) AppleWebKit/537.36 (KHTML, like Gecko) Chrome/129.0.6668.89 Mobile Safari/537.36 (compatible; Googlebot/2.1; +http://www.google.com/bot.html)"
185.191.171.14 - - [07/Oct/2024:19:24:11 +0300] "GET /hjbpoahmz.html HTTP/1.0" 404 42114 "-" "Mozilla/5.0 (compatible; SemrushBot/7~bl; +http://www.semrush.com/bot.html)"
85.208.96.205 - - [07/Oct/2024:19:24:37 +0300] "GET /63ie65nuuy.html HTTP/1.0" 404 42116 "-" "Mozilla/5.0 (compatible; SemrushBot/7~bl; +http://www.semrush.com/bot.html)"
185.191.171.12 - - [07/Oct/2024:19:24:56 +0300] "GET /36c3aqzpw6.html HTTP/1.0" 404 42116 "-" "Mozilla/5.0 (compatible; SemrushBot/7~bl; +http://www.semrush.com/bot.html)"
85.208.96.196 - - [07/Oct/2024:19:25:17 +0300] "GET /6f18boli0.html HTTP/1.0" 404 42114 "-" "Mozilla/5.0 (compatible; SemrushBot/7~bl; +http://www.semrush.com/bot.html)"
185.191.171.6 - - [07/Oct/2024:19:27:35 +0300] "GET /2gn6lvqzvf.html HTTP/1.0" 404 45265 "-" "Mozilla/5.0 (compatible; SemrushBot/7~bl; +http://www.semrush.com/bot.html)"
185.191.171.17 - - [07/Oct/2024:19:27:37 +0300] "GET /news/pravo/ HTTP/1.0" 200 48951 "-" "Mozilla/5.0 (compatible; SemrushBot/7~bl; +http://www.semrush.com/bot.html)"
185.191.171.17 - - [07/Oct/2024:19:27:56 +0300] "GET /36ah6r4pat.html HTTP/1.0" 404 42116 "-" "Mozilla/5.0 (compatible; SemrushBot/7~bl; +http://www.semrush.com/bot.html)"
85.208.96.193 - - [07/Oct/2024:19:29:09 +0300] "GET /beg03xvsq.html HTTP/1.0" 404 42114 "-" "Mozilla/5.0 (compatible; SemrushBot/7~bl; +http://www.semrush.com/bot.html)"
185.191.171.4 - - [07/Oct/2024:19:29:28 +0300] "GET /3d7gmxjvtg.html HTTP/1.0" 404 42116 "-" "Mozilla/5.0 (compatible; SemrushBot/7~bl; +http://www.semrush.com/bot.html)"
85.208.96.210 - - [07/Oct/2024:19:29:35 +0300] "GET /bj865apep.html HTTP/1.0" 404 42114 "-" "Mozilla/5.0 (compatible; SemrushBot/7~bl; +http://www.semrush.com/bot.html)"
85.208.96.195 - - [07/Oct/2024:19:31:22 +0300] "GET /17ln5tnpnc.html HTTP/1.0" 404 42116 "-" "Mozilla/5.0 (compatible; SemrushBot/7~bl; +http://www.semrush.com/bot.html)"
85.208.96.200 - - [07/Oct/2024:19:31:52 +0300] "GET /55g9ac6rzc.html HTTP/1.0" 404 42116 "-" "Mozilla/5.0 (compatible; SemrushBot/7~bl; +http://www.semrush.com/bot.html)"
85.208.96.210 - - [07/Oct/2024:19:31:54 +0300] "GET /jn7hd76a.html HTTP/1.0" 404 42112 "-" "Mozilla/5.0 (compatible; SemrushBot/7~bl; +http://www.semrush.com/bot.html)"
85.208.96.210 - - [07/Oct/2024:19:32:14 +0300] "GET /214h7urnpq.html HTTP/1.0" 404 42116 "-" "Mozilla/5.0 (compatible; SemrushBot/7~bl; +http://www.semrush.com/bot.html)"
85.208.96.205 - - [07/Oct/2024:19:32:41 +0300] "GET /446m3bmojd.html HTTP/1.0" 404 45265 "-" "Mozilla/5.0 (compatible; SemrushBot/7~bl; +http://www.semrush.com/bot.html)"
85.208.96.206 - - [07/Oct/2024:19:32:57 +0300] "GET /136b1i8gbv.html HTTP/1.0" 404 45265 "-" "Mozilla/5.0 (compatible; SemrushBot/7~bl; +http://www.semrush.com/bot.html)"
167.94.138.40 - - [07/Oct/2024:19:34:19 +0300] "GET / HTTP/1.0" 200 322 "-" "Mozilla/5.0 (compatible; CensysInspect/1.1; +https://about.censys.io/)"
185.191.171.18 - - [07/Oct/2024:19:34:59 +0300] "GET /6c1d18plsq.html HTTP/1.0" 404 42116 "-" "Mozilla/5.0 (compatible; SemrushBot/7~bl; +http://www.semrush.com/bot.html)"
85.208.96.210 - - [07/Oct/2024:19:35:07 +0300] "GET /4361d1yamx.html HTTP/1.0" 404 42116 "-" "Mozilla/5.0 (compatible; SemrushBot/7~bl; +http://www.semrush.com/bot.html)"
185.191.171.4 - - [07/Oct/2024:19:35:38 +0300] "GET /41gilgf0ex.html HTTP/1.0" 404 42116 "-" "Mozilla/5.0 (compatible; SemrushBot/7~bl; +http://www.semrush.com/bot.html)"
185.191.171.19 - - [07/Oct/2024:19:36:09 +0300] "GET /5l2i8qdapb.html HTTP/1.0" 404 42116 "-" "Mozilla/5.0 (compatible; SemrushBot/7~bl; +http://www.semrush.com/bot.html)"
85.208.96.212 - - [07/Oct/2024:19:36:11 +0300] "GET /l6p0uuucf.html HTTP/1.0" 404 42114 "-" "Mozilla/5.0 (compatible; SemrushBot/7~bl; +http://www.semrush.com/bot.html)"
185.191.171.7 - - [07/Oct/2024:19:36:47 +0300] "GET /41onkjnvf7.html HTTP/1.0" 404 42116 "-" "Mozilla/5.0 (compatible; SemrushBot/7~bl; +http://www.semrush.com/bot.html)"
85.208.96.212 - - [07/Oct/2024:19:36:50 +0300] "GET /5o6n9fgpqb.html HTTP/1.0" 404 42116 "-" "Mozilla/5.0 (compatible; SemrushBot/7~bl; +http://www.semrush.com/bot.html)"
66.249.66.37 - - [07/Oct/2024:19:36:56 +0300] "GET /xmw23/citizen-times-asheville-mugshots.html HTTP/1.0" 200 17193 "-" "Mozilla/5.0 (Linux; Android 6.0.1; Nexus 5X Build/MMB29P) AppleWebKit/537.36 (KHTML, like Gecko) Chrome/129.0.6668.89 Mobile Safari/537.36 (compatible; Googlebot/2.1; +http://www.google.com/bot.html)"
185.191.171.11 - - [07/Oct/2024:19:37:18 +0300] "GET /61o1giyhsn.html HTTP/1.0" 404 42116 "-" "Mozilla/5.0 (compatible; SemrushBot/7~bl; +http://www.semrush.com/bot.html)"
85.208.96.199 - - [07/Oct/2024:19:37:23 +0300] "GET /4pif1rit8d.html HTTP/1.0" 404 42116 "-" "Mozilla/5.0 (compatible; SemrushBot/7~bl; +http://www.semrush.com/bot.html)"
185.191.171.15 - - [07/Oct/2024:19:38:36 +0300] "GET /5b699kubcn.html HTTP/1.0" 404 45265 "-" "Mozilla/5.0 (compatible; SemrushBot/7~bl; +http://www.semrush.com/bot.html)"
185.191.171.3 - - [07/Oct/2024:19:39:01 +0300] "GET /34be0odthu.html HTTP/1.0" 404 42116 "-" "Mozilla/5.0 (compatible; SemrushBot/7~bl; +http://www.semrush.com/bot.html)"
185.191.171.10 - - [07/Oct/2024:19:39:04 +0300] "GET /16hm8hervx.html HTTP/1.0" 404 42116 "-" "Mozilla/5.0 (compatible; SemrushBot/7~bl; +http://www.semrush.com/bot.html)"
185.191.171.17 - - [07/Oct/2024:19:39:38 +0300] "GET /3aidgikyhl.html HTTP/1.0" 404 42116 "-" "Mozilla/5.0 (compatible; SemrushBot/7~bl; +http://www.semrush.com/bot.html)"
185.191.171.2 - - [07/Oct/2024:19:40:26 +0300] "GET /mj0j7hiuq.html HTTP/1.0" 404 42114 "-" "Mozilla/5.0 (compatible; SemrushBot/7~bl; +http://www.semrush.com/bot.html)"
85.208.96.211 - - [07/Oct/2024:19:40:28 +0300] "GET /6ajcaxvk97.html HTTP/1.0" 404 45265 "-" "Mozilla/5.0 (compatible; SemrushBot/7~bl; +http://www.semrush.com/bot.html)"
185.191.171.3 - - [07/Oct/2024:19:40:29 +0300] "GET /696o2tcvyf.html HTTP/1.0" 404 42116 "-" "Mozilla/5.0 (compatible; SemrushBot/7~bl; +http://www.semrush.com/bot.html)"
85.208.96.195 - - [07/Oct/2024:19:40:54 +0300] "GET /1a3np0rr8d.html HTTP/1.0" 404 42116 "-" "Mozilla/5.0 (compatible; SemrushBot/7~bl; +http://www.semrush.com/bot.html)"
85.208.96.195 - - [07/Oct/2024:19:41:20 +0300] "GET /17614aehil.html HTTP/1.0" 404 42116 "-" "Mozilla/5.0 (compatible; SemrushBot/7~bl; +http://www.semrush.com/bot.html)"
85.208.96.200 - - [07/Oct/2024:19:41:34 +0300] "GET /40ceou7tak.html HTTP/1.0" 404 42116 "-" "Mozilla/5.0 (compatible; SemrushBot/7~bl; +http://www.semrush.com/bot.html)"
85.208.96.206 - - [07/Oct/2024:19:41:43 +0300] "GET /gd1kvub83.html HTTP/1.0" 404 42114 "-" "Mozilla/5.0 (compatible; SemrushBot/7~bl; +http://www.semrush.com/bot.html)"
185.191.171.1 - - [07/Oct/2024:19:41:48 +0300] "GET /3e5a7ixcqs.html HTTP/1.0" 404 42116 "-" "Mozilla/5.0 (compatible; SemrushBot/7~bl; +http://www.semrush.com/bot.html)"
66.249.66.35 - - [07/Oct/2024:19:41:57 +0300] "GET /xmw23/luna-county-obits.html HTTP/1.0" 500 341 "-" "Mozilla/5.0 (Linux; Android 6.0.1; Nexus 5X Build/MMB29P) AppleWebKit/537.36 (KHTML, like Gecko) Chrome/129.0.6668.89 Mobile Safari/537.36 (compatible; Googlebot/2.1; +http://www.google.com/bot.html)"
85.208.96.212 - - [07/Oct/2024:19:42:00 +0300] "GET /3in88dwlhf.html HTTP/1.0" 404 42116 "-" "Mozilla/5.0 (compatible; SemrushBot/7~bl; +http://www.semrush.com/bot.html)"
85.208.96.206 - - [07/Oct/2024:19:43:17 +0300] "GET /3f1i3jc138.html HTTP/1.0" 404 42116 "-" "Mozilla/5.0 (compatible; SemrushBot/7~bl; +http://www.semrush.com/bot.html)"
66.249.66.36 - - [07/Oct/2024:19:43:57 +0300] "GET /xmw23/projection-novel-bl.html HTTP/1.0" 200 33978 "-" "Mozilla/5.0 (Linux; Android 6.0.1; Nexus 5X Build/MMB29P) AppleWebKit/537.36 (KHTML, like Gecko) Chrome/129.0.6668.89 Mobile Safari/537.36 (compatible; Googlebot/2.1; +http://www.google.com/bot.html)"
185.191.171.12 - - [07/Oct/2024:19:44:26 +0300] "GET /51j7kvnqfc.html HTTP/1.0" 404 42116 "-" "Mozilla/5.0 (compatible; SemrushBot/7~bl; +http://www.semrush.com/bot.html)"
185.191.171.8 - - [07/Oct/2024:19:44:38 +0300] "GET /4ol8g61yq3.html HTTP/1.0" 404 42116 "-" "Mozilla/5.0 (compatible; SemrushBot/7~bl; +http://www.semrush.com/bot.html)"
185.191.171.15 - - [07/Oct/2024:19:45:53 +0300] "GET /371ek0sgv4.html HTTP/1.0" 404 45265 "-" "Mozilla/5.0 (compatible; SemrushBot/7~bl; +http://www.semrush.com/bot.html)"
185.191.171.19 - - [07/Oct/2024:19:46:00 +0300] "GET /3ppckdtleu.html HTTP/1.0" 404 42116 "-" "Mozilla/5.0 (compatible; SemrushBot/7~bl; +http://www.semrush.com/bot.html)"
85.208.96.194 - - [07/Oct/2024:19:46:35 +0300] "GET /1ke2f8zucw.html HTTP/1.0" 404 42116 "-" "Mozilla/5.0 (compatible; SemrushBot/7~bl; +http://www.semrush.com/bot.html)"
185.191.171.2 - - [07/Oct/2024:19:46:40 +0300] "GET /4nl32d9sqv.html HTTP/1.0" 404 42116 "-" "Mozilla/5.0 (compatible; SemrushBot/7~bl; +http://www.semrush.com/bot.html)"
185.191.171.17 - - [07/Oct/2024:19:47:23 +0300] "GET /4h5e9qtlgj.html HTTP/1.0" 404 42116 "-" "Mozilla/5.0 (compatible; SemrushBot/7~bl; +http://www.semrush.com/bot.html)"
185.191.171.5 - - [07/Oct/2024:19:47:57 +0300] "GET /605acopwu6.html HTTP/1.0" 404 42116 "-" "Mozilla/5.0 (compatible; SemrushBot/7~bl; +http://www.semrush.com/bot.html)"
85.208.96.201 - - [07/Oct/2024:19:48:05 +0300] "GET /4fn78xaenc.html HTTP/1.0" 404 42116 "-" "Mozilla/5.0 (compatible; SemrushBot/7~bl; +http://www.semrush.com/bot.html)"
185.191.171.9 - - [07/Oct/2024:19:49:13 +0300] "GET /4ffj3tynks.html HTTP/1.0" 404 42116 "-" "Mozilla/5.0 (compatible; SemrushBot/7~bl; +http://www.semrush.com/bot.html)"
185.191.171.2 - - [07/Oct/2024:19:49:59 +0300] "GET /5n8ob3qn6q.html HTTP/1.0" 404 42116 "-" "Mozilla/5.0 (compatible; SemrushBot/7~bl; +http://www.semrush.com/bot.html)"
66.249.66.37 - - [07/Oct/2024:19:50:21 +0300] "GET /yqmsquctw/entry-level-front-end-developer-jobs-in-europe-with-visa-sponsorship.html HTTP/1.0" 500 3490 "-" "Mozilla/5.0 (Linux; Android 6.0.1; Nexus 5X Build/MMB29P) AppleWebKit/537.36 (KHTML, like Gecko) Chrome/129.0.6668.89 Mobile Safari/537.36 (compatible; Googlebot/2.1; +http://www.google.com/bot.html)"
66.249.66.37 - - [07/Oct/2024:19:50:22 +0300] "GET /xmw23/south-bend-inmate-search.html HTTP/1.0" 500 341 "-" "Mozilla/5.0 (Linux; Android 6.0.1; Nexus 5X Build/MMB29P) AppleWebKit/537.36 (KHTML, like Gecko) Chrome/129.0.6668.89 Mobile Safari/537.36 (compatible; Googlebot/2.1; +http://www.google.com/bot.html)"
85.208.96.195 - - [07/Oct/2024:19:51:24 +0300] "GET /j4edmu5lg.html HTTP/1.0" 404 45263 "-" "Mozilla/5.0 (compatible; SemrushBot/7~bl; +http://www.semrush.com/bot.html)"
85.208.96.197 - - [07/Oct/2024:19:51:43 +0300] "GET /5h0bn7qyzv.html HTTP/1.0" 404 42116 "-" "Mozilla/5.0 (compatible; SemrushBot/7~bl; +http://www.semrush.com/bot.html)"
66.249.66.35 - - [07/Oct/2024:19:51:58 +0300] "GET /xmw23/telegram-daughter.html HTTP/1.0" 200 27564 "-" "Mozilla/5.0 (Linux; Android 6.0.1; Nexus 5X Build/MMB29P) AppleWebKit/537.36 (KHTML, like Gecko) Chrome/129.0.6668.89 Mobile Safari/537.36 (compatible; Googlebot/2.1; +http://www.google.com/bot.html)"
66.249.66.36 - - [07/Oct/2024:19:51:58 +0300] "GET /xmw23/part-time-general-labor-jobs-scarborough-ontario.html HTTP/1.0" 500 341 "-" "Mozilla/5.0 (Linux; Android 6.0.1; Nexus 5X Build/MMB29P) AppleWebKit/537.36 (KHTML, like Gecko) Chrome/129.0.6668.89 Mobile Safari/537.36 (compatible; Googlebot/2.1; +http://www.google.com/bot.html)"
85.208.96.195 - - [07/Oct/2024:19:52:14 +0300] "GET /28f2juq2un.html HTTP/1.0" 404 42116 "-" "Mozilla/5.0 (compatible; SemrushBot/7~bl; +http://www.semrush.com/bot.html)"
85.208.96.193 - - [07/Oct/2024:19:52:56 +0300] "GET /5c765xcq63.html HTTP/1.0" 404 42116 "-" "Mozilla/5.0 (compatible; SemrushBot/7~bl; +http://www.semrush.com/bot.html)"
66.249.66.35 - - [07/Oct/2024:19:52:59 +0300] "GET /xmw23/robinson-funeral-home-obituaries-easley.html HTTP/1.0" 500 341 "-" "Mozilla/5.0 (Linux; Android 6.0.1; Nexus 5X Build/MMB29P) AppleWebKit/537.36 (KHTML, like Gecko) Chrome/129.0.6668.89 Mobile Safari/537.36 (compatible; Googlebot/2.1; +http://www.google.com/bot.html)"
185.191.171.9 - - [07/Oct/2024:19:53:02 +0300] "GET /5nakmorwq5.html HTTP/1.0" 404 42116 "-" "Mozilla/5.0 (compatible; SemrushBot/7~bl; +http://www.semrush.com/bot.html)"
85.208.96.200 - - [07/Oct/2024:19:53:20 +0300] "GET /ak91p1zls.html HTTP/1.0" 404 42114 "-" "Mozilla/5.0 (compatible; SemrushBot/7~bl; +http://www.semrush.com/bot.html)"
85.208.96.196 - - [07/Oct/2024:19:53:24 +0300] "GET /358ha6tip1.html HTTP/1.0" 404 42116 "-" "Mozilla/5.0 (compatible; SemrushBot/7~bl; +http://www.semrush.com/bot.html)"
185.191.171.6 - - [07/Oct/2024:19:53:25 +0300] "GET /16g0ozyuup.html HTTP/1.0" 404 42116 "-" "Mozilla/5.0 (compatible; SemrushBot/7~bl; +http://www.semrush.com/bot.html)"
85.208.96.196 - - [07/Oct/2024:19:53:27 +0300] "GET /6edcbgw6d7.html HTTP/1.0" 404 42116 "-" "Mozilla/5.0 (compatible; SemrushBot/7~bl; +http://www.semrush.com/bot.html)"
85.208.96.209 - - [07/Oct/2024:19:53:54 +0300] "GET /4d3pgpkumg.html HTTP/1.0" 404 42116 "-" "Mozilla/5.0 (compatible; SemrushBot/7~bl; +http://www.semrush.com/bot.html)"
185.191.171.3 - - [07/Oct/2024:19:54:05 +0300] "GET /438di6jzcr.html HTTP/1.0" 404 42116 "-" "Mozilla/5.0 (compatible; SemrushBot/7~bl; +http://www.semrush.com/bot.html)"
185.191.171.17 - - [07/Oct/2024:19:54:30 +0300] "GET /51bl9tu5we.html HTTP/1.0" 404 42116 "-" "Mozilla/5.0 (compatible; SemrushBot/7~bl; +http://www.semrush.com/bot.html)"
185.191.171.10 - - [07/Oct/2024:19:54:35 +0300] "GET /57i93uxelz.html HTTP/1.0" 404 42116 "-" "Mozilla/5.0 (compatible; SemrushBot/7~bl; +http://www.semrush.com/bot.html)"
85.208.96.208 - - [07/Oct/2024:19:54:40 +0300] "GET /72o51owfo.html HTTP/1.0" 404 42114 "-" "Mozilla/5.0 (compatible; SemrushBot/7~bl; +http://www.semrush.com/bot.html)"
185.191.171.11 - - [07/Oct/2024:19:54:50 +0300] "GET /4j5p31syuw.html HTTP/1.0" 404 42116 "-" "Mozilla/5.0 (compatible; SemrushBot/7~bl; +http://www.semrush.com/bot.html)"
66.249.66.35 - - [07/Oct/2024:19:54:59 +0300] "GET /xmw23/part-time-jobs-in-mississauga-and-brampton.html HTTP/1.0" 500 341 "-" "Mozilla/5.0 (Linux; Android 6.0.1; Nexus 5X Build/MMB29P) AppleWebKit/537.36 (KHTML, like Gecko) Chrome/129.0.6668.89 Mobile Safari/537.36 (compatible; Googlebot/2.1; +http://www.google.com/bot.html)"
85.208.96.198 - - [07/Oct/2024:19:55:03 +0300] "GET /3fai4nkpmq.html HTTP/1.0" 404 42116 "-" "Mozilla/5.0 (compatible; SemrushBot/7~bl; +http://www.semrush.com/bot.html)"
85.208.96.200 - - [07/Oct/2024:19:55:33 +0300] "GET /2fdge5ufob.html HTTP/1.0" 404 45265 "-" "Mozilla/5.0 (compatible; SemrushBot/7~bl; +http://www.semrush.com/bot.html)"
85.208.96.210 - - [07/Oct/2024:19:56:19 +0300] "GET /4ae1bndr9.html HTTP/1.0" 404 42114 "-" "Mozilla/5.0 (compatible; SemrushBot/7~bl; +http://www.semrush.com/bot.html)"
85.208.96.198 - - [07/Oct/2024:19:56:40 +0300] "GET /31e3hkctu.html HTTP/1.0" 404 42114 "-" "Mozilla/5.0 (compatible; SemrushBot/7~bl; +http://www.semrush.com/bot.html)"
66.249.66.36 - - [07/Oct/2024:19:56:59 +0300] "GET /xmw23/roon-endpoints.html HTTP/1.0" 500 341 "-" "Mozilla/5.0 (Linux; Android 6.0.1; Nexus 5X Build/MMB29P) AppleWebKit/537.36 (KHTML, like Gecko) Chrome/129.0.6668.89 Mobile Safari/537.36 (compatible; Googlebot/2.1; +http://www.google.com/bot.html)"
185.191.171.9 - - [07/Oct/2024:19:57:13 +0300] "GET /gfogr0inb.html HTTP/1.0" 404 42114 "-" "Mozilla/5.0 (compatible; SemrushBot/7~bl; +http://www.semrush.com/bot.html)"
85.208.96.208 - - [07/Oct/2024:19:57:35 +0300] "GET /53moe0oz6g.html HTTP/1.0" 404 45265 "-" "Mozilla/5.0 (compatible; SemrushBot/7~bl; +http://www.semrush.com/bot.html)"
85.208.96.203 - - [07/Oct/2024:19:57:47 +0300] "GET /67ignhttbw.html HTTP/1.0" 404 42116 "-" "Mozilla/5.0 (compatible; SemrushBot/7~bl; +http://www.semrush.com/bot.html)"
185.191.171.5 - - [07/Oct/2024:19:57:49 +0300] "GET /5a4g5skhs5.html HTTP/1.0" 404 42116 "-" "Mozilla/5.0 (compatible; SemrushBot/7~bl; +http://www.semrush.com/bot.html)"
85.208.96.193 - - [07/Oct/2024:19:58:02 +0300] "GET /5pcd97prnv.html HTTP/1.0" 404 42116 "-" "Mozilla/5.0 (compatible; SemrushBot/7~bl; +http://www.semrush.com/bot.html)"
85.208.96.194 - - [07/Oct/2024:19:59:26 +0300] "GET /23p4aa1w3b.html HTTP/1.0" 404 42116 "-" "Mozilla/5.0 (compatible; SemrushBot/7~bl; +http://www.semrush.com/bot.html)"
85.208.96.203 - - [07/Oct/2024:19:59:34 +0300] "GET /74dbhejs8.html HTTP/1.0" 404 42114 "-" "Mozilla/5.0 (compatible; SemrushBot/7~bl; +http://www.semrush.com/bot.html)"
85.208.96.198 - - [07/Oct/2024:19:59:59 +0300] "GET /2c6h7xsi6j.html HTTP/1.0" 404 42116 "-" "Mozilla/5.0 (compatible; SemrushBot/7~bl; +http://www.semrush.com/bot.html)"
185.191.171.4 - - [07/Oct/2024:20:00:21 +0300] "GET /45koesghbr.html HTTP/1.0" 404 42116 "-" "Mozilla/5.0 (compatible; SemrushBot/7~bl; +http://www.semrush.com/bot.html)"
85.208.96.206 - - [07/Oct/2024:20:01:11 +0300] "GET /3i4jcu5jfn.html HTTP/1.0" 404 42116 "-" "Mozilla/5.0 (compatible; SemrushBot/7~bl; +http://www.semrush.com/bot.html)"
85.208.96.199 - - [07/Oct/2024:20:01:20 +0300] "GET /3lmg2a4csn.html HTTP/1.0" 404 42116 "-" "Mozilla/5.0 (compatible; SemrushBot/7~bl; +http://www.semrush.com/bot.html)"
185.191.171.1 - - [07/Oct/2024:20:01:54 +0300] "GET /1of0d5vqox.html HTTP/1.0" 404 42116 "-" "Mozilla/5.0 (compatible; SemrushBot/7~bl; +http://www.semrush.com/bot.html)"
66.249.66.37 - - [07/Oct/2024:20:02:00 +0300] "GET /xmw23/sanjati-sina-da-je-umro.html HTTP/1.0" 200 26905 "-" "Mozilla/5.0 (Linux; Android 6.0.1; Nexus 5X Build/MMB29P) AppleWebKit/537.36 (KHTML, like Gecko) Chrome/129.0.6668.89 Mobile Safari/537.36 (compatible; Googlebot/2.1; +http://www.google.com/bot.html)"
66.249.66.35 - - [07/Oct/2024:20:04:00 +0300] "GET /xmw23/indeed-lima.html HTTP/1.0" 200 17486 "-" "Mozilla/5.0 (Linux; Android 6.0.1; Nexus 5X Build/MMB29P) AppleWebKit/537.36 (KHTML, like Gecko) Chrome/129.0.6668.89 Mobile Safari/537.36 (compatible; Googlebot/2.1; +http://www.google.com/bot.html)"
85.208.96.205 - - [07/Oct/2024:20:04:00 +0300] "GET /6292pvzx0b.html HTTP/1.0" 404 45265 "-" "Mozilla/5.0 (compatible; SemrushBot/7~bl; +http://www.semrush.com/bot.html)"
66.249.66.37 - - [07/Oct/2024:20:04:01 +0300] "GET /xmw23/plasticna-longeta-za-ruku-cena.html HTTP/1.0" 500 341 "-" "Mozilla/5.0 (Linux; Android 6.0.1; Nexus 5X Build/MMB29P) AppleWebKit/537.36 (KHTML, like Gecko) Chrome/129.0.6668.89 Mobile Safari/537.36 (compatible; Googlebot/2.1; +http://www.google.com/bot.html)"
85.208.96.196 - - [07/Oct/2024:20:04:21 +0300] "GET /49p9hfnqkm.html HTTP/1.0" 404 42116 "-" "Mozilla/5.0 (compatible; SemrushBot/7~bl; +http://www.semrush.com/bot.html)"
85.208.96.203 - - [07/Oct/2024:20:04:26 +0300] "GET /67a8nyg76h.html HTTP/1.0" 404 42116 "-" "Mozilla/5.0 (compatible; SemrushBot/7~bl; +http://www.semrush.com/bot.html)"
85.208.96.210 - - [07/Oct/2024:20:04:43 +0300] "GET /54himlceyx.html HTTP/1.0" 404 42116 "-" "Mozilla/5.0 (compatible; SemrushBot/7~bl; +http://www.semrush.com/bot.html)"
185.191.171.5 - - [07/Oct/2024:20:05:16 +0300] "GET /6931jy6otw.html HTTP/1.0" 404 42116 "-" "Mozilla/5.0 (compatible; SemrushBot/7~bl; +http://www.semrush.com/bot.html)"
85.208.96.209 - - [07/Oct/2024:20:05:38 +0300] "GET /48n25mmmqj.html HTTP/1.0" 404 42116 "-" "Mozilla/5.0 (compatible; SemrushBot/7~bl; +http://www.semrush.com/bot.html)"
85.208.96.201 - - [07/Oct/2024:20:05:40 +0300] "GET /482ijnnmfp.html HTTP/1.0" 404 42116 "-" "Mozilla/5.0 (compatible; SemrushBot/7~bl; +http://www.semrush.com/bot.html)"
85.208.96.199 - - [07/Oct/2024:20:08:13 +0300] "GET /5ol4opimzj.html HTTP/1.0" 404 42116 "-" "Mozilla/5.0 (compatible; SemrushBot/7~bl; +http://www.semrush.com/bot.html)"
185.191.171.5 - - [07/Oct/2024:20:09:04 +0300] "GET /4kp25felwm.html HTTP/1.0" 404 45265 "-" "Mozilla/5.0 (compatible; SemrushBot/7~bl; +http://www.semrush.com/bot.html)"
185.191.171.11 - - [07/Oct/2024:20:09:49 +0300] "GET /2cao8wxq5k.html HTTP/1.0" 404 42116 "-" "Mozilla/5.0 (compatible; SemrushBot/7~bl; +http://www.semrush.com/bot.html)"
85.208.96.196 - - [07/Oct/2024:20:10:14 +0300] "GET /15nailvszk.html HTTP/1.0" 404 45265 "-" "Mozilla/5.0 (compatible; SemrushBot/7~bl; +http://www.semrush.com/bot.html)"
185.191.171.19 - - [07/Oct/2024:20:10:17 +0300] "GET /3g1pofgek7.html HTTP/1.0" 404 42116 "-" "Mozilla/5.0 (compatible; SemrushBot/7~bl; +http://www.semrush.com/bot.html)"
185.191.171.15 - - [07/Oct/2024:20:10:51 +0300] "GET /4p0adettkv.html HTTP/1.0" 404 42116 "-" "Mozilla/5.0 (compatible; SemrushBot/7~bl; +http://www.semrush.com/bot.html)"
85.208.96.199 - - [07/Oct/2024:20:11:12 +0300] "GET /3ifbpbsore.html HTTP/1.0" 404 42116 "-" "Mozilla/5.0 (compatible; SemrushBot/7~bl; +http://www.semrush.com/bot.html)"
85.208.96.205 - - [07/Oct/2024:20:11:32 +0300] "GET /60lj1x3n5v.html HTTP/1.0" 404 42116 "-" "Mozilla/5.0 (compatible; SemrushBot/7~bl; +http://www.semrush.com/bot.html)"
185.191.171.3 - - [07/Oct/2024:20:12:45 +0300] "GET /51i73aiwzu.html HTTP/1.0" 404 42116 "-" "Mozilla/5.0 (compatible; SemrushBot/7~bl; +http://www.semrush.com/bot.html)"
85.208.96.202 - - [07/Oct/2024:20:13:33 +0300] "GET /6ceo9hpg7j.html HTTP/1.0" 404 42116 "-" "Mozilla/5.0 (compatible; SemrushBot/7~bl; +http://www.semrush.com/bot.html)"
185.191.171.3 - - [07/Oct/2024:20:14:18 +0300] "GET /24c0jttdbf.html HTTP/1.0" 404 42116 "-" "Mozilla/5.0 (compatible; SemrushBot/7~bl; +http://www.semrush.com/bot.html)"
185.191.171.18 - - [07/Oct/2024:20:14:54 +0300] "GET /817mkkpuw.html HTTP/1.0" 404 45263 "-" "Mozilla/5.0 (compatible; SemrushBot/7~bl; +http://www.semrush.com/bot.html)"
185.191.171.10 - - [07/Oct/2024:20:15:22 +0300] "GET /43j3oy8etl.html HTTP/1.0" 404 42116 "-" "Mozilla/5.0 (compatible; SemrushBot/7~bl; +http://www.semrush.com/bot.html)"
185.191.171.14 - - [07/Oct/2024:20:15:42 +0300] "GET /5nmd72l6sb.html HTTP/1.0" 404 45265 "-" "Mozilla/5.0 (compatible; SemrushBot/7~bl; +http://www.semrush.com/bot.html)"
85.208.96.197 - - [07/Oct/2024:20:15:55 +0300] "GET /d8khqbquv.html HTTP/1.0" 404 42114 "-" "Mozilla/5.0 (compatible; SemrushBot/7~bl; +http://www.semrush.com/bot.html)"
98.82.38.120 - - [07/Oct/2024:20:16:46 +0300] "GET /yqmsquctw/active-warrant-search-chesapeake,-virginia.html HTTP/1.0" 404 42316 "-" "Mozilla/5.0 (Macintosh; Intel Mac OS X 10_10_1) AppleWebKit/600.2.5 (KHTML, like Gecko) Version/8.0.2 Safari/600.2.5 (Amazonbot/0.1; +https://developer.amazon.com/support/amazonbot)"
85.208.96.205 - - [07/Oct/2024:20:16:54 +0300] "GET /igjj7cwib.html HTTP/1.0" 404 42114 "-" "Mozilla/5.0 (compatible; SemrushBot/7~bl; +http://www.semrush.com/bot.html)"
85.208.96.201 - - [07/Oct/2024:20:17:09 +0300] "GET /a6hjtkbtz.html HTTP/1.0" 404 42114 "-" "Mozilla/5.0 (compatible; SemrushBot/7~bl; +http://www.semrush.com/bot.html)"
85.208.96.195 - - [07/Oct/2024:20:17:50 +0300] "GET /5opalarolr.html HTTP/1.0" 404 42116 "-" "Mozilla/5.0 (compatible; SemrushBot/7~bl; +http://www.semrush.com/bot.html)"
85.208.96.199 - - [07/Oct/2024:20:18:56 +0300] "GET /65kl1vwnhd.html HTTP/1.0" 404 42116 "-" "Mozilla/5.0 (compatible; SemrushBot/7~bl; +http://www.semrush.com/bot.html)"
85.208.96.199 - - [07/Oct/2024:20:19:36 +0300] "GET /3dihk578us.html HTTP/1.0" 404 42116 "-" "Mozilla/5.0 (compatible; SemrushBot/7~bl; +http://www.semrush.com/bot.html)"
85.208.96.212 - - [07/Oct/2024:20:20:10 +0300] "GET /1h261solon.html HTTP/1.0" 404 45265 "-" "Mozilla/5.0 (compatible; SemrushBot/7~bl; +http://www.semrush.com/bot.html)"
85.208.96.199 - - [07/Oct/2024:20:20:13 +0300] "GET /6cliato5mg.html HTTP/1.0" 404 42116 "-" "Mozilla/5.0 (compatible; SemrushBot/7~bl; +http://www.semrush.com/bot.html)"
85.208.96.198 - - [07/Oct/2024:20:20:46 +0300] "GET /6cgkltrije.html HTTP/1.0" 404 42116 "-" "Mozilla/5.0 (compatible; SemrushBot/7~bl; +http://www.semrush.com/bot.html)"
85.208.96.196 - - [07/Oct/2024:20:22:02 +0300] "GET /4l17p0hchp.html HTTP/1.0" 404 45265 "-" "Mozilla/5.0 (compatible; SemrushBot/7~bl; +http://www.semrush.com/bot.html)"
85.208.96.208 - - [07/Oct/2024:20:22:20 +0300] "GET /a04ev4opu.html HTTP/1.0" 404 42114 "-" "Mozilla/5.0 (compatible; SemrushBot/7~bl; +http://www.semrush.com/bot.html)"
185.191.171.17 - - [07/Oct/2024:20:22:22 +0300] "GET /3blcpz6ch3.html HTTP/1.0" 404 42116 "-" "Mozilla/5.0 (compatible; SemrushBot/7~bl; +http://www.semrush.com/bot.html)"
185.191.171.12 - - [07/Oct/2024:20:22:37 +0300] "GET /5lecarutqz.html HTTP/1.0" 404 42116 "-" "Mozilla/5.0 (compatible; SemrushBot/7~bl; +http://www.semrush.com/bot.html)"
85.208.96.198 - - [07/Oct/2024:20:22:59 +0300] "GET /e0n18ntm7.html HTTP/1.0" 404 42114 "-" "Mozilla/5.0 (compatible; SemrushBot/7~bl; +http://www.semrush.com/bot.html)"
85.208.96.200 - - [07/Oct/2024:20:23:14 +0300] "GET /13cf52himz.html HTTP/1.0" 404 42116 "-" "Mozilla/5.0 (compatible; SemrushBot/7~bl; +http://www.semrush.com/bot.html)"
66.249.66.35 - - [07/Oct/2024:20:23:32 +0300] "GET /xmw23/real-madrid-kit-dls-19.html HTTP/1.0" 500 341 "-" "Mozilla/5.0 (Linux; Android 6.0.1; Nexus 5X Build/MMB29P) AppleWebKit/537.36 (KHTML, like Gecko) Chrome/129.0.6668.89 Mobile Safari/537.36 (compatible; Googlebot/2.1; +http://www.google.com/bot.html)"
185.191.171.8 - - [07/Oct/2024:20:23:34 +0300] "GET /175235khcq.html HTTP/1.0" 404 42116 "-" "Mozilla/5.0 (compatible; SemrushBot/7~bl; +http://www.semrush.com/bot.html)"
85.208.96.193 - - [07/Oct/2024:20:23:40 +0300] "GET /4ig317aows.html HTTP/1.0" 404 42116 "-" "Mozilla/5.0 (compatible; SemrushBot/7~bl; +http://www.semrush.com/bot.html)"
85.208.96.200 - - [07/Oct/2024:20:24:26 +0300] "GET /67mmfrn5u1.html HTTP/1.0" 404 42116 "-" "Mozilla/5.0 (compatible; SemrushBot/7~bl; +http://www.semrush.com/bot.html)"
85.208.96.210 - - [07/Oct/2024:20:24:48 +0300] "GET /kfcnjg4ji.html HTTP/1.0" 404 42114 "-" "Mozilla/5.0 (compatible; SemrushBot/7~bl; +http://www.semrush.com/bot.html)"
85.208.98.226 - - [07/Oct/2024:20:24:49 +0300] "GET /yqmsquctw/earth-wire-colour.html HTTP/1.0" 500 341 "-" "Mozilla/5.0 (compatible; Googlebot/2.1; +http://www.google.com/bot.html)"
85.208.96.205 - - [07/Oct/2024:20:24:59 +0300] "GET /5k02ctnyfp.html HTTP/1.0" 404 42116 "-" "Mozilla/5.0 (compatible; SemrushBot/7~bl; +http://www.semrush.com/bot.html)"
85.208.98.226 - - [07/Oct/2024:20:25:01 +0300] "GET /yqmsquctw/recent-obituaries-sweetwater,-tn.html HTTP/1.0" 404 42296 "-" "Mozilla/5.0 (compatible; Googlebot/2.1; +http://www.google.com/bot.html)"
85.208.96.207 - - [07/Oct/2024:20:25:10 +0300] "GET /1fbjfqwr72.html HTTP/1.0" 404 42116 "-" "Mozilla/5.0 (compatible; SemrushBot/7~bl; +http://www.semrush.com/bot.html)"
85.208.98.226 - - [07/Oct/2024:20:25:13 +0300] "GET /yqmsquctw/packaging-jobs-on-cash.html HTTP/1.0" 500 341 "-" "Mozilla/5.0 (compatible; Googlebot/2.1; +http://www.google.com/bot.html)"
85.208.98.226 - - [07/Oct/2024:20:25:24 +0300] "GET /yqmsquctw/wlos-news-13-top-stories-today.html HTTP/1.0" 500 341 "-" "Mozilla/5.0 (compatible; Googlebot/2.1; +http://www.google.com/bot.html)"
185.191.171.14 - - [07/Oct/2024:20:25:28 +0300] "GET /5jc5i45jrw.html HTTP/1.0" 404 42116 "-" "Mozilla/5.0 (compatible; SemrushBot/7~bl; +http://www.semrush.com/bot.html)"
85.208.96.204 - - [07/Oct/2024:20:25:38 +0300] "GET /6n3bi52aq.html HTTP/1.0" 404 42114 "-" "Mozilla/5.0 (compatible; SemrushBot/7~bl; +http://www.semrush.com/bot.html)"
185.191.171.16 - - [07/Oct/2024:20:26:19 +0300] "GET /3e4dew0guv.html HTTP/1.0" 404 45265 "-" "Mozilla/5.0 (compatible; SemrushBot/7~bl; +http://www.semrush.com/bot.html)"
85.208.96.211 - - [07/Oct/2024:20:27:00 +0300] "GET /311l35qklb.html HTTP/1.0" 404 42116 "-" "Mozilla/5.0 (compatible; SemrushBot/7~bl; +http://www.semrush.com/bot.html)"
85.208.96.202 - - [07/Oct/2024:20:28:48 +0300] "GET /m8o4xkqta.html HTTP/1.0" 404 45263 "-" "Mozilla/5.0 (compatible; SemrushBot/7~bl; +http://www.semrush.com/bot.html)"
85.208.96.194 - - [07/Oct/2024:20:28:54 +0300] "GET /13dk1z78to.html HTTP/1.0" 404 42116 "-" "Mozilla/5.0 (compatible; SemrushBot/7~bl; +http://www.semrush.com/bot.html)"
85.208.96.210 - - [07/Oct/2024:20:29:00 +0300] "GET /65j17gok9q.html HTTP/1.0" 404 42116 "-" "Mozilla/5.0 (compatible; SemrushBot/7~bl; +http://www.semrush.com/bot.html)"
185.191.171.12 - - [07/Oct/2024:20:30:04 +0300] "GET /4abc8lklux.html HTTP/1.0" 404 42116 "-" "Mozilla/5.0 (compatible; SemrushBot/7~bl; +http://www.semrush.com/bot.html)"
185.191.171.3 - - [07/Oct/2024:20:30:23 +0300] "GET /b33mkq6tj.html HTTP/1.0" 404 42114 "-" "Mozilla/5.0 (compatible; SemrushBot/7~bl; +http://www.semrush.com/bot.html)"
85.208.96.203 - - [07/Oct/2024:20:30:25 +0300] "GET /2hp3mzg6ln.html HTTP/1.0" 404 42116 "-" "Mozilla/5.0 (compatible; SemrushBot/7~bl; +http://www.semrush.com/bot.html)"
85.208.96.196 - - [07/Oct/2024:20:31:00 +0300] "GET /5gnc7l6caa.html HTTP/1.0" 404 42116 "-" "Mozilla/5.0 (compatible; SemrushBot/7~bl; +http://www.semrush.com/bot.html)"
185.191.171.2 - - [07/Oct/2024:20:31:09 +0300] "GET /5ilg3fp2cz.html HTTP/1.0" 404 42116 "-" "Mozilla/5.0 (compatible; SemrushBot/7~bl; +http://www.semrush.com/bot.html)"
85.208.96.197 - - [07/Oct/2024:20:31:14 +0300] "GET /oliboptji.html HTTP/1.0" 404 42114 "-" "Mozilla/5.0 (compatible; SemrushBot/7~bl; +http://www.semrush.com/bot.html)"
85.208.96.208 - - [07/Oct/2024:20:31:35 +0300] "GET /3nno7o3gh.html HTTP/1.0" 404 45263 "-" "Mozilla/5.0 (compatible; SemrushBot/7~bl; +http://www.semrush.com/bot.html)"
85.208.96.203 - - [07/Oct/2024:20:32:28 +0300] "GET /24mph52fzz.html HTTP/1.0" 404 42116 "-" "Mozilla/5.0 (compatible; SemrushBot/7~bl; +http://www.semrush.com/bot.html)"
185.191.171.12 - - [07/Oct/2024:20:32:51 +0300] "GET /1lk6dcbgi2.html HTTP/1.0" 404 42116 "-" "Mozilla/5.0 (compatible; SemrushBot/7~bl; +http://www.semrush.com/bot.html)"
185.191.171.1 - - [07/Oct/2024:20:32:54 +0300] "GET /5og5ow8y5d.html HTTP/1.0" 404 42116 "-" "Mozilla/5.0 (compatible; SemrushBot/7~bl; +http://www.semrush.com/bot.html)"
185.191.171.7 - - [07/Oct/2024:20:33:06 +0300] "GET /14852mcyfq.html HTTP/1.0" 404 42116 "-" "Mozilla/5.0 (compatible; SemrushBot/7~bl; +http://www.semrush.com/bot.html)"
185.191.171.11 - - [07/Oct/2024:20:33:54 +0300] "GET /5e138gv2d4.html HTTP/1.0" 404 42116 "-" "Mozilla/5.0 (compatible; SemrushBot/7~bl; +http://www.semrush.com/bot.html)"
185.191.171.16 - - [07/Oct/2024:20:34:07 +0300] "GET /64fli0pn0a.html HTTP/1.0" 404 45265 "-" "Mozilla/5.0 (compatible; SemrushBot/7~bl; +http://www.semrush.com/bot.html)"
85.208.96.195 - - [07/Oct/2024:20:34:34 +0300] "GET /3729cyqy1k.html HTTP/1.0" 404 42116 "-" "Mozilla/5.0 (compatible; SemrushBot/7~bl; +http://www.semrush.com/bot.html)"
185.191.171.7 - - [07/Oct/2024:20:34:42 +0300] "GET /484h0e7zye.html HTTP/1.0" 404 42116 "-" "Mozilla/5.0 (compatible; SemrushBot/7~bl; +http://www.semrush.com/bot.html)"
85.208.96.204 - - [07/Oct/2024:20:34:47 +0300] "GET /1ki1fgow1s.html HTTP/1.0" 404 42116 "-" "Mozilla/5.0 (compatible; SemrushBot/7~bl; +http://www.semrush.com/bot.html)"
185.191.171.13 - - [07/Oct/2024:20:35:38 +0300] "GET /335f2utbwp.html HTTP/1.0" 404 42116 "-" "Mozilla/5.0 (compatible; SemrushBot/7~bl; +http://www.semrush.com/bot.html)"
185.191.171.13 - - [07/Oct/2024:20:35:51 +0300] "GET /19agdic3h1.html HTTP/1.0" 404 42116 "-" "Mozilla/5.0 (compatible; SemrushBot/7~bl; +http://www.semrush.com/bot.html)"
85.208.96.204 - - [07/Oct/2024:20:36:07 +0300] "GET /4dpgvoro1.html HTTP/1.0" 404 42114 "-" "Mozilla/5.0 (compatible; SemrushBot/7~bl; +http://www.semrush.com/bot.html)"
85.208.96.206 - - [07/Oct/2024:20:36:41 +0300] "GET /3lao40njxc.html HTTP/1.0" 404 45265 "-" "Mozilla/5.0 (compatible; SemrushBot/7~bl; +http://www.semrush.com/bot.html)"
185.191.171.14 - - [07/Oct/2024:20:36:45 +0300] "GET /3l3bmswhci.html HTTP/1.0" 404 42116 "-" "Mozilla/5.0 (compatible; SemrushBot/7~bl; +http://www.semrush.com/bot.html)"
66.249.66.36 - - [07/Oct/2024:20:36:51 +0300] "GET /xmw23/aged-care-482-visa-sponsorship-jobs-near-sydney-nsw.html HTTP/1.0" 500 341 "-" "Mozilla/5.0 (Linux; Android 6.0.1; Nexus 5X Build/MMB29P) AppleWebKit/537.36 (KHTML, like Gecko) Chrome/129.0.6668.89 Mobile Safari/537.36 (compatible; Googlebot/2.1; +http://www.google.com/bot.html)"
66.249.66.37 - - [07/Oct/2024:20:36:52 +0300] "GET /xmw23/mugshots-texas-busted-newspaper.html HTTP/1.0" 500 341 "-" "Mozilla/5.0 (Linux; Android 6.0.1; Nexus 5X Build/MMB29P) AppleWebKit/537.36 (KHTML, like Gecko) Chrome/129.0.6668.89 Mobile Safari/537.36 (compatible; Googlebot/2.1; +http://www.google.com/bot.html)"
85.208.96.203 - - [07/Oct/2024:20:37:26 +0300] "GET /1b4k6f34cq.html HTTP/1.0" 404 42116 "-" "Mozilla/5.0 (compatible; SemrushBot/7~bl; +http://www.semrush.com/bot.html)"
85.208.96.197 - - [07/Oct/2024:20:37:59 +0300] "GET /2kbeahp534.html HTTP/1.0" 404 42116 "-" "Mozilla/5.0 (compatible; SemrushBot/7~bl; +http://www.semrush.com/bot.html)"
85.208.96.194 - - [07/Oct/2024:20:38:40 +0300] "GET /14ijm09yet.html HTTP/1.0" 404 42116 "-" "Mozilla/5.0 (compatible; SemrushBot/7~bl; +http://www.semrush.com/bot.html)"
66.249.66.36 - - [07/Oct/2024:20:38:53 +0300] "GET /xmw23/recent-arrests-lake-county-indiana.html HTTP/1.0" 500 341 "-" "Mozilla/5.0 (Linux; Android 6.0.1; Nexus 5X Build/MMB29P) AppleWebKit/537.36 (KHTML, like Gecko) Chrome/129.0.6668.89 Mobile Safari/537.36 (compatible; Googlebot/2.1; +http://www.google.com/bot.html)"
85.208.96.194 - - [07/Oct/2024:20:39:15 +0300] "GET /61cm7e17rv.html HTTP/1.0" 404 42116 "-" "Mozilla/5.0 (compatible; SemrushBot/7~bl; +http://www.semrush.com/bot.html)"
85.208.96.198 - - [07/Oct/2024:20:39:24 +0300] "GET /4h4mddordo.html HTTP/1.0" 404 42116 "-" "Mozilla/5.0 (compatible; SemrushBot/7~bl; +http://www.semrush.com/bot.html)"
85.208.96.198 - - [07/Oct/2024:20:39:44 +0300] "GET /1kd3198vmm.html HTTP/1.0" 404 42116 "-" "Mozilla/5.0 (compatible; SemrushBot/7~bl; +http://www.semrush.com/bot.html)"
85.208.96.205 - - [07/Oct/2024:20:40:27 +0300] "GET /1d1bp9rn5v.html HTTP/1.0" 404 42116 "-" "Mozilla/5.0 (compatible; SemrushBot/7~bl; +http://www.semrush.com/bot.html)"
85.208.96.212 - - [07/Oct/2024:20:41:14 +0300] "GET /oe974s4nn.html HTTP/1.0" 404 45263 "-" "Mozilla/5.0 (compatible; SemrushBot/7~bl; +http://www.semrush.com/bot.html)"
185.191.171.17 - - [07/Oct/2024:20:42:02 +0300] "GET /3bk1pztyef.html HTTP/1.0" 404 45265 "-" "Mozilla/5.0 (compatible; SemrushBot/7~bl; +http://www.semrush.com/bot.html)"
37.99.40.163 - - [07/Oct/2024:20:43:05 +0300] "GET / HTTP/1.0" 200 322 "https://gcba.ru/" "Mozilla/5.0 (Windows NT 6.1; Win64; x64) AppleWebKit/537.36 (KHTML, like Gecko) Chrome/103.0.5060.114 Safari/537.36"
185.191.171.19 - - [07/Oct/2024:20:43:24 +0300] "GET /2e9n0d5b2s.html HTTP/1.0" 404 42116 "-" "Mozilla/5.0 (compatible; SemrushBot/7~bl; +http://www.semrush.com/bot.html)"
85.208.96.204 - - [07/Oct/2024:20:43:44 +0300] "GET /5n3oiynjhc.html HTTP/1.0" 404 42116 "-" "Mozilla/5.0 (compatible; SemrushBot/7~bl; +http://www.semrush.com/bot.html)"
85.208.96.199 - - [07/Oct/2024:20:45:25 +0300] "GET /2i9ig6rlwz.html HTTP/1.0" 404 42116 "-" "Mozilla/5.0 (compatible; SemrushBot/7~bl; +http://www.semrush.com/bot.html)"
85.208.96.208 - - [07/Oct/2024:20:45:33 +0300] "GET /1jkb7vz8q7.html HTTP/1.0" 404 42116 "-" "Mozilla/5.0 (compatible; SemrushBot/7~bl; +http://www.semrush.com/bot.html)"
185.191.171.2 - - [07/Oct/2024:20:46:05 +0300] "GET /468an4pdsr.html HTTP/1.0" 404 42116 "-" "Mozilla/5.0 (compatible; SemrushBot/7~bl; +http://www.semrush.com/bot.html)"
85.208.96.199 - - [07/Oct/2024:20:46:08 +0300] "GET /17p77jfkqs.html HTTP/1.0" 404 42116 "-" "Mozilla/5.0 (compatible; SemrushBot/7~bl; +http://www.semrush.com/bot.html)"
85.208.96.197 - - [07/Oct/2024:20:46:43 +0300] "GET /31512ugtwm.html HTTP/1.0" 404 42116 "-" "Mozilla/5.0 (compatible; SemrushBot/7~bl; +http://www.semrush.com/bot.html)"
85.208.96.205 - - [07/Oct/2024:20:47:08 +0300] "GET /54377i1oku.html HTTP/1.0" 404 45265 "-" "Mozilla/5.0 (compatible; SemrushBot/7~bl; +http://www.semrush.com/bot.html)"
185.191.171.16 - - [07/Oct/2024:20:47:46 +0300] "GET /431d9c3lze.html HTTP/1.0" 404 42116 "-" "Mozilla/5.0 (compatible; SemrushBot/7~bl; +http://www.semrush.com/bot.html)"
80.82.63.73 - - [07/Oct/2024:20:49:37 +0300] "GET /news/nalogi/szv-stazh-spetsifika-zapolneniya/ HTTP/1.0" 200 67676 "https://yandex.ru/" "Mozilla/5.0 (Windows NT 10.0; Win64; x64) AppleWebKit/537.36 (KHTML, like Gecko) Chrome/106.0.0.0 Safari/537.36"
80.82.63.73 - - [07/Oct/2024:20:49:38 +0300] "GET /news/nalogi/szv-stazh-spetsifika-zapolneniya/?bxrand=1728323430489 HTTP/1.0" 200 4829 "https://gcba.ru/news/nalogi/szv-stazh-spetsifika-zapolneniya/" "Mozilla/5.0 (Windows NT 10.0; Win64; x64) AppleWebKit/537.36 (KHTML, like Gecko) Chrome/106.0.0.0 Safari/537.36"
85.208.96.198 - - [07/Oct/2024:20:49:59 +0300] "GET /1e6id3tdzz.html HTTP/1.0" 404 42116 "-" "Mozilla/5.0 (compatible; SemrushBot/7~bl; +http://www.semrush.com/bot.html)"
85.208.96.196 - - [07/Oct/2024:20:50:31 +0300] "GET /60l18djfbh.html HTTP/1.0" 404 45265 "-" "Mozilla/5.0 (compatible; SemrushBot/7~bl; +http://www.semrush.com/bot.html)"
185.191.171.3 - - [07/Oct/2024:20:50:51 +0300] "GET /58paeecihc.html HTTP/1.0" 404 42116 "-" "Mozilla/5.0 (compatible; SemrushBot/7~bl; +http://www.semrush.com/bot.html)"
85.208.96.211 - - [07/Oct/2024:20:50:53 +0300] "GET /56pbkqqknj.html HTTP/1.0" 404 42116 "-" "Mozilla/5.0 (compatible; SemrushBot/7~bl; +http://www.semrush.com/bot.html)"
185.191.171.4 - - [07/Oct/2024:20:50:58 +0300] "GET /k8cmb78um.html HTTP/1.0" 404 42114 "-" "Mozilla/5.0 (compatible; SemrushBot/7~bl; +http://www.semrush.com/bot.html)"
185.191.171.6 - - [07/Oct/2024:20:51:00 +0300] "GET /66girfcry.html HTTP/1.0" 404 42114 "-" "Mozilla/5.0 (compatible; SemrushBot/7~bl; +http://www.semrush.com/bot.html)"
185.191.171.11 - - [07/Oct/2024:20:52:50 +0300] "GET /40d13gekbj.html HTTP/1.0" 404 42116 "-" "Mozilla/5.0 (compatible; SemrushBot/7~bl; +http://www.semrush.com/bot.html)"
185.191.171.17 - - [07/Oct/2024:20:53:10 +0300] "GET /67kh9oqk8r.html HTTP/1.0" 404 42116 "-" "Mozilla/5.0 (compatible; SemrushBot/7~bl; +http://www.semrush.com/bot.html)"
185.119.3.174 - - [07/Oct/2024:20:53:27 +0300] "GET /news/nalogi/szv-stazh-spetsifika-zapolneniya/ HTTP/1.0" 200 83870 "https://yandex.ru/" "Mozilla/5.0 (Windows NT 10.0; Win64; x64) AppleWebKit/537.36 (KHTML, like Gecko) Chrome/106.0.0.0 Safari/537.36"
185.119.3.174 - - [07/Oct/2024:20:53:27 +0300] "GET /news/nalogi/szv-stazh-spetsifika-zapolneniya/?bxrand=1728323596370 HTTP/1.0" 200 4829 "https://gcba.ru/news/nalogi/szv-stazh-spetsifika-zapolneniya/" "Mozilla/5.0 (Windows NT 10.0; Win64; x64) AppleWebKit/537.36 (KHTML, like Gecko) Chrome/106.0.0.0 Safari/537.36"
185.191.171.3 - - [07/Oct/2024:20:54:19 +0300] "GET /492449sz7t.html HTTP/1.0" 404 42116 "-" "Mozilla/5.0 (compatible; SemrushBot/7~bl; +http://www.semrush.com/bot.html)"
185.191.171.15 - - [07/Oct/2024:20:54:32 +0300] "GET /1jpnbfjak4.html HTTP/1.0" 404 45265 "-" "Mozilla/5.0 (compatible; SemrushBot/7~bl; +http://www.semrush.com/bot.html)"
66.249.66.37 - - [07/Oct/2024:20:54:53 +0300] "GET /xmw23/mycase-indiana-mugshots.html HTTP/1.0" 500 341 "-" "Mozilla/5.0 (Linux; Android 6.0.1; Nexus 5X Build/MMB29P) AppleWebKit/537.36 (KHTML, like Gecko) Chrome/129.0.6668.89 Mobile Safari/537.36 (compatible; Googlebot/2.1; +http://www.google.com/bot.html)"
185.191.171.18 - - [07/Oct/2024:20:55:12 +0300] "GET /adc4xeg3l.html HTTP/1.0" 404 42114 "-" "Mozilla/5.0 (compatible; SemrushBot/7~bl; +http://www.semrush.com/bot.html)"
85.208.96.206 - - [07/Oct/2024:20:55:38 +0300] "GET /22pke2f688.html HTTP/1.0" 404 45265 "-" "Mozilla/5.0 (compatible; SemrushBot/7~bl; +http://www.semrush.com/bot.html)"
85.208.96.199 - - [07/Oct/2024:20:56:11 +0300] "GET /3d32megayw.html HTTP/1.0" 404 42116 "-" "Mozilla/5.0 (compatible; SemrushBot/7~bl; +http://www.semrush.com/bot.html)"
85.208.96.203 - - [07/Oct/2024:20:56:54 +0300] "GET /3k6c0rekc7.html HTTP/1.0" 404 42116 "-" "Mozilla/5.0 (compatible; SemrushBot/7~bl; +http://www.semrush.com/bot.html)"
