77.37.243.14 - - [06/Oct/2024:06:14:56 +0300] "GET /local/components/mb/social.links/templates/.default/images/fb.jpg HTTP/2.0" 200 4681 "https://gcba.ru/news/nalogi/szv-stazh-spetsifika-zapolneniya/" "Mozilla/5.0 (X11; Linux x86_64) AppleWebKit/537.36 (KHTML, like Gecko) Chrome/107.0.0.0 Safari/537.36"
77.37.243.14 - - [06/Oct/2024:06:14:56 +0300] "GET /images/logo.png HTTP/2.0" 200 32379 "https://gcba.ru/bitrix/cache/css/s1/for_news/template_180244c91f5cb0e220406ab26e066c21/template_180244c91f5cb0e220406ab26e066c21_v1.css?172545594412862" "Mozilla/5.0 (X11; Linux x86_64) AppleWebKit/537.36 (KHTML, like Gecko) Chrome/107.0.0.0 Safari/537.36"
77.37.243.14 - - [06/Oct/2024:06:14:57 +0300] "GET /bitrix/images/main/composite/sprite-1x.png HTTP/2.0" 200 2042 "https://gcba.ru/news/nalogi/szv-stazh-spetsifika-zapolneniya/" "Mozilla/5.0 (X11; Linux x86_64) AppleWebKit/537.36 (KHTML, like Gecko) Chrome/107.0.0.0 Safari/537.36"
114.119.133.201 - - [06/Oct/2024:06:19:19 +0300] "GET /robots.txt HTTP/1.1" 200 198 "-" "Mozilla/5.0 (compatible;PetalBot;+https://webmaster.petalsearch.com/site/petalbot)"
47.128.47.115 - - [06/Oct/2024:06:30:20 +0300] "GET /robots.txt HTTP/1.1" 200 198 "-" "Mozilla/5.0 (Linux; Android 5.0) AppleWebKit/537.36 (KHTML, like Gecko) Mobile Safari/537.36 (compatible; Bytespider; spider-feedback@bytedance.com)"
114.119.155.64 - - [06/Oct/2024:06:55:33 +0300] "GET /robots.txt HTTP/1.1" 200 198 "-" "Mozilla/5.0 (compatible;PetalBot;+https://webmaster.petalsearch.com/site/petalbot)"
20.171.206.221 - - [06/Oct/2024:08:26:36 +0300] "GET /robots.txt HTTP/2.0" 200 187 "http://gcba.ru/robots.txt" "Mozilla/5.0 AppleWebKit/537.36 (KHTML, like Gecko; compatible; GPTBot/1.2; +https://openai.com/gptbot)"
65.21.233.213 - - [06/Oct/2024:08:54:27 +0300] "GET /robots.txt HTTP/1.1" 200 469 "-" "Mozilla/5.0 (compatible; MJ12bot/v1.4.8; http://mj12bot.com/)"
20.171.206.75 - - [06/Oct/2024:09:00:49 +0300] "GET /robots.txt HTTP/2.0" 200 187 "-" "Mozilla/5.0 AppleWebKit/537.36 (KHTML, like Gecko; compatible; GPTBot/1.2; +https://openai.com/gptbot)"
195.191.219.131 - - [06/Oct/2024:09:09:34 +0300] "GET /robots.txt HTTP/1.1" 200 469 "-" "Mozilla/5.0 (compatible; MJ12bot/v1.4.8; http://mj12bot.com/)"
3.224.220.101 - - [06/Oct/2024:10:46:14 +0300] "GET /robots.txt HTTP/1.1" 200 198 "-" "Mozilla/5.0 (Macintosh; Intel Mac OS X 10_10_1) AppleWebKit/600.2.5 (KHTML, like Gecko) Version/8.0.2 Safari/600.2.5 (Amazonbot/0.1; +https://developer.amazon.com/support/amazonbot)"
66.249.69.170 - - [06/Oct/2024:11:35:55 +0300] "GET /robots.txt HTTP/1.1" 200 198 "-" "Mozilla/5.0 (compatible; Googlebot/2.1; +http://www.google.com/bot.html)"
52.167.144.57 - - [06/Oct/2024:11:42:22 +0300] "GET /robots.txt HTTP/2.0" 200 187 "-" "Mozilla/5.0 AppleWebKit/537.36 (KHTML, like Gecko; compatible; bingbot/2.0; +http://www.bing.com/bingbot.htm) Chrome/116.0.1938.76 Safari/537.36"
66.249.69.171 - - [06/Oct/2024:12:03:53 +0300] "GET /robots.txt HTTP/1.1" 200 198 "-" "Mozilla/5.0 (compatible; Googlebot/2.1; +http://www.google.com/bot.html)"
66.249.69.170 - - [06/Oct/2024:12:05:53 +0300] "GET /robots.txt HTTP/1.1" 200 198 "-" "Mozilla/5.0 (compatible; Googlebot/2.1; +http://www.google.com/bot.html)"
66.249.69.171 - - [06/Oct/2024:12:07:16 +0300] "GET /robots.txt HTTP/1.1" 200 198 "-" "Mozilla/5.0 (compatible; Googlebot/2.1; +http://www.google.com/bot.html)"
66.249.69.171 - - [06/Oct/2024:12:08:48 +0300] "GET /robots.txt HTTP/1.1" 200 198 "-" "Mozilla/5.0 (compatible; Googlebot/2.1; +http://www.google.com/bot.html)"
66.249.69.171 - - [06/Oct/2024:12:10:10 +0300] "GET /robots.txt HTTP/1.1" 200 198 "-" "Mozilla/5.0 (compatible; Googlebot/2.1; +http://www.google.com/bot.html)"
66.249.69.170 - - [06/Oct/2024:12:11:17 +0300] "GET /robots.txt HTTP/1.1" 200 198 "-" "Mozilla/5.0 (compatible; Googlebot/2.1; +http://www.google.com/bot.html)"
66.249.69.171 - - [06/Oct/2024:12:13:45 +0300] "GET /robots.txt HTTP/1.1" 200 198 "-" "Mozilla/5.0 (compatible; Googlebot/2.1; +http://www.google.com/bot.html)"
95.108.213.147 - - [06/Oct/2024:13:12:36 +0300] "GET /robots.txt HTTP/1.1" 200 469 "-" "Mozilla/5.0 (compatible; YandexBot/3.0; +http://yandex.com/bots)"
51.222.253.12 - - [06/Oct/2024:15:21:16 +0300] "GET /robots.txt HTTP/2.0" 200 187 "-" "Mozilla/5.0 (compatible; AhrefsBot/7.0; +http://ahrefs.com/robot/)"
66.249.66.35 - - [06/Oct/2024:16:40:57 +0300] "GET /upload/iblock/dfd/dfd131af7a75e8f8266fce7d812aadf7.pdf HTTP/1.1" 200 155901 "-" "Mozilla/5.0 (Linux; Android 6.0.1; Nexus 5X Build/MMB29P) AppleWebKit/537.36 (KHTML, like Gecko) Chrome/129.0.6668.89 Mobile Safari/537.36 (compatible; Googlebot/2.1; +http://www.google.com/bot.html)"
213.180.203.70 - - [06/Oct/2024:17:12:35 +0300] "GET /robots.txt HTTP/1.1" 200 469 "-" "Mozilla/5.0 (compatible; YandexBot/3.0; +http://yandex.com/bots)"
18.191.235.176 - - [06/Oct/2024:18:19:27 +0300] "GET /robots.txt HTTP/2.0" 200 187 "-" "Mozilla/5.0 AppleWebKit/537.36 (KHTML, like Gecko; compatible; ClaudeBot/1.0; +claudebot@anthropic.com)"
40.77.167.138 - - [06/Oct/2024:18:42:45 +0300] "GET /robots.txt HTTP/2.0" 200 187 "-" "Mozilla/5.0 AppleWebKit/537.36 (KHTML, like Gecko; compatible; bingbot/2.0; +http://www.bing.com/bingbot.htm) Chrome/116.0.1938.76 Safari/537.36"
3.135.219.93 - - [06/Oct/2024:19:21:43 +0300] "GET /robots.txt HTTP/2.0" 200 187 "-" "Mozilla/5.0 AppleWebKit/537.36 (KHTML, like Gecko; compatible; ClaudeBot/1.0; +claudebot@anthropic.com)"
3.128.200.71 - - [06/Oct/2024:22:19:34 +0300] "GET /robots.txt HTTP/2.0" 200 187 "-" "Mozilla/5.0 AppleWebKit/537.36 (KHTML, like Gecko; compatible; ClaudeBot/1.0; +claudebot@anthropic.com)"
185.191.171.2 - - [06/Oct/2024:23:09:08 +0300] "GET /robots.txt HTTP/1.1" 200 198 "-" "Mozilla/5.0 (compatible; SemrushBot/7~bl; +http://www.semrush.com/bot.html)"
95.108.213.208 - - [06/Oct/2024:23:19:23 +0300] "GET /robots.txt HTTP/1.1" 200 469 "-" "Mozilla/5.0 (compatible; YandexBot/3.0; +http://yandex.com/bots)"
85.208.96.212 - - [07/Oct/2024:00:09:32 +0300] "GET /robots.txt HTTP/1.1" 200 198 "-" "Mozilla/5.0 (compatible; SemrushBot/7~bl; +http://www.semrush.com/bot.html)"
18.118.144.248 - - [07/Oct/2024:00:19:09 +0300] "GET /robots.txt HTTP/2.0" 200 187 "-" "Mozilla/5.0 AppleWebKit/537.36 (KHTML, like Gecko; compatible; ClaudeBot/1.0; +claudebot@anthropic.com)"
87.250.224.204 - - [07/Oct/2024:00:45:06 +0300] "GET /robots.txt HTTP/1.1" 200 469 "-" "Mozilla/5.0 (compatible; YandexBot/3.0; +http://yandex.com/bots)"
85.208.96.195 - - [07/Oct/2024:00:56:14 +0300] "GET /robots.txt HTTP/1.1" 200 198 "-" "Mozilla/5.0 (compatible; SemrushBot/7~bl; +http://www.semrush.com/bot.html)"
66.249.66.37 - - [07/Oct/2024:01:39:23 +0300] "GET /robots.txt HTTP/1.1" 200 198 "-" "Mozilla/5.0 (compatible; Googlebot/2.1; +http://www.google.com/bot.html)"
85.208.96.205 - - [07/Oct/2024:01:41:58 +0300] "GET /robots.txt HTTP/1.1" 200 198 "-" "Mozilla/5.0 (compatible; SemrushBot/7~bl; +http://www.semrush.com/bot.html)"
85.208.96.204 - - [07/Oct/2024:02:18:38 +0300] "GET /robots.txt HTTP/1.1" 200 198 "-" "Mozilla/5.0 (compatible; SemrushBot/7~bl; +http://www.semrush.com/bot.html)"
3.16.135.36 - - [07/Oct/2024:02:33:14 +0300] "GET /robots.txt HTTP/2.0" 200 187 "-" "Mozilla/5.0 AppleWebKit/537.36 (KHTML, like Gecko; compatible; ClaudeBot/1.0; +claudebot@anthropic.com)"
5.255.231.79 - - [07/Oct/2024:02:36:51 +0300] "GET /robots.txt HTTP/1.1" 200 469 "-" "Mozilla/5.0 (compatible; YandexBot/3.0; +http://yandex.com/bots)"
85.208.96.198 - - [07/Oct/2024:02:53:23 +0300] "GET /robots.txt HTTP/1.1" 200 198 "-" "Mozilla/5.0 (compatible; SemrushBot/7~bl; +http://www.semrush.com/bot.html)"
85.208.96.199 - - [07/Oct/2024:03:24:28 +0300] "GET /robots.txt HTTP/1.1" 200 198 "-" "Mozilla/5.0 (compatible; SemrushBot/7~bl; +http://www.semrush.com/bot.html)"
95.108.213.252 - - [07/Oct/2024:03:29:07 +0300] "GET /robots.txt HTTP/1.1" 200 469 "-" "Mozilla/5.0 (compatible; YandexBot/3.0; +http://yandex.com/bots)"
213.180.203.74 - - [07/Oct/2024:03:29:08 +0300] "GET /robots.txt HTTP/1.1" 200 469 "-" "Mozilla/5.0 (compatible; YandexBot/3.0; +http://yandex.com/bots)"
213.180.203.102 - - [07/Oct/2024:03:29:08 +0300] "GET /local/components/mb/social.links/templates/.default/images/vk.jpg HTTP/1.1" 200 4014 "-" "Mozilla/5.0 (compatible; YandexImages/3.0; +http://yandex.com/bots)"
85.208.96.209 - - [07/Oct/2024:03:53:05 +0300] "GET /2o2f4bt6ec.html HTTP/1.0" 404 34653 "-" "Mozilla/5.0 (compatible; SemrushBot/7~bl; +http://www.semrush.com/bot.html)"
85.208.96.199 - - [07/Oct/2024:03:53:07 +0300] "GET /2dh3eo4rmp.html HTTP/1.0" 404 34653 "-" "Mozilla/5.0 (compatible; SemrushBot/7~bl; +http://www.semrush.com/bot.html)"
185.191.171.11 - - [07/Oct/2024:03:53:18 +0300] "GET /4dkc0qxb8n.html HTTP/1.0" 404 34653 "-" "Mozilla/5.0 (compatible; SemrushBot/7~bl; +http://www.semrush.com/bot.html)"
66.249.66.37 - - [07/Oct/2024:03:53:45 +0300] "GET /yqmsquctw/lab-technician-nz.html HTTP/1.0" 500 341 "-" "Mozilla/5.0 (Linux; Android 6.0.1; Nexus 5X Build/MMB29P) AppleWebKit/537.36 (KHTML, like Gecko) Chrome/129.0.6668.89 Mobile Safari/537.36 (compatible; GoogleOther)"
85.208.96.207 - - [07/Oct/2024:03:53:45 +0300] "GET /2ef7amkvwm.html HTTP/1.0" 404 34653 "-" "Mozilla/5.0 (compatible; SemrushBot/7~bl; +http://www.semrush.com/bot.html)"
185.191.171.4 - - [07/Oct/2024:03:53:47 +0300] "GET /39lfakbck6.html HTTP/1.0" 404 34653 "-" "Mozilla/5.0 (compatible; SemrushBot/7~bl; +http://www.semrush.com/bot.html)"
185.191.171.14 - - [07/Oct/2024:03:53:56 +0300] "GET /28cfcodkvh.html HTTP/1.0" 404 34653 "-" "Mozilla/5.0 (compatible; SemrushBot/7~bl; +http://www.semrush.com/bot.html)"
185.191.171.11 - - [07/Oct/2024:03:53:59 +0300] "GET /454cpotuo7.html HTTP/1.0" 404 34653 "-" "Mozilla/5.0 (compatible; SemrushBot/7~bl; +http://www.semrush.com/bot.html)"
85.208.96.205 - - [07/Oct/2024:03:54:06 +0300] "GET /19356kefs.html HTTP/1.0" 404 34651 "-" "Mozilla/5.0 (compatible; SemrushBot/7~bl; +http://www.semrush.com/bot.html)"
212.34.150.184 - - [07/Oct/2024:03:54:09 +0300] "GET / HTTP/1.0" 200 3471 "-" "Mozilla/5.0 (Windows NT 6.3; Win64; x64) AppleWebKit/537.36 (KHTML, like Gecko) Chrome/75.0.3770.100 Safari/537.36"
66.249.66.35 - - [07/Oct/2024:03:54:39 +0300] "GET /xmw23/12-number-numerology-in-hindi.html HTTP/1.0" 500 341 "-" "Mozilla/5.0 (Linux; Android 6.0.1; Nexus 5X Build/MMB29P) AppleWebKit/537.36 (KHTML, like Gecko) Chrome/129.0.6668.89 Mobile Safari/537.36 (compatible; Googlebot/2.1; +http://www.google.com/bot.html)"
185.191.171.14 - - [07/Oct/2024:03:54:41 +0300] "GET /5gpeffmcba.html HTTP/1.0" 404 37802 "-" "Mozilla/5.0 (compatible; SemrushBot/7~bl; +http://www.semrush.com/bot.html)"
185.191.171.18 - - [07/Oct/2024:03:55:01 +0300] "GET /6d1lafkfta.html HTTP/1.0" 404 34653 "-" "Mozilla/5.0 (compatible; SemrushBot/7~bl; +http://www.semrush.com/bot.html)"
185.191.171.19 - - [07/Oct/2024:03:55:09 +0300] "GET /25gpf85grx.html HTTP/1.0" 404 34653 "-" "Mozilla/5.0 (compatible; SemrushBot/7~bl; +http://www.semrush.com/bot.html)"
85.208.96.200 - - [07/Oct/2024:03:55:12 +0300] "GET /4np4dsw71v.html HTTP/1.0" 404 34653 "-" "Mozilla/5.0 (compatible; SemrushBot/7~bl; +http://www.semrush.com/bot.html)"
66.249.66.36 - - [07/Oct/2024:03:55:46 +0300] "GET /yqmsquctw/eliksir-za-migrenu.html HTTP/1.0" 500 341 "-" "Mozilla/5.0 (Linux; Android 6.0.1; Nexus 5X Build/MMB29P) AppleWebKit/537.36 (KHTML, like Gecko) Chrome/129.0.6668.89 Mobile Safari/537.36 (compatible; GoogleOther)"
185.191.171.4 - - [07/Oct/2024:03:56:02 +0300] "GET /39ko5v71ut.html HTTP/1.0" 404 34653 "-" "Mozilla/5.0 (compatible; SemrushBot/7~bl; +http://www.semrush.com/bot.html)"
185.191.171.6 - - [07/Oct/2024:03:56:32 +0300] "GET /e2622iuej.html HTTP/1.0" 404 34651 "-" "Mozilla/5.0 (compatible; SemrushBot/7~bl; +http://www.semrush.com/bot.html)"
66.249.66.35 - - [07/Oct/2024:03:56:55 +0300] "GET /yqmsquctw/unity-free-camera-script.html HTTP/1.0" 500 341 "-" "Mozilla/5.0 (Linux; Android 6.0.1; Nexus 5X Build/MMB29P) AppleWebKit/537.36 (KHTML, like Gecko) Chrome/129.0.6668.89 Mobile Safari/537.36 (compatible; GoogleOther)"
85.208.96.197 - - [07/Oct/2024:03:57:01 +0300] "GET /4ehj4jziel.html HTTP/1.0" 404 34653 "-" "Mozilla/5.0 (compatible; SemrushBot/7~bl; +http://www.semrush.com/bot.html)"
85.208.96.195 - - [07/Oct/2024:03:57:11 +0300] "GET /2b8k4qyz7.html HTTP/1.0" 404 34651 "-" "Mozilla/5.0 (compatible; SemrushBot/7~bl; +http://www.semrush.com/bot.html)"
85.208.96.205 - - [07/Oct/2024:03:57:22 +0300] "GET /5hmfgxg6mp.html HTTP/1.0" 404 34653 "-" "Mozilla/5.0 (compatible; SemrushBot/7~bl; +http://www.semrush.com/bot.html)"
185.191.171.19 - - [07/Oct/2024:03:57:31 +0300] "GET /61985klirq.html HTTP/1.0" 404 34653 "-" "Mozilla/5.0 (compatible; SemrushBot/7~bl; +http://www.semrush.com/bot.html)"
85.208.96.199 - - [07/Oct/2024:03:57:43 +0300] "GET /4h2d9i6ns.html HTTP/1.0" 404 34651 "-" "Mozilla/5.0 (compatible; SemrushBot/7~bl; +http://www.semrush.com/bot.html)"
66.249.66.36 - - [07/Oct/2024:03:57:47 +0300] "GET /yqmsquctw/unskilled-jobs-in-germany-for-foreigners-with-visa-sponsorship.html HTTP/1.0" 500 341 "-" "Mozilla/5.0 (Linux; Android 6.0.1; Nexus 5X Build/MMB29P) AppleWebKit/537.36 (KHTML, like Gecko) Chrome/129.0.6668.89 Mobile Safari/537.36 (compatible; GoogleOther)"
85.208.96.198 - - [07/Oct/2024:03:57:58 +0300] "GET /50m50ljlxh.html HTTP/1.0" 404 34653 "-" "Mozilla/5.0 (compatible; SemrushBot/7~bl; +http://www.semrush.com/bot.html)"
185.191.171.10 - - [07/Oct/2024:03:58:01 +0300] "GET /5d9a0tyswy.html HTTP/1.0" 404 34653 "-" "Mozilla/5.0 (compatible; SemrushBot/7~bl; +http://www.semrush.com/bot.html)"
185.191.171.9 - - [07/Oct/2024:03:58:08 +0300] "GET /44efdjyhvt.html HTTP/1.0" 404 34653 "-" "Mozilla/5.0 (compatible; SemrushBot/7~bl; +http://www.semrush.com/bot.html)"
85.208.96.208 - - [07/Oct/2024:03:58:45 +0300] "GET /4l88kqnzkw.html HTTP/1.0" 404 34653 "-" "Mozilla/5.0 (compatible; SemrushBot/7~bl; +http://www.semrush.com/bot.html)"
185.191.171.10 - - [07/Oct/2024:03:59:04 +0300] "GET /gb50bkq2k.html HTTP/1.0" 404 34651 "-" "Mozilla/5.0 (compatible; SemrushBot/7~bl; +http://www.semrush.com/bot.html)"
54.36.149.8 - - [07/Oct/2024:03:59:15 +0300] "GET /news/nalogi/?PAGEN_1=2 HTTP/1.0" 200 51017 "-" "Mozilla/5.0 (compatible; AhrefsBot/7.0; +http://ahrefs.com/robot/)"
185.191.171.7 - - [07/Oct/2024:03:59:27 +0300] "GET /3odlbr9okq.html HTTP/1.0" 404 37802 "-" "Mozilla/5.0 (compatible; SemrushBot/7~bl; +http://www.semrush.com/bot.html)"
66.249.66.37 - - [07/Oct/2024:03:59:49 +0300] "GET /yqmsquctw/jobs-in-malaysia-for-foreigners-with-visa-sponsorship.html HTTP/1.0" 500 3490 "-" "Mozilla/5.0 (Linux; Android 6.0.1; Nexus 5X Build/MMB29P) AppleWebKit/537.36 (KHTML, like Gecko) Chrome/129.0.6668.89 Mobile Safari/537.36 (compatible; GoogleOther)"
85.208.96.204 - - [07/Oct/2024:04:00:03 +0300] "GET /626daacpdx.html HTTP/1.0" 404 34653 "-" "Mozilla/5.0 (compatible; SemrushBot/7~bl; +http://www.semrush.com/bot.html)"
185.191.171.6 - - [07/Oct/2024:04:00:09 +0300] "GET /14pmjzyhbt.html HTTP/1.0" 404 34653 "-" "Mozilla/5.0 (compatible; SemrushBot/7~bl; +http://www.semrush.com/bot.html)"
205.210.31.143 - - [07/Oct/2024:04:00:37 +0300] "GET / HTTP/1.0" 200 322 "-" "-"
85.208.96.203 - - [07/Oct/2024:04:00:37 +0300] "GET /5bb8h8cqxk.html HTTP/1.0" 404 34653 "-" "Mozilla/5.0 (compatible; SemrushBot/7~bl; +http://www.semrush.com/bot.html)"
85.208.96.201 - - [07/Oct/2024:04:00:45 +0300] "GET /43pnixxp7w.html HTTP/1.0" 404 34653 "-" "Mozilla/5.0 (compatible; SemrushBot/7~bl; +http://www.semrush.com/bot.html)"
185.191.171.5 - - [07/Oct/2024:04:01:18 +0300] "GET /5p4j6vo5up.html HTTP/1.0" 404 34653 "-" "Mozilla/5.0 (compatible; SemrushBot/7~bl; +http://www.semrush.com/bot.html)"
85.208.96.208 - - [07/Oct/2024:04:01:25 +0300] "GET /194ddacz0e.html HTTP/1.0" 404 34653 "-" "Mozilla/5.0 (compatible; SemrushBot/7~bl; +http://www.semrush.com/bot.html)"
85.208.96.195 - - [07/Oct/2024:04:01:43 +0300] "GET /22a45lz7qx.html HTTP/1.0" 404 34653 "-" "Mozilla/5.0 (compatible; SemrushBot/7~bl; +http://www.semrush.com/bot.html)"
185.191.171.18 - - [07/Oct/2024:04:01:45 +0300] "GET /6o80xhjll.html HTTP/1.0" 404 34651 "-" "Mozilla/5.0 (compatible; SemrushBot/7~bl; +http://www.semrush.com/bot.html)"
85.208.96.206 - - [07/Oct/2024:04:01:47 +0300] "GET /5j403z8qab.html HTTP/1.0" 404 34653 "-" "Mozilla/5.0 (compatible; SemrushBot/7~bl; +http://www.semrush.com/bot.html)"
66.249.66.37 - - [07/Oct/2024:04:01:50 +0300] "GET /yqmsquctw/zatvor-posle-embriotransfera.html HTTP/1.0" 500 341 "-" "Mozilla/5.0 (Linux; Android 6.0.1; Nexus 5X Build/MMB29P) AppleWebKit/537.36 (KHTML, like Gecko) Chrome/129.0.6668.89 Mobile Safari/537.36 (compatible; GoogleOther)"
185.191.171.8 - - [07/Oct/2024:04:01:53 +0300] "GET /33ahlp9mn6.html HTTP/1.0" 404 34653 "-" "Mozilla/5.0 (compatible; SemrushBot/7~bl; +http://www.semrush.com/bot.html)"
185.191.171.10 - - [07/Oct/2024:04:02:02 +0300] "GET /52a46dq2tl.html HTTP/1.0" 404 34653 "-" "Mozilla/5.0 (compatible; SemrushBot/7~bl; +http://www.semrush.com/bot.html)"
185.191.171.3 - - [07/Oct/2024:04:02:06 +0300] "GET /4b31feerkv.html HTTP/1.0" 404 34653 "-" "Mozilla/5.0 (compatible; SemrushBot/7~bl; +http://www.semrush.com/bot.html)"
185.191.171.7 - - [07/Oct/2024:04:02:20 +0300] "GET /2flgivjhlo.html HTTP/1.0" 404 34653 "-" "Mozilla/5.0 (compatible; SemrushBot/7~bl; +http://www.semrush.com/bot.html)"
185.191.171.7 - - [07/Oct/2024:04:03:09 +0300] "GET /3dp0bs5nxv.html HTTP/1.0" 404 34653 "-" "Mozilla/5.0 (compatible; SemrushBot/7~bl; +http://www.semrush.com/bot.html)"
66.249.66.36 - - [07/Oct/2024:04:03:15 +0300] "GET /xmw23/galveston-county-jail-mugshots.html HTTP/1.0" 200 31782 "-" "Mozilla/5.0 (Linux; Android 6.0.1; Nexus 5X Build/MMB29P) AppleWebKit/537.36 (KHTML, like Gecko) Chrome/129.0.6668.89 Mobile Safari/537.36 (compatible; Googlebot/2.1; +http://www.google.com/bot.html)"
66.249.66.35 - - [07/Oct/2024:04:03:17 +0300] "GET /xmw23/belk-funeral-home-obituaries-near-florence-sc.html HTTP/1.0" 500 341 "-" "Mozilla/5.0 (Linux; Android 6.0.1; Nexus 5X Build/MMB29P) AppleWebKit/537.36 (KHTML, like Gecko) Chrome/129.0.6668.89 Mobile Safari/537.36 (compatible; Googlebot/2.1; +http://www.google.com/bot.html)"
66.249.66.37 - - [07/Oct/2024:04:03:18 +0300] "GET /xmw23/line-break-in-tcpdf.html HTTP/1.0" 200 22595 "-" "Mozilla/5.0 (Linux; Android 6.0.1; Nexus 5X Build/MMB29P) AppleWebKit/537.36 (KHTML, like Gecko) Chrome/129.0.6668.89 Mobile Safari/537.36 (compatible; Googlebot/2.1; +http://www.google.com/bot.html)"
66.249.66.35 - - [07/Oct/2024:04:03:27 +0300] "GET /yqmsquctw/front-end-career.html HTTP/1.0" 500 341 "-" "Mozilla/5.0 (Linux; Android 6.0.1; Nexus 5X Build/MMB29P) AppleWebKit/537.36 (KHTML, like Gecko) Chrome/129.0.6668.89 Mobile Safari/537.36 (compatible; GoogleOther)"
66.249.66.35 - - [07/Oct/2024:04:03:51 +0300] "GET /yqmsquctw/stardew-valley-expanded.html HTTP/1.0" 500 341 "-" "Mozilla/5.0 (Linux; Android 6.0.1; Nexus 5X Build/MMB29P) AppleWebKit/537.36 (KHTML, like Gecko) Chrome/129.0.6668.89 Mobile Safari/537.36 (compatible; GoogleOther)"
85.208.96.199 - - [07/Oct/2024:04:03:54 +0300] "GET /5h3mochear.html HTTP/1.0" 404 34653 "-" "Mozilla/5.0 (compatible; SemrushBot/7~bl; +http://www.semrush.com/bot.html)"
85.208.96.212 - - [07/Oct/2024:04:04:04 +0300] "GET /1oojiegarq.html HTTP/1.0" 404 34653 "-" "Mozilla/5.0 (compatible; SemrushBot/7~bl; +http://www.semrush.com/bot.html)"
185.191.171.5 - - [07/Oct/2024:04:04:12 +0300] "GET /45m49eht41.html HTTP/1.0" 404 34653 "-" "Mozilla/5.0 (compatible; SemrushBot/7~bl; +http://www.semrush.com/bot.html)"
85.208.96.195 - - [07/Oct/2024:04:04:41 +0300] "GET /2pj8lognsn.html HTTP/1.0" 404 34653 "-" "Mozilla/5.0 (compatible; SemrushBot/7~bl; +http://www.semrush.com/bot.html)"
85.208.96.198 - - [07/Oct/2024:04:04:43 +0300] "GET /36pf2pmdz0.html HTTP/1.0" 404 34653 "-" "Mozilla/5.0 (compatible; SemrushBot/7~bl; +http://www.semrush.com/bot.html)"
85.208.96.193 - - [07/Oct/2024:04:04:44 +0300] "GET /4pmdin0zf9.html HTTP/1.0" 404 34653 "-" "Mozilla/5.0 (compatible; SemrushBot/7~bl; +http://www.semrush.com/bot.html)"
85.208.96.206 - - [07/Oct/2024:04:05:25 +0300] "GET /4bk46a64k7.html HTTP/1.0" 404 37802 "-" "Mozilla/5.0 (compatible; SemrushBot/7~bl; +http://www.semrush.com/bot.html)"
85.208.96.201 - - [07/Oct/2024:04:05:32 +0300] "GET /3kc69uyfzr.html HTTP/1.0" 404 34653 "-" "Mozilla/5.0 (compatible; SemrushBot/7~bl; +http://www.semrush.com/bot.html)"
185.191.171.19 - - [07/Oct/2024:04:05:44 +0300] "GET /217jicnjp.html HTTP/1.0" 404 34651 "-" "Mozilla/5.0 (compatible; SemrushBot/7~bl; +http://www.semrush.com/bot.html)"
185.191.171.13 - - [07/Oct/2024:04:05:51 +0300] "GET /1oliiexsum.html HTTP/1.0" 404 34653 "-" "Mozilla/5.0 (compatible; SemrushBot/7~bl; +http://www.semrush.com/bot.html)"
66.249.66.36 - - [07/Oct/2024:04:05:53 +0300] "GET /yqmsquctw/koliko-je-normalno-da-kasni-menstruacija.html HTTP/1.0" 500 3490 "-" "Mozilla/5.0 (Linux; Android 6.0.1; Nexus 5X Build/MMB29P) AppleWebKit/537.36 (KHTML, like Gecko) Chrome/129.0.6668.89 Mobile Safari/537.36 (compatible; GoogleOther)"
185.191.171.12 - - [07/Oct/2024:04:06:17 +0300] "GET /6dkaljbwo9.html HTTP/1.0" 404 34653 "-" "Mozilla/5.0 (compatible; SemrushBot/7~bl; +http://www.semrush.com/bot.html)"
185.191.171.18 - - [07/Oct/2024:04:06:25 +0300] "GET /5h652dpkt7.html HTTP/1.0" 404 34653 "-" "Mozilla/5.0 (compatible; SemrushBot/7~bl; +http://www.semrush.com/bot.html)"
85.208.96.193 - - [07/Oct/2024:04:06:27 +0300] "GET /5ka55epyh6.html HTTP/1.0" 404 34653 "-" "Mozilla/5.0 (compatible; SemrushBot/7~bl; +http://www.semrush.com/bot.html)"
85.208.96.195 - - [07/Oct/2024:04:06:39 +0300] "GET /ibfkc9nek.html HTTP/1.0" 404 34651 "-" "Mozilla/5.0 (compatible; SemrushBot/7~bl; +http://www.semrush.com/bot.html)"
185.191.171.3 - - [07/Oct/2024:04:07:14 +0300] "GET /5i09n075cx.html HTTP/1.0" 404 34653 "-" "Mozilla/5.0 (compatible; SemrushBot/7~bl; +http://www.semrush.com/bot.html)"
66.249.66.37 - - [07/Oct/2024:04:07:23 +0300] "GET /xmw23/mapa-de-los-santos-gta-5.html HTTP/1.0" 500 341 "-" "Mozilla/5.0 (Linux; Android 6.0.1; Nexus 5X Build/MMB29P) AppleWebKit/537.36 (KHTML, like Gecko) Chrome/129.0.6668.89 Mobile Safari/537.36 (compatible; Googlebot/2.1; +http://www.google.com/bot.html)"
66.249.66.35 - - [07/Oct/2024:04:07:23 +0300] "GET /yqmsquctw/native-son-movie-download.html HTTP/1.0" 500 341 "-" "Mozilla/5.0 (Linux; Android 6.0.1; Nexus 5X Build/MMB29P) AppleWebKit/537.36 (KHTML, like Gecko) Chrome/129.0.6668.89 Mobile Safari/537.36 (compatible; Googlebot/2.1; +http://www.google.com/bot.html)"
85.208.96.211 - - [07/Oct/2024:04:07:41 +0300] "GET /63ecsqmkj.html HTTP/1.0" 404 34651 "-" "Mozilla/5.0 (compatible; SemrushBot/7~bl; +http://www.semrush.com/bot.html)"
66.249.66.36 - - [07/Oct/2024:04:07:54 +0300] "GET /yqmsquctw/trabajo-part-time-desde-casa.html HTTP/1.0" 500 341 "-" "Mozilla/5.0 (Linux; Android 6.0.1; Nexus 5X Build/MMB29P) AppleWebKit/537.36 (KHTML, like Gecko) Chrome/129.0.6668.89 Mobile Safari/537.36 (compatible; GoogleOther)"
85.208.96.211 - - [07/Oct/2024:04:08:40 +0300] "GET /2692j2zlwl.html HTTP/1.0" 404 34653 "-" "Mozilla/5.0 (compatible; SemrushBot/7~bl; +http://www.semrush.com/bot.html)"
85.208.96.197 - - [07/Oct/2024:04:08:43 +0300] "GET /5811og6mb1.html HTTP/1.0" 404 34653 "-" "Mozilla/5.0 (compatible; SemrushBot/7~bl; +http://www.semrush.com/bot.html)"
185.191.171.10 - - [07/Oct/2024:04:08:56 +0300] "GET /16o2mfhdy4.html HTTP/1.0" 404 34653 "-" "Mozilla/5.0 (compatible; SemrushBot/7~bl; +http://www.semrush.com/bot.html)"
185.191.171.14 - - [07/Oct/2024:04:09:04 +0300] "GET /2niajn3xea.html HTTP/1.0" 404 34653 "-" "Mozilla/5.0 (compatible; SemrushBot/7~bl; +http://www.semrush.com/bot.html)"
85.208.96.197 - - [07/Oct/2024:04:09:52 +0300] "GET /1f8fmemgje.html HTTP/1.0" 404 34653 "-" "Mozilla/5.0 (compatible; SemrushBot/7~bl; +http://www.semrush.com/bot.html)"
66.249.66.37 - - [07/Oct/2024:04:09:55 +0300] "GET /yqmsquctw/what-is-rocm.html HTTP/1.0" 500 341 "-" "Mozilla/5.0 (Linux; Android 6.0.1; Nexus 5X Build/MMB29P) AppleWebKit/537.36 (KHTML, like Gecko) Chrome/129.0.6668.89 Mobile Safari/537.36 (compatible; GoogleOther)"
66.249.66.37 - - [07/Oct/2024:04:09:58 +0300] "GET /yqmsquctw/osint-toolkit-github.html HTTP/1.0" 500 341 "-" "Mozilla/5.0 (Linux; Android 6.0.1; Nexus 5X Build/MMB29P) AppleWebKit/537.36 (KHTML, like Gecko) Chrome/129.0.6668.89 Mobile Safari/537.36 (compatible; GoogleOther)"
185.191.171.17 - - [07/Oct/2024:04:10:00 +0300] "GET /k2ihbejyu.html HTTP/1.0" 404 34651 "-" "Mozilla/5.0 (compatible; SemrushBot/7~bl; +http://www.semrush.com/bot.html)"
66.249.66.36 - - [07/Oct/2024:04:10:03 +0300] "GET /xmw23/avengers-fanfiction-peter-not-allowed-on-field-trip-wattpad.html HTTP/1.0" 200 36394 "-" "Mozilla/5.0 (Linux; Android 6.0.1; Nexus 5X Build/MMB29P) AppleWebKit/537.36 (KHTML, like Gecko) Chrome/129.0.6668.89 Mobile Safari/537.36 (compatible; Googlebot/2.1; +http://www.google.com/bot.html)"
185.191.171.3 - - [07/Oct/2024:04:10:04 +0300] "GET /66limnygvd.html HTTP/1.0" 404 34653 "-" "Mozilla/5.0 (compatible; SemrushBot/7~bl; +http://www.semrush.com/bot.html)"
85.208.96.201 - - [07/Oct/2024:04:10:24 +0300] "GET /2iijmn5ble.html HTTP/1.0" 404 34653 "-" "Mozilla/5.0 (compatible; SemrushBot/7~bl; +http://www.semrush.com/bot.html)"
185.191.171.15 - - [07/Oct/2024:04:10:30 +0300] "GET /2o382tlde4.html HTTP/1.0" 404 34653 "-" "Mozilla/5.0 (compatible; SemrushBot/7~bl; +http://www.semrush.com/bot.html)"
185.191.171.1 - - [07/Oct/2024:04:10:32 +0300] "GET /5p70b8w4v0.html HTTP/1.0" 404 34653 "-" "Mozilla/5.0 (compatible; SemrushBot/7~bl; +http://www.semrush.com/bot.html)"
185.191.171.9 - - [07/Oct/2024:04:10:53 +0300] "GET /15o0cwanh4.html HTTP/1.0" 404 34653 "-" "Mozilla/5.0 (compatible; SemrushBot/7~bl; +http://www.semrush.com/bot.html)"
85.208.96.193 - - [07/Oct/2024:04:11:08 +0300] "GET /23jga5zwtt.html HTTP/1.0" 404 37802 "-" "Mozilla/5.0 (compatible; SemrushBot/7~bl; +http://www.semrush.com/bot.html)"
185.191.171.5 - - [07/Oct/2024:04:11:34 +0300] "GET /3m2igbb7jf.html HTTP/1.0" 404 37802 "-" "Mozilla/5.0 (compatible; SemrushBot/7~bl; +http://www.semrush.com/bot.html)"
66.249.66.36 - - [07/Oct/2024:04:11:57 +0300] "GET /yqmsquctw/pkg-cannot-be-opened-because-it-is-from-an-unidentified-developer.html HTTP/1.0" 500 341 "-" "Mozilla/5.0 (Linux; Android 6.0.1; Nexus 5X Build/MMB29P) AppleWebKit/537.36 (KHTML, like Gecko) Chrome/129.0.6668.89 Mobile Safari/537.36 (compatible; GoogleOther)"
85.208.96.209 - - [07/Oct/2024:04:12:19 +0300] "GET /61jfjv1t9l.html HTTP/1.0" 404 34653 "-" "Mozilla/5.0 (compatible; SemrushBot/7~bl; +http://www.semrush.com/bot.html)"
212.34.150.184 - - [07/Oct/2024:04:12:45 +0300] "GET / HTTP/1.0" 200 322 "-" "Mozilla/5.0 (Windows NT 6.3; Win64; x64) AppleWebKit/537.36 (KHTML, like Gecko) Chrome/75.0.3770.100 Safari/537.36"
185.191.171.19 - - [07/Oct/2024:04:12:56 +0300] "GET /259bmdy7h1.html HTTP/1.0" 404 34653 "-" "Mozilla/5.0 (compatible; SemrushBot/7~bl; +http://www.semrush.com/bot.html)"
185.191.171.19 - - [07/Oct/2024:04:13:02 +0300] "GET /2hho1pwgys.html HTTP/1.0" 404 34653 "-" "Mozilla/5.0 (compatible; SemrushBot/7~bl; +http://www.semrush.com/bot.html)"
185.191.171.9 - - [07/Oct/2024:04:13:47 +0300] "GET /411n2hxdsc.html HTTP/1.0" 404 34653 "-" "Mozilla/5.0 (compatible; SemrushBot/7~bl; +http://www.semrush.com/bot.html)"
66.249.66.36 - - [07/Oct/2024:04:13:58 +0300] "GET /yqmsquctw/tocard-gagnant.html HTTP/1.0" 500 341 "-" "Mozilla/5.0 (Linux; Android 6.0.1; Nexus 5X Build/MMB29P) AppleWebKit/537.36 (KHTML, like Gecko) Chrome/129.0.6668.89 Mobile Safari/537.36 (compatible; GoogleOther)"
185.191.171.17 - - [07/Oct/2024:04:14:06 +0300] "GET /5feims4dnb.html HTTP/1.0" 404 34653 "-" "Mozilla/5.0 (compatible; SemrushBot/7~bl; +http://www.semrush.com/bot.html)"
66.249.66.37 - - [07/Oct/2024:04:14:30 +0300] "GET /xmw23/clackamas-county-alerts.html HTTP/1.0" 200 29444 "-" "Mozilla/5.0 (Linux; Android 6.0.1; Nexus 5X Build/MMB29P) AppleWebKit/537.36 (KHTML, like Gecko) Chrome/129.0.6668.89 Mobile Safari/537.36 (compatible; Googlebot/2.1; +http://www.google.com/bot.html)"
85.208.96.209 - - [07/Oct/2024:04:14:39 +0300] "GET /3bgmnpt7dl.html HTTP/1.0" 404 34653 "-" "Mozilla/5.0 (compatible; SemrushBot/7~bl; +http://www.semrush.com/bot.html)"
185.191.171.7 - - [07/Oct/2024:04:14:41 +0300] "GET /28e24yvgj0.html HTTP/1.0" 404 34653 "-" "Mozilla/5.0 (compatible; SemrushBot/7~bl; +http://www.semrush.com/bot.html)"
185.191.171.9 - - [07/Oct/2024:04:14:49 +0300] "GET /2j186s66no.html HTTP/1.0" 404 34653 "-" "Mozilla/5.0 (compatible; SemrushBot/7~bl; +http://www.semrush.com/bot.html)"
185.191.171.9 - - [07/Oct/2024:04:15:18 +0300] "GET /67e28dk5gs.html HTTP/1.0" 404 34653 "-" "Mozilla/5.0 (compatible; SemrushBot/7~bl; +http://www.semrush.com/bot.html)"
85.208.96.208 - - [07/Oct/2024:04:15:30 +0300] "GET /jbndhlstp.html HTTP/1.0" 404 34651 "-" "Mozilla/5.0 (compatible; SemrushBot/7~bl; +http://www.semrush.com/bot.html)"
66.249.66.36 - - [07/Oct/2024:04:15:35 +0300] "GET /xmw23/hudson-bay-warehouse-jobs-scarborough-part-time.html HTTP/1.0" 500 341 "-" "Mozilla/5.0 (Linux; Android 6.0.1; Nexus 5X Build/MMB29P) AppleWebKit/537.36 (KHTML, like Gecko) Chrome/129.0.6668.89 Mobile Safari/537.36 (compatible; Googlebot/2.1; +http://www.google.com/bot.html)"
85.208.96.193 - - [07/Oct/2024:04:15:43 +0300] "GET /23bhkbiqvo.html HTTP/1.0" 404 34653 "-" "Mozilla/5.0 (compatible; SemrushBot/7~bl; +http://www.semrush.com/bot.html)"
85.208.96.195 - - [07/Oct/2024:04:15:55 +0300] "GET /4463vyb4j.html HTTP/1.0" 404 34651 "-" "Mozilla/5.0 (compatible; SemrushBot/7~bl; +http://www.semrush.com/bot.html)"
66.249.66.36 - - [07/Oct/2024:04:16:00 +0300] "GET /yqmsquctw/google-digital-garage-fundamentals-of-digital-marketing-free.html HTTP/1.0" 500 341 "-" "Mozilla/5.0 (Linux; Android 6.0.1; Nexus 5X Build/MMB29P) AppleWebKit/537.36 (KHTML, like Gecko) Chrome/129.0.6668.89 Mobile Safari/537.36 (compatible; GoogleOther)"
66.249.66.36 - - [07/Oct/2024:04:16:29 +0300] "GET /yqmsquctw/htb-pro-labs-writeup.html HTTP/1.0" 500 341 "-" "Mozilla/5.0 (Linux; Android 6.0.1; Nexus 5X Build/MMB29P) AppleWebKit/537.36 (KHTML, like Gecko) Chrome/129.0.6668.89 Mobile Safari/537.36 (compatible; GoogleOther)"
85.208.96.199 - - [07/Oct/2024:04:17:17 +0300] "GET /4bdmmypydm.html HTTP/1.0" 404 37802 "-" "Mozilla/5.0 (compatible; SemrushBot/7~bl; +http://www.semrush.com/bot.html)"
85.208.96.198 - - [07/Oct/2024:04:17:23 +0300] "GET /3235fc30ed.html HTTP/1.0" 404 37802 "-" "Mozilla/5.0 (compatible; SemrushBot/7~bl; +http://www.semrush.com/bot.html)"
85.208.96.212 - - [07/Oct/2024:04:17:25 +0300] "GET /20obbmwkla.html HTTP/1.0" 404 34653 "-" "Mozilla/5.0 (compatible; SemrushBot/7~bl; +http://www.semrush.com/bot.html)"
185.191.171.14 - - [07/Oct/2024:04:17:31 +0300] "GET /4lg28ejuxu.html HTTP/1.0" 404 34653 "-" "Mozilla/5.0 (compatible; SemrushBot/7~bl; +http://www.semrush.com/bot.html)"
66.249.66.36 - - [07/Oct/2024:04:17:35 +0300] "GET /yqmsquctw/kijiji-etobicoke-jobs.html HTTP/1.0" 500 341 "-" "Mozilla/5.0 (Linux; Android 6.0.1; Nexus 5X Build/MMB29P) AppleWebKit/537.36 (KHTML, like Gecko) Chrome/129.0.6668.89 Mobile Safari/537.36 (compatible; Googlebot/2.1; +http://www.google.com/bot.html)"
185.191.171.5 - - [07/Oct/2024:04:17:48 +0300] "GET /20gdm0gx4x.html HTTP/1.0" 404 34653 "-" "Mozilla/5.0 (compatible; SemrushBot/7~bl; +http://www.semrush.com/bot.html)"
66.249.66.35 - - [07/Oct/2024:04:18:01 +0300] "GET /yqmsquctw/avengers-fanfiction-team-hurts-peter.html HTTP/1.0" 500 341 "-" "Mozilla/5.0 (Linux; Android 6.0.1; Nexus 5X Build/MMB29P) AppleWebKit/537.36 (KHTML, like Gecko) Chrome/129.0.6668.89 Mobile Safari/537.36 (compatible; GoogleOther)"
173.208.148.34 - - [07/Oct/2024:04:18:11 +0300] "GET / HTTP/1.0" 200 322 "-" "Mozilla/5.0 (Windows NT 10.0; Win64; x64) AppleWebKit/537.36 (KHTML, like Gecko) Chrome/91.0.4472.106 Safari/537.36"
173.208.148.34 - - [07/Oct/2024:04:18:12 +0300] "GET / HTTP/1.0" 200 322 "-" "Mozilla/5.0 (compatible; Googlebot/2.1; +http://www.google.com/bot.html)"
85.208.96.194 - - [07/Oct/2024:04:18:12 +0300] "GET /h07e9aija.html HTTP/1.0" 404 34651 "-" "Mozilla/5.0 (compatible; SemrushBot/7~bl; +http://www.semrush.com/bot.html)"
173.208.148.34 - - [07/Oct/2024:04:18:13 +0300] "GET /index.php?params=1 HTTP/1.0" 200 322 "-" "Mozilla/5.0 (Windows NT 10.0; Win64; x64) AppleWebKit/537.36 (KHTML, like Gecko) Chrome/91.0.4472.106 Safari/537.36"
85.208.96.209 - - [07/Oct/2024:04:18:14 +0300] "GET /1a7d6out1r.html HTTP/1.0" 404 34653 "-" "Mozilla/5.0 (compatible; SemrushBot/7~bl; +http://www.semrush.com/bot.html)"
185.191.171.6 - - [07/Oct/2024:04:18:19 +0300] "GET /9pcewzqm8.html HTTP/1.0" 404 34651 "-" "Mozilla/5.0 (compatible; SemrushBot/7~bl; +http://www.semrush.com/bot.html)"
5.182.86.168 - - [07/Oct/2024:04:18:21 +0300] "GET / HTTP/1.0" 200 322 "-" "Mozilla/5.0 (X11; Ubuntu; Linux x86_64) AppleWebKit/537.36 (KHTML, like Gecko) Chrome/55.0.2918.0 Safari/537.36"
5.182.86.168 - - [07/Oct/2024:04:18:33 +0300] "POST / HTTP/1.0" 200 322 "https://gcba.ru/" "Mozilla/5.0 (X11; Ubuntu; Linux x86_64) AppleWebKit/537.36 (KHTML, like Gecko) Chrome/55.0.2918.0 Safari/537.36"
5.182.86.168 - - [07/Oct/2024:04:18:35 +0300] "GET /95f33f6732e3.php HTTP/1.0" 200 358 "https://gcba.ru/" "Mozilla/5.0 (X11; Ubuntu; Linux x86_64) AppleWebKit/537.36 (KHTML, like Gecko) Chrome/55.0.2918.0 Safari/537.36"
85.208.96.202 - - [07/Oct/2024:04:18:40 +0300] "GET /news/metodologiya/novyy-kbk/ HTTP/1.0" 200 26318 "-" "Mozilla/5.0 (compatible; SemrushBot/7~bl; +http://www.semrush.com/bot.html)"
185.191.171.2 - - [07/Oct/2024:04:18:46 +0300] "GET /5i5oaxg6bc.html HTTP/1.0" 404 34653 "-" "Mozilla/5.0 (compatible; SemrushBot/7~bl; +http://www.semrush.com/bot.html)"
85.208.96.196 - - [07/Oct/2024:04:18:55 +0300] "GET /9g88jjeem.html HTTP/1.0" 404 34651 "-" "Mozilla/5.0 (compatible; SemrushBot/7~bl; +http://www.semrush.com/bot.html)"
185.191.171.2 - - [07/Oct/2024:04:19:12 +0300] "GET /3j8joz6mbf.html HTTP/1.0" 404 34653 "-" "Mozilla/5.0 (compatible; SemrushBot/7~bl; +http://www.semrush.com/bot.html)"
3.133.127.37 - - [07/Oct/2024:04:19:26 +0300] "GET /yqmsquctw/las-cruces-news-shooting-today.html HTTP/1.0" 500 341 "-" "Mozilla/5.0 AppleWebKit/537.36 (KHTML, like Gecko; compatible; ClaudeBot/1.0; +claudebot@anthropic.com)"
66.249.66.37 - - [07/Oct/2024:04:20:02 +0300] "GET /yqmsquctw/rotowire-futbol.html HTTP/1.0" 500 341 "-" "Mozilla/5.0 (Linux; Android 6.0.1; Nexus 5X Build/MMB29P) AppleWebKit/537.36 (KHTML, like Gecko) Chrome/129.0.6668.89 Mobile Safari/537.36 (compatible; GoogleOther)"
185.191.171.11 - - [07/Oct/2024:04:20:09 +0300] "GET /4ccjgepncn.html HTTP/1.0" 404 34653 "-" "Mozilla/5.0 (compatible; SemrushBot/7~bl; +http://www.semrush.com/bot.html)"
185.191.171.14 - - [07/Oct/2024:04:20:14 +0300] "GET /1elaj5hei5.html HTTP/1.0" 404 34653 "-" "Mozilla/5.0 (compatible; SemrushBot/7~bl; +http://www.semrush.com/bot.html)"
185.191.171.10 - - [07/Oct/2024:04:20:29 +0300] "GET /3f7b8dl24i.html HTTP/1.0" 404 34653 "-" "Mozilla/5.0 (compatible; SemrushBot/7~bl; +http://www.semrush.com/bot.html)"
185.191.171.13 - - [07/Oct/2024:04:20:51 +0300] "GET /3nojoeuh4x.html HTTP/1.0" 404 34653 "-" "Mozilla/5.0 (compatible; SemrushBot/7~bl; +http://www.semrush.com/bot.html)"
185.191.171.17 - - [07/Oct/2024:04:21:08 +0300] "GET /30k6dpckgx.html HTTP/1.0" 404 34653 "-" "Mozilla/5.0 (compatible; SemrushBot/7~bl; +http://www.semrush.com/bot.html)"
185.191.171.5 - - [07/Oct/2024:04:21:15 +0300] "GET /k81org4bv.html HTTP/1.0" 404 34651 "-" "Mozilla/5.0 (compatible; SemrushBot/7~bl; +http://www.semrush.com/bot.html)"
185.191.171.19 - - [07/Oct/2024:04:21:18 +0300] "GET /667fnwh06i.html HTTP/1.0" 404 34653 "-" "Mozilla/5.0 (compatible; SemrushBot/7~bl; +http://www.semrush.com/bot.html)"
3.21.159.82 - - [07/Oct/2024:04:21:27 +0300] "GET /yqmsquctw/osint-framework-kali-linux.html HTTP/1.0" 500 341 "-" "Mozilla/5.0 AppleWebKit/537.36 (KHTML, like Gecko; compatible; ClaudeBot/1.0; +claudebot@anthropic.com)"
66.249.66.35 - - [07/Oct/2024:04:21:34 +0300] "GET /xmw23/ttc-bus-driver-jobs-toronto.html HTTP/1.0" 500 341 "-" "Mozilla/5.0 (Linux; Android 6.0.1; Nexus 5X Build/MMB29P) AppleWebKit/537.36 (KHTML, like Gecko) Chrome/129.0.6668.89 Mobile Safari/537.36 (compatible; Googlebot/2.1; +http://www.google.com/bot.html)"
66.249.66.35 - - [07/Oct/2024:04:22:04 +0300] "GET /yqmsquctw/full-stack-developer-jobs-in-uk-with-visa-sponsorship-no-experience.html HTTP/1.0" 500 341 "-" "Mozilla/5.0 (Linux; Android 6.0.1; Nexus 5X Build/MMB29P) AppleWebKit/537.36 (KHTML, like Gecko) Chrome/129.0.6668.89 Mobile Safari/537.36 (compatible; GoogleOther)"
185.191.171.8 - - [07/Oct/2024:04:22:08 +0300] "GET /438njsgjwu.html HTTP/1.0" 404 34653 "-" "Mozilla/5.0 (compatible; SemrushBot/7~bl; +http://www.semrush.com/bot.html)"
85.208.96.212 - - [07/Oct/2024:04:22:15 +0300] "GET /2fgindh3se.html HTTP/1.0" 404 34653 "-" "Mozilla/5.0 (compatible; SemrushBot/7~bl; +http://www.semrush.com/bot.html)"
66.249.66.35 - - [07/Oct/2024:04:22:35 +0300] "GET /xmw23/comfyui-image-to-image-example.html HTTP/1.0" 500 3490 "-" "Mozilla/5.0 (Linux; Android 6.0.1; Nexus 5X Build/MMB29P) AppleWebKit/537.36 (KHTML, like Gecko) Chrome/129.0.6668.89 Mobile Safari/537.36 (compatible; Googlebot/2.1; +http://www.google.com/bot.html)"
185.191.171.3 - - [07/Oct/2024:04:22:47 +0300] "GET /2j1nakkn6x.html HTTP/1.0" 404 34653 "-" "Mozilla/5.0 (compatible; SemrushBot/7~bl; +http://www.semrush.com/bot.html)"
85.208.96.194 - - [07/Oct/2024:04:22:58 +0300] "GET /4boio6ptbj.html HTTP/1.0" 404 37802 "-" "Mozilla/5.0 (compatible; SemrushBot/7~bl; +http://www.semrush.com/bot.html)"
66.249.66.35 - - [07/Oct/2024:04:23:01 +0300] "GET /yqmsquctw/vezbe-za-besiku-kod-zena.html HTTP/1.0" 500 341 "-" "Mozilla/5.0 (Linux; Android 6.0.1; Nexus 5X Build/MMB29P) AppleWebKit/537.36 (KHTML, like Gecko) Chrome/129.0.6668.89 Mobile Safari/537.36 (compatible; GoogleOther)"
185.191.171.10 - - [07/Oct/2024:04:23:12 +0300] "GET /3i846blc0q.html HTTP/1.0" 404 34653 "-" "Mozilla/5.0 (compatible; SemrushBot/7~bl; +http://www.semrush.com/bot.html)"
185.191.171.1 - - [07/Oct/2024:04:23:21 +0300] "GET /60983p9hgd.html HTTP/1.0" 404 34653 "-" "Mozilla/5.0 (compatible; SemrushBot/7~bl; +http://www.semrush.com/bot.html)"
85.208.96.200 - - [07/Oct/2024:04:23:34 +0300] "GET /692aamvr.html HTTP/1.0" 404 34620 "-" "Mozilla/5.0 (compatible; SemrushBot/7~bl; +http://www.semrush.com/bot.html)"
85.208.96.201 - - [07/Oct/2024:04:23:37 +0300] "GET /1f2ll79asx.html HTTP/1.0" 404 34653 "-" "Mozilla/5.0 (compatible; SemrushBot/7~bl; +http://www.semrush.com/bot.html)"
5.255.231.30 - - [07/Oct/2024:04:23:43 +0300] "GET /yqmsquctw/travis-county-mugshots.html HTTP/1.0" 500 341 "-" "Mozilla/5.0 (compatible; YandexBot/3.0; +http://yandex.com/bots)"
85.208.96.207 - - [07/Oct/2024:04:23:52 +0300] "GET /4dekjny1bc.html HTTP/1.0" 404 34653 "-" "Mozilla/5.0 (compatible; SemrushBot/7~bl; +http://www.semrush.com/bot.html)"
66.249.66.37 - - [07/Oct/2024:04:24:05 +0300] "GET /yqmsquctw/songkick-toronto.html HTTP/1.0" 500 341 "-" "Mozilla/5.0 (Linux; Android 6.0.1; Nexus 5X Build/MMB29P) AppleWebKit/537.36 (KHTML, like Gecko) Chrome/129.0.6668.89 Mobile Safari/537.36 (compatible; GoogleOther)"
185.191.171.6 - - [07/Oct/2024:04:24:14 +0300] "GET /62p5meggyy.html HTTP/1.0" 404 34653 "-" "Mozilla/5.0 (compatible; SemrushBot/7~bl; +http://www.semrush.com/bot.html)"
85.208.96.203 - - [07/Oct/2024:04:24:26 +0300] "GET /2g98oj78ow.html HTTP/1.0" 404 34653 "-" "Mozilla/5.0 (compatible; SemrushBot/7~bl; +http://www.semrush.com/bot.html)"
85.208.96.210 - - [07/Oct/2024:04:24:39 +0300] "GET /k9kcpmcsd.html HTTP/1.0" 404 34651 "-" "Mozilla/5.0 (compatible; SemrushBot/7~bl; +http://www.semrush.com/bot.html)"
85.208.96.205 - - [07/Oct/2024:04:24:59 +0300] "GET /1mnnbtunat.html HTTP/1.0" 404 34653 "-" "Mozilla/5.0 (compatible; SemrushBot/7~bl; +http://www.semrush.com/bot.html)"
185.191.171.18 - - [07/Oct/2024:04:25:17 +0300] "GET /18jp5iobgl.html HTTP/1.0" 404 34653 "-" "Mozilla/5.0 (compatible; SemrushBot/7~bl; +http://www.semrush.com/bot.html)"
185.191.171.7 - - [07/Oct/2024:04:25:22 +0300] "GET /22l0nwhaec.html HTTP/1.0" 404 34653 "-" "Mozilla/5.0 (compatible; SemrushBot/7~bl; +http://www.semrush.com/bot.html)"
85.208.96.205 - - [07/Oct/2024:04:25:26 +0300] "GET /3obm4pem2m.html HTTP/1.0" 404 34653 "-" "Mozilla/5.0 (compatible; SemrushBot/7~bl; +http://www.semrush.com/bot.html)"
94.103.80.181 - - [07/Oct/2024:04:26:04 +0300] "GET /?success=5ebc99f6818ff0fc3d0079c7c5f48a6b HTTP/1.0" 200 322 "https://gcba.ru/?success=5ebc99f6818ff0fc3d0079c7c5f48a6b" "Mozilla/5.0 (Windows NT 10.0; Win64; x64) AppleWebKit/537.36 (KHTML, like Gecko) Chrome/125.0.0.0 Safari/537.36"
94.103.80.181 - - [07/Oct/2024:04:26:05 +0300] "GET / HTTP/1.0" 200 322 "https://gcba.ru/" "Mozilla/5.0 (Windows NT 10.0; Win64; x64) AppleWebKit/537.36 (KHTML, like Gecko) Chrome/125.0.0.0 Safari/537.36"
66.249.66.37 - - [07/Oct/2024:04:26:06 +0300] "GET /yqmsquctw/dallas-news.html HTTP/1.0" 500 341 "-" "Mozilla/5.0 (Linux; Android 6.0.1; Nexus 5X Build/MMB29P) AppleWebKit/537.36 (KHTML, like Gecko) Chrome/129.0.6668.89 Mobile Safari/537.36 (compatible; GoogleOther)"
185.191.171.10 - - [07/Oct/2024:04:26:09 +0300] "GET /e0a4gtnhn.html HTTP/1.0" 404 34651 "-" "Mozilla/5.0 (compatible; SemrushBot/7~bl; +http://www.semrush.com/bot.html)"
85.208.96.207 - - [07/Oct/2024:04:26:14 +0300] "GET /2idnmsamtx.html HTTP/1.0" 404 34653 "-" "Mozilla/5.0 (compatible; SemrushBot/7~bl; +http://www.semrush.com/bot.html)"
85.208.96.199 - - [07/Oct/2024:04:26:39 +0300] "GET /59gcansari.html HTTP/1.0" 404 34653 "-" "Mozilla/5.0 (compatible; SemrushBot/7~bl; +http://www.semrush.com/bot.html)"
85.208.96.195 - - [07/Oct/2024:04:27:03 +0300] "GET /1mma1zho1z.html HTTP/1.0" 404 34653 "-" "Mozilla/5.0 (compatible; SemrushBot/7~bl; +http://www.semrush.com/bot.html)"
185.174.159.155 - - [07/Oct/2024:04:27:03 +0300] "GET / HTTP/1.0" 200 322 "https://gcba.ru/" "Mozilla/5.0 (Windows NT 10.0.0; Win64; x64; ) AppleWebKit/537.36 (KHTML, like Gecko) Chrome/124.0.6367.63 Chrome/124.0.6367.63 Not-A.Brand/99 Safari/537.36"
185.191.171.13 - - [07/Oct/2024:04:27:32 +0300] "GET /12plgibnfn.html HTTP/1.0" 404 34653 "-" "Mozilla/5.0 (compatible; SemrushBot/7~bl; +http://www.semrush.com/bot.html)"
66.249.66.36 - - [07/Oct/2024:04:28:07 +0300] "GET /yqmsquctw/mechatronic-research.html HTTP/1.0" 500 3490 "-" "Mozilla/5.0 (Linux; Android 6.0.1; Nexus 5X Build/MMB29P) AppleWebKit/537.36 (KHTML, like Gecko) Chrome/129.0.6668.89 Mobile Safari/537.36 (compatible; GoogleOther)"
185.191.171.6 - - [07/Oct/2024:04:28:12 +0300] "GET /27j8cytfvr.html HTTP/1.0" 404 34653 "-" "Mozilla/5.0 (compatible; SemrushBot/7~bl; +http://www.semrush.com/bot.html)"
66.249.66.36 - - [07/Oct/2024:04:28:35 +0300] "GET /xmw23/tyler-county-criminal-records-search.html HTTP/1.0" 500 3490 "-" "Mozilla/5.0 (Linux; Android 6.0.1; Nexus 5X Build/MMB29P) AppleWebKit/537.36 (KHTML, like Gecko) Chrome/129.0.6668.89 Mobile Safari/537.36 (compatible; Googlebot/2.1; +http://www.google.com/bot.html)"
85.208.96.210 - - [07/Oct/2024:04:28:41 +0300] "GET /ok221qrw8.html HTTP/1.0" 404 34651 "-" "Mozilla/5.0 (compatible; SemrushBot/7~bl; +http://www.semrush.com/bot.html)"
85.208.96.198 - - [07/Oct/2024:04:29:05 +0300] "GET /141g7oyqdr.html HTTP/1.0" 404 34653 "-" "Mozilla/5.0 (compatible; SemrushBot/7~bl; +http://www.semrush.com/bot.html)"
66.249.66.36 - - [07/Oct/2024:04:29:32 +0300] "GET /yqmsquctw/h2-embedded-database-example.html HTTP/1.0" 500 341 "-" "Mozilla/5.0 (Linux; Android 6.0.1; Nexus 5X Build/MMB29P) AppleWebKit/537.36 (KHTML, like Gecko) Chrome/129.0.6668.89 Mobile Safari/537.36 (compatible; GoogleOther)"
185.191.171.16 - - [07/Oct/2024:04:29:33 +0300] "GET /4c7gbozhlo.html HTTP/1.0" 404 34653 "-" "Mozilla/5.0 (compatible; SemrushBot/7~bl; +http://www.semrush.com/bot.html)"
85.208.96.196 - - [07/Oct/2024:04:29:35 +0300] "GET /6ecb0xgwrk.html HTTP/1.0" 404 34653 "-" "Mozilla/5.0 (compatible; SemrushBot/7~bl; +http://www.semrush.com/bot.html)"
66.249.66.36 - - [07/Oct/2024:04:29:35 +0300] "GET /xmw23/esp32-audio-transmitter.html HTTP/1.0" 500 341 "-" "Mozilla/5.0 (Linux; Android 6.0.1; Nexus 5X Build/MMB29P) AppleWebKit/537.36 (KHTML, like Gecko) Chrome/129.0.6668.89 Mobile Safari/537.36 (compatible; Googlebot/2.1; +http://www.google.com/bot.html)"
85.208.96.211 - - [07/Oct/2024:04:29:42 +0300] "GET /17nolaxtbi.html HTTP/1.0" 404 34653 "-" "Mozilla/5.0 (compatible; SemrushBot/7~bl; +http://www.semrush.com/bot.html)"
85.208.96.199 - - [07/Oct/2024:04:29:44 +0300] "GET /4me352evuo.html HTTP/1.0" 404 34653 "-" "Mozilla/5.0 (compatible; SemrushBot/7~bl; +http://www.semrush.com/bot.html)"
66.249.66.36 - - [07/Oct/2024:04:30:08 +0300] "GET /yqmsquctw/aged-care-sponsorship-requirements.html HTTP/1.0" 500 341 "-" "Mozilla/5.0 (Linux; Android 6.0.1; Nexus 5X Build/MMB29P) AppleWebKit/537.36 (KHTML, like Gecko) Chrome/129.0.6668.89 Mobile Safari/537.36 (compatible; GoogleOther)"
185.191.171.10 - - [07/Oct/2024:04:30:24 +0300] "GET /46ja5tdcvh.html HTTP/1.0" 404 34653 "-" "Mozilla/5.0 (compatible; SemrushBot/7~bl; +http://www.semrush.com/bot.html)"
85.208.96.193 - - [07/Oct/2024:04:30:53 +0300] "GET /1dlc745vv8.html HTTP/1.0" 404 34653 "-" "Mozilla/5.0 (compatible; SemrushBot/7~bl; +http://www.semrush.com/bot.html)"
185.191.171.1 - - [07/Oct/2024:04:31:02 +0300] "GET /4b34h0ppay.html HTTP/1.0" 404 34653 "-" "Mozilla/5.0 (compatible; SemrushBot/7~bl; +http://www.semrush.com/bot.html)"
185.191.171.3 - - [07/Oct/2024:04:31:22 +0300] "GET /gkebih02x.html HTTP/1.0" 404 34651 "-" "Mozilla/5.0 (compatible; SemrushBot/7~bl; +http://www.semrush.com/bot.html)"
85.208.96.201 - - [07/Oct/2024:04:31:27 +0300] "GET /392e4gns8t.html HTTP/1.0" 404 34653 "-" "Mozilla/5.0 (compatible; SemrushBot/7~bl; +http://www.semrush.com/bot.html)"
85.208.96.199 - - [07/Oct/2024:04:31:36 +0300] "GET /6444nhby1a.html HTTP/1.0" 404 34653 "-" "Mozilla/5.0 (compatible; SemrushBot/7~bl; +http://www.semrush.com/bot.html)"
85.208.96.208 - - [07/Oct/2024:04:31:38 +0300] "GET /36dnmdpl0z.html HTTP/1.0" 404 34653 "-" "Mozilla/5.0 (compatible; SemrushBot/7~bl; +http://www.semrush.com/bot.html)"
185.191.171.12 - - [07/Oct/2024:04:31:49 +0300] "GET /4h33ikk1jj.html HTTP/1.0" 404 34653 "-" "Mozilla/5.0 (compatible; SemrushBot/7~bl; +http://www.semrush.com/bot.html)"
85.208.96.198 - - [07/Oct/2024:04:32:04 +0300] "GET /1467eapvlm.html HTTP/1.0" 404 34653 "-" "Mozilla/5.0 (compatible; SemrushBot/7~bl; +http://www.semrush.com/bot.html)"
85.208.96.208 - - [07/Oct/2024:04:32:08 +0300] "GET /2i2af0krhr.html HTTP/1.0" 404 34653 "-" "Mozilla/5.0 (compatible; SemrushBot/7~bl; +http://www.semrush.com/bot.html)"
66.249.66.36 - - [07/Oct/2024:04:32:10 +0300] "GET /yqmsquctw/pusenje-posle-embriotransfera.html HTTP/1.0" 500 341 "-" "Mozilla/5.0 (Linux; Android 6.0.1; Nexus 5X Build/MMB29P) AppleWebKit/537.36 (KHTML, like Gecko) Chrome/129.0.6668.89 Mobile Safari/537.36 (compatible; GoogleOther)"
185.191.171.17 - - [07/Oct/2024:04:32:23 +0300] "GET /1l902uq41a.html HTTP/1.0" 404 34653 "-" "Mozilla/5.0 (compatible; SemrushBot/7~bl; +http://www.semrush.com/bot.html)"
66.249.66.36 - - [07/Oct/2024:04:32:25 +0300] "GET /yqmsquctw/you-will-hear-10-speaker-choose-the-best-option.html HTTP/1.0" 500 341 "-" "Mozilla/5.0 (Linux; Android 6.0.1; Nexus 5X Build/MMB29P) AppleWebKit/537.36 (KHTML, like Gecko) Chrome/129.0.6668.89 Mobile Safari/537.36 (compatible; Googlebot/2.1; +http://www.google.com/bot.html)"
85.208.96.208 - - [07/Oct/2024:04:32:30 +0300] "GET /pm0dnoe28.html HTTP/1.0" 404 34651 "-" "Mozilla/5.0 (compatible; SemrushBot/7~bl; +http://www.semrush.com/bot.html)"
185.191.171.4 - - [07/Oct/2024:04:33:25 +0300] "GET /2anonymdnu.html HTTP/1.0" 404 34653 "-" "Mozilla/5.0 (compatible; SemrushBot/7~bl; +http://www.semrush.com/bot.html)"
66.249.66.35 - - [07/Oct/2024:04:33:26 +0300] "GET /xmw23/filma-vizatimor-per-femije-dubluar-ne-shqip.html HTTP/1.0" 500 341 "-" "Mozilla/5.0 (Linux; Android 6.0.1; Nexus 5X Build/MMB29P) AppleWebKit/537.36 (KHTML, like Gecko) Chrome/129.0.6668.89 Mobile Safari/537.36 (compatible; Googlebot/2.1; +http://www.google.com/bot.html)"
185.191.171.14 - - [07/Oct/2024:04:33:30 +0300] "GET /3mg17u6lnt.html HTTP/1.0" 404 37802 "-" "Mozilla/5.0 (compatible; SemrushBot/7~bl; +http://www.semrush.com/bot.html)"
85.208.96.200 - - [07/Oct/2024:04:33:47 +0300] "GET /34044eniz4.html HTTP/1.0" 404 37802 "-" "Mozilla/5.0 (compatible; SemrushBot/7~bl; +http://www.semrush.com/bot.html)"
185.191.171.11 - - [07/Oct/2024:04:33:53 +0300] "GET /22igeyp5lf.html HTTP/1.0" 404 34653 "-" "Mozilla/5.0 (compatible; SemrushBot/7~bl; +http://www.semrush.com/bot.html)"
66.249.66.37 - - [07/Oct/2024:04:34:11 +0300] "GET /yqmsquctw/dark-fate-chasing-my-rejected-luna-reddit.html HTTP/1.0" 500 341 "-" "Mozilla/5.0 (Linux; Android 6.0.1; Nexus 5X Build/MMB29P) AppleWebKit/537.36 (KHTML, like Gecko) Chrome/129.0.6668.89 Mobile Safari/537.36 (compatible; GoogleOther)"
85.208.96.200 - - [07/Oct/2024:04:34:57 +0300] "GET /3a804vslxn.html HTTP/1.0" 404 34653 "-" "Mozilla/5.0 (compatible; SemrushBot/7~bl; +http://www.semrush.com/bot.html)"
85.208.96.205 - - [07/Oct/2024:04:35:26 +0300] "GET /l6l7bvtrb.html HTTP/1.0" 404 34651 "-" "Mozilla/5.0 (compatible; SemrushBot/7~bl; +http://www.semrush.com/bot.html)"
66.249.66.37 - - [07/Oct/2024:04:35:27 +0300] "GET /xmw23/gordon-funeral-home-gaffney-south-carolina-obituaries.html HTTP/1.0" 500 341 "-" "Mozilla/5.0 (Linux; Android 6.0.1; Nexus 5X Build/MMB29P) AppleWebKit/537.36 (KHTML, like Gecko) Chrome/129.0.6668.89 Mobile Safari/537.36 (compatible; Googlebot/2.1; +http://www.google.com/bot.html)"
185.191.171.3 - - [07/Oct/2024:04:35:39 +0300] "GET /53a1jasosw.html HTTP/1.0" 404 34653 "-" "Mozilla/5.0 (compatible; SemrushBot/7~bl; +http://www.semrush.com/bot.html)"
185.191.171.2 - - [07/Oct/2024:04:35:42 +0300] "GET /6ea6fidwnm.html HTTP/1.0" 404 34653 "-" "Mozilla/5.0 (compatible; SemrushBot/7~bl; +http://www.semrush.com/bot.html)"
