85.208.96.209 - - [07/Oct/2024:00:59:19 +0300] "GET /59dj9crueq.html HTTP/1.0" 404 34653 "-" "Mozilla/5.0 (compatible; SemrushBot/7~bl; +http://www.semrush.com/bot.html)"
185.191.171.17 - - [07/Oct/2024:00:59:39 +0300] "GET /1m1p9ymfus.html HTTP/1.0" 404 34653 "-" "Mozilla/5.0 (compatible; SemrushBot/7~bl; +http://www.semrush.com/bot.html)"
185.191.171.6 - - [07/Oct/2024:01:00:51 +0300] "GET /5fd5gvaw8t.html HTTP/1.0" 404 34653 "-" "Mozilla/5.0 (compatible; SemrushBot/7~bl; +http://www.semrush.com/bot.html)"
185.191.171.6 - - [07/Oct/2024:01:02:02 +0300] "GET /53iinbi1iz.html HTTP/1.0" 404 34653 "-" "Mozilla/5.0 (compatible; SemrushBot/7~bl; +http://www.semrush.com/bot.html)"
85.208.96.210 - - [07/Oct/2024:01:02:04 +0300] "GET /h1lje27n6.html HTTP/1.0" 404 34651 "-" "Mozilla/5.0 (compatible; SemrushBot/7~bl; +http://www.semrush.com/bot.html)"
185.191.171.3 - - [07/Oct/2024:01:03:06 +0300] "GET /490poonudv.html HTTP/1.0" 404 37802 "-" "Mozilla/5.0 (compatible; SemrushBot/7~bl; +http://www.semrush.com/bot.html)"
185.191.171.5 - - [07/Oct/2024:01:03:13 +0300] "GET /5npdhsdcw3.html HTTP/1.0" 404 34653 "-" "Mozilla/5.0 (compatible; SemrushBot/7~bl; +http://www.semrush.com/bot.html)"
185.191.171.9 - - [07/Oct/2024:01:03:26 +0300] "GET /2aklpg7zzt.html HTTP/1.0" 404 37802 "-" "Mozilla/5.0 (compatible; SemrushBot/7~bl; +http://www.semrush.com/bot.html)"
185.191.171.10 - - [07/Oct/2024:01:04:14 +0300] "GET /64692ufsho.html HTTP/1.0" 404 34653 "-" "Mozilla/5.0 (compatible; SemrushBot/7~bl; +http://www.semrush.com/bot.html)"
85.208.96.193 - - [07/Oct/2024:01:04:44 +0300] "GET /22091ozrva.html HTTP/1.0" 404 34653 "-" "Mozilla/5.0 (compatible; SemrushBot/7~bl; +http://www.semrush.com/bot.html)"
85.208.96.200 - - [07/Oct/2024:01:04:53 +0300] "GET /b158fxlao.html HTTP/1.0" 404 34651 "-" "Mozilla/5.0 (compatible; SemrushBot/7~bl; +http://www.semrush.com/bot.html)"
85.208.96.196 - - [07/Oct/2024:01:05:27 +0300] "GET /i1lnhhssy.html HTTP/1.0" 404 34651 "-" "Mozilla/5.0 (compatible; SemrushBot/7~bl; +http://www.semrush.com/bot.html)"
85.208.96.194 - - [07/Oct/2024:01:05:46 +0300] "GET /3078if8mdi.html HTTP/1.0" 404 34653 "-" "Mozilla/5.0 (compatible; SemrushBot/7~bl; +http://www.semrush.com/bot.html)"
185.191.171.8 - - [07/Oct/2024:01:06:58 +0300] "GET /2d688vlexa.html HTTP/1.0" 404 34653 "-" "Mozilla/5.0 (compatible; SemrushBot/7~bl; +http://www.semrush.com/bot.html)"
85.208.96.209 - - [07/Oct/2024:01:07:06 +0300] "GET /k6nfwhfpe.html HTTP/1.0" 404 34651 "-" "Mozilla/5.0 (compatible; SemrushBot/7~bl; +http://www.semrush.com/bot.html)"
185.191.171.12 - - [07/Oct/2024:01:07:17 +0300] "GET /5gol0kkmns.html HTTP/1.0" 404 34653 "-" "Mozilla/5.0 (compatible; SemrushBot/7~bl; +http://www.semrush.com/bot.html)"
85.208.96.193 - - [07/Oct/2024:01:07:55 +0300] "GET /2866pbkxwp.html HTTP/1.0" 404 34653 "-" "Mozilla/5.0 (compatible; SemrushBot/7~bl; +http://www.semrush.com/bot.html)"
85.208.96.207 - - [07/Oct/2024:01:08:34 +0300] "GET /a4o06iioy.html HTTP/1.0" 404 37800 "-" "Mozilla/5.0 (compatible; SemrushBot/7~bl; +http://www.semrush.com/bot.html)"
85.208.96.195 - - [07/Oct/2024:01:08:41 +0300] "GET /350g3anlyf.html HTTP/1.0" 404 34653 "-" "Mozilla/5.0 (compatible; SemrushBot/7~bl; +http://www.semrush.com/bot.html)"
185.191.171.19 - - [07/Oct/2024:01:08:55 +0300] "GET /do2ly8nq6.html HTTP/1.0" 404 34651 "-" "Mozilla/5.0 (compatible; SemrushBot/7~bl; +http://www.semrush.com/bot.html)"
85.208.96.199 - - [07/Oct/2024:01:09:11 +0300] "GET /1e6nltqntu.html HTTP/1.0" 404 34653 "-" "Mozilla/5.0 (compatible; SemrushBot/7~bl; +http://www.semrush.com/bot.html)"
85.208.96.209 - - [07/Oct/2024:01:09:15 +0300] "GET /6291cea4s1.html HTTP/1.0" 404 37802 "-" "Mozilla/5.0 (compatible; SemrushBot/7~bl; +http://www.semrush.com/bot.html)"
85.208.96.204 - - [07/Oct/2024:01:09:28 +0300] "GET /33ecgxrhed.html HTTP/1.0" 404 34653 "-" "Mozilla/5.0 (compatible; SemrushBot/7~bl; +http://www.semrush.com/bot.html)"
185.191.171.1 - - [07/Oct/2024:01:09:46 +0300] "GET /10l4daipfl.html HTTP/1.0" 404 34653 "-" "Mozilla/5.0 (compatible; SemrushBot/7~bl; +http://www.semrush.com/bot.html)"
66.249.66.37 - - [07/Oct/2024:01:10:06 +0300] "GET /yqmsquctw/which-of-the-following-factors-most-likely-would-cause-a-cpa-not-to-accept-a-new-audit-engagement.html HTTP/1.0" 500 341 "-" "Mozilla/5.0 (Linux; Android 6.0.1; Nexus 5X Build/MMB29P) AppleWebKit/537.36 (KHTML, like Gecko) Chrome/129.0.6668.89 Mobile Safari/537.36 (compatible; GoogleOther)"
185.191.171.11 - - [07/Oct/2024:01:10:21 +0300] "GET /3508eja2pr.html HTTP/1.0" 404 34653 "-" "Mozilla/5.0 (compatible; SemrushBot/7~bl; +http://www.semrush.com/bot.html)"
85.208.96.204 - - [07/Oct/2024:01:10:34 +0300] "GET /3bpnn7c2kh.html HTTP/1.0" 404 34653 "-" "Mozilla/5.0 (compatible; SemrushBot/7~bl; +http://www.semrush.com/bot.html)"
185.191.171.2 - - [07/Oct/2024:01:11:02 +0300] "GET /5m4optma2i.html HTTP/1.0" 404 34653 "-" "Mozilla/5.0 (compatible; SemrushBot/7~bl; +http://www.semrush.com/bot.html)"
85.208.96.207 - - [07/Oct/2024:01:11:08 +0300] "GET /b28hnffa9.html HTTP/1.0" 404 34651 "-" "Mozilla/5.0 (compatible; SemrushBot/7~bl; +http://www.semrush.com/bot.html)"
85.208.96.198 - - [07/Oct/2024:01:12:15 +0300] "GET /6cd4ebbn6y.html HTTP/1.0" 404 34653 "-" "Mozilla/5.0 (compatible; SemrushBot/7~bl; +http://www.semrush.com/bot.html)"
185.191.171.16 - - [07/Oct/2024:01:12:26 +0300] "GET /16o1k3yyfq.html HTTP/1.0" 404 34653 "-" "Mozilla/5.0 (compatible; SemrushBot/7~bl; +http://www.semrush.com/bot.html)"
185.191.171.2 - - [07/Oct/2024:01:12:35 +0300] "GET /hi9hy2br0.html HTTP/1.0" 404 34651 "-" "Mozilla/5.0 (compatible; SemrushBot/7~bl; +http://www.semrush.com/bot.html)"
85.208.96.199 - - [07/Oct/2024:01:13:30 +0300] "GET /4me32fod5u.html HTTP/1.0" 404 34653 "-" "Mozilla/5.0 (compatible; SemrushBot/7~bl; +http://www.semrush.com/bot.html)"
85.208.96.212 - - [07/Oct/2024:01:13:32 +0300] "GET /11ojfroldf.html HTTP/1.0" 404 34653 "-" "Mozilla/5.0 (compatible; SemrushBot/7~bl; +http://www.semrush.com/bot.html)"
185.191.171.10 - - [07/Oct/2024:01:13:52 +0300] "GET /1lmfhlowck.html HTTP/1.0" 404 37802 "-" "Mozilla/5.0 (compatible; SemrushBot/7~bl; +http://www.semrush.com/bot.html)"
185.191.171.15 - - [07/Oct/2024:01:14:11 +0300] "GET /50i0h8ufm.html HTTP/1.0" 404 34651 "-" "Mozilla/5.0 (compatible; SemrushBot/7~bl; +http://www.semrush.com/bot.html)"
185.191.171.6 - - [07/Oct/2024:01:14:38 +0300] "GET /30744uyakk.html HTTP/1.0" 404 34653 "-" "Mozilla/5.0 (compatible; SemrushBot/7~bl; +http://www.semrush.com/bot.html)"
185.191.171.19 - - [07/Oct/2024:01:15:17 +0300] "GET /6aa4pydgdk.html HTTP/1.0" 404 34653 "-" "Mozilla/5.0 (compatible; SemrushBot/7~bl; +http://www.semrush.com/bot.html)"
185.191.171.19 - - [07/Oct/2024:01:15:22 +0300] "GET /2pjnazevcw.html HTTP/1.0" 404 37802 "-" "Mozilla/5.0 (compatible; SemrushBot/7~bl; +http://www.semrush.com/bot.html)"
85.208.96.205 - - [07/Oct/2024:01:16:18 +0300] "GET /1ho05piig.html HTTP/1.0" 404 34651 "-" "Mozilla/5.0 (compatible; SemrushBot/7~bl; +http://www.semrush.com/bot.html)"
185.191.171.12 - - [07/Oct/2024:01:16:40 +0300] "GET /42h5bzrwuu.html HTTP/1.0" 404 34653 "-" "Mozilla/5.0 (compatible; SemrushBot/7~bl; +http://www.semrush.com/bot.html)"
85.208.96.195 - - [07/Oct/2024:01:17:13 +0300] "GET /89fcffdk7.html HTTP/1.0" 404 34651 "-" "Mozilla/5.0 (compatible; SemrushBot/7~bl; +http://www.semrush.com/bot.html)"
85.208.96.206 - - [07/Oct/2024:01:17:37 +0300] "GET /57543skplt.html HTTP/1.0" 404 34653 "-" "Mozilla/5.0 (compatible; SemrushBot/7~bl; +http://www.semrush.com/bot.html)"
185.191.171.16 - - [07/Oct/2024:01:17:48 +0300] "GET /3360k5wgzu.html HTTP/1.0" 404 34653 "-" "Mozilla/5.0 (compatible; SemrushBot/7~bl; +http://www.semrush.com/bot.html)"
85.208.96.206 - - [07/Oct/2024:01:19:06 +0300] "GET /1dlamdp3t.html HTTP/1.0" 404 37800 "-" "Mozilla/5.0 (compatible; SemrushBot/7~bl; +http://www.semrush.com/bot.html)"
85.208.96.195 - - [07/Oct/2024:01:19:08 +0300] "GET /51ibjll2s7.html HTTP/1.0" 404 34653 "-" "Mozilla/5.0 (compatible; SemrushBot/7~bl; +http://www.semrush.com/bot.html)"
85.208.96.206 - - [07/Oct/2024:01:19:18 +0300] "GET /5c7l08jei3.html HTTP/1.0" 404 34653 "-" "Mozilla/5.0 (compatible; SemrushBot/7~bl; +http://www.semrush.com/bot.html)"
185.191.171.1 - - [07/Oct/2024:01:19:20 +0300] "GET /20i8mxabsa.html HTTP/1.0" 404 34653 "-" "Mozilla/5.0 (compatible; SemrushBot/7~bl; +http://www.semrush.com/bot.html)"
193.8.194.164 - - [07/Oct/2024:01:19:26 +0300] "GET / HTTP/1.0" 200 322 "-" "Mozilla/5.0 (X11; Ubuntu; Linux i686; rv:114.0) Gecko/20100101 Firefox/114.0"
185.191.171.2 - - [07/Oct/2024:01:19:27 +0300] "GET /3bedlwmh1n.html HTTP/1.0" 404 34653 "-" "Mozilla/5.0 (compatible; SemrushBot/7~bl; +http://www.semrush.com/bot.html)"
193.8.194.164 - - [07/Oct/2024:01:19:27 +0300] "GET / HTTP/1.0" 200 322 "-" "Mozilla/5.0 (X11; Ubuntu; Linux i686; rv:114.0) Gecko/20100101 Firefox/114.0"
193.8.194.164 - - [07/Oct/2024:01:19:28 +0300] "GET / HTTP/1.0" 200 322 "-" "Mozilla/5.0 (X11; Ubuntu; Linux i686; rv:114.0) Gecko/20100101 Firefox/114.0"
85.208.96.199 - - [07/Oct/2024:01:19:29 +0300] "GET /196df1ybjx.html HTTP/1.0" 404 34653 "-" "Mozilla/5.0 (compatible; SemrushBot/7~bl; +http://www.semrush.com/bot.html)"
185.191.171.8 - - [07/Oct/2024:01:20:23 +0300] "GET /2h0lot3prm.html HTTP/1.0" 404 34653 "-" "Mozilla/5.0 (compatible; SemrushBot/7~bl; +http://www.semrush.com/bot.html)"
185.191.171.15 - - [07/Oct/2024:01:20:43 +0300] "GET /38e8fncbxn.html HTTP/1.0" 404 37802 "-" "Mozilla/5.0 (compatible; SemrushBot/7~bl; +http://www.semrush.com/bot.html)"
185.191.171.16 - - [07/Oct/2024:01:21:13 +0300] "GET /5lin4fyv0m.html HTTP/1.0" 404 34653 "-" "Mozilla/5.0 (compatible; SemrushBot/7~bl; +http://www.semrush.com/bot.html)"
185.191.171.12 - - [07/Oct/2024:01:21:32 +0300] "GET /5dij1rofvp.html HTTP/1.0" 404 34653 "-" "Mozilla/5.0 (compatible; SemrushBot/7~bl; +http://www.semrush.com/bot.html)"
85.208.96.203 - - [07/Oct/2024:01:22:08 +0300] "GET /47kdl6tk4s.html HTTP/1.0" 404 34653 "-" "Mozilla/5.0 (compatible; SemrushBot/7~bl; +http://www.semrush.com/bot.html)"
85.208.96.195 - - [07/Oct/2024:01:22:10 +0300] "GET /24b32jwadk.html HTTP/1.0" 404 34653 "-" "Mozilla/5.0 (compatible; SemrushBot/7~bl; +http://www.semrush.com/bot.html)"
66.249.66.35 - - [07/Oct/2024:01:22:35 +0300] "GET /yqmsquctw/stanovi-bajina-basta-izdavanje.html HTTP/1.0" 500 341 "-" "Mozilla/5.0 (Linux; Android 6.0.1; Nexus 5X Build/MMB29P) AppleWebKit/537.36 (KHTML, like Gecko) Chrome/129.0.6668.89 Mobile Safari/537.36 (compatible; Googlebot/2.1; +http://www.google.com/bot.html)"
66.249.66.35 - - [07/Oct/2024:01:22:35 +0300] "GET /yqmsquctw/raob-vs-freemasons-reddit.html HTTP/1.0" 500 341 "-" "Mozilla/5.0 (Linux; Android 6.0.1; Nexus 5X Build/MMB29P) AppleWebKit/537.36 (KHTML, like Gecko) Chrome/129.0.6668.89 Mobile Safari/537.36 (compatible; Googlebot/2.1; +http://www.google.com/bot.html)"
85.208.96.199 - - [07/Oct/2024:01:22:39 +0300] "GET /1bd4bbwfai.html HTTP/1.0" 404 34653 "-" "Mozilla/5.0 (compatible; SemrushBot/7~bl; +http://www.semrush.com/bot.html)"
185.191.171.9 - - [07/Oct/2024:01:22:46 +0300] "GET /i654aru9r.html HTTP/1.0" 404 34651 "-" "Mozilla/5.0 (compatible; SemrushBot/7~bl; +http://www.semrush.com/bot.html)"
185.191.171.8 - - [07/Oct/2024:01:23:31 +0300] "GET /24jdablk9y.html HTTP/1.0" 404 34653 "-" "Mozilla/5.0 (compatible; SemrushBot/7~bl; +http://www.semrush.com/bot.html)"
85.208.96.206 - - [07/Oct/2024:01:23:59 +0300] "GET /5o6a3hkrao.html HTTP/1.0" 404 34653 "-" "Mozilla/5.0 (compatible; SemrushBot/7~bl; +http://www.semrush.com/bot.html)"
185.191.171.2 - - [07/Oct/2024:01:26:40 +0300] "GET /4mp0pp8k4b.html HTTP/1.0" 404 37802 "-" "Mozilla/5.0 (compatible; SemrushBot/7~bl; +http://www.semrush.com/bot.html)"
85.208.96.212 - - [07/Oct/2024:01:27:38 +0300] "GET /5f682edtql.html HTTP/1.0" 404 34653 "-" "Mozilla/5.0 (compatible; SemrushBot/7~bl; +http://www.semrush.com/bot.html)"
185.191.171.9 - - [07/Oct/2024:01:28:23 +0300] "GET /6796chwemz.html HTTP/1.0" 404 37802 "-" "Mozilla/5.0 (compatible; SemrushBot/7~bl; +http://www.semrush.com/bot.html)"
85.208.96.212 - - [07/Oct/2024:01:28:48 +0300] "GET /4cb8lxuso4.html HTTP/1.0" 404 34653 "-" "Mozilla/5.0 (compatible; SemrushBot/7~bl; +http://www.semrush.com/bot.html)"
185.191.171.9 - - [07/Oct/2024:01:28:58 +0300] "GET /13kh3r59vl.html HTTP/1.0" 404 34653 "-" "Mozilla/5.0 (compatible; SemrushBot/7~bl; +http://www.semrush.com/bot.html)"
85.208.96.203 - - [07/Oct/2024:01:29:06 +0300] "GET /dal1uswac.html HTTP/1.0" 404 34651 "-" "Mozilla/5.0 (compatible; SemrushBot/7~bl; +http://www.semrush.com/bot.html)"
85.208.96.212 - - [07/Oct/2024:01:30:16 +0300] "GET /2beaeqvjmj.html HTTP/1.0" 404 34653 "-" "Mozilla/5.0 (compatible; SemrushBot/7~bl; +http://www.semrush.com/bot.html)"
185.191.171.16 - - [07/Oct/2024:01:30:18 +0300] "GET /news/metodologiya/gotovim-deklaratsiyu-po-nalogu-na-imushchestvo/ HTTP/1.0" 200 34754 "-" "Mozilla/5.0 (compatible; SemrushBot/7~bl; +http://www.semrush.com/bot.html)"
85.208.96.208 - - [07/Oct/2024:01:30:23 +0300] "GET /5clbciqtlo.html HTTP/1.0" 404 34653 "-" "Mozilla/5.0 (compatible; SemrushBot/7~bl; +http://www.semrush.com/bot.html)"
185.191.171.10 - - [07/Oct/2024:01:30:29 +0300] "GET /163oahlmyv.html HTTP/1.0" 404 34653 "-" "Mozilla/5.0 (compatible; SemrushBot/7~bl; +http://www.semrush.com/bot.html)"
185.191.171.13 - - [07/Oct/2024:01:30:43 +0300] "GET /1fcho5jnxi.html HTTP/1.0" 404 34653 "-" "Mozilla/5.0 (compatible; SemrushBot/7~bl; +http://www.semrush.com/bot.html)"
185.191.171.1 - - [07/Oct/2024:01:32:44 +0300] "GET /5hjkcwwrcu.html HTTP/1.0" 404 37802 "-" "Mozilla/5.0 (compatible; SemrushBot/7~bl; +http://www.semrush.com/bot.html)"
85.208.96.206 - - [07/Oct/2024:01:33:07 +0300] "GET /4o4kinxuqh.html HTTP/1.0" 404 34653 "-" "Mozilla/5.0 (compatible; SemrushBot/7~bl; +http://www.semrush.com/bot.html)"
85.208.96.203 - - [07/Oct/2024:01:33:19 +0300] "GET /4k4eeayoa7.html HTTP/1.0" 404 34653 "-" "Mozilla/5.0 (compatible; SemrushBot/7~bl; +http://www.semrush.com/bot.html)"
85.208.96.198 - - [07/Oct/2024:01:33:44 +0300] "GET /52o748no4l.html HTTP/1.0" 404 37802 "-" "Mozilla/5.0 (compatible; SemrushBot/7~bl; +http://www.semrush.com/bot.html)"
185.191.171.14 - - [07/Oct/2024:01:33:45 +0300] "GET /6a4074bj6b.html HTTP/1.0" 404 34653 "-" "Mozilla/5.0 (compatible; SemrushBot/7~bl; +http://www.semrush.com/bot.html)"
85.208.96.207 - - [07/Oct/2024:01:34:01 +0300] "GET /23a14jamys.html HTTP/1.0" 404 34653 "-" "Mozilla/5.0 (compatible; SemrushBot/7~bl; +http://www.semrush.com/bot.html)"
85.208.96.204 - - [07/Oct/2024:01:35:23 +0300] "GET /4bp1coynpg.html HTTP/1.0" 404 34653 "-" "Mozilla/5.0 (compatible; SemrushBot/7~bl; +http://www.semrush.com/bot.html)"
85.208.96.195 - - [07/Oct/2024:01:35:36 +0300] "GET /56nakj6mf.html HTTP/1.0" 404 34651 "-" "Mozilla/5.0 (compatible; SemrushBot/7~bl; +http://www.semrush.com/bot.html)"
85.208.96.196 - - [07/Oct/2024:01:35:45 +0300] "GET /37pb4w5hne.html HTTP/1.0" 404 34653 "-" "Mozilla/5.0 (compatible; SemrushBot/7~bl; +http://www.semrush.com/bot.html)"
185.191.171.6 - - [07/Oct/2024:01:35:47 +0300] "GET /5g0nh3k3ok.html HTTP/1.0" 404 34653 "-" "Mozilla/5.0 (compatible; SemrushBot/7~bl; +http://www.semrush.com/bot.html)"
85.208.96.210 - - [07/Oct/2024:01:36:00 +0300] "GET /17cbnbvm2a.html HTTP/1.0" 404 34653 "-" "Mozilla/5.0 (compatible; SemrushBot/7~bl; +http://www.semrush.com/bot.html)"
85.208.96.195 - - [07/Oct/2024:01:36:28 +0300] "GET /f5g3afeso.html HTTP/1.0" 404 34651 "-" "Mozilla/5.0 (compatible; SemrushBot/7~bl; +http://www.semrush.com/bot.html)"
185.191.171.10 - - [07/Oct/2024:01:37:17 +0300] "GET /1o1p7liy77.html HTTP/1.0" 404 34653 "-" "Mozilla/5.0 (compatible; SemrushBot/7~bl; +http://www.semrush.com/bot.html)"
85.208.96.200 - - [07/Oct/2024:01:37:19 +0300] "GET /667dervay8.html HTTP/1.0" 404 34653 "-" "Mozilla/5.0 (compatible; SemrushBot/7~bl; +http://www.semrush.com/bot.html)"
85.208.96.194 - - [07/Oct/2024:01:37:50 +0300] "GET /3gn0as9lwn.html HTTP/1.0" 404 37802 "-" "Mozilla/5.0 (compatible; SemrushBot/7~bl; +http://www.semrush.com/bot.html)"
185.191.171.13 - - [07/Oct/2024:01:38:02 +0300] "GET /61ea2lsf9p.html HTTP/1.0" 404 34653 "-" "Mozilla/5.0 (compatible; SemrushBot/7~bl; +http://www.semrush.com/bot.html)"
85.208.96.194 - - [07/Oct/2024:01:38:07 +0300] "GET /1lhcbrdasr.html HTTP/1.0" 404 34653 "-" "Mozilla/5.0 (compatible; SemrushBot/7~bl; +http://www.semrush.com/bot.html)"
85.208.96.193 - - [07/Oct/2024:01:38:09 +0300] "GET /5phllfnvn5.html HTTP/1.0" 404 34653 "-" "Mozilla/5.0 (compatible; SemrushBot/7~bl; +http://www.semrush.com/bot.html)"
185.191.171.4 - - [07/Oct/2024:01:38:46 +0300] "GET /303ccbn5p5.html HTTP/1.0" 404 37802 "-" "Mozilla/5.0 (compatible; SemrushBot/7~bl; +http://www.semrush.com/bot.html)"
66.249.66.35 - - [07/Oct/2024:01:39:24 +0300] "GET / HTTP/1.0" 200 322 "-" "Mozilla/5.0 (compatible; Googlebot/2.1; +http://www.google.com/bot.html)"
185.191.171.3 - - [07/Oct/2024:01:39:26 +0300] "GET /7mfikbalj.html HTTP/1.0" 404 34651 "-" "Mozilla/5.0 (compatible; SemrushBot/7~bl; +http://www.semrush.com/bot.html)"
185.191.171.12 - - [07/Oct/2024:01:39:32 +0300] "GET /5hblnlbiz7.html HTTP/1.0" 404 34653 "-" "Mozilla/5.0 (compatible; SemrushBot/7~bl; +http://www.semrush.com/bot.html)"
66.249.66.36 - - [07/Oct/2024:01:40:06 +0300] "GET /yqmsquctw/zadebljana-maternica-simptomi.html HTTP/1.0" 500 341 "-" "Mozilla/5.0 (Linux; Android 6.0.1; Nexus 5X Build/MMB29P) AppleWebKit/537.36 (KHTML, like Gecko) Chrome/129.0.6668.89 Mobile Safari/537.36 (compatible; GoogleOther)"
185.191.171.15 - - [07/Oct/2024:01:40:47 +0300] "GET /3gil7ofhfs.html HTTP/1.0" 404 34653 "-" "Mozilla/5.0 (compatible; SemrushBot/7~bl; +http://www.semrush.com/bot.html)"
185.191.171.15 - - [07/Oct/2024:01:40:49 +0300] "GET /684j7np8q.html HTTP/1.0" 404 34651 "-" "Mozilla/5.0 (compatible; SemrushBot/7~bl; +http://www.semrush.com/bot.html)"
185.191.171.10 - - [07/Oct/2024:01:41:08 +0300] "GET /4plbgcxz5g.html HTTP/1.0" 404 34653 "-" "Mozilla/5.0 (compatible; SemrushBot/7~bl; +http://www.semrush.com/bot.html)"
185.191.171.13 - - [07/Oct/2024:01:41:59 +0300] "GET /5h5deat0ug.html HTTP/1.0" 404 34653 "-" "Mozilla/5.0 (compatible; SemrushBot/7~bl; +http://www.semrush.com/bot.html)"
85.208.96.205 - - [07/Oct/2024:01:42:04 +0300] "GET /50fo4mtsls.html HTTP/1.0" 404 34653 "-" "Mozilla/5.0 (compatible; SemrushBot/7~bl; +http://www.semrush.com/bot.html)"
85.208.96.197 - - [07/Oct/2024:01:42:12 +0300] "GET /492h5ubmq1.html HTTP/1.0" 404 34653 "-" "Mozilla/5.0 (compatible; SemrushBot/7~bl; +http://www.semrush.com/bot.html)"
5.182.86.168 - - [07/Oct/2024:01:42:13 +0300] "GET / HTTP/1.0" 200 322 "-" "Mozilla/5.0 (X11; Linux i686; rv:46.0) Gecko/20100101 Firefox/46.0"
5.182.86.168 - - [07/Oct/2024:01:42:13 +0300] "POST / HTTP/1.0" 200 322 "https://gcba.ru/" "Mozilla/5.0 (X11; Linux i686; rv:46.0) Gecko/20100101 Firefox/46.0"
5.182.86.168 - - [07/Oct/2024:01:42:14 +0300] "GET /95f33f6732e3.php HTTP/1.0" 200 358 "https://gcba.ru/" "Mozilla/5.0 (X11; Linux i686; rv:46.0) Gecko/20100101 Firefox/46.0"
85.208.96.211 - - [07/Oct/2024:01:42:15 +0300] "GET /2blo9inadk.html HTTP/1.0" 404 34653 "-" "Mozilla/5.0 (compatible; SemrushBot/7~bl; +http://www.semrush.com/bot.html)"
185.191.171.5 - - [07/Oct/2024:01:42:21 +0300] "GET /3o2m9k6fxl.html HTTP/1.0" 404 34653 "-" "Mozilla/5.0 (compatible; SemrushBot/7~bl; +http://www.semrush.com/bot.html)"
85.208.96.195 - - [07/Oct/2024:01:42:35 +0300] "GET /1ilgnrlnhg.html HTTP/1.0" 404 34653 "-" "Mozilla/5.0 (compatible; SemrushBot/7~bl; +http://www.semrush.com/bot.html)"
85.208.96.209 - - [07/Oct/2024:01:43:06 +0300] "GET /f3boin6pn.html HTTP/1.0" 404 37800 "-" "Mozilla/5.0 (compatible; SemrushBot/7~bl; +http://www.semrush.com/bot.html)"
185.191.171.1 - - [07/Oct/2024:01:43:34 +0300] "GET /17lmovb8yj.html HTTP/1.0" 404 34653 "-" "Mozilla/5.0 (compatible; SemrushBot/7~bl; +http://www.semrush.com/bot.html)"
85.208.96.205 - - [07/Oct/2024:01:43:55 +0300] "GET /5nhk67vose.html HTTP/1.0" 404 34653 "-" "Mozilla/5.0 (compatible; SemrushBot/7~bl; +http://www.semrush.com/bot.html)"
185.191.171.13 - - [07/Oct/2024:01:44:43 +0300] "GET /11lid50zs1.html HTTP/1.0" 404 37802 "-" "Mozilla/5.0 (compatible; SemrushBot/7~bl; +http://www.semrush.com/bot.html)"
85.208.96.211 - - [07/Oct/2024:01:44:44 +0300] "GET /hiclmmoel.html HTTP/1.0" 404 34651 "-" "Mozilla/5.0 (compatible; SemrushBot/7~bl; +http://www.semrush.com/bot.html)"
85.208.96.211 - - [07/Oct/2024:01:44:55 +0300] "GET /21h0fkmmiw.html HTTP/1.0" 404 34653 "-" "Mozilla/5.0 (compatible; SemrushBot/7~bl; +http://www.semrush.com/bot.html)"
85.208.96.198 - - [07/Oct/2024:01:45:56 +0300] "GET /1o55hkdoez.html HTTP/1.0" 404 34653 "-" "Mozilla/5.0 (compatible; SemrushBot/7~bl; +http://www.semrush.com/bot.html)"
66.249.66.37 - - [07/Oct/2024:01:46:03 +0300] "GET /yqmsquctw/craigslist-las-cruces-free-stuff.html HTTP/1.0" 500 341 "-" "Mozilla/5.0 (Linux; Android 6.0.1; Nexus 5X Build/MMB29P) AppleWebKit/537.36 (KHTML, like Gecko) Chrome/129.0.6668.89 Mobile Safari/537.36 (compatible; Googlebot/2.1; +http://www.google.com/bot.html)"
66.249.66.36 - - [07/Oct/2024:01:46:04 +0300] "GET /yqmsquctw/rotowire-futbol.html HTTP/1.0" 500 341 "-" "Mozilla/5.0 (Linux; Android 6.0.1; Nexus 5X Build/MMB29P) AppleWebKit/537.36 (KHTML, like Gecko) Chrome/129.0.6668.89 Mobile Safari/537.36 (compatible; Googlebot/2.1; +http://www.google.com/bot.html)"
185.191.171.8 - - [07/Oct/2024:01:46:07 +0300] "GET /3kb6la7aln.html HTTP/1.0" 404 34653 "-" "Mozilla/5.0 (compatible; SemrushBot/7~bl; +http://www.semrush.com/bot.html)"
85.208.96.196 - - [07/Oct/2024:01:46:29 +0300] "GET /4kl5brhjoz.html HTTP/1.0" 404 34653 "-" "Mozilla/5.0 (compatible; SemrushBot/7~bl; +http://www.semrush.com/bot.html)"
85.208.96.197 - - [07/Oct/2024:01:46:57 +0300] "GET /4j034kjdt8.html HTTP/1.0" 404 34653 "-" "Mozilla/5.0 (compatible; SemrushBot/7~bl; +http://www.semrush.com/bot.html)"
85.208.96.201 - - [07/Oct/2024:01:47:03 +0300] "GET /3maa9tv1ze.html HTTP/1.0" 404 34653 "-" "Mozilla/5.0 (compatible; SemrushBot/7~bl; +http://www.semrush.com/bot.html)"
185.191.171.4 - - [07/Oct/2024:01:48:10 +0300] "GET /3k8hcc4esp.html HTTP/1.0" 404 34653 "-" "Mozilla/5.0 (compatible; SemrushBot/7~bl; +http://www.semrush.com/bot.html)"
66.249.66.37 - - [07/Oct/2024:01:48:39 +0300] "GET /xmw23/extract-boot-img-from-payload-bin.html HTTP/1.0" 500 3490 "-" "Mozilla/5.0 (Linux; Android 6.0.1; Nexus 5X Build/MMB29P) AppleWebKit/537.36 (KHTML, like Gecko) Chrome/129.0.6668.89 Mobile Safari/537.36 (compatible; GoogleOther)"
85.208.96.207 - - [07/Oct/2024:01:48:41 +0300] "GET /2ojb2yf9fh.html HTTP/1.0" 404 34653 "-" "Mozilla/5.0 (compatible; SemrushBot/7~bl; +http://www.semrush.com/bot.html)"
85.208.96.210 - - [07/Oct/2024:01:48:47 +0300] "GET /5j2dhvk8ul.html HTTP/1.0" 404 34653 "-" "Mozilla/5.0 (compatible; SemrushBot/7~bl; +http://www.semrush.com/bot.html)"
85.208.96.197 - - [07/Oct/2024:01:48:57 +0300] "GET /57h8oeijr.html HTTP/1.0" 404 34651 "-" "Mozilla/5.0 (compatible; SemrushBot/7~bl; +http://www.semrush.com/bot.html)"
85.208.96.197 - - [07/Oct/2024:01:49:03 +0300] "GET /20mdp09ior.html HTTP/1.0" 404 34653 "-" "Mozilla/5.0 (compatible; SemrushBot/7~bl; +http://www.semrush.com/bot.html)"
185.191.171.13 - - [07/Oct/2024:01:49:05 +0300] "GET /if54lqrin.html HTTP/1.0" 404 34651 "-" "Mozilla/5.0 (compatible; SemrushBot/7~bl; +http://www.semrush.com/bot.html)"
185.191.171.15 - - [07/Oct/2024:01:49:12 +0300] "GET /d974idbyi.html HTTP/1.0" 404 34651 "-" "Mozilla/5.0 (compatible; SemrushBot/7~bl; +http://www.semrush.com/bot.html)"
185.191.171.13 - - [07/Oct/2024:01:50:12 +0300] "GET /2ii6kkektu.html HTTP/1.0" 404 37802 "-" "Mozilla/5.0 (compatible; SemrushBot/7~bl; +http://www.semrush.com/bot.html)"
185.191.171.17 - - [07/Oct/2024:01:50:19 +0300] "GET /54cej3zfms.html HTTP/1.0" 404 34653 "-" "Mozilla/5.0 (compatible; SemrushBot/7~bl; +http://www.semrush.com/bot.html)"
185.191.171.16 - - [07/Oct/2024:01:50:37 +0300] "GET /h9edkvb5w.html HTTP/1.0" 404 34651 "-" "Mozilla/5.0 (compatible; SemrushBot/7~bl; +http://www.semrush.com/bot.html)"
66.249.66.37 - - [07/Oct/2024:01:51:05 +0300] "GET /yqmsquctw/java-e-4-e-shtatzanise-simptomat.html HTTP/1.0" 500 341 "-" "Mozilla/5.0 (Linux; Android 6.0.1; Nexus 5X Build/MMB29P) AppleWebKit/537.36 (KHTML, like Gecko) Chrome/129.0.6668.89 Mobile Safari/537.36 (compatible; GoogleOther)"
85.208.96.200 - - [07/Oct/2024:01:51:07 +0300] "GET /1d355k5qva.html HTTP/1.0" 404 34653 "-" "Mozilla/5.0 (compatible; SemrushBot/7~bl; +http://www.semrush.com/bot.html)"
66.249.66.37 - - [07/Oct/2024:01:51:07 +0300] "GET /yqmsquctw/drm-removal-tool-pdf.html HTTP/1.0" 500 341 "-" "Mozilla/5.0 (Linux; Android 6.0.1; Nexus 5X Build/MMB29P) AppleWebKit/537.36 (KHTML, like Gecko) Chrome/129.0.6668.89 Mobile Safari/537.36 (compatible; GoogleOther)"
66.249.66.36 - - [07/Oct/2024:01:51:10 +0300] "GET /yqmsquctw/which-of-the-following-auditor-concerns-most-likely.html HTTP/1.0" 500 341 "-" "Mozilla/5.0 (Linux; Android 6.0.1; Nexus 5X Build/MMB29P) AppleWebKit/537.36 (KHTML, like Gecko) Chrome/129.0.6668.89 Mobile Safari/537.36 (compatible; GoogleOther)"
85.208.96.195 - - [07/Oct/2024:01:51:36 +0300] "GET /3cbckuuwbo.html HTTP/1.0" 404 34653 "-" "Mozilla/5.0 (compatible; SemrushBot/7~bl; +http://www.semrush.com/bot.html)"
185.191.171.1 - - [07/Oct/2024:01:51:39 +0300] "GET /4dbcscreh.html HTTP/1.0" 404 34651 "-" "Mozilla/5.0 (compatible; SemrushBot/7~bl; +http://www.semrush.com/bot.html)"
66.249.66.37 - - [07/Oct/2024:01:52:05 +0300] "GET /yqmsquctw/unskilled-jobs-in-germany-for-foreigners-with-visa-sponsorship.html HTTP/1.0" 500 341 "-" "Mozilla/5.0 (Linux; Android 6.0.1; Nexus 5X Build/MMB29P) AppleWebKit/537.36 (KHTML, like Gecko) Chrome/129.0.6668.89 Mobile Safari/537.36 (compatible; Googlebot/2.1; +http://www.google.com/bot.html)"
66.249.66.35 - - [07/Oct/2024:01:52:06 +0300] "GET /yqmsquctw/unity-free-camera-script.html HTTP/1.0" 500 341 "-" "Mozilla/5.0 (Linux; Android 6.0.1; Nexus 5X Build/MMB29P) AppleWebKit/537.36 (KHTML, like Gecko) Chrome/129.0.6668.89 Mobile Safari/537.36 (compatible; Googlebot/2.1; +http://www.google.com/bot.html)"
66.249.66.35 - - [07/Oct/2024:01:52:06 +0300] "GET /yqmsquctw/deuce-and-a-half-for-sale.html HTTP/1.0" 500 341 "-" "Mozilla/5.0 (Linux; Android 6.0.1; Nexus 5X Build/MMB29P) AppleWebKit/537.36 (KHTML, like Gecko) Chrome/129.0.6668.89 Mobile Safari/537.36 (compatible; Googlebot/2.1; +http://www.google.com/bot.html)"
66.249.66.36 - - [07/Oct/2024:01:52:14 +0300] "GET /yqmsquctw/according-to-the-information-presented,-ethics-are.html HTTP/1.0" 404 34869 "-" "Mozilla/5.0 (Linux; Android 6.0.1; Nexus 5X Build/MMB29P) AppleWebKit/537.36 (KHTML, like Gecko) Chrome/129.0.6668.89 Mobile Safari/537.36 (compatible; GoogleOther)"
85.208.96.198 - - [07/Oct/2024:01:52:23 +0300] "GET /5gao3ngxer.html HTTP/1.0" 404 34653 "-" "Mozilla/5.0 (compatible; SemrushBot/7~bl; +http://www.semrush.com/bot.html)"
85.208.96.199 - - [07/Oct/2024:01:52:28 +0300] "GET /5apbovwcvk.html HTTP/1.0" 404 34653 "-" "Mozilla/5.0 (compatible; SemrushBot/7~bl; +http://www.semrush.com/bot.html)"
185.191.171.12 - - [07/Oct/2024:01:52:32 +0300] "GET /5ci4puuvlr.html HTTP/1.0" 404 34653 "-" "Mozilla/5.0 (compatible; SemrushBot/7~bl; +http://www.semrush.com/bot.html)"
185.191.171.15 - - [07/Oct/2024:01:52:56 +0300] "GET /1ih0owm4ba.html HTTP/1.0" 404 34653 "-" "Mozilla/5.0 (compatible; SemrushBot/7~bl; +http://www.semrush.com/bot.html)"
185.191.171.10 - - [07/Oct/2024:01:53:48 +0300] "GET /5bcpkrshni.html HTTP/1.0" 404 34653 "-" "Mozilla/5.0 (compatible; SemrushBot/7~bl; +http://www.semrush.com/bot.html)"
185.191.171.3 - - [07/Oct/2024:01:53:50 +0300] "GET /3lndb9lqyx.html HTTP/1.0" 404 37802 "-" "Mozilla/5.0 (compatible; SemrushBot/7~bl; +http://www.semrush.com/bot.html)"
85.208.96.199 - - [07/Oct/2024:01:54:17 +0300] "GET /58n70a8qmx.html HTTP/1.0" 404 34653 "-" "Mozilla/5.0 (compatible; SemrushBot/7~bl; +http://www.semrush.com/bot.html)"
185.191.171.7 - - [07/Oct/2024:01:54:26 +0300] "GET /343hog1o5k.html HTTP/1.0" 404 34653 "-" "Mozilla/5.0 (compatible; SemrushBot/7~bl; +http://www.semrush.com/bot.html)"
66.249.66.35 - - [07/Oct/2024:01:55:06 +0300] "GET /yqmsquctw/passion-novel-pdf.html HTTP/1.0" 500 341 "-" "Mozilla/5.0 (Linux; Android 6.0.1; Nexus 5X Build/MMB29P) AppleWebKit/537.36 (KHTML, like Gecko) Chrome/129.0.6668.89 Mobile Safari/537.36 (compatible; GoogleOther)"
66.249.66.35 - - [07/Oct/2024:01:55:08 +0300] "GET /yqmsquctw/according-to-the-philosophy-of-the-ethics-of-care,-which-aspect-is-most-important.html HTTP/1.0" 404 34931 "-" "Mozilla/5.0 (Linux; Android 6.0.1; Nexus 5X Build/MMB29P) AppleWebKit/537.36 (KHTML, like Gecko) Chrome/129.0.6668.89 Mobile Safari/537.36 (compatible; GoogleOther)"
85.208.96.211 - - [07/Oct/2024:01:55:36 +0300] "GET /m3borp3to.html HTTP/1.0" 404 34651 "-" "Mozilla/5.0 (compatible; SemrushBot/7~bl; +http://www.semrush.com/bot.html)"
185.191.171.16 - - [07/Oct/2024:01:55:42 +0300] "GET /4kdlleetub.html HTTP/1.0" 404 37802 "-" "Mozilla/5.0 (compatible; SemrushBot/7~bl; +http://www.semrush.com/bot.html)"
66.249.66.37 - - [07/Oct/2024:01:56:09 +0300] "GET /yqmsquctw/impregnat-hydrofobowy-do-betonu-architektonicznego.html HTTP/1.0" 500 341 "-" "Mozilla/5.0 (Linux; Android 6.0.1; Nexus 5X Build/MMB29P) AppleWebKit/537.36 (KHTML, like Gecko) Chrome/129.0.6668.89 Mobile Safari/537.36 (compatible; Googlebot/2.1; +http://www.google.com/bot.html)"
66.249.66.36 - - [07/Oct/2024:01:56:09 +0300] "GET /yqmsquctw/www-mega-nz-search.html HTTP/1.0" 500 341 "-" "Mozilla/5.0 (Linux; Android 6.0.1; Nexus 5X Build/MMB29P) AppleWebKit/537.36 (KHTML, like Gecko) Chrome/129.0.6668.89 Mobile Safari/537.36 (compatible; Googlebot/2.1; +http://www.google.com/bot.html)"
66.249.66.35 - - [07/Oct/2024:01:56:10 +0300] "GET /yqmsquctw/houston-jail-inmate-search.html HTTP/1.0" 500 341 "-" "Mozilla/5.0 (Linux; Android 6.0.1; Nexus 5X Build/MMB29P) AppleWebKit/537.36 (KHTML, like Gecko) Chrome/129.0.6668.89 Mobile Safari/537.36 (compatible; Googlebot/2.1; +http://www.google.com/bot.html)"
85.208.96.211 - - [07/Oct/2024:01:56:28 +0300] "GET /m3b5olnyu.html HTTP/1.0" 404 34651 "-" "Mozilla/5.0 (compatible; SemrushBot/7~bl; +http://www.semrush.com/bot.html)"
85.208.96.194 - - [07/Oct/2024:01:56:52 +0300] "GET /54enfx0syy.html HTTP/1.0" 404 34653 "-" "Mozilla/5.0 (compatible; SemrushBot/7~bl; +http://www.semrush.com/bot.html)"
85.208.96.205 - - [07/Oct/2024:01:56:59 +0300] "GET /6bdo1me1ve.html HTTP/1.0" 404 34653 "-" "Mozilla/5.0 (compatible; SemrushBot/7~bl; +http://www.semrush.com/bot.html)"
185.191.171.12 - - [07/Oct/2024:01:57:05 +0300] "GET /4k750hsf0s.html HTTP/1.0" 404 34653 "-" "Mozilla/5.0 (compatible; SemrushBot/7~bl; +http://www.semrush.com/bot.html)"
185.191.171.8 - - [07/Oct/2024:01:57:07 +0300] "GET /5lpp5owoz.html HTTP/1.0" 404 34651 "-" "Mozilla/5.0 (compatible; SemrushBot/7~bl; +http://www.semrush.com/bot.html)"
185.191.171.11 - - [07/Oct/2024:01:57:12 +0300] "GET /54lm8au57u.html HTTP/1.0" 404 34653 "-" "Mozilla/5.0 (compatible; SemrushBot/7~bl; +http://www.semrush.com/bot.html)"
185.191.171.16 - - [07/Oct/2024:01:57:23 +0300] "GET /41ehp6zzbv.html HTTP/1.0" 404 34653 "-" "Mozilla/5.0 (compatible; SemrushBot/7~bl; +http://www.semrush.com/bot.html)"
66.249.66.35 - - [07/Oct/2024:01:57:46 +0300] "GET /yqmsquctw/robodk-offline-programming-tutorial-pdf.html HTTP/1.0" 500 341 "-" "Mozilla/5.0 (Linux; Android 6.0.1; Nexus 5X Build/MMB29P) AppleWebKit/537.36 (KHTML, like Gecko) Chrome/129.0.6668.89 Mobile Safari/537.36 (compatible; GoogleOther)"
185.191.171.15 - - [07/Oct/2024:01:57:49 +0300] "GET /4amb2tfmsw.html HTTP/1.0" 404 34653 "-" "Mozilla/5.0 (compatible; SemrushBot/7~bl; +http://www.semrush.com/bot.html)"
66.249.66.36 - - [07/Oct/2024:01:57:49 +0300] "GET /yqmsquctw/forensic-science-textbook-pdf.html HTTP/1.0" 500 341 "-" "Mozilla/5.0 (Linux; Android 6.0.1; Nexus 5X Build/MMB29P) AppleWebKit/537.36 (KHTML, like Gecko) Chrome/129.0.6668.89 Mobile Safari/537.36 (compatible; GoogleOther)"
185.191.171.17 - - [07/Oct/2024:01:57:51 +0300] "GET /1ja2f8m1dn.html HTTP/1.0" 404 34653 "-" "Mozilla/5.0 (compatible; SemrushBot/7~bl; +http://www.semrush.com/bot.html)"
66.249.66.35 - - [07/Oct/2024:01:58:10 +0300] "GET /yqmsquctw/vezbe-za-besiku-kod-zena.html HTTP/1.0" 500 341 "-" "Mozilla/5.0 (Linux; Android 6.0.1; Nexus 5X Build/MMB29P) AppleWebKit/537.36 (KHTML, like Gecko) Chrome/129.0.6668.89 Mobile Safari/537.36 (compatible; Googlebot/2.1; +http://www.google.com/bot.html)"
66.249.66.35 - - [07/Oct/2024:01:58:11 +0300] "GET /yqmsquctw/obituaries-port-colborne-tribune.html HTTP/1.0" 500 341 "-" "Mozilla/5.0 (Linux; Android 6.0.1; Nexus 5X Build/MMB29P) AppleWebKit/537.36 (KHTML, like Gecko) Chrome/129.0.6668.89 Mobile Safari/537.36 (compatible; Googlebot/2.1; +http://www.google.com/bot.html)"
85.208.96.196 - - [07/Oct/2024:01:58:13 +0300] "GET /fmggzty0p.html HTTP/1.0" 404 34651 "-" "Mozilla/5.0 (compatible; SemrushBot/7~bl; +http://www.semrush.com/bot.html)"
66.249.66.36 - - [07/Oct/2024:01:59:16 +0300] "GET /yqmsquctw/ai-app-design-generator.html HTTP/1.0" 500 341 "-" "Mozilla/5.0 (Linux; Android 6.0.1; Nexus 5X Build/MMB29P) AppleWebKit/537.36 (KHTML, like Gecko) Chrome/129.0.6668.89 Mobile Safari/537.36 (compatible; Googlebot/2.1; +http://www.google.com/bot.html)"
185.191.171.11 - - [07/Oct/2024:02:00:45 +0300] "GET /379752aegn.html HTTP/1.0" 404 37802 "-" "Mozilla/5.0 (compatible; SemrushBot/7~bl; +http://www.semrush.com/bot.html)"
185.191.171.9 - - [07/Oct/2024:02:00:47 +0300] "GET /6aha1bc7xs.html HTTP/1.0" 404 34653 "-" "Mozilla/5.0 (compatible; SemrushBot/7~bl; +http://www.semrush.com/bot.html)"
85.208.96.197 - - [07/Oct/2024:02:01:00 +0300] "GET /67facvu38b.html HTTP/1.0" 404 34653 "-" "Mozilla/5.0 (compatible; SemrushBot/7~bl; +http://www.semrush.com/bot.html)"
66.249.66.36 - - [07/Oct/2024:02:01:12 +0300] "GET /yqmsquctw/robodk-offline-programming-tutorial-pdf.html HTTP/1.0" 500 341 "-" "Mozilla/5.0 (Linux; Android 6.0.1; Nexus 5X Build/MMB29P) AppleWebKit/537.36 (KHTML, like Gecko) Chrome/129.0.6668.89 Mobile Safari/537.36 (compatible; GoogleOther)"
85.208.96.205 - - [07/Oct/2024:02:01:12 +0300] "GET /2f202bv32b.html HTTP/1.0" 404 37802 "-" "Mozilla/5.0 (compatible; SemrushBot/7~bl; +http://www.semrush.com/bot.html)"
185.191.171.17 - - [07/Oct/2024:02:01:16 +0300] "GET /4dk88ho2o4.html HTTP/1.0" 404 34653 "-" "Mozilla/5.0 (compatible; SemrushBot/7~bl; +http://www.semrush.com/bot.html)"
185.162.16.189 - - [07/Oct/2024:02:01:24 +0300] "GET /bitrix/admin/index.php HTTP/1.0" 200 22332 "-" "Mozilla/5.0 (Windows NT 6.1) AppleWebKit/537.36 (KHTML, like Gecko) Chrome/45.0.2454.85 Safari/537.36 OPR/32.0.1948.45"
185.162.16.189 - - [07/Oct/2024:02:01:24 +0300] "GET /bitrix/admin/index.php HTTP/1.0" 200 22332 "-" "Mozilla/5.0 (Windows NT 6.1) AppleWebKit/537.36 (KHTML, like Gecko) Chrome/45.0.2454.85 Safari/537.36 OPR/32.0.1948.45"
185.162.16.189 - - [07/Oct/2024:02:01:24 +0300] "GET /bitrix/admin/index.php HTTP/1.0" 200 22332 "-" "Mozilla/5.0 (Windows NT 6.1) AppleWebKit/537.36 (KHTML, like Gecko) Chrome/45.0.2454.85 Safari/537.36 OPR/32.0.1948.45"
185.162.16.189 - - [07/Oct/2024:02:01:25 +0300] "POST /bitrix/admin/?login=yes HTTP/1.0" 200 1010 "-" "Mozilla/5.0 (Windows NT 6.1) AppleWebKit/537.36 (KHTML, like Gecko) Chrome/45.0.2454.85 Safari/537.36 OPR/32.0.1948.45"
185.162.16.189 - - [07/Oct/2024:02:01:25 +0300] "POST /bitrix/admin/?login=yes HTTP/1.0" 200 1010 "-" "Mozilla/5.0 (Windows NT 6.1) AppleWebKit/537.36 (KHTML, like Gecko) Chrome/45.0.2454.85 Safari/537.36 OPR/32.0.1948.45"
185.162.16.189 - - [07/Oct/2024:02:01:25 +0300] "POST /bitrix/admin/?login=yes HTTP/1.0" 200 1010 "-" "Mozilla/5.0 (Windows NT 6.1) AppleWebKit/537.36 (KHTML, like Gecko) Chrome/45.0.2454.85 Safari/537.36 OPR/32.0.1948.45"
85.208.96.210 - - [07/Oct/2024:02:01:43 +0300] "GET /2b2g8joiqq.html HTTP/1.0" 404 34653 "-" "Mozilla/5.0 (compatible; SemrushBot/7~bl; +http://www.semrush.com/bot.html)"
185.191.171.1 - - [07/Oct/2024:02:01:52 +0300] "GET /mg83g9lg.html HTTP/1.0" 404 34620 "-" "Mozilla/5.0 (compatible; SemrushBot/7~bl; +http://www.semrush.com/bot.html)"
85.208.96.198 - - [07/Oct/2024:02:02:04 +0300] "GET /27if7gmxd2.html HTTP/1.0" 404 34653 "-" "Mozilla/5.0 (compatible; SemrushBot/7~bl; +http://www.semrush.com/bot.html)"
85.208.96.198 - - [07/Oct/2024:02:02:16 +0300] "GET /686405f47c.html HTTP/1.0" 404 34653 "-" "Mozilla/5.0 (compatible; SemrushBot/7~bl; +http://www.semrush.com/bot.html)"
85.208.96.211 - - [07/Oct/2024:02:02:20 +0300] "GET /4bh4gjzsnl.html HTTP/1.0" 404 34653 "-" "Mozilla/5.0 (compatible; SemrushBot/7~bl; +http://www.semrush.com/bot.html)"
185.191.171.6 - - [07/Oct/2024:02:02:25 +0300] "GET /39g95p9vt2.html HTTP/1.0" 404 34653 "-" "Mozilla/5.0 (compatible; SemrushBot/7~bl; +http://www.semrush.com/bot.html)"
185.191.171.10 - - [07/Oct/2024:02:03:05 +0300] "GET /26ne5ikep8.html HTTP/1.0" 404 34653 "-" "Mozilla/5.0 (compatible; SemrushBot/7~bl; +http://www.semrush.com/bot.html)"
85.208.96.209 - - [07/Oct/2024:02:03:06 +0300] "GET /13j73fvzgs.html HTTP/1.0" 404 34653 "-" "Mozilla/5.0 (compatible; SemrushBot/7~bl; +http://www.semrush.com/bot.html)"
66.249.66.37 - - [07/Oct/2024:02:04:16 +0300] "GET /yqmsquctw/avengers-fanfiction-peter-texts-tony-during-a-meeting.html HTTP/1.0" 500 341 "-" "Mozilla/5.0 (Linux; Android 6.0.1; Nexus 5X Build/MMB29P) AppleWebKit/537.36 (KHTML, like Gecko) Chrome/129.0.6668.89 Mobile Safari/537.36 (compatible; Googlebot/2.1; +http://www.google.com/bot.html)"
66.249.66.36 - - [07/Oct/2024:02:04:17 +0300] "GET /yqmsquctw/mister-fpga-documentation.html HTTP/1.0" 500 341 "-" "Mozilla/5.0 (Linux; Android 6.0.1; Nexus 5X Build/MMB29P) AppleWebKit/537.36 (KHTML, like Gecko) Chrome/129.0.6668.89 Mobile Safari/537.36 (compatible; Googlebot/2.1; +http://www.google.com/bot.html)"
66.249.66.35 - - [07/Oct/2024:02:04:27 +0300] "GET /yqmsquctw/junior-python-jobs-in-europe-with-visa-sponsorship.html HTTP/1.0" 500 341 "-" "Mozilla/5.0 (Linux; Android 6.0.1; Nexus 5X Build/MMB29P) AppleWebKit/537.36 (KHTML, like Gecko) Chrome/129.0.6668.89 Mobile Safari/537.36 (compatible; GoogleOther)"
85.208.96.195 - - [07/Oct/2024:02:04:42 +0300] "GET /6337fkgw6h.html HTTP/1.0" 404 34653 "-" "Mozilla/5.0 (compatible; SemrushBot/7~bl; +http://www.semrush.com/bot.html)"
85.208.96.203 - - [07/Oct/2024:02:04:56 +0300] "GET /p228vfvrk.html HTTP/1.0" 404 34651 "-" "Mozilla/5.0 (compatible; SemrushBot/7~bl; +http://www.semrush.com/bot.html)"
85.208.96.194 - - [07/Oct/2024:02:05:36 +0300] "GET /f8kpxigey.html HTTP/1.0" 404 34651 "-" "Mozilla/5.0 (compatible; SemrushBot/7~bl; +http://www.semrush.com/bot.html)"
85.208.96.195 - - [07/Oct/2024:02:05:45 +0300] "GET /696kcguada.html HTTP/1.0" 404 34653 "-" "Mozilla/5.0 (compatible; SemrushBot/7~bl; +http://www.semrush.com/bot.html)"
85.208.96.207 - - [07/Oct/2024:02:05:51 +0300] "GET /14nmghj3td.html HTTP/1.0" 404 34653 "-" "Mozilla/5.0 (compatible; SemrushBot/7~bl; +http://www.semrush.com/bot.html)"
185.191.171.12 - - [07/Oct/2024:02:06:17 +0300] "GET /1dc2d0xuxi.html HTTP/1.0" 404 37802 "-" "Mozilla/5.0 (compatible; SemrushBot/7~bl; +http://www.semrush.com/bot.html)"
185.191.171.17 - - [07/Oct/2024:02:06:41 +0300] "GET /1bin9i7t4a.html HTTP/1.0" 404 34653 "-" "Mozilla/5.0 (compatible; SemrushBot/7~bl; +http://www.semrush.com/bot.html)"
185.191.171.4 - - [07/Oct/2024:02:06:43 +0300] "GET /54lllfdhwc.html HTTP/1.0" 404 37802 "-" "Mozilla/5.0 (compatible; SemrushBot/7~bl; +http://www.semrush.com/bot.html)"
185.191.171.4 - - [07/Oct/2024:02:07:07 +0300] "GET /5l845a2sfr.html HTTP/1.0" 404 34653 "-" "Mozilla/5.0 (compatible; SemrushBot/7~bl; +http://www.semrush.com/bot.html)"
185.191.171.5 - - [07/Oct/2024:02:07:27 +0300] "GET /3f5obtaos.html HTTP/1.0" 404 34651 "-" "Mozilla/5.0 (compatible; SemrushBot/7~bl; +http://www.semrush.com/bot.html)"
85.208.96.210 - - [07/Oct/2024:02:08:19 +0300] "GET /41imcvc40c.html HTTP/1.0" 404 34653 "-" "Mozilla/5.0 (compatible; SemrushBot/7~bl; +http://www.semrush.com/bot.html)"
185.191.171.19 - - [07/Oct/2024:02:08:36 +0300] "GET /2gkdbjdvrn.html HTTP/1.0" 404 34653 "-" "Mozilla/5.0 (compatible; SemrushBot/7~bl; +http://www.semrush.com/bot.html)"
85.208.96.201 - - [07/Oct/2024:02:09:10 +0300] "GET /566la5s3yn.html HTTP/1.0" 404 34653 "-" "Mozilla/5.0 (compatible; SemrushBot/7~bl; +http://www.semrush.com/bot.html)"
185.191.171.18 - - [07/Oct/2024:02:09:39 +0300] "GET /3f917cbvw2.html HTTP/1.0" 404 34653 "-" "Mozilla/5.0 (compatible; SemrushBot/7~bl; +http://www.semrush.com/bot.html)"
85.208.96.201 - - [07/Oct/2024:02:09:52 +0300] "GET /5glkbkftck.html HTTP/1.0" 404 34653 "-" "Mozilla/5.0 (compatible; SemrushBot/7~bl; +http://www.semrush.com/bot.html)"
66.249.66.36 - - [07/Oct/2024:02:10:02 +0300] "GET /yqmsquctw/obituaries-port-colborne-tribune.html HTTP/1.0" 500 341 "-" "Mozilla/5.0 (Linux; Android 6.0.1; Nexus 5X Build/MMB29P) AppleWebKit/537.36 (KHTML, like Gecko) Chrome/129.0.6668.89 Mobile Safari/537.36 (compatible; GoogleOther)"
85.208.96.202 - - [07/Oct/2024:02:10:30 +0300] "GET /1p444db66p.html HTTP/1.0" 404 34653 "-" "Mozilla/5.0 (compatible; SemrushBot/7~bl; +http://www.semrush.com/bot.html)"
66.249.66.35 - - [07/Oct/2024:02:10:30 +0300] "GET /yqmsquctw/job-vacancy-in-livestock-production-in-ethiopia-in-2024.html HTTP/1.0" 500 341 "-" "Mozilla/5.0 (Linux; Android 6.0.1; Nexus 5X Build/MMB29P) AppleWebKit/537.36 (KHTML, like Gecko) Chrome/129.0.6668.89 Mobile Safari/537.36 (compatible; Googlebot/2.1; +http://www.google.com/bot.html)"
185.191.171.3 - - [07/Oct/2024:02:10:41 +0300] "GET /54ep8gp3ji.html HTTP/1.0" 404 34653 "-" "Mozilla/5.0 (compatible; SemrushBot/7~bl; +http://www.semrush.com/bot.html)"
66.249.66.35 - - [07/Oct/2024:02:10:53 +0300] "GET /5kapeq42ui.html HTTP/1.0" 404 34653 "-" "Mozilla/5.0 (Linux; Android 6.0.1; Nexus 5X Build/MMB29P) AppleWebKit/537.36 (KHTML, like Gecko) Chrome/129.0.6668.89 Mobile Safari/537.36 (compatible; Googlebot/2.1; +http://www.google.com/bot.html)"
85.208.96.207 - - [07/Oct/2024:02:10:58 +0300] "GET /4egl7oz725.html HTTP/1.0" 404 34653 "-" "Mozilla/5.0 (compatible; SemrushBot/7~bl; +http://www.semrush.com/bot.html)"
185.191.171.13 - - [07/Oct/2024:02:11:04 +0300] "GET /3ih3gmnacb.html HTTP/1.0" 404 34653 "-" "Mozilla/5.0 (compatible; SemrushBot/7~bl; +http://www.semrush.com/bot.html)"
185.191.171.16 - - [07/Oct/2024:02:11:07 +0300] "GET /44683ja9ja.html HTTP/1.0" 404 34653 "-" "Mozilla/5.0 (compatible; SemrushBot/7~bl; +http://www.semrush.com/bot.html)"
185.191.171.17 - - [07/Oct/2024:02:11:09 +0300] "GET /3p848mfwjb.html HTTP/1.0" 404 34653 "-" "Mozilla/5.0 (compatible; SemrushBot/7~bl; +http://www.semrush.com/bot.html)"
66.249.66.35 - - [07/Oct/2024:02:11:14 +0300] "GET /yqmsquctw/front-end-career.html HTTP/1.0" 500 341 "-" "Mozilla/5.0 (Linux; Android 6.0.1; Nexus 5X Build/MMB29P) AppleWebKit/537.36 (KHTML, like Gecko) Chrome/129.0.6668.89 Mobile Safari/537.36 (compatible; Googlebot/2.1; +http://www.google.com/bot.html)"
185.191.171.14 - - [07/Oct/2024:02:11:34 +0300] "GET /38kleeeca9.html HTTP/1.0" 404 34653 "-" "Mozilla/5.0 (compatible; SemrushBot/7~bl; +http://www.semrush.com/bot.html)"
185.191.171.17 - - [07/Oct/2024:02:11:46 +0300] "GET /ilomziu2w.html HTTP/1.0" 404 37800 "-" "Mozilla/5.0 (compatible; SemrushBot/7~bl; +http://www.semrush.com/bot.html)"
185.191.171.18 - - [07/Oct/2024:02:12:12 +0300] "GET /484ihv9hks.html HTTP/1.0" 404 34653 "-" "Mozilla/5.0 (compatible; SemrushBot/7~bl; +http://www.semrush.com/bot.html)"
66.249.66.36 - - [07/Oct/2024:02:12:20 +0300] "GET /yqmsquctw/a-nurse-is-caring-for-a-client-who-is-having-difficulty-breathing-the-client-is-supine.html HTTP/1.0" 500 341 "-" "Mozilla/5.0 (Linux; Android 6.0.1; Nexus 5X Build/MMB29P) AppleWebKit/537.36 (KHTML, like Gecko) Chrome/129.0.6668.89 Mobile Safari/537.36 (compatible; GoogleOther)"
185.191.171.15 - - [07/Oct/2024:02:12:55 +0300] "GET /6ai9b1q2ny.html HTTP/1.0" 404 34653 "-" "Mozilla/5.0 (compatible; SemrushBot/7~bl; +http://www.semrush.com/bot.html)"
185.191.171.11 - - [07/Oct/2024:02:12:57 +0300] "GET /51me5tmxak.html HTTP/1.0" 404 34653 "-" "Mozilla/5.0 (compatible; SemrushBot/7~bl; +http://www.semrush.com/bot.html)"
185.191.171.8 - - [07/Oct/2024:02:13:26 +0300] "GET /5a0k4utajn.html HTTP/1.0" 404 34653 "-" "Mozilla/5.0 (compatible; SemrushBot/7~bl; +http://www.semrush.com/bot.html)"
85.208.96.201 - - [07/Oct/2024:02:14:11 +0300] "GET /65jn6sydmo.html HTTP/1.0" 404 34653 "-" "Mozilla/5.0 (compatible; SemrushBot/7~bl; +http://www.semrush.com/bot.html)"
66.249.66.37 - - [07/Oct/2024:02:14:19 +0300] "GET /yqmsquctw/blazor-dynamic-component.html HTTP/1.0" 500 3490 "-" "Mozilla/5.0 (Linux; Android 6.0.1; Nexus 5X Build/MMB29P) AppleWebKit/537.36 (KHTML, like Gecko) Chrome/129.0.6668.89 Mobile Safari/537.36 (compatible; GoogleOther)"
185.191.171.1 - - [07/Oct/2024:02:14:37 +0300] "GET /43no4mj2z8.html HTTP/1.0" 404 34653 "-" "Mozilla/5.0 (compatible; SemrushBot/7~bl; +http://www.semrush.com/bot.html)"
85.208.96.195 - - [07/Oct/2024:02:14:39 +0300] "GET /27512mg3a9.html HTTP/1.0" 404 34653 "-" "Mozilla/5.0 (compatible; SemrushBot/7~bl; +http://www.semrush.com/bot.html)"
185.191.171.12 - - [07/Oct/2024:02:14:47 +0300] "GET /49lbcnfi9n.html HTTP/1.0" 404 34653 "-" "Mozilla/5.0 (compatible; SemrushBot/7~bl; +http://www.semrush.com/bot.html)"
85.208.96.200 - - [07/Oct/2024:02:15:31 +0300] "GET /15fphkjbwp.html HTTP/1.0" 404 34653 "-" "Mozilla/5.0 (compatible; SemrushBot/7~bl; +http://www.semrush.com/bot.html)"
66.249.66.36 - - [07/Oct/2024:02:16:00 +0300] "GET /yqmsquctw/you-will-hear-10-speaker-choose-the-best-option.html HTTP/1.0" 500 341 "-" "Mozilla/5.0 (Linux; Android 6.0.1; Nexus 5X Build/MMB29P) AppleWebKit/537.36 (KHTML, like Gecko) Chrome/129.0.6668.89 Mobile Safari/537.36 (compatible; GoogleOther)"
66.249.66.35 - - [07/Oct/2024:02:16:14 +0300] "GET /yqmsquctw/arriva-complaints-email.html HTTP/1.0" 500 341 "-" "Mozilla/5.0 (Linux; Android 6.0.1; Nexus 5X Build/MMB29P) AppleWebKit/537.36 (KHTML, like Gecko) Chrome/129.0.6668.89 Mobile Safari/537.36 (compatible; Googlebot/2.1; +http://www.google.com/bot.html)"
85.208.96.205 - - [07/Oct/2024:02:16:21 +0300] "GET /10kgf7omzq.html HTTP/1.0" 404 34653 "-" "Mozilla/5.0 (compatible; SemrushBot/7~bl; +http://www.semrush.com/bot.html)"
185.191.171.9 - - [07/Oct/2024:02:16:23 +0300] "GET /5gajlku3qb.html HTTP/1.0" 404 34653 "-" "Mozilla/5.0 (compatible; SemrushBot/7~bl; +http://www.semrush.com/bot.html)"
66.249.66.37 - - [07/Oct/2024:02:17:15 +0300] "GET /yqmsquctw/visa-sponsorship-carpenter-jobs.html HTTP/1.0" 500 341 "-" "Mozilla/5.0 (Linux; Android 6.0.1; Nexus 5X Build/MMB29P) AppleWebKit/537.36 (KHTML, like Gecko) Chrome/129.0.6668.89 Mobile Safari/537.36 (compatible; Googlebot/2.1; +http://www.google.com/bot.html)"
85.208.96.205 - - [07/Oct/2024:02:17:17 +0300] "GET /h7kptvtqd.html HTTP/1.0" 404 34651 "-" "Mozilla/5.0 (compatible; SemrushBot/7~bl; +http://www.semrush.com/bot.html)"
66.249.66.35 - - [07/Oct/2024:02:17:26 +0300] "GET /yqmsquctw/payback-samk-reddit-review.html HTTP/1.0" 500 341 "-" "Mozilla/5.0 (Linux; Android 6.0.1; Nexus 5X Build/MMB29P) AppleWebKit/537.36 (KHTML, like Gecko) Chrome/129.0.6668.89 Mobile Safari/537.36 (compatible; GoogleOther)"
185.191.171.18 - - [07/Oct/2024:02:18:10 +0300] "GET /20famzatwd.html HTTP/1.0" 404 34653 "-" "Mozilla/5.0 (compatible; SemrushBot/7~bl; +http://www.semrush.com/bot.html)"
85.208.96.211 - - [07/Oct/2024:02:18:14 +0300] "GET /25710c6di1.html HTTP/1.0" 404 37802 "-" "Mozilla/5.0 (compatible; SemrushBot/7~bl; +http://www.semrush.com/bot.html)"
185.191.171.15 - - [07/Oct/2024:02:18:18 +0300] "GET /4gkhg4i3qb.html HTTP/1.0" 404 34653 "-" "Mozilla/5.0 (compatible; SemrushBot/7~bl; +http://www.semrush.com/bot.html)"
185.191.171.16 - - [07/Oct/2024:02:18:31 +0300] "GET /47nb4pr3u6.html HTTP/1.0" 404 34653 "-" "Mozilla/5.0 (compatible; SemrushBot/7~bl; +http://www.semrush.com/bot.html)"
85.208.96.199 - - [07/Oct/2024:02:18:38 +0300] "GET /14a9ofwxxm.html HTTP/1.0" 404 34653 "-" "Mozilla/5.0 (compatible; SemrushBot/7~bl; +http://www.semrush.com/bot.html)"
66.249.66.36 - - [07/Oct/2024:02:18:41 +0300] "GET /yqmsquctw/weekend-cash-in-hand-work-birmingham-no-experience-part-time.html HTTP/1.0" 500 341 "-" "Mozilla/5.0 (Linux; Android 6.0.1; Nexus 5X Build/MMB29P) AppleWebKit/537.36 (KHTML, like Gecko) Chrome/129.0.6668.89 Mobile Safari/537.36 (compatible; GoogleOther)"
66.249.66.36 - - [07/Oct/2024:02:19:44 +0300] "GET /yqmsquctw/ncis-fanfiction-tony-stops-talking-to-the-team.html HTTP/1.0" 500 341 "-" "Mozilla/5.0 (Linux; Android 6.0.1; Nexus 5X Build/MMB29P) AppleWebKit/537.36 (KHTML, like Gecko) Chrome/129.0.6668.89 Mobile Safari/537.36 (compatible; GoogleOther)"
185.191.171.19 - - [07/Oct/2024:02:19:46 +0300] "GET /1g6m3w91hb.html HTTP/1.0" 404 37802 "-" "Mozilla/5.0 (compatible; SemrushBot/7~bl; +http://www.semrush.com/bot.html)"
185.191.171.4 - - [07/Oct/2024:02:19:53 +0300] "GET /29j1m9tq5l.html HTTP/1.0" 404 34653 "-" "Mozilla/5.0 (compatible; SemrushBot/7~bl; +http://www.semrush.com/bot.html)"
185.191.171.2 - - [07/Oct/2024:02:20:13 +0300] "GET /1md0oyyrwg.html HTTP/1.0" 404 34653 "-" "Mozilla/5.0 (compatible; SemrushBot/7~bl; +http://www.semrush.com/bot.html)"
85.208.96.201 - - [07/Oct/2024:02:20:18 +0300] "GET /8hbecso57.html HTTP/1.0" 404 34651 "-" "Mozilla/5.0 (compatible; SemrushBot/7~bl; +http://www.semrush.com/bot.html)"
185.191.171.9 - - [07/Oct/2024:02:20:26 +0300] "GET /5oebmkuc0j.html HTTP/1.0" 404 34653 "-" "Mozilla/5.0 (compatible; SemrushBot/7~bl; +http://www.semrush.com/bot.html)"
66.249.66.35 - - [07/Oct/2024:02:20:39 +0300] "GET /yqmsquctw/generative-ai-learning-path-google-cloud-skills-boost.html HTTP/1.0" 500 341 "-" "Mozilla/5.0 (Linux; Android 6.0.1; Nexus 5X Build/MMB29P) AppleWebKit/537.36 (KHTML, like Gecko) Chrome/129.0.6668.89 Mobile Safari/537.36 (compatible; GoogleOther)"
85.208.96.211 - - [07/Oct/2024:02:21:14 +0300] "GET /hc2obqaiq.html HTTP/1.0" 404 34651 "-" "Mozilla/5.0 (compatible; SemrushBot/7~bl; +http://www.semrush.com/bot.html)"
