Your IP : 3.22.224.200
66.249.66.35 - - [05/Oct/2024:03:39:30 +0300] "GET /xmw23/mugshots-zone-north-carolina.html HTTP/1.0" 200 24065 "-" "Mozilla/5.0 (Linux; Android 6.0.1; Nexus 5X Build/MMB29P) AppleWebKit/537.36 (KHTML, like Gecko) Chrome/129.0.6668.89 Mobile Safari/537.36 (compatible; Googlebot/2.1; +http://www.google.com/bot.html)"
85.208.96.202 - - [05/Oct/2024:03:42:26 +0300] "GET /5dpf1l6xqc.html HTTP/1.0" 404 26593 "-" "Mozilla/5.0 (compatible; SemrushBot/7~bl; +http://www.semrush.com/bot.html)"
66.249.66.37 - - [05/Oct/2024:03:42:31 +0300] "GET /xmw23/citibank-online-payment.html HTTP/1.0" 200 12339 "-" "Mozilla/5.0 (Linux; Android 6.0.1; Nexus 5X Build/MMB29P) AppleWebKit/537.36 (KHTML, like Gecko) Chrome/129.0.6668.89 Mobile Safari/537.36 (compatible; Googlebot/2.1; +http://www.google.com/bot.html)"
85.208.96.199 - - [05/Oct/2024:03:42:35 +0300] "GET /4ka60xzaeh.html HTTP/1.0" 404 26593 "-" "Mozilla/5.0 (compatible; SemrushBot/7~bl; +http://www.semrush.com/bot.html)"
66.249.66.35 - - [05/Oct/2024:03:42:44 +0300] "GET /xmw23/java-developer-jobs-in-uk.html HTTP/1.0" 200 26610 "-" "Mozilla/5.0 (Linux; Android 6.0.1; Nexus 5X Build/MMB29P) AppleWebKit/537.36 (KHTML, like Gecko) Chrome/129.0.6668.89 Mobile Safari/537.36 (compatible; GoogleOther)"
66.249.66.35 - - [05/Oct/2024:03:42:46 +0300] "GET /xmw23/windows-11-shortcut-keys-pdf.html HTTP/1.0" 200 40846 "-" "Mozilla/5.0 (Linux; Android 6.0.1; Nexus 5X Build/MMB29P) AppleWebKit/537.36 (KHTML, like Gecko) Chrome/129.0.6668.89 Mobile Safari/537.36 (compatible; GoogleOther)"
66.249.66.35 - - [05/Oct/2024:03:42:48 +0300] "GET /xmw23/terrazas-obits.html HTTP/1.0" 200 35326 "-" "Mozilla/5.0 (Linux; Android 6.0.1; Nexus 5X Build/MMB29P) AppleWebKit/537.36 (KHTML, like Gecko) Chrome/129.0.6668.89 Mobile Safari/537.36 (compatible; GoogleOther)"
185.191.171.5 - - [05/Oct/2024:03:43:35 +0300] "GET /175agfh97z.html HTTP/1.0" 404 23444 "-" "Mozilla/5.0 (compatible; SemrushBot/7~bl; +http://www.semrush.com/bot.html)"
66.249.66.35 - - [05/Oct/2024:03:43:56 +0300] "GET /xmw23/sleep-journal.html HTTP/1.0" 200 22656 "-" "Mozilla/5.0 (Linux; Android 6.0.1; Nexus 5X Build/MMB29P) AppleWebKit/537.36 (KHTML, like Gecko) Chrome/129.0.6668.89 Mobile Safari/537.36 (compatible; GoogleOther)"
85.208.96.196 - - [05/Oct/2024:03:44:39 +0300] "GET /62k13moxxw.html HTTP/1.0" 404 23444 "-" "Mozilla/5.0 (compatible; SemrushBot/7~bl; +http://www.semrush.com/bot.html)"
66.249.66.36 - - [05/Oct/2024:03:45:08 +0300] "GET /xmw23/panpsychism-consciousness.html HTTP/1.0" 200 23413 "-" "Mozilla/5.0 (Linux; Android 6.0.1; Nexus 5X Build/MMB29P) AppleWebKit/537.36 (KHTML, like Gecko) Chrome/129.0.6668.89 Mobile Safari/537.36 (compatible; GoogleOther)"
66.249.66.35 - - [05/Oct/2024:03:46:19 +0300] "GET /xmw23/obituaries-past-3-days.html HTTP/1.0" 200 29372 "-" "Mozilla/5.0 (Linux; Android 6.0.1; Nexus 5X Build/MMB29P) AppleWebKit/537.36 (KHTML, like Gecko) Chrome/129.0.6668.89 Mobile Safari/537.36 (compatible; GoogleOther)"
85.208.96.205 - - [05/Oct/2024:03:46:36 +0300] "GET /4h1bmjvhz6.html HTTP/1.0" 404 23444 "-" "Mozilla/5.0 (compatible; SemrushBot/7~bl; +http://www.semrush.com/bot.html)"
185.191.171.15 - - [05/Oct/2024:03:47:29 +0300] "GET /5ddh2bdhk.html HTTP/1.0" 404 23442 "-" "Mozilla/5.0 (compatible; SemrushBot/7~bl; +http://www.semrush.com/bot.html)"
66.249.66.36 - - [05/Oct/2024:03:47:31 +0300] "GET /xmw23/obituaries-last-3-days.html HTTP/1.0" 200 27302 "-" "Mozilla/5.0 (Linux; Android 6.0.1; Nexus 5X Build/MMB29P) AppleWebKit/537.36 (KHTML, like Gecko) Chrome/129.0.6668.89 Mobile Safari/537.36 (compatible; GoogleOther)"
66.249.66.35 - - [05/Oct/2024:03:47:31 +0300] "GET /xmw23/hood-county-jail.html HTTP/1.0" 200 12782 "-" "Mozilla/5.0 (Linux; Android 6.0.1; Nexus 5X Build/MMB29P) AppleWebKit/537.36 (KHTML, like Gecko) Chrome/129.0.6668.89 Mobile Safari/537.36 (compatible; Googlebot/2.1; +http://www.google.com/bot.html)"
85.208.96.210 - - [05/Oct/2024:03:47:34 +0300] "GET /4hodgui6w7.html HTTP/1.0" 404 23444 "-" "Mozilla/5.0 (compatible; SemrushBot/7~bl; +http://www.semrush.com/bot.html)"
66.249.66.36 - - [05/Oct/2024:03:48:42 +0300] "GET /xmw23/health-care-assistant-roles-and-responsibilities.html HTTP/1.0" 200 27866 "-" "Mozilla/5.0 (Linux; Android 6.0.1; Nexus 5X Build/MMB29P) AppleWebKit/537.36 (KHTML, like Gecko) Chrome/129.0.6668.89 Mobile Safari/537.36 (compatible; GoogleOther)"
85.208.96.212 - - [05/Oct/2024:03:49:01 +0300] "GET /4j5jhzkvx.html HTTP/1.0" 404 23442 "-" "Mozilla/5.0 (compatible; SemrushBot/7~bl; +http://www.semrush.com/bot.html)"
66.249.66.36 - - [05/Oct/2024:03:50:03 +0300] "GET /xmw23/sanjati-sina-da-je-umro.html HTTP/1.0" 200 26905 "-" "Mozilla/5.0 (Linux; Android 6.0.1; Nexus 5X Build/MMB29P) AppleWebKit/537.36 (KHTML, like Gecko) Chrome/129.0.6668.89 Mobile Safari/537.36 (compatible; GoogleOther)"
54.36.149.83 - - [05/Oct/2024:03:52:08 +0300] "GET / HTTP/1.0" 200 322 "-" "Mozilla/5.0 (compatible; AhrefsBot/7.0; +http://ahrefs.com/robot/)"
66.249.66.36 - - [05/Oct/2024:03:52:13 +0300] "GET /xmw23/threshold-igcse.html HTTP/1.0" 200 28363 "-" "Mozilla/5.0 (Linux; Android 6.0.1; Nexus 5X Build/MMB29P) AppleWebKit/537.36 (KHTML, like Gecko) Chrome/129.0.6668.89 Mobile Safari/537.36 (compatible; GoogleOther)"
66.249.66.36 - - [05/Oct/2024:03:54:32 +0300] "GET /xmw23/dallas-county-jail-number.html HTTP/1.0" 200 26893 "-" "Mozilla/5.0 (Linux; Android 6.0.1; Nexus 5X Build/MMB29P) AppleWebKit/537.36 (KHTML, like Gecko) Chrome/129.0.6668.89 Mobile Safari/537.36 (compatible; Googlebot/2.1; +http://www.google.com/bot.html)"
66.249.66.36 - - [05/Oct/2024:03:54:36 +0300] "GET /xmw23/entry-level-project-manager-jobs-with-visa-sponsorship.html HTTP/1.0" 200 35036 "-" "Mozilla/5.0 (Linux; Android 6.0.1; Nexus 5X Build/MMB29P) AppleWebKit/537.36 (KHTML, like Gecko) Chrome/129.0.6668.89 Mobile Safari/537.36 (compatible; GoogleOther)"
185.191.171.2 - - [05/Oct/2024:04:01:12 +0300] "GET /70743gtgq.html HTTP/1.0" 404 26591 "-" "Mozilla/5.0 (compatible; SemrushBot/7~bl; +http://www.semrush.com/bot.html)"
66.249.66.35 - - [05/Oct/2024:04:03:08 +0300] "GET /xmw23/manual-chimie-clasa-10-pdf.html HTTP/1.0" 200 23905 "-" "Mozilla/5.0 (Linux; Android 6.0.1; Nexus 5X Build/MMB29P) AppleWebKit/537.36 (KHTML, like Gecko) Chrome/129.0.6668.89 Mobile Safari/537.36 (compatible; GoogleOther)"
85.208.96.200 - - [05/Oct/2024:04:05:13 +0300] "GET /2n53kstgcs.html HTTP/1.0" 404 23444 "-" "Mozilla/5.0 (compatible; SemrushBot/7~bl; +http://www.semrush.com/bot.html)"
85.208.96.210 - - [05/Oct/2024:04:07:37 +0300] "GET /2o265sevyf.html HTTP/1.0" 404 26593 "-" "Mozilla/5.0 (compatible; SemrushBot/7~bl; +http://www.semrush.com/bot.html)"
66.249.66.35 - - [05/Oct/2024:04:08:22 +0300] "GET /xmw23/what-tribes-are-found-in-muchinga-province.html HTTP/1.0" 200 22175 "-" "Mozilla/5.0 (Linux; Android 6.0.1; Nexus 5X Build/MMB29P) AppleWebKit/537.36 (KHTML, like Gecko) Chrome/129.0.6668.89 Mobile Safari/537.36 (compatible; Googlebot/2.1; +http://www.google.com/bot.html)"
185.191.171.15 - - [05/Oct/2024:04:09:23 +0300] "GET /5ph98fyszl.html HTTP/1.0" 404 23444 "-" "Mozilla/5.0 (compatible; SemrushBot/7~bl; +http://www.semrush.com/bot.html)"
66.249.66.35 - - [05/Oct/2024:04:09:23 +0300] "GET /xmw23/pucanje-mioma-simptomi.html HTTP/1.0" 200 29091 "-" "Mozilla/5.0 (Linux; Android 6.0.1; Nexus 5X Build/MMB29P) AppleWebKit/537.36 (KHTML, like Gecko) Chrome/129.0.6668.89 Mobile Safari/537.36 (compatible; GoogleOther)"
66.249.66.36 - - [05/Oct/2024:04:10:35 +0300] "GET /xmw23/a-nurse-is-caring-for-a-client-who-has-a-terminal-diagnosis-and-whose-health-is-declining.html HTTP/1.0" 200 43224 "-" "Mozilla/5.0 (Linux; Android 6.0.1; Nexus 5X Build/MMB29P) AppleWebKit/537.36 (KHTML, like Gecko) Chrome/129.0.6668.89 Mobile Safari/537.36 (compatible; GoogleOther)"
66.249.66.35 - - [05/Oct/2024:04:11:46 +0300] "GET /xmw23/kratka-menstruacija-znak-trudnoce.html HTTP/1.0" 200 27198 "-" "Mozilla/5.0 (Linux; Android 6.0.1; Nexus 5X Build/MMB29P) AppleWebKit/537.36 (KHTML, like Gecko) Chrome/129.0.6668.89 Mobile Safari/537.36 (compatible; GoogleOther)"
66.249.66.37 - - [05/Oct/2024:04:12:22 +0300] "GET /xmw23/obituaries-last-3-days.html HTTP/1.0" 200 24153 "-" "Mozilla/5.0 (Linux; Android 6.0.1; Nexus 5X Build/MMB29P) AppleWebKit/537.36 (KHTML, like Gecko) Chrome/129.0.6668.89 Mobile Safari/537.36 (compatible; Googlebot/2.1; +http://www.google.com/bot.html)"
66.249.66.36 - - [05/Oct/2024:04:12:23 +0300] "GET /xmw23/busted-newspaper-sullivan-county,-indiana.html HTTP/1.0" 404 23634 "-" "Mozilla/5.0 (Linux; Android 6.0.1; Nexus 5X Build/MMB29P) AppleWebKit/537.36 (KHTML, like Gecko) Chrome/129.0.6668.89 Mobile Safari/537.36 (compatible; Googlebot/2.1; +http://www.google.com/bot.html)"
66.249.66.35 - - [05/Oct/2024:04:12:58 +0300] "GET /xmw23/cistokela-operacija-iskustva.html HTTP/1.0" 200 23929 "-" "Mozilla/5.0 (Linux; Android 6.0.1; Nexus 5X Build/MMB29P) AppleWebKit/537.36 (KHTML, like Gecko) Chrome/129.0.6668.89 Mobile Safari/537.36 (compatible; GoogleOther)"
66.249.66.36 - - [05/Oct/2024:04:13:23 +0300] "GET /xmw23/nkw-job-vacancies-2024-lae-salary.html HTTP/1.0" 200 22328 "-" "Mozilla/5.0 (Linux; Android 6.0.1; Nexus 5X Build/MMB29P) AppleWebKit/537.36 (KHTML, like Gecko) Chrome/129.0.6668.89 Mobile Safari/537.36 (compatible; Googlebot/2.1; +http://www.google.com/bot.html)"
66.249.66.36 - - [05/Oct/2024:04:14:09 +0300] "GET /xmw23/deseti-dan-nakon-embriotransfera-simptomi.html HTTP/1.0" 200 26655 "-" "Mozilla/5.0 (Linux; Android 6.0.1; Nexus 5X Build/MMB29P) AppleWebKit/537.36 (KHTML, like Gecko) Chrome/129.0.6668.89 Mobile Safari/537.36 (compatible; GoogleOther)"
66.249.66.36 - - [05/Oct/2024:04:14:23 +0300] "GET /xmw23/dallas-county-mugshots-zone.html HTTP/1.0" 200 18872 "-" "Mozilla/5.0 (Linux; Android 6.0.1; Nexus 5X Build/MMB29P) AppleWebKit/537.36 (KHTML, like Gecko) Chrome/129.0.6668.89 Mobile Safari/537.36 (compatible; Googlebot/2.1; +http://www.google.com/bot.html)"
66.249.66.36 - - [05/Oct/2024:04:15:20 +0300] "GET /xmw23/toddler-biting-when-excited.html HTTP/1.0" 200 33988 "-" "Mozilla/5.0 (Linux; Android 6.0.1; Nexus 5X Build/MMB29P) AppleWebKit/537.36 (KHTML, like Gecko) Chrome/129.0.6668.89 Mobile Safari/537.36 (compatible; GoogleOther)"
66.249.66.36 - - [05/Oct/2024:04:15:23 +0300] "GET /xmw23/packing-job-contact-number-near-korangi,-karachi.html HTTP/1.0" 404 26797 "-" "Mozilla/5.0 (Linux; Android 6.0.1; Nexus 5X Build/MMB29P) AppleWebKit/537.36 (KHTML, like Gecko) Chrome/129.0.6668.89 Mobile Safari/537.36 (compatible; Googlebot/2.1; +http://www.google.com/bot.html)"
185.191.171.10 - - [05/Oct/2024:04:15:51 +0300] "GET /5ghijnrjyq.html HTTP/1.0" 404 23444 "-" "Mozilla/5.0 (compatible; SemrushBot/7~bl; +http://www.semrush.com/bot.html)"
66.249.66.36 - - [05/Oct/2024:04:16:31 +0300] "GET /xmw23/a-nurse-is-caring-for-a-client-with-a-diagnosis-of-terminal-cancer.html HTTP/1.0" 200 41403 "-" "Mozilla/5.0 (Linux; Android 6.0.1; Nexus 5X Build/MMB29P) AppleWebKit/537.36 (KHTML, like Gecko) Chrome/129.0.6668.89 Mobile Safari/537.36 (compatible; GoogleOther)"
185.191.171.14 - - [05/Oct/2024:04:17:07 +0300] "GET /ipgprgmax.html HTTP/1.0" 404 23442 "-" "Mozilla/5.0 (compatible; SemrushBot/7~bl; +http://www.semrush.com/bot.html)"
66.249.66.36 - - [05/Oct/2024:04:18:24 +0300] "GET /xmw23/masonic-lodge-blenheim.html HTTP/1.0" 200 21307 "-" "Mozilla/5.0 (Linux; Android 6.0.1; Nexus 5X Build/MMB29P) AppleWebKit/537.36 (KHTML, like Gecko) Chrome/129.0.6668.89 Mobile Safari/537.36 (compatible; Googlebot/2.1; +http://www.google.com/bot.html)"
66.249.66.35 - - [05/Oct/2024:04:18:52 +0300] "GET /xmw23/victoria-advocate-obituaries.html HTTP/1.0" 200 14935 "-" "Mozilla/5.0 (Linux; Android 6.0.1; Nexus 5X Build/MMB29P) AppleWebKit/537.36 (KHTML, like Gecko) Chrome/129.0.6668.89 Mobile Safari/537.36 (compatible; GoogleOther)"
66.249.66.36 - - [05/Oct/2024:04:21:14 +0300] "GET /xmw23/m47-engine-review.html HTTP/1.0" 200 50128 "-" "Mozilla/5.0 (Linux; Android 6.0.1; Nexus 5X Build/MMB29P) AppleWebKit/537.36 (KHTML, like Gecko) Chrome/129.0.6668.89 Mobile Safari/537.36 (compatible; GoogleOther)"
85.208.96.203 - - [05/Oct/2024:04:22:48 +0300] "GET /55apkfoanp.html HTTP/1.0" 404 23444 "-" "Mozilla/5.0 (compatible; SemrushBot/7~bl; +http://www.semrush.com/bot.html)"
66.249.66.35 - - [05/Oct/2024:04:23:26 +0300] "GET /xmw23/renew-dog-license-london-ontario.html HTTP/1.0" 200 22888 "-" "Mozilla/5.0 (Linux; Android 6.0.1; Nexus 5X Build/MMB29P) AppleWebKit/537.36 (KHTML, like Gecko) Chrome/129.0.6668.89 Mobile Safari/537.36 (compatible; Googlebot/2.1; +http://www.google.com/bot.html)"
66.249.66.35 - - [05/Oct/2024:04:23:27 +0300] "GET /xmw23/visa-sponsorship-australia.html HTTP/1.0" 200 18041 "-" "Mozilla/5.0 (Linux; Android 6.0.1; Nexus 5X Build/MMB29P) AppleWebKit/537.36 (KHTML, like Gecko) Chrome/129.0.6668.89 Mobile Safari/537.36 (compatible; Googlebot/2.1; +http://www.google.com/bot.html)"
66.249.66.35 - - [05/Oct/2024:04:23:31 +0300] "GET /xmw23/line-break-in-tcpdf.html HTTP/1.0" 200 25744 "-" "Mozilla/5.0 (Linux; Android 6.0.1; Nexus 5X Build/MMB29P) AppleWebKit/537.36 (KHTML, like Gecko) Chrome/129.0.6668.89 Mobile Safari/537.36 (compatible; GoogleOther)"
66.249.66.35 - - [05/Oct/2024:04:23:36 +0300] "GET /xmw23/get-items-filter-query-power-automate.html HTTP/1.0" 200 18824 "-" "Mozilla/5.0 (Linux; Android 6.0.1; Nexus 5X Build/MMB29P) AppleWebKit/537.36 (KHTML, like Gecko) Chrome/129.0.6668.89 Mobile Safari/537.36 (compatible; GoogleOther)"
66.249.66.36 - - [05/Oct/2024:04:25:59 +0300] "GET /xmw23/peter-parker-ceo-of-stark-industries-fanfiction-field-trip.html HTTP/1.0" 200 22921 "-" "Mozilla/5.0 (Linux; Android 6.0.1; Nexus 5X Build/MMB29P) AppleWebKit/537.36 (KHTML, like Gecko) Chrome/129.0.6668.89 Mobile Safari/537.36 (compatible; GoogleOther)"
66.249.66.37 - - [05/Oct/2024:04:26:27 +0300] "GET /xmw23/companies-that-sponsor-work-visa-from-india.html HTTP/1.0" 200 37361 "-" "Mozilla/5.0 (Linux; Android 6.0.1; Nexus 5X Build/MMB29P) AppleWebKit/537.36 (KHTML, like Gecko) Chrome/129.0.6668.89 Mobile Safari/537.36 (compatible; Googlebot/2.1; +http://www.google.com/bot.html)"
185.191.171.7 - - [05/Oct/2024:04:26:49 +0300] "GET /21ioaylah9.html HTTP/1.0" 404 23444 "-" "Mozilla/5.0 (compatible; SemrushBot/7~bl; +http://www.semrush.com/bot.html)"
66.249.66.35 - - [05/Oct/2024:04:27:28 +0300] "GET /xmw23/grafana-plugins.html HTTP/1.0" 200 31478 "-" "Mozilla/5.0 (Linux; Android 6.0.1; Nexus 5X Build/MMB29P) AppleWebKit/537.36 (KHTML, like Gecko) Chrome/129.0.6668.89 Mobile Safari/537.36 (compatible; Googlebot/2.1; +http://www.google.com/bot.html)"
66.249.66.36 - - [05/Oct/2024:04:28:21 +0300] "GET /xmw23/antibiotici-za-upalu-jajnika.html HTTP/1.0" 200 28298 "-" "Mozilla/5.0 (Linux; Android 6.0.1; Nexus 5X Build/MMB29P) AppleWebKit/537.36 (KHTML, like Gecko) Chrome/129.0.6668.89 Mobile Safari/537.36 (compatible; GoogleOther)"
66.249.66.36 - - [05/Oct/2024:04:28:28 +0300] "GET /xmw23/mulhearn-funeral-home-obituaries.html HTTP/1.0" 200 21459 "-" "Mozilla/5.0 (Linux; Android 6.0.1; Nexus 5X Build/MMB29P) AppleWebKit/537.36 (KHTML, like Gecko) Chrome/129.0.6668.89 Mobile Safari/537.36 (compatible; Googlebot/2.1; +http://www.google.com/bot.html)"
85.208.96.199 - - [05/Oct/2024:04:29:12 +0300] "GET /4c1oopt09s.html HTTP/1.0" 404 23444 "-" "Mozilla/5.0 (compatible; SemrushBot/7~bl; +http://www.semrush.com/bot.html)"
66.249.66.37 - - [05/Oct/2024:04:30:42 +0300] "GET /xmw23/karotide-simptomi.html HTTP/1.0" 200 43944 "-" "Mozilla/5.0 (Linux; Android 6.0.1; Nexus 5X Build/MMB29P) AppleWebKit/537.36 (KHTML, like Gecko) Chrome/129.0.6668.89 Mobile Safari/537.36 (compatible; GoogleOther)"
185.191.171.2 - - [05/Oct/2024:04:30:50 +0300] "GET /1ecp1rqjkc.html HTTP/1.0" 404 23444 "-" "Mozilla/5.0 (compatible; SemrushBot/7~bl; +http://www.semrush.com/bot.html)"
66.249.66.36 - - [05/Oct/2024:04:31:29 +0300] "GET /xmw23/part-time-sabtu-minggu-jakarta.html HTTP/1.0" 200 18281 "-" "Mozilla/5.0 (Linux; Android 6.0.1; Nexus 5X Build/MMB29P) AppleWebKit/537.36 (KHTML, like Gecko) Chrome/129.0.6668.89 Mobile Safari/537.36 (compatible; Googlebot/2.1; +http://www.google.com/bot.html)"
85.208.96.196 - - [05/Oct/2024:04:31:58 +0300] "GET /2li9heeymo.html HTTP/1.0" 404 26593 "-" "Mozilla/5.0 (compatible; SemrushBot/7~bl; +http://www.semrush.com/bot.html)"
66.249.66.35 - - [05/Oct/2024:04:33:05 +0300] "GET /xmw23/kofo-obituaries.html HTTP/1.0" 200 15414 "-" "Mozilla/5.0 (Linux; Android 6.0.1; Nexus 5X Build/MMB29P) AppleWebKit/537.36 (KHTML, like Gecko) Chrome/129.0.6668.89 Mobile Safari/537.36 (compatible; GoogleOther)"
85.208.96.205 - - [05/Oct/2024:04:33:14 +0300] "GET /3hfc5vp1v2.html HTTP/1.0" 404 23444 "-" "Mozilla/5.0 (compatible; SemrushBot/7~bl; +http://www.semrush.com/bot.html)"
185.191.171.8 - - [05/Oct/2024:04:34:56 +0300] "GET /2a20msi13a.html HTTP/1.0" 404 23444 "-" "Mozilla/5.0 (compatible; SemrushBot/7~bl; +http://www.semrush.com/bot.html)"
66.249.66.35 - - [05/Oct/2024:04:35:27 +0300] "GET /xmw23/bop-custody.html HTTP/1.0" 200 22171 "-" "Mozilla/5.0 (Linux; Android 6.0.1; Nexus 5X Build/MMB29P) AppleWebKit/537.36 (KHTML, like Gecko) Chrome/129.0.6668.89 Mobile Safari/537.36 (compatible; GoogleOther)"
185.162.16.189 - - [05/Oct/2024:04:37:06 +0300] "GET /bitrix/admin/index.php HTTP/1.0" 200 25481 "-" "Mozilla/5.0 (Windows NT 6.1) AppleWebKit/537.36 (KHTML, like Gecko) Chrome/45.0.2454.85 Safari/537.36 OPR/32.0.1948.45"
185.162.16.189 - - [05/Oct/2024:04:37:06 +0300] "GET /bitrix/admin/index.php HTTP/1.0" 200 22332 "-" "Mozilla/5.0 (Windows NT 6.1) AppleWebKit/537.36 (KHTML, like Gecko) Chrome/45.0.2454.85 Safari/537.36 OPR/32.0.1948.45"
185.162.16.189 - - [05/Oct/2024:04:37:06 +0300] "GET /bitrix/admin/index.php HTTP/1.0" 200 22332 "-" "Mozilla/5.0 (Windows NT 6.1) AppleWebKit/537.36 (KHTML, like Gecko) Chrome/45.0.2454.85 Safari/537.36 OPR/32.0.1948.45"
185.162.16.189 - - [05/Oct/2024:04:37:07 +0300] "POST /bitrix/admin/?login=yes HTTP/1.0" 200 4159 "-" "Mozilla/5.0 (Windows NT 6.1) AppleWebKit/537.36 (KHTML, like Gecko) Chrome/45.0.2454.85 Safari/537.36 OPR/32.0.1948.45"
185.162.16.189 - - [05/Oct/2024:04:37:07 +0300] "POST /bitrix/admin/?login=yes HTTP/1.0" 200 1010 "-" "Mozilla/5.0 (Windows NT 6.1) AppleWebKit/537.36 (KHTML, like Gecko) Chrome/45.0.2454.85 Safari/537.36 OPR/32.0.1948.45"
185.162.16.189 - - [05/Oct/2024:04:37:07 +0300] "POST /bitrix/admin/?login=yes HTTP/1.0" 200 1010 "-" "Mozilla/5.0 (Windows NT 6.1) AppleWebKit/537.36 (KHTML, like Gecko) Chrome/45.0.2454.85 Safari/537.36 OPR/32.0.1948.45"
66.249.66.35 - - [05/Oct/2024:04:37:49 +0300] "GET /xmw23/how-much-does-it-cost-to-build-a-house-in-los-angeles.html HTTP/1.0" 200 22935 "-" "Mozilla/5.0 (Linux; Android 6.0.1; Nexus 5X Build/MMB29P) AppleWebKit/537.36 (KHTML, like Gecko) Chrome/129.0.6668.89 Mobile Safari/537.36 (compatible; GoogleOther)"
66.249.66.37 - - [05/Oct/2024:04:40:31 +0300] "GET /xmw23/salmon-latte-translations-the-villainous-family-is-against-independence.html HTTP/1.0" 200 15989 "-" "Mozilla/5.0 (Linux; Android 6.0.1; Nexus 5X Build/MMB29P) AppleWebKit/537.36 (KHTML, like Gecko) Chrome/129.0.6668.89 Mobile Safari/537.36 (compatible; GoogleOther)"
66.249.66.36 - - [05/Oct/2024:04:41:29 +0300] "GET /xmw23/apk-mentor-free-fire-hack-headshot.html HTTP/1.0" 200 31500 "-" "Mozilla/5.0 (Linux; Android 6.0.1; Nexus 5X Build/MMB29P) AppleWebKit/537.36 (KHTML, like Gecko) Chrome/129.0.6668.89 Mobile Safari/537.36 (compatible; Googlebot/2.1; +http://www.google.com/bot.html)"
66.249.66.37 - - [05/Oct/2024:04:42:33 +0300] "GET /xmw23/a-nurse-is-caring-for-a-client-who-is-having-difficulty-breathing-the-client-is-supine.html HTTP/1.0" 200 46535 "-" "Mozilla/5.0 (Linux; Android 6.0.1; Nexus 5X Build/MMB29P) AppleWebKit/537.36 (KHTML, like Gecko) Chrome/129.0.6668.89 Mobile Safari/537.36 (compatible; GoogleOther)"
66.249.66.35 - - [05/Oct/2024:04:43:53 +0300] "GET /xmw23/240-speaking-topics-with-sample-answers-pdf.html HTTP/1.0" 200 23170 "-" "Mozilla/5.0 (Linux; Android 6.0.1; Nexus 5X Build/MMB29P) AppleWebKit/537.36 (KHTML, like Gecko) Chrome/129.0.6668.89 Mobile Safari/537.36 (compatible; GoogleOther)"
66.249.66.35 - - [05/Oct/2024:04:44:30 +0300] "GET /xmw23/the-day-recent-obituaries.html HTTP/1.0" 200 14707 "-" "Mozilla/5.0 (Linux; Android 6.0.1; Nexus 5X Build/MMB29P) AppleWebKit/537.36 (KHTML, like Gecko) Chrome/129.0.6668.89 Mobile Safari/537.36 (compatible; Googlebot/2.1; +http://www.google.com/bot.html)"
66.249.66.37 - - [05/Oct/2024:04:44:30 +0300] "GET /xmw23/jasper-county-jail-inmate-search.html HTTP/1.0" 200 35483 "-" "Mozilla/5.0 (Linux; Android 6.0.1; Nexus 5X Build/MMB29P) AppleWebKit/537.36 (KHTML, like Gecko) Chrome/129.0.6668.89 Mobile Safari/537.36 (compatible; Googlebot/2.1; +http://www.google.com/bot.html)"
66.249.66.36 - - [05/Oct/2024:04:45:32 +0300] "GET /xmw23/yahoo-mlb-scores.html HTTP/1.0" 200 13246 "-" "Mozilla/5.0 (Linux; Android 6.0.1; Nexus 5X Build/MMB29P) AppleWebKit/537.36 (KHTML, like Gecko) Chrome/129.0.6668.89 Mobile Safari/537.36 (compatible; Googlebot/2.1; +http://www.google.com/bot.html)"
85.208.96.212 - - [05/Oct/2024:04:45:48 +0300] "GET /11dmchoxl7.html HTTP/1.0" 404 26593 "-" "Mozilla/5.0 (compatible; SemrushBot/7~bl; +http://www.semrush.com/bot.html)"
66.249.66.35 - - [05/Oct/2024:04:45:50 +0300] "GET /xmw23/weekend-cash-in-hand-work-birmingham-no-experience-needed-near-me.html HTTP/1.0" 200 15232 "-" "Mozilla/5.0 (Linux; Android 6.0.1; Nexus 5X Build/MMB29P) AppleWebKit/537.36 (KHTML, like Gecko) Chrome/129.0.6668.89 Mobile Safari/537.36 (compatible; GoogleOther)"
85.208.96.194 - - [05/Oct/2024:04:46:18 +0300] "GET /49nglypvpp.html HTTP/1.0" 404 23444 "-" "Mozilla/5.0 (compatible; SemrushBot/7~bl; +http://www.semrush.com/bot.html)"
66.249.66.36 - - [05/Oct/2024:04:47:17 +0300] "GET /xmw23/kokushibo-x-male-reader-ao3-forced.html HTTP/1.0" 200 22465 "-" "Mozilla/5.0 (Linux; Android 6.0.1; Nexus 5X Build/MMB29P) AppleWebKit/537.36 (KHTML, like Gecko) Chrome/129.0.6668.89 Mobile Safari/537.36 (compatible; GoogleOther)"
66.249.66.35 - - [05/Oct/2024:04:49:33 +0300] "GET /xmw23/pune-nga-shtepia-perkthim.html HTTP/1.0" 200 27080 "-" "Mozilla/5.0 (Linux; Android 6.0.1; Nexus 5X Build/MMB29P) AppleWebKit/537.36 (KHTML, like Gecko) Chrome/129.0.6668.89 Mobile Safari/537.36 (compatible; Googlebot/2.1; +http://www.google.com/bot.html)"
66.249.66.36 - - [05/Oct/2024:04:49:40 +0300] "GET /xmw23/fatal-car-accident-edmonton-this-week.html HTTP/1.0" 200 17897 "-" "Mozilla/5.0 (Linux; Android 6.0.1; Nexus 5X Build/MMB29P) AppleWebKit/537.36 (KHTML, like Gecko) Chrome/129.0.6668.89 Mobile Safari/537.36 (compatible; GoogleOther)"
85.208.96.212 - - [05/Oct/2024:04:49:43 +0300] "GET /2b7p0k7utz.html HTTP/1.0" 404 23444 "-" "Mozilla/5.0 (compatible; SemrushBot/7~bl; +http://www.semrush.com/bot.html)"
85.208.96.200 - - [05/Oct/2024:04:51:35 +0300] "GET /53e03zd9np.html HTTP/1.0" 404 23444 "-" "Mozilla/5.0 (compatible; SemrushBot/7~bl; +http://www.semrush.com/bot.html)"
66.249.66.35 - - [05/Oct/2024:04:52:01 +0300] "GET /xmw23/vertebralna-arterija-simptomi.html HTTP/1.0" 200 36851 "-" "Mozilla/5.0 (Linux; Android 6.0.1; Nexus 5X Build/MMB29P) AppleWebKit/537.36 (KHTML, like Gecko) Chrome/129.0.6668.89 Mobile Safari/537.36 (compatible; GoogleOther)"
66.249.66.35 - - [05/Oct/2024:04:54:23 +0300] "GET /xmw23/adenomioza-este-cancer.html HTTP/1.0" 200 50187 "-" "Mozilla/5.0 (Linux; Android 6.0.1; Nexus 5X Build/MMB29P) AppleWebKit/537.36 (KHTML, like Gecko) Chrome/129.0.6668.89 Mobile Safari/537.36 (compatible; GoogleOther)"
85.208.96.193 - - [05/Oct/2024:04:54:34 +0300] "GET /b24konq3q.html HTTP/1.0" 404 26591 "-" "Mozilla/5.0 (compatible; SemrushBot/7~bl; +http://www.semrush.com/bot.html)"
66.249.66.36 - - [05/Oct/2024:04:56:46 +0300] "GET /xmw23/plymouth-obituaries-this-week.html HTTP/1.0" 200 14844 "-" "Mozilla/5.0 (Linux; Android 6.0.1; Nexus 5X Build/MMB29P) AppleWebKit/537.36 (KHTML, like Gecko) Chrome/129.0.6668.89 Mobile Safari/537.36 (compatible; GoogleOther)"
216.131.68.240 - - [05/Oct/2024:04:57:24 +0300] "GET / HTTP/1.0" 200 322 "https://gcba.ru/" "Mozilla/5.0 (Windows NT 10.0.0; Win64; x64; ) AppleWebKit/537.36 (KHTML, like Gecko) Chrome/124.0.6367.119 Chrome/124.0.6367.119 Not-A.Brand/99 Safari/537.36"
66.249.66.35 - - [05/Oct/2024:04:59:08 +0300] "GET /xmw23/tablete-za-bolju-cirkulaciju-u-vratu.html HTTP/1.0" 500 3490 "-" "Mozilla/5.0 (Linux; Android 6.0.1; Nexus 5X Build/MMB29P) AppleWebKit/537.36 (KHTML, like Gecko) Chrome/129.0.6668.89 Mobile Safari/537.36 (compatible; GoogleOther)"
66.249.66.37 - - [05/Oct/2024:05:01:30 +0300] "GET /xmw23/no-experience-jobs-toronto-no-experience-needed.html HTTP/1.0" 200 27937 "-" "Mozilla/5.0 (Linux; Android 6.0.1; Nexus 5X Build/MMB29P) AppleWebKit/537.36 (KHTML, like Gecko) Chrome/129.0.6668.89 Mobile Safari/537.36 (compatible; GoogleOther)"
66.249.66.35 - - [05/Oct/2024:05:03:52 +0300] "GET /xmw23/what-is-lopeswrite.html HTTP/1.0" 200 14382 "-" "Mozilla/5.0 (Linux; Android 6.0.1; Nexus 5X Build/MMB29P) AppleWebKit/537.36 (KHTML, like Gecko) Chrome/129.0.6668.89 Mobile Safari/537.36 (compatible; GoogleOther)"
66.249.66.35 - - [05/Oct/2024:05:04:16 +0300] "GET /xmw23/client-acceptance-and-continuance-checklist-pdf.html HTTP/1.0" 200 33227 "-" "Mozilla/5.0 (Linux; Android 6.0.1; Nexus 5X Build/MMB29P) AppleWebKit/537.36 (KHTML, like Gecko) Chrome/129.0.6668.89 Mobile Safari/537.36 (compatible; GoogleOther)"
185.191.171.15 - - [05/Oct/2024:05:07:28 +0300] "GET /7797uwtdl.html HTTP/1.0" 404 26591 "-" "Mozilla/5.0 (compatible; SemrushBot/7~bl; +http://www.semrush.com/bot.html)"
185.191.171.10 - - [05/Oct/2024:05:11:39 +0300] "GET /4c703afb5v.html HTTP/1.0" 404 26593 "-" "Mozilla/5.0 (compatible; SemrushBot/7~bl; +http://www.semrush.com/bot.html)"
85.208.96.198 - - [05/Oct/2024:05:14:46 +0300] "GET /5cll6gztan.html HTTP/1.0" 404 26593 "-" "Mozilla/5.0 (compatible; SemrushBot/7~bl; +http://www.semrush.com/bot.html)"
66.249.66.36 - - [05/Oct/2024:05:15:16 +0300] "GET /xmw23/pydantic-enum-values.html HTTP/1.0" 200 34571 "-" "Mozilla/5.0 (Linux; Android 6.0.1; Nexus 5X Build/MMB29P) AppleWebKit/537.36 (KHTML, like Gecko) Chrome/129.0.6668.89 Mobile Safari/537.36 (compatible; GoogleOther)"
66.249.66.35 - - [05/Oct/2024:05:15:21 +0300] "GET /xmw23/disparition-france.html HTTP/1.0" 200 21552 "-" "Mozilla/5.0 (Linux; Android 6.0.1; Nexus 5X Build/MMB29P) AppleWebKit/537.36 (KHTML, like Gecko) Chrome/129.0.6668.89 Mobile Safari/537.36 (compatible; GoogleOther)"
185.191.171.8 - - [05/Oct/2024:05:15:35 +0300] "GET /jc0odctj3.html HTTP/1.0" 404 23442 "-" "Mozilla/5.0 (compatible; SemrushBot/7~bl; +http://www.semrush.com/bot.html)"
66.249.66.36 - - [05/Oct/2024:05:16:33 +0300] "GET /xmw23/entry-level-software-engineer-jobs-with-visa-sponsorship-uk-no-experience.html HTTP/1.0" 200 19363 "-" "Mozilla/5.0 (Linux; Android 6.0.1; Nexus 5X Build/MMB29P) AppleWebKit/537.36 (KHTML, like Gecko) Chrome/129.0.6668.89 Mobile Safari/537.36 (compatible; GoogleOther)"
85.208.96.196 - - [05/Oct/2024:05:16:38 +0300] "GET /3aiiami2za.html HTTP/1.0" 404 23444 "-" "Mozilla/5.0 (compatible; SemrushBot/7~bl; +http://www.semrush.com/bot.html)"
66.249.66.35 - - [05/Oct/2024:05:17:45 +0300] "GET /xmw23/affpaying-alternative.html HTTP/1.0" 200 30507 "-" "Mozilla/5.0 (Linux; Android 6.0.1; Nexus 5X Build/MMB29P) AppleWebKit/537.36 (KHTML, like Gecko) Chrome/129.0.6668.89 Mobile Safari/537.36 (compatible; GoogleOther)"
85.208.96.200 - - [05/Oct/2024:05:17:47 +0300] "GET /3mk0e0afgq.html HTTP/1.0" 404 23444 "-" "Mozilla/5.0 (compatible; SemrushBot/7~bl; +http://www.semrush.com/bot.html)"
66.249.66.37 - - [05/Oct/2024:05:18:56 +0300] "GET /xmw23/a-nurse-is-performing-a-home-safety-assessment-for-a-client-who-is-receiving-supplemental-oxygen.html HTTP/1.0" 200 42068 "-" "Mozilla/5.0 (Linux; Android 6.0.1; Nexus 5X Build/MMB29P) AppleWebKit/537.36 (KHTML, like Gecko) Chrome/129.0.6668.89 Mobile Safari/537.36 (compatible; GoogleOther)"
85.208.96.197 - - [05/Oct/2024:05:20:01 +0300] "GET /67hgmuieem.html HTTP/1.0" 404 26593 "-" "Mozilla/5.0 (compatible; SemrushBot/7~bl; +http://www.semrush.com/bot.html)"
66.249.66.36 - - [05/Oct/2024:05:20:07 +0300] "GET /xmw23/federal-bureau-of-prisons-encuentra-a-un-preso.html HTTP/1.0" 200 27782 "-" "Mozilla/5.0 (Linux; Android 6.0.1; Nexus 5X Build/MMB29P) AppleWebKit/537.36 (KHTML, like Gecko) Chrome/129.0.6668.89 Mobile Safari/537.36 (compatible; GoogleOther)"
66.249.66.35 - - [05/Oct/2024:05:21:19 +0300] "GET /xmw23/humboldt,-ks-obituaries.html HTTP/1.0" 404 23598 "-" "Mozilla/5.0 (Linux; Android 6.0.1; Nexus 5X Build/MMB29P) AppleWebKit/537.36 (KHTML, like Gecko) Chrome/129.0.6668.89 Mobile Safari/537.36 (compatible; GoogleOther)"
66.249.66.37 - - [05/Oct/2024:05:22:30 +0300] "GET /xmw23/polymer-innovations-pond-sealer.html HTTP/1.0" 200 18972 "-" "Mozilla/5.0 (Linux; Android 6.0.1; Nexus 5X Build/MMB29P) AppleWebKit/537.36 (KHTML, like Gecko) Chrome/129.0.6668.89 Mobile Safari/537.36 (compatible; GoogleOther)"
185.191.171.7 - - [05/Oct/2024:05:23:00 +0300] "GET /5lmo6w5n9u.html HTTP/1.0" 404 26593 "-" "Mozilla/5.0 (compatible; SemrushBot/7~bl; +http://www.semrush.com/bot.html)"
66.249.66.36 - - [05/Oct/2024:05:24:39 +0300] "GET /xmw23/calculus-questions-and-answers-pdf-download.html HTTP/1.0" 200 37666 "-" "Mozilla/5.0 (Linux; Android 6.0.1; Nexus 5X Build/MMB29P) AppleWebKit/537.36 (KHTML, like Gecko) Chrome/129.0.6668.89 Mobile Safari/537.36 (compatible; GoogleOther)"
66.249.66.36 - - [05/Oct/2024:05:24:50 +0300] "GET /xmw23/apprenticeship.html HTTP/1.0" 200 18040 "-" "Mozilla/5.0 (Linux; Android 6.0.1; Nexus 5X Build/MMB29P) AppleWebKit/537.36 (KHTML, like Gecko) Chrome/129.0.6668.89 Mobile Safari/537.36 (compatible; GoogleOther)"
85.208.96.210 - - [05/Oct/2024:05:25:53 +0300] "GET /5mi6gpxtub.html HTTP/1.0" 404 23444 "-" "Mozilla/5.0 (compatible; SemrushBot/7~bl; +http://www.semrush.com/bot.html)"
66.249.66.36 - - [05/Oct/2024:05:27:12 +0300] "GET /xmw23/rockville-centre-herald-obituaries.html HTTP/1.0" 200 27129 "-" "Mozilla/5.0 (Linux; Android 6.0.1; Nexus 5X Build/MMB29P) AppleWebKit/537.36 (KHTML, like Gecko) Chrome/129.0.6668.89 Mobile Safari/537.36 (compatible; GoogleOther)"
185.191.171.8 - - [05/Oct/2024:05:29:33 +0300] "GET /5dojbrkb5f.html HTTP/1.0" 404 26593 "-" "Mozilla/5.0 (compatible; SemrushBot/7~bl; +http://www.semrush.com/bot.html)"
66.249.66.36 - - [05/Oct/2024:05:29:35 +0300] "GET /xmw23/vnc-server-windows.html HTTP/1.0" 200 24130 "-" "Mozilla/5.0 (Linux; Android 6.0.1; Nexus 5X Build/MMB29P) AppleWebKit/537.36 (KHTML, like Gecko) Chrome/129.0.6668.89 Mobile Safari/537.36 (compatible; GoogleOther)"
66.249.66.35 - - [05/Oct/2024:05:31:57 +0300] "GET /xmw23/ncis-fanfiction-tony-counterintelligence.html HTTP/1.0" 200 26961 "-" "Mozilla/5.0 (Linux; Android 6.0.1; Nexus 5X Build/MMB29P) AppleWebKit/537.36 (KHTML, like Gecko) Chrome/129.0.6668.89 Mobile Safari/537.36 (compatible; GoogleOther)"
185.191.171.5 - - [05/Oct/2024:05:32:35 +0300] "GET /2k24awnxgg.html HTTP/1.0" 404 26593 "-" "Mozilla/5.0 (compatible; SemrushBot/7~bl; +http://www.semrush.com/bot.html)"
66.249.66.36 - - [05/Oct/2024:05:34:19 +0300] "GET /xmw23/victoria-advocate.html HTTP/1.0" 200 14108 "-" "Mozilla/5.0 (Linux; Android 6.0.1; Nexus 5X Build/MMB29P) AppleWebKit/537.36 (KHTML, like Gecko) Chrome/129.0.6668.89 Mobile Safari/537.36 (compatible; GoogleOther)"
66.249.66.37 - - [05/Oct/2024:05:36:41 +0300] "GET /xmw23/emra-musliman-per-vajza.html HTTP/1.0" 200 24159 "-" "Mozilla/5.0 (Linux; Android 6.0.1; Nexus 5X Build/MMB29P) AppleWebKit/537.36 (KHTML, like Gecko) Chrome/129.0.6668.89 Mobile Safari/537.36 (compatible; GoogleOther)"
66.249.66.35 - - [05/Oct/2024:05:39:03 +0300] "GET /xmw23/how-to-get-a-job-in-masjid-al-haram-for-male.html HTTP/1.0" 200 42871 "-" "Mozilla/5.0 (Linux; Android 6.0.1; Nexus 5X Build/MMB29P) AppleWebKit/537.36 (KHTML, like Gecko) Chrome/129.0.6668.89 Mobile Safari/537.36 (compatible; GoogleOther)"
85.208.96.210 - - [05/Oct/2024:05:39:25 +0300] "GET /556fldqqe7.html HTTP/1.0" 404 26593 "-" "Mozilla/5.0 (compatible; SemrushBot/7~bl; +http://www.semrush.com/bot.html)"
66.249.66.35 - - [05/Oct/2024:05:40:36 +0300] "GET /xmw23/domino-tavanske-merdevine.html HTTP/1.0" 200 22332 "-" "Mozilla/5.0 (Linux; Android 6.0.1; Nexus 5X Build/MMB29P) AppleWebKit/537.36 (KHTML, like Gecko) Chrome/129.0.6668.89 Mobile Safari/537.36 (compatible; Googlebot/2.1; +http://www.google.com/bot.html)"
66.249.66.37 - - [05/Oct/2024:05:41:25 +0300] "GET /xmw23/feature-installer-code-generator.html HTTP/1.0" 200 19573 "-" "Mozilla/5.0 (Linux; Android 6.0.1; Nexus 5X Build/MMB29P) AppleWebKit/537.36 (KHTML, like Gecko) Chrome/129.0.6668.89 Mobile Safari/537.36 (compatible; GoogleOther)"
66.249.66.36 - - [05/Oct/2024:05:41:36 +0300] "GET /xmw23/singer-job-vacancies-matara.html HTTP/1.0" 200 30143 "-" "Mozilla/5.0 (Linux; Android 6.0.1; Nexus 5X Build/MMB29P) AppleWebKit/537.36 (KHTML, like Gecko) Chrome/129.0.6668.89 Mobile Safari/537.36 (compatible; Googlebot/2.1; +http://www.google.com/bot.html)"
66.249.66.35 - - [05/Oct/2024:05:43:48 +0300] "GET /xmw23/regas-novel-spring-of-romance-wattpad-read-online-free.html HTTP/1.0" 200 18124 "-" "Mozilla/5.0 (Linux; Android 6.0.1; Nexus 5X Build/MMB29P) AppleWebKit/537.36 (KHTML, like Gecko) Chrome/129.0.6668.89 Mobile Safari/537.36 (compatible; GoogleOther)"
85.208.96.203 - - [05/Oct/2024:05:44:32 +0300] "GET /4210janurg.html HTTP/1.0" 404 26593 "-" "Mozilla/5.0 (compatible; SemrushBot/7~bl; +http://www.semrush.com/bot.html)"
66.249.66.35 - - [05/Oct/2024:05:45:02 +0300] "GET /xmw23/proform-995c-manual-pdf-free.html HTTP/1.0" 200 16500 "-" "Mozilla/5.0 (Linux; Android 6.0.1; Nexus 5X Build/MMB29P) AppleWebKit/537.36 (KHTML, like Gecko) Chrome/129.0.6668.89 Mobile Safari/537.36 (compatible; GoogleOther)"
66.249.66.37 - - [05/Oct/2024:05:46:09 +0300] "GET /xmw23/brain-research-impact-factor.html HTTP/1.0" 200 24453 "-" "Mozilla/5.0 (Linux; Android 6.0.1; Nexus 5X Build/MMB29P) AppleWebKit/537.36 (KHTML, like Gecko) Chrome/129.0.6668.89 Mobile Safari/537.36 (compatible; GoogleOther)"
85.208.96.197 - - [05/Oct/2024:05:47:10 +0300] "GET /8cc3rqbbe.html HTTP/1.0" 404 23442 "-" "Mozilla/5.0 (compatible; SemrushBot/7~bl; +http://www.semrush.com/bot.html)"
66.249.66.35 - - [05/Oct/2024:05:48:31 +0300] "GET /xmw23/prescribing-guidelines-for-doctors.html HTTP/1.0" 200 24514 "-" "Mozilla/5.0 (Linux; Android 6.0.1; Nexus 5X Build/MMB29P) AppleWebKit/537.36 (KHTML, like Gecko) Chrome/129.0.6668.89 Mobile Safari/537.36 (compatible; GoogleOther)"
66.249.66.36 - - [05/Oct/2024:05:50:53 +0300] "GET /xmw23/najbolji-caj-za-bol-u-jajnicima.html HTTP/1.0" 200 29935 "-" "Mozilla/5.0 (Linux; Android 6.0.1; Nexus 5X Build/MMB29P) AppleWebKit/537.36 (KHTML, like Gecko) Chrome/129.0.6668.89 Mobile Safari/537.36 (compatible; GoogleOther)"
185.191.171.11 - - [05/Oct/2024:05:51:45 +0300] "GET /1ik6jhyb75.html HTTP/1.0" 404 23444 "-" "Mozilla/5.0 (compatible; SemrushBot/7~bl; +http://www.semrush.com/bot.html)"
66.249.66.35 - - [05/Oct/2024:05:53:15 +0300] "GET /xmw23/rome-sentinel-news.html HTTP/1.0" 200 29395 "-" "Mozilla/5.0 (Linux; Android 6.0.1; Nexus 5X Build/MMB29P) AppleWebKit/537.36 (KHTML, like Gecko) Chrome/129.0.6668.89 Mobile Safari/537.36 (compatible; GoogleOther)"
66.249.66.35 - - [05/Oct/2024:05:55:38 +0300] "GET /xmw23/a-lejohet-derdhja-ne-shtatzani.html HTTP/1.0" 200 46398 "-" "Mozilla/5.0 (Linux; Android 6.0.1; Nexus 5X Build/MMB29P) AppleWebKit/537.36 (KHTML, like Gecko) Chrome/129.0.6668.89 Mobile Safari/537.36 (compatible; GoogleOther)"
66.249.66.37 - - [05/Oct/2024:05:58:00 +0300] "GET /xmw23/film-holder-for-scanning.html HTTP/1.0" 200 26572 "-" "Mozilla/5.0 (Linux; Android 6.0.1; Nexus 5X Build/MMB29P) AppleWebKit/537.36 (KHTML, like Gecko) Chrome/129.0.6668.89 Mobile Safari/537.36 (compatible; GoogleOther)"
66.249.66.35 - - [05/Oct/2024:06:00:22 +0300] "GET /xmw23/dalton-citizen-news-obituaries.html HTTP/1.0" 200 17107 "-" "Mozilla/5.0 (Linux; Android 6.0.1; Nexus 5X Build/MMB29P) AppleWebKit/537.36 (KHTML, like Gecko) Chrome/129.0.6668.89 Mobile Safari/537.36 (compatible; GoogleOther)"
85.208.96.196 - - [05/Oct/2024:06:01:54 +0300] "GET /46jbedqtwj.html HTTP/1.0" 404 26593 "-" "Mozilla/5.0 (compatible; SemrushBot/7~bl; +http://www.semrush.com/bot.html)"
66.249.66.37 - - [05/Oct/2024:06:02:46 +0300] "GET /xmw23/avengers-fanfiction-peter-not-allowed-on-field-trip-wattpad.html HTTP/1.0" 200 36394 "-" "Mozilla/5.0 (Linux; Android 6.0.1; Nexus 5X Build/MMB29P) AppleWebKit/537.36 (KHTML, like Gecko) Chrome/129.0.6668.89 Mobile Safari/537.36 (compatible; GoogleOther)"
66.249.66.35 - - [05/Oct/2024:06:04:51 +0300] "GET /xmw23/electrical-wiring-book-pdf-free-download.html HTTP/1.0" 200 21063 "-" "Mozilla/5.0 (Linux; Android 6.0.1; Nexus 5X Build/MMB29P) AppleWebKit/537.36 (KHTML, like Gecko) Chrome/129.0.6668.89 Mobile Safari/537.36 (compatible; GoogleOther)"
66.249.66.37 - - [05/Oct/2024:06:05:12 +0300] "GET /xmw23/cancellationtoken-iscancellationrequested.html HTTP/1.0" 200 21361 "-" "Mozilla/5.0 (Linux; Android 6.0.1; Nexus 5X Build/MMB29P) AppleWebKit/537.36 (KHTML, like Gecko) Chrome/129.0.6668.89 Mobile Safari/537.36 (compatible; GoogleOther)"
66.249.66.37 - - [05/Oct/2024:06:07:34 +0300] "GET /xmw23/max-funeral-home-obituary.html HTTP/1.0" 200 26032 "-" "Mozilla/5.0 (Linux; Android 6.0.1; Nexus 5X Build/MMB29P) AppleWebKit/537.36 (KHTML, like Gecko) Chrome/129.0.6668.89 Mobile Safari/537.36 (compatible; GoogleOther)"
85.208.96.198 - - [05/Oct/2024:06:07:39 +0300] "GET /56e24xwl7q.html HTTP/1.0" 404 26593 "-" "Mozilla/5.0 (compatible; SemrushBot/7~bl; +http://www.semrush.com/bot.html)"
85.208.96.207 - - [05/Oct/2024:06:08:54 +0300] "GET /66h3kpu2jp.html HTTP/1.0" 404 23444 "-" "Mozilla/5.0 (compatible; SemrushBot/7~bl; +http://www.semrush.com/bot.html)"
66.249.66.37 - - [05/Oct/2024:06:09:58 +0300] "GET /xmw23/remove-drm-reddit.html HTTP/1.0" 200 22298 "-" "Mozilla/5.0 (Linux; Android 6.0.1; Nexus 5X Build/MMB29P) AppleWebKit/537.36 (KHTML, like Gecko) Chrome/129.0.6668.89 Mobile Safari/537.36 (compatible; GoogleOther)"
66.249.66.37 - - [05/Oct/2024:06:12:22 +0300] "GET /xmw23/citi-mobile-app-apk.html HTTP/1.0" 200 19370 "-" "Mozilla/5.0 (Linux; Android 6.0.1; Nexus 5X Build/MMB29P) AppleWebKit/537.36 (KHTML, like Gecko) Chrome/129.0.6668.89 Mobile Safari/537.36 (compatible; GoogleOther)"
85.208.96.208 - - [05/Oct/2024:06:13:18 +0300] "GET /6an7krwqb0.html HTTP/1.0" 404 26593 "-" "Mozilla/5.0 (compatible; SemrushBot/7~bl; +http://www.semrush.com/bot.html)"
185.191.171.5 - - [05/Oct/2024:06:13:45 +0300] "GET /1978ceotm3.html HTTP/1.0" 404 26593 "-" "Mozilla/5.0 (compatible; SemrushBot/7~bl; +http://www.semrush.com/bot.html)"
66.249.66.36 - - [05/Oct/2024:06:14:46 +0300] "GET /xmw23/docker-run-and-exec-into-container.html HTTP/1.0" 200 35859 "-" "Mozilla/5.0 (Linux; Android 6.0.1; Nexus 5X Build/MMB29P) AppleWebKit/537.36 (KHTML, like Gecko) Chrome/129.0.6668.89 Mobile Safari/537.36 (compatible; GoogleOther)"
66.249.66.35 - - [05/Oct/2024:06:17:10 +0300] "GET /xmw23/arriva-group.html HTTP/1.0" 200 36059 "-" "Mozilla/5.0 (Linux; Android 6.0.1; Nexus 5X Build/MMB29P) AppleWebKit/537.36 (KHTML, like Gecko) Chrome/129.0.6668.89 Mobile Safari/537.36 (compatible; GoogleOther)"
85.208.96.196 - - [05/Oct/2024:06:17:47 +0300] "GET /2hdo3t9ral.html HTTP/1.0" 404 23444 "-" "Mozilla/5.0 (compatible; SemrushBot/7~bl; +http://www.semrush.com/bot.html)"
66.249.66.37 - - [05/Oct/2024:06:19:34 +0300] "GET /xmw23/mycase-indiana-warrants.html HTTP/1.0" 200 22978 "-" "Mozilla/5.0 (Linux; Android 6.0.1; Nexus 5X Build/MMB29P) AppleWebKit/537.36 (KHTML, like Gecko) Chrome/129.0.6668.89 Mobile Safari/537.36 (compatible; GoogleOther)"
199.101.192.94 - - [05/Oct/2024:06:21:19 +0300] "GET / HTTP/1.0" 200 3471 "http://gcba.ru" "Mozilla/5.0 (X11; Linux x86_64) AppleWebKit/537.36 (KHTML, like Gecko) Chrome/114.0.0.0 Safari/537.36"
199.101.192.93 - - [05/Oct/2024:06:21:20 +0300] "GET / HTTP/1.0" 200 322 "-" "Mozilla/5.0 (X11; Linux x86_64) AppleWebKit/537.36 (KHTML, like Gecko) Chrome/114.0.0.0 Safari/537.36"
185.191.171.2 - - [05/Oct/2024:06:21:20 +0300] "GET /1nmc6tjxer.html HTTP/1.0" 404 23444 "-" "Mozilla/5.0 (compatible; SemrushBot/7~bl; +http://www.semrush.com/bot.html)"
199.101.192.94 - - [05/Oct/2024:06:21:21 +0300] "GET / HTTP/1.0" 200 322 "-" "Mozilla/5.0 (X11; Linux x86_64) AppleWebKit/537.36 (KHTML, like Gecko) Chrome/114.0.0.0 Safari/537.36"
66.249.66.36 - - [05/Oct/2024:06:21:58 +0300] "GET /xmw23/japan-working-holiday-visa.html HTTP/1.0" 200 23228 "-" "Mozilla/5.0 (Linux; Android 6.0.1; Nexus 5X Build/MMB29P) AppleWebKit/537.36 (KHTML, like Gecko) Chrome/129.0.6668.89 Mobile Safari/537.36 (compatible; GoogleOther)"
85.208.96.196 - - [05/Oct/2024:06:23:30 +0300] "GET /3ceomggr9y.html HTTP/1.0" 404 23444 "-" "Mozilla/5.0 (compatible; SemrushBot/7~bl; +http://www.semrush.com/bot.html)"
66.249.66.36 - - [05/Oct/2024:06:24:22 +0300] "GET /xmw23/g3t-apk.html HTTP/1.0" 200 41332 "-" "Mozilla/5.0 (Linux; Android 6.0.1; Nexus 5X Build/MMB29P) AppleWebKit/537.36 (KHTML, like Gecko) Chrome/129.0.6668.89 Mobile Safari/537.36 (compatible; GoogleOther)"
66.249.66.36 - - [05/Oct/2024:06:24:39 +0300] "GET /xmw23/calculus-for-beginners-pdf.html HTTP/1.0" 200 23970 "-" "Mozilla/5.0 (Linux; Android 6.0.1; Nexus 5X Build/MMB29P) AppleWebKit/537.36 (KHTML, like Gecko) Chrome/129.0.6668.89 Mobile Safari/537.36 (compatible; GoogleOther)"
66.249.66.35 - - [05/Oct/2024:06:26:46 +0300] "GET /xmw23/unable-to-start-container-process-exec-entrypoint-sh-permission-denied-unknown.html HTTP/1.0" 200 21737 "-" "Mozilla/5.0 (Linux; Android 6.0.1; Nexus 5X Build/MMB29P) AppleWebKit/537.36 (KHTML, like Gecko) Chrome/129.0.6668.89 Mobile Safari/537.36 (compatible; GoogleOther)"
85.208.96.203 - - [05/Oct/2024:06:27:39 +0300] "GET /1755dywo49.html HTTP/1.0" 404 23444 "-" "Mozilla/5.0 (compatible; SemrushBot/7~bl; +http://www.semrush.com/bot.html)"
66.249.66.35 - - [05/Oct/2024:06:29:10 +0300] "GET /xmw23/job-vacancy-in-dairy-farm-management-with-visa-sponsorship-in-morocco.html HTTP/1.0" 200 16653 "-" "Mozilla/5.0 (Linux; Android 6.0.1; Nexus 5X Build/MMB29P) AppleWebKit/537.36 (KHTML, like Gecko) Chrome/129.0.6668.89 Mobile Safari/537.36 (compatible; GoogleOther)"
185.191.171.13 - - [05/Oct/2024:06:29:52 +0300] "GET /33ob46hrnp.html HTTP/1.0" 404 23444 "-" "Mozilla/5.0 (compatible; SemrushBot/7~bl; +http://www.semrush.com/bot.html)"
66.249.66.35 - - [05/Oct/2024:06:31:34 +0300] "GET /xmw23/ncis-fanfiction-tony-betrayed-by-team-during-her.html HTTP/1.0" 200 23293 "-" "Mozilla/5.0 (Linux; Android 6.0.1; Nexus 5X Build/MMB29P) AppleWebKit/537.36 (KHTML, like Gecko) Chrome/129.0.6668.89 Mobile Safari/537.36 (compatible; GoogleOther)"
66.249.66.35 - - [05/Oct/2024:06:33:58 +0300] "GET /xmw23/un-sponsorship.html HTTP/1.0" 200 25894 "-" "Mozilla/5.0 (Linux; Android 6.0.1; Nexus 5X Build/MMB29P) AppleWebKit/537.36 (KHTML, like Gecko) Chrome/129.0.6668.89 Mobile Safari/537.36 (compatible; GoogleOther)"
66.249.66.37 - - [05/Oct/2024:06:36:22 +0300] "GET /xmw23/rome-newspaper-obituaries.html HTTP/1.0" 200 25158 "-" "Mozilla/5.0 (Linux; Android 6.0.1; Nexus 5X Build/MMB29P) AppleWebKit/537.36 (KHTML, like Gecko) Chrome/129.0.6668.89 Mobile Safari/537.36 (compatible; GoogleOther)"
185.191.171.11 - - [05/Oct/2024:06:37:20 +0300] "GET /42a5ehopfv.html HTTP/1.0" 404 26593 "-" "Mozilla/5.0 (compatible; SemrushBot/7~bl; +http://www.semrush.com/bot.html)"
66.249.66.35 - - [05/Oct/2024:06:38:46 +0300] "GET /xmw23/desires-die-hard-novel-read-online-free.html HTTP/1.0" 200 29316 "-" "Mozilla/5.0 (Linux; Android 6.0.1; Nexus 5X Build/MMB29P) AppleWebKit/537.36 (KHTML, like Gecko) Chrome/129.0.6668.89 Mobile Safari/537.36 (compatible; GoogleOther)"
66.249.66.37 - - [05/Oct/2024:06:41:10 +0300] "GET /xmw23/his-billionaire-ex-wife-jessica-and-lucas.html HTTP/1.0" 200 22729 "-" "Mozilla/5.0 (Linux; Android 6.0.1; Nexus 5X Build/MMB29P) AppleWebKit/537.36 (KHTML, like Gecko) Chrome/129.0.6668.89 Mobile Safari/537.36 (compatible; GoogleOther)"
185.191.171.10 - - [05/Oct/2024:06:41:34 +0300] "GET /4k66gcuh4e.html HTTP/1.0" 404 23444 "-" "Mozilla/5.0 (compatible; SemrushBot/7~bl; +http://www.semrush.com/bot.html)"
66.249.66.36 - - [05/Oct/2024:06:42:44 +0300] "GET /xmw23/java-e-5-e-shtatzanise.html HTTP/1.0" 200 28933 "-" "Mozilla/5.0 (Linux; Android 6.0.1; Nexus 5X Build/MMB29P) AppleWebKit/537.36 (KHTML, like Gecko) Chrome/129.0.6668.89 Mobile Safari/537.36 (compatible; GoogleOther)"
66.249.66.35 - - [05/Oct/2024:06:43:33 +0300] "GET /xmw23/najbolji-koncentrat-za-koke-nosilje.html HTTP/1.0" 200 40432 "-" "Mozilla/5.0 (Linux; Android 6.0.1; Nexus 5X Build/MMB29P) AppleWebKit/537.36 (KHTML, like Gecko) Chrome/129.0.6668.89 Mobile Safari/537.36 (compatible; GoogleOther)"
66.249.66.36 - - [05/Oct/2024:06:44:28 +0300] "GET /xmw23/thermodynamics-notes-pdf-1st-year.html HTTP/1.0" 200 22989 "-" "Mozilla/5.0 (Linux; Android 6.0.1; Nexus 5X Build/MMB29P) AppleWebKit/537.36 (KHTML, like Gecko) Chrome/129.0.6668.89 Mobile Safari/537.36 (compatible; GoogleOther)"
66.249.66.36 - - [05/Oct/2024:06:45:58 +0300] "GET /xmw23/busted-newspaper-california.html HTTP/1.0" 200 9091 "-" "Mozilla/5.0 (Linux; Android 6.0.1; Nexus 5X Build/MMB29P) AppleWebKit/537.36 (KHTML, like Gecko) Chrome/129.0.6668.89 Mobile Safari/537.36 (compatible; GoogleOther)"
66.249.66.36 - - [05/Oct/2024:06:48:22 +0300] "GET /xmw23/suspend-ubuntu-from-terminal.html HTTP/1.0" 200 30474 "-" "Mozilla/5.0 (Linux; Android 6.0.1; Nexus 5X Build/MMB29P) AppleWebKit/537.36 (KHTML, like Gecko) Chrome/129.0.6668.89 Mobile Safari/537.36 (compatible; GoogleOther)"
66.249.66.36 - - [05/Oct/2024:06:50:45 +0300] "GET /xmw23/hip-rt.html HTTP/1.0" 200 22801 "-" "Mozilla/5.0 (Linux; Android 6.0.1; Nexus 5X Build/MMB29P) AppleWebKit/537.36 (KHTML, like Gecko) Chrome/129.0.6668.89 Mobile Safari/537.36 (compatible; GoogleOther)"
66.249.66.37 - - [05/Oct/2024:06:53:10 +0300] "GET /xmw23/villain-deku-ao3.html HTTP/1.0" 200 25543 "-" "Mozilla/5.0 (Linux; Android 6.0.1; Nexus 5X Build/MMB29P) AppleWebKit/537.36 (KHTML, like Gecko) Chrome/129.0.6668.89 Mobile Safari/537.36 (compatible; GoogleOther)"
66.249.66.37 - - [05/Oct/2024:06:55:34 +0300] "GET /xmw23/ishrana-posle-embriotransfera-forum.html HTTP/1.0" 200 35654 "-" "Mozilla/5.0 (Linux; Android 6.0.1; Nexus 5X Build/MMB29P) AppleWebKit/537.36 (KHTML, like Gecko) Chrome/129.0.6668.89 Mobile Safari/537.36 (compatible; GoogleOther)"
85.208.96.195 - - [05/Oct/2024:06:56:33 +0300] "GET /1dhi7adppq.html HTTP/1.0" 404 23444 "-" "Mozilla/5.0 (compatible; SemrushBot/7~bl; +http://www.semrush.com/bot.html)"
54.36.149.39 - - [05/Oct/2024:06:56:56 +0300] "GET /news/pravo/zarplatu-za-schet-sredstv-subsidii-osvobodili-ot-ndfl/ HTTP/1.0" 200 24311 "-" "Mozilla/5.0 (compatible; AhrefsBot/7.0; +http://ahrefs.com/robot/)"
185.191.171.13 - - [05/Oct/2024:06:57:14 +0300] "GET /651kjqyvbw.html HTTP/1.0" 404 26593 "-" "Mozilla/5.0 (compatible; SemrushBot/7~bl; +http://www.semrush.com/bot.html)"
66.249.66.36 - - [05/Oct/2024:06:57:57 +0300] "GET /xmw23/administrative-officer-job-description.html HTTP/1.0" 200 48557 "-" "Mozilla/5.0 (Linux; Android 6.0.1; Nexus 5X Build/MMB29P) AppleWebKit/537.36 (KHTML, like Gecko) Chrome/129.0.6668.89 Mobile Safari/537.36 (compatible; GoogleOther)"
66.249.66.36 - - [05/Oct/2024:07:00:21 +0300] "GET /xmw23/influence-of-pharmaceutical-companies-on-prescribing-practices.html HTTP/1.0" 200 25628 "-" "Mozilla/5.0 (Linux; Android 6.0.1; Nexus 5X Build/MMB29P) AppleWebKit/537.36 (KHTML, like Gecko) Chrome/129.0.6668.89 Mobile Safari/537.36 (compatible; GoogleOther)"
66.249.66.36 - - [05/Oct/2024:07:00:49 +0300] "GET /xmw23/citibank-website-not-working-in-chrome.html HTTP/1.0" 200 20258 "-" "Mozilla/5.0 (Linux; Android 6.0.1; Nexus 5X Build/MMB29P) AppleWebKit/537.36 (KHTML, like Gecko) Chrome/129.0.6668.89 Mobile Safari/537.36 (compatible; Googlebot/2.1; +http://www.google.com/bot.html)"
66.249.66.35 - - [05/Oct/2024:07:00:51 +0300] "GET /xmw23/forklift-operator-jobs-in-india.html HTTP/1.0" 200 32971 "-" "Mozilla/5.0 (Linux; Android 6.0.1; Nexus 5X Build/MMB29P) AppleWebKit/537.36 (KHTML, like Gecko) Chrome/129.0.6668.89 Mobile Safari/537.36 (compatible; Googlebot/2.1; +http://www.google.com/bot.html)"
185.191.171.1 - - [05/Oct/2024:07:01:28 +0300] "GET /1dn07asg4q.html HTTP/1.0" 404 23444 "-" "Mozilla/5.0 (compatible; SemrushBot/7~bl; +http://www.semrush.com/bot.html)"
85.208.96.212 - - [05/Oct/2024:07:01:47 +0300] "GET /39p35ivzrk.html HTTP/1.0" 404 23444 "-" "Mozilla/5.0 (compatible; SemrushBot/7~bl; +http://www.semrush.com/bot.html)"
66.249.66.36 - - [05/Oct/2024:07:02:46 +0300] "GET /xmw23/toddler-biting-own-arm.html HTTP/1.0" 200 25132 "-" "Mozilla/5.0 (Linux; Android 6.0.1; Nexus 5X Build/MMB29P) AppleWebKit/537.36 (KHTML, like Gecko) Chrome/129.0.6668.89 Mobile Safari/537.36 (compatible; GoogleOther)"
66.249.66.36 - - [05/Oct/2024:07:04:17 +0300] "GET /xmw23/electrical-wiring-diagram-house-pdf.html HTTP/1.0" 200 22305 "-" "Mozilla/5.0 (Linux; Android 6.0.1; Nexus 5X Build/MMB29P) AppleWebKit/537.36 (KHTML, like Gecko) Chrome/129.0.6668.89 Mobile Safari/537.36 (compatible; GoogleOther)"
85.208.96.210 - - [05/Oct/2024:07:04:50 +0300] "GET /3ci9g7gank.html HTTP/1.0" 404 26593 "-" "Mozilla/5.0 (compatible; SemrushBot/7~bl; +http://www.semrush.com/bot.html)"
66.249.66.36 - - [05/Oct/2024:07:05:09 +0300] "GET /xmw23/global-satinfo-in.html HTTP/1.0" 200 11082 "-" "Mozilla/5.0 (Linux; Android 6.0.1; Nexus 5X Build/MMB29P) AppleWebKit/537.36 (KHTML, like Gecko) Chrome/129.0.6668.89 Mobile Safari/537.36 (compatible; GoogleOther)"
185.191.171.11 - - [05/Oct/2024:07:05:10 +0300] "GET /1ac955ygql.html HTTP/1.0" 404 23444 "-" "Mozilla/5.0 (compatible; SemrushBot/7~bl; +http://www.semrush.com/bot.html)"
