185.191.171.4 - - [05/Oct/2024:09:29:51 +0300] "GET /11hbauiicm.html HTTP/1.0" 404 26593 "-" "Mozilla/5.0 (compatible; SemrushBot/7~bl; +http://www.semrush.com/bot.html)"
66.249.66.36 - - [05/Oct/2024:09:31:19 +0300] "GET /xmw23/medicis-timisoara.html HTTP/1.0" 200 16240 "-" "Mozilla/5.0 (Linux; Android 6.0.1; Nexus 5X Build/MMB29P) AppleWebKit/537.36 (KHTML, like Gecko) Chrome/129.0.6668.89 Mobile Safari/537.36 (compatible; Googlebot/2.1; +http://www.google.com/bot.html)"
185.191.171.5 - - [05/Oct/2024:09:33:08 +0300] "GET /56apef2q2g.html HTTP/1.0" 404 23444 "-" "Mozilla/5.0 (compatible; SemrushBot/7~bl; +http://www.semrush.com/bot.html)"
66.249.66.37 - - [05/Oct/2024:09:33:19 +0300] "GET /xmw23/christian-county-mo-police-scanner.html HTTP/1.0" 200 19804 "-" "Mozilla/5.0 (Linux; Android 6.0.1; Nexus 5X Build/MMB29P) AppleWebKit/537.36 (KHTML, like Gecko) Chrome/129.0.6668.89 Mobile Safari/537.36 (compatible; Googlebot/2.1; +http://www.google.com/bot.html)"
185.191.171.7 - - [05/Oct/2024:09:33:36 +0300] "GET /3ki7kolwgf.html HTTP/1.0" 404 23444 "-" "Mozilla/5.0 (compatible; SemrushBot/7~bl; +http://www.semrush.com/bot.html)"
66.249.66.37 - - [05/Oct/2024:09:34:33 +0300] "GET /xmw23/h2-console-spring-boot.html HTTP/1.0" 200 20444 "-" "Mozilla/5.0 (Linux; Android 6.0.1; Nexus 5X Build/MMB29P) AppleWebKit/537.36 (KHTML, like Gecko) Chrome/129.0.6668.89 Mobile Safari/537.36 (compatible; GoogleOther)"
66.249.66.35 - - [05/Oct/2024:09:36:20 +0300] "GET /xmw23/dairy-farm-assistant.html HTTP/1.0" 200 23725 "-" "Mozilla/5.0 (Linux; Android 6.0.1; Nexus 5X Build/MMB29P) AppleWebKit/537.36 (KHTML, like Gecko) Chrome/129.0.6668.89 Mobile Safari/537.36 (compatible; Googlebot/2.1; +http://www.google.com/bot.html)"
185.191.171.4 - - [05/Oct/2024:09:40:11 +0300] "GET /1dh1hx0oks.html HTTP/1.0" 404 23444 "-" "Mozilla/5.0 (compatible; SemrushBot/7~bl; +http://www.semrush.com/bot.html)"
46.148.206.226 - - [05/Oct/2024:09:41:01 +0300] "GET / HTTP/1.0" 200 322 "https://gcba.ru/" "Mozilla/5.0 (Windows NT 10.0; Win64; x64) AppleWebKit/537.36 (KHTML, like Gecko) Chrome/124.0.0.0 Safari/537.36"
185.191.171.2 - - [05/Oct/2024:09:42:18 +0300] "GET /4fkipeqooa.html HTTP/1.0" 404 26593 "-" "Mozilla/5.0 (compatible; SemrushBot/7~bl; +http://www.semrush.com/bot.html)"
66.249.66.36 - - [05/Oct/2024:09:45:20 +0300] "GET /xmw23/mobile-homes-for-sale-by-owner-fresno,-ca-under-$10000.html HTTP/1.0" 404 26813 "-" "Mozilla/5.0 (Linux; Android 6.0.1; Nexus 5X Build/MMB29P) AppleWebKit/537.36 (KHTML, like Gecko) Chrome/129.0.6668.89 Mobile Safari/537.36 (compatible; Googlebot/2.1; +http://www.google.com/bot.html)"
66.249.66.36 - - [05/Oct/2024:09:45:21 +0300] "GET /xmw23/nike-jakne-zenske.html HTTP/1.0" 200 28031 "-" "Mozilla/5.0 (Linux; Android 6.0.1; Nexus 5X Build/MMB29P) AppleWebKit/537.36 (KHTML, like Gecko) Chrome/129.0.6668.89 Mobile Safari/537.36 (compatible; Googlebot/2.1; +http://www.google.com/bot.html)"
66.249.66.35 - - [05/Oct/2024:09:47:22 +0300] "GET /xmw23/ip-info-checker.html HTTP/1.0" 200 36585 "-" "Mozilla/5.0 (Linux; Android 6.0.1; Nexus 5X Build/MMB29P) AppleWebKit/537.36 (KHTML, like Gecko) Chrome/129.0.6668.89 Mobile Safari/537.36 (compatible; Googlebot/2.1; +http://www.google.com/bot.html)"
66.249.66.35 - - [05/Oct/2024:09:47:22 +0300] "GET /xmw23/cronus-zen-apex-legends-game-pack-xbox-series-x.html HTTP/1.0" 200 19865 "-" "Mozilla/5.0 (Linux; Android 6.0.1; Nexus 5X Build/MMB29P) AppleWebKit/537.36 (KHTML, like Gecko) Chrome/129.0.6668.89 Mobile Safari/537.36 (compatible; Googlebot/2.1; +http://www.google.com/bot.html)"
66.249.66.35 - - [05/Oct/2024:09:50:54 +0300] "GET /xmw23/python-image.html HTTP/1.0" 200 26678 "-" "Mozilla/5.0 (Linux; Android 6.0.1; Nexus 5X Build/MMB29P) AppleWebKit/537.36 (KHTML, like Gecko) Chrome/129.0.6668.89 Mobile Safari/537.36 (compatible; GoogleOther)"
66.249.66.37 - - [05/Oct/2024:09:52:23 +0300] "GET /xmw23/what-is-sweepstakes-in-marketing.html HTTP/1.0" 200 39726 "-" "Mozilla/5.0 (Linux; Android 6.0.1; Nexus 5X Build/MMB29P) AppleWebKit/537.36 (KHTML, like Gecko) Chrome/129.0.6668.89 Mobile Safari/537.36 (compatible; Googlebot/2.1; +http://www.google.com/bot.html)"
66.249.66.35 - - [05/Oct/2024:09:55:24 +0300] "GET /xmw23/pret-mamografie-timisoara.html HTTP/1.0" 200 25551 "-" "Mozilla/5.0 (Linux; Android 6.0.1; Nexus 5X Build/MMB29P) AppleWebKit/537.36 (KHTML, like Gecko) Chrome/129.0.6668.89 Mobile Safari/537.36 (compatible; Googlebot/2.1; +http://www.google.com/bot.html)"
66.249.66.36 - - [05/Oct/2024:09:55:25 +0300] "GET /xmw23/ili9488-tft-display.html HTTP/1.0" 200 21052 "-" "Mozilla/5.0 (Linux; Android 6.0.1; Nexus 5X Build/MMB29P) AppleWebKit/537.36 (KHTML, like Gecko) Chrome/129.0.6668.89 Mobile Safari/537.36 (compatible; Googlebot/2.1; +http://www.google.com/bot.html)"
66.249.66.35 - - [05/Oct/2024:09:55:25 +0300] "GET /xmw23/betonski-blokovi-bauhaus.html HTTP/1.0" 200 22712 "-" "Mozilla/5.0 (Linux; Android 6.0.1; Nexus 5X Build/MMB29P) AppleWebKit/537.36 (KHTML, like Gecko) Chrome/129.0.6668.89 Mobile Safari/537.36 (compatible; Googlebot/2.1; +http://www.google.com/bot.html)"
85.208.96.203 - - [05/Oct/2024:09:56:24 +0300] "GET /272kn90s55.html HTTP/1.0" 404 26593 "-" "Mozilla/5.0 (compatible; SemrushBot/7~bl; +http://www.semrush.com/bot.html)"
66.249.66.37 - - [05/Oct/2024:09:56:25 +0300] "GET /xmw23/link-url-iptv-indonesia.html HTTP/1.0" 200 16411 "-" "Mozilla/5.0 (Linux; Android 6.0.1; Nexus 5X Build/MMB29P) AppleWebKit/537.36 (KHTML, like Gecko) Chrome/129.0.6668.89 Mobile Safari/537.36 (compatible; Googlebot/2.1; +http://www.google.com/bot.html)"
66.249.66.36 - - [05/Oct/2024:09:57:26 +0300] "GET /xmw23/steznik-za-skocni-zglob-benu-apoteka.html HTTP/1.0" 200 22096 "-" "Mozilla/5.0 (Linux; Android 6.0.1; Nexus 5X Build/MMB29P) AppleWebKit/537.36 (KHTML, like Gecko) Chrome/129.0.6668.89 Mobile Safari/537.36 (compatible; Googlebot/2.1; +http://www.google.com/bot.html)"
205.210.31.54 - - [05/Oct/2024:10:00:44 +0300] "GET / HTTP/1.0" 200 3471 "http://89.253.231.240:80/" "-"
66.249.66.35 - - [05/Oct/2024:10:02:26 +0300] "GET /xmw23/clackamas-county-alerts.html HTTP/1.0" 200 29444 "-" "Mozilla/5.0 (Linux; Android 6.0.1; Nexus 5X Build/MMB29P) AppleWebKit/537.36 (KHTML, like Gecko) Chrome/129.0.6668.89 Mobile Safari/537.36 (compatible; Googlebot/2.1; +http://www.google.com/bot.html)"
85.208.96.195 - - [05/Oct/2024:10:04:35 +0300] "GET /1c49bcmjfz.html HTTP/1.0" 404 26593 "-" "Mozilla/5.0 (compatible; SemrushBot/7~bl; +http://www.semrush.com/bot.html)"
85.208.96.195 - - [05/Oct/2024:10:04:45 +0300] "GET /5cph1dbpqg.html HTTP/1.0" 404 23444 "-" "Mozilla/5.0 (compatible; SemrushBot/7~bl; +http://www.semrush.com/bot.html)"
85.208.96.206 - - [05/Oct/2024:10:05:52 +0300] "GET /1aj2lckhmc.html HTTP/1.0" 404 23444 "-" "Mozilla/5.0 (compatible; SemrushBot/7~bl; +http://www.semrush.com/bot.html)"
66.249.66.35 - - [05/Oct/2024:10:07:16 +0300] "GET /xmw23/pydantic-from-attributes.html HTTP/1.0" 200 41269 "-" "Mozilla/5.0 (Linux; Android 6.0.1; Nexus 5X Build/MMB29P) AppleWebKit/537.36 (KHTML, like Gecko) Chrome/129.0.6668.89 Mobile Safari/537.36 (compatible; GoogleOther)"
66.249.66.36 - - [05/Oct/2024:10:07:21 +0300] "GET /xmw23/un-jobs-today.html HTTP/1.0" 200 18242 "-" "Mozilla/5.0 (Linux; Android 6.0.1; Nexus 5X Build/MMB29P) AppleWebKit/537.36 (KHTML, like Gecko) Chrome/129.0.6668.89 Mobile Safari/537.36 (compatible; Googlebot/2.1; +http://www.google.com/bot.html)"
66.249.66.36 - - [05/Oct/2024:10:08:22 +0300] "GET /xmw23/welcome-us-volunteer.html HTTP/1.0" 200 23505 "-" "Mozilla/5.0 (Linux; Android 6.0.1; Nexus 5X Build/MMB29P) AppleWebKit/537.36 (KHTML, like Gecko) Chrome/129.0.6668.89 Mobile Safari/537.36 (compatible; Googlebot/2.1; +http://www.google.com/bot.html)"
185.191.171.17 - - [05/Oct/2024:10:08:28 +0300] "GET /5b389sxqpu.html HTTP/1.0" 404 23444 "-" "Mozilla/5.0 (compatible; SemrushBot/7~bl; +http://www.semrush.com/bot.html)"
85.208.96.203 - - [05/Oct/2024:10:10:46 +0300] "GET /12p20cgigw.html HTTP/1.0" 404 23444 "-" "Mozilla/5.0 (compatible; SemrushBot/7~bl; +http://www.semrush.com/bot.html)"
66.249.66.36 - - [05/Oct/2024:10:13:22 +0300] "GET /xmw23/busted-mugshots-goldsboro-nc.html HTTP/1.0" 200 36284 "-" "Mozilla/5.0 (Linux; Android 6.0.1; Nexus 5X Build/MMB29P) AppleWebKit/537.36 (KHTML, like Gecko) Chrome/129.0.6668.89 Mobile Safari/537.36 (compatible; Googlebot/2.1; +http://www.google.com/bot.html)"
66.249.66.36 - - [05/Oct/2024:10:13:23 +0300] "GET /xmw23/nhs-scotland-nursing-jobs-with-visa-sponsorship.html HTTP/1.0" 200 21977 "-" "Mozilla/5.0 (Linux; Android 6.0.1; Nexus 5X Build/MMB29P) AppleWebKit/537.36 (KHTML, like Gecko) Chrome/129.0.6668.89 Mobile Safari/537.36 (compatible; Googlebot/2.1; +http://www.google.com/bot.html)"
66.249.66.35 - - [05/Oct/2024:10:16:23 +0300] "GET /xmw23/gif-download.html HTTP/1.0" 200 17651 "-" "Mozilla/5.0 (Linux; Android 6.0.1; Nexus 5X Build/MMB29P) AppleWebKit/537.36 (KHTML, like Gecko) Chrome/129.0.6668.89 Mobile Safari/537.36 (compatible; Googlebot/2.1; +http://www.google.com/bot.html)"
66.249.66.37 - - [05/Oct/2024:10:16:24 +0300] "GET /xmw23/canada-labour-job-salary.html HTTP/1.0" 200 24974 "-" "Mozilla/5.0 (Linux; Android 6.0.1; Nexus 5X Build/MMB29P) AppleWebKit/537.36 (KHTML, like Gecko) Chrome/129.0.6668.89 Mobile Safari/537.36 (compatible; Googlebot/2.1; +http://www.google.com/bot.html)"
66.249.66.37 - - [05/Oct/2024:10:16:25 +0300] "GET /xmw23/snyder-daily-news-police-blotter-today-mugshots.html HTTP/1.0" 200 19009 "-" "Mozilla/5.0 (Linux; Android 6.0.1; Nexus 5X Build/MMB29P) AppleWebKit/537.36 (KHTML, like Gecko) Chrome/129.0.6668.89 Mobile Safari/537.36 (compatible; Googlebot/2.1; +http://www.google.com/bot.html)"
66.249.66.37 - - [05/Oct/2024:10:19:25 +0300] "GET /xmw23/tuscaloosa-county-jail-inmates-list.html HTTP/1.0" 200 24118 "-" "Mozilla/5.0 (Linux; Android 6.0.1; Nexus 5X Build/MMB29P) AppleWebKit/537.36 (KHTML, like Gecko) Chrome/129.0.6668.89 Mobile Safari/537.36 (compatible; Googlebot/2.1; +http://www.google.com/bot.html)"
66.249.66.37 - - [05/Oct/2024:10:19:26 +0300] "GET /xmw23/no-experience-jobs-toronto-no-experience-needed.html HTTP/1.0" 200 27937 "-" "Mozilla/5.0 (Linux; Android 6.0.1; Nexus 5X Build/MMB29P) AppleWebKit/537.36 (KHTML, like Gecko) Chrome/129.0.6668.89 Mobile Safari/537.36 (compatible; Googlebot/2.1; +http://www.google.com/bot.html)"
66.249.66.37 - - [05/Oct/2024:10:19:26 +0300] "GET /xmw23/adblock-tweak-ios-16.html HTTP/1.0" 200 29388 "-" "Mozilla/5.0 (Linux; Android 6.0.1; Nexus 5X Build/MMB29P) AppleWebKit/537.36 (KHTML, like Gecko) Chrome/129.0.6668.89 Mobile Safari/537.36 (compatible; Googlebot/2.1; +http://www.google.com/bot.html)"
185.191.171.2 - - [05/Oct/2024:10:20:50 +0300] "GET /319kmzn6vp.html HTTP/1.0" 404 23444 "-" "Mozilla/5.0 (compatible; SemrushBot/7~bl; +http://www.semrush.com/bot.html)"
179.43.191.19 - - [05/Oct/2024:10:21:37 +0300] "POST /wp-json/litespeed/v1/cdn_status HTTP/1.0" 404 26241 "https://GCBA.RU" "Searcherxweb"
185.191.171.14 - - [05/Oct/2024:10:23:45 +0300] "GET /48p8dgvp2m.html HTTP/1.0" 404 23444 "-" "Mozilla/5.0 (compatible; SemrushBot/7~bl; +http://www.semrush.com/bot.html)"
85.208.96.201 - - [05/Oct/2024:10:25:30 +0300] "GET /2cfagdavvx.html HTTP/1.0" 404 26593 "-" "Mozilla/5.0 (compatible; SemrushBot/7~bl; +http://www.semrush.com/bot.html)"
66.249.66.36 - - [05/Oct/2024:10:27:29 +0300] "GET /xmw23/small-farm-jobs-near-me.html HTTP/1.0" 200 33810 "-" "Mozilla/5.0 (Linux; Android 6.0.1; Nexus 5X Build/MMB29P) AppleWebKit/537.36 (KHTML, like Gecko) Chrome/129.0.6668.89 Mobile Safari/537.36 (compatible; Googlebot/2.1; +http://www.google.com/bot.html)"
66.249.66.37 - - [05/Oct/2024:10:27:30 +0300] "GET /xmw23/logistics-jobs-canada-salary.html HTTP/1.0" 200 16732 "-" "Mozilla/5.0 (Linux; Android 6.0.1; Nexus 5X Build/MMB29P) AppleWebKit/537.36 (KHTML, like Gecko) Chrome/129.0.6668.89 Mobile Safari/537.36 (compatible; Googlebot/2.1; +http://www.google.com/bot.html)"
85.208.96.193 - - [05/Oct/2024:10:28:19 +0300] "GET /10lk8elvpk.html HTTP/1.0" 404 23444 "-" "Mozilla/5.0 (compatible; SemrushBot/7~bl; +http://www.semrush.com/bot.html)"
66.249.66.37 - - [05/Oct/2024:10:29:46 +0300] "GET /xmw23/chatgpt-code-interpreter.html HTTP/1.0" 200 22064 "-" "Mozilla/5.0 (Linux; Android 6.0.1; Nexus 5X Build/MMB29P) AppleWebKit/537.36 (KHTML, like Gecko) Chrome/129.0.6668.89 Mobile Safari/537.36 (compatible; GoogleOther)"
85.208.96.208 - - [05/Oct/2024:10:32:07 +0300] "GET /5g4dimg1jg.html HTTP/1.0" 404 26593 "-" "Mozilla/5.0 (compatible; SemrushBot/7~bl; +http://www.semrush.com/bot.html)"
66.249.66.37 - - [05/Oct/2024:10:32:32 +0300] "GET /xmw23/varcov-bnakaran-erevanum.html HTTP/1.0" 200 37263 "-" "Mozilla/5.0 (Linux; Android 6.0.1; Nexus 5X Build/MMB29P) AppleWebKit/537.36 (KHTML, like Gecko) Chrome/129.0.6668.89 Mobile Safari/537.36 (compatible; Googlebot/2.1; +http://www.google.com/bot.html)"
185.162.16.189 - - [05/Oct/2024:10:35:30 +0300] "GET /bitrix/admin/index.php HTTP/1.0" 200 22332 "-" "Mozilla/5.0 (Windows NT 6.1) AppleWebKit/537.36 (KHTML, like Gecko) Chrome/45.0.2454.85 Safari/537.36 OPR/32.0.1948.45"
185.162.16.189 - - [05/Oct/2024:10:35:30 +0300] "GET /bitrix/admin/index.php HTTP/1.0" 200 22332 "-" "Mozilla/5.0 (Windows NT 6.1) AppleWebKit/537.36 (KHTML, like Gecko) Chrome/45.0.2454.85 Safari/537.36 OPR/32.0.1948.45"
185.162.16.189 - - [05/Oct/2024:10:35:30 +0300] "GET /bitrix/admin/index.php HTTP/1.0" 200 22332 "-" "Mozilla/5.0 (Windows NT 6.1) AppleWebKit/537.36 (KHTML, like Gecko) Chrome/45.0.2454.85 Safari/537.36 OPR/32.0.1948.45"
185.162.16.189 - - [05/Oct/2024:10:35:31 +0300] "POST /bitrix/admin/?login=yes HTTP/1.0" 200 1010 "-" "Mozilla/5.0 (Windows NT 6.1) AppleWebKit/537.36 (KHTML, like Gecko) Chrome/45.0.2454.85 Safari/537.36 OPR/32.0.1948.45"
185.162.16.189 - - [05/Oct/2024:10:35:31 +0300] "POST /bitrix/admin/?login=yes HTTP/1.0" 200 1010 "-" "Mozilla/5.0 (Windows NT 6.1) AppleWebKit/537.36 (KHTML, like Gecko) Chrome/45.0.2454.85 Safari/537.36 OPR/32.0.1948.45"
185.162.16.189 - - [05/Oct/2024:10:35:31 +0300] "POST /bitrix/admin/?login=yes HTTP/1.0" 200 1010 "-" "Mozilla/5.0 (Windows NT 6.1) AppleWebKit/537.36 (KHTML, like Gecko) Chrome/45.0.2454.85 Safari/537.36 OPR/32.0.1948.45"
66.249.66.36 - - [05/Oct/2024:10:39:46 +0300] "GET /xmw23/current-ngos-job-vacancy-in-animal-production-and-health-in-usa.html HTTP/1.0" 200 23199 "-" "Mozilla/5.0 (Linux; Android 6.0.1; Nexus 5X Build/MMB29P) AppleWebKit/537.36 (KHTML, like Gecko) Chrome/129.0.6668.89 Mobile Safari/537.36 (compatible; GoogleOther)"
66.249.66.36 - - [05/Oct/2024:10:43:06 +0300] "GET /xmw23/si-ta-kuptoj-qe-jam-shtatzane.html HTTP/1.0" 200 29931 "-" "Mozilla/5.0 (Linux; Android 6.0.1; Nexus 5X Build/MMB29P) AppleWebKit/537.36 (KHTML, like Gecko) Chrome/129.0.6668.89 Mobile Safari/537.36 (compatible; GoogleOther)"
185.191.171.7 - - [05/Oct/2024:10:45:25 +0300] "GET /513e0uhhvc.html HTTP/1.0" 404 26593 "-" "Mozilla/5.0 (compatible; SemrushBot/7~bl; +http://www.semrush.com/bot.html)"
185.191.171.17 - - [05/Oct/2024:10:46:31 +0300] "GET /cjematl9c.html HTTP/1.0" 404 23442 "-" "Mozilla/5.0 (compatible; SemrushBot/7~bl; +http://www.semrush.com/bot.html)"
85.208.96.200 - - [05/Oct/2024:10:49:24 +0300] "GET /6fiq7pz5.html HTTP/1.0" 404 26589 "-" "Mozilla/5.0 (compatible; SemrushBot/7~bl; +http://www.semrush.com/bot.html)"
66.249.66.35 - - [05/Oct/2024:10:52:16 +0300] "GET /xmw23/swiftui-navigationtitle-padding.html HTTP/1.0" 200 26871 "-" "Mozilla/5.0 (Linux; Android 6.0.1; Nexus 5X Build/MMB29P) AppleWebKit/537.36 (KHTML, like Gecko) Chrome/129.0.6668.89 Mobile Safari/537.36 (compatible; GoogleOther)"
85.208.96.209 - - [05/Oct/2024:10:54:09 +0300] "GET /3pdmn8bc62.html HTTP/1.0" 404 23444 "-" "Mozilla/5.0 (compatible; SemrushBot/7~bl; +http://www.semrush.com/bot.html)"
66.249.66.36 - - [05/Oct/2024:11:04:22 +0300] "GET /xmw23/osceola-county-clerk-of-court.html HTTP/1.0" 200 12246 "-" "Mozilla/5.0 (Linux; Android 6.0.1; Nexus 5X Build/MMB29P) AppleWebKit/537.36 (KHTML, like Gecko) Chrome/129.0.6668.89 Mobile Safari/537.36 (compatible; Googlebot/2.1; +http://www.google.com/bot.html)"
85.208.96.198 - - [05/Oct/2024:11:06:16 +0300] "GET /15h1e8k1af.html HTTP/1.0" 404 26593 "-" "Mozilla/5.0 (compatible; SemrushBot/7~bl; +http://www.semrush.com/bot.html)"
66.249.66.35 - - [05/Oct/2024:11:07:22 +0300] "GET /news/metodologiya/fond-snova-izmenil-formu-4-fss-za-9-mesyatsev-uspeyte-obnovit-1s/?bxajaxid=7890a307e4f4bc7b66250ad1a4ae104f HTTP/1.0" 200 5749 "-" "Mozilla/5.0 (Linux; Android 6.0.1; Nexus 5X Build/MMB29P) AppleWebKit/537.36 (KHTML, like Gecko) Chrome/129.0.6668.89 Mobile Safari/537.36 (compatible; Googlebot/2.1; +http://www.google.com/bot.html)"
66.249.66.35 - - [05/Oct/2024:11:07:23 +0300] "GET /xmw23/visio-electrical-stencils-free-download.html HTTP/1.0" 200 28082 "-" "Mozilla/5.0 (Linux; Android 6.0.1; Nexus 5X Build/MMB29P) AppleWebKit/537.36 (KHTML, like Gecko) Chrome/129.0.6668.89 Mobile Safari/537.36 (compatible; Googlebot/2.1; +http://www.google.com/bot.html)"
193.203.9.241 - - [05/Oct/2024:11:07:29 +0300] "GET /eff48aefbe.php HTTP/1.0" 200 36949 "-" "-"
193.203.9.241 - - [05/Oct/2024:11:07:31 +0300] "POST /eff48aefbe.php HTTP/1.0" 200 37741 "-" "-"
193.203.9.241 - - [05/Oct/2024:11:07:34 +0300] "GET /hxhni2s83.php HTTP/1.0" 200 322 "-" "-"
66.249.66.36 - - [05/Oct/2024:11:08:23 +0300] "GET /xmw23/jobs-that-pay-cash-under-the-table.html HTTP/1.0" 200 29888 "-" "Mozilla/5.0 (Linux; Android 6.0.1; Nexus 5X Build/MMB29P) AppleWebKit/537.36 (KHTML, like Gecko) Chrome/129.0.6668.89 Mobile Safari/537.36 (compatible; Googlebot/2.1; +http://www.google.com/bot.html)"
66.249.66.37 - - [05/Oct/2024:11:08:24 +0300] "GET /xmw23/what-are-the-names-of-traditional-ceremonies-in-zambia.html HTTP/1.0" 200 37983 "-" "Mozilla/5.0 (Linux; Android 6.0.1; Nexus 5X Build/MMB29P) AppleWebKit/537.36 (KHTML, like Gecko) Chrome/129.0.6668.89 Mobile Safari/537.36 (compatible; Googlebot/2.1; +http://www.google.com/bot.html)"
66.249.66.35 - - [05/Oct/2024:11:08:24 +0300] "GET /xmw23/apprenticeship-in-zimbabwe-2024-deadline.html HTTP/1.0" 200 19650 "-" "Mozilla/5.0 (Linux; Android 6.0.1; Nexus 5X Build/MMB29P) AppleWebKit/537.36 (KHTML, like Gecko) Chrome/129.0.6668.89 Mobile Safari/537.36 (compatible; Googlebot/2.1; +http://www.google.com/bot.html)"
66.249.66.35 - - [05/Oct/2024:11:08:25 +0300] "GET /xmw23/gta-5-map-with-names.html HTTP/1.0" 200 20511 "-" "Mozilla/5.0 (Linux; Android 6.0.1; Nexus 5X Build/MMB29P) AppleWebKit/537.36 (KHTML, like Gecko) Chrome/129.0.6668.89 Mobile Safari/537.36 (compatible; Googlebot/2.1; +http://www.google.com/bot.html)"
185.191.171.18 - - [05/Oct/2024:11:08:29 +0300] "GET /57f4n85jbc.html HTTP/1.0" 404 24683 "-" "Mozilla/5.0 (compatible; SemrushBot/7~bl; +http://www.semrush.com/bot.html)"
66.249.66.36 - - [05/Oct/2024:11:09:25 +0300] "GET /xmw23/fivem-club-mlo-leak.html HTTP/1.0" 200 30702 "-" "Mozilla/5.0 (Linux; Android 6.0.1; Nexus 5X Build/MMB29P) AppleWebKit/537.36 (KHTML, like Gecko) Chrome/129.0.6668.89 Mobile Safari/537.36 (compatible; Googlebot/2.1; +http://www.google.com/bot.html)"
185.191.171.17 - - [05/Oct/2024:11:10:21 +0300] "GET /360p4gxaif.html HTTP/1.0" 404 24683 "-" "Mozilla/5.0 (compatible; SemrushBot/7~bl; +http://www.semrush.com/bot.html)"
185.191.171.2 - - [05/Oct/2024:11:12:00 +0300] "GET /4dbkpynbo0.html HTTP/1.0" 404 27832 "-" "Mozilla/5.0 (compatible; SemrushBot/7~bl; +http://www.semrush.com/bot.html)"
66.249.66.35 - - [05/Oct/2024:11:15:26 +0300] "GET /xmw23/funeral-homes-exeter,-nh.html HTTP/1.0" 404 24810 "-" "Mozilla/5.0 (Linux; Android 6.0.1; Nexus 5X Build/MMB29P) AppleWebKit/537.36 (KHTML, like Gecko) Chrome/129.0.6668.89 Mobile Safari/537.36 (compatible; Googlebot/2.1; +http://www.google.com/bot.html)"
66.249.66.36 - - [05/Oct/2024:11:15:27 +0300] "GET /xmw23/dtc-e1c448-bmw.html HTTP/1.0" 200 36278 "-" "Mozilla/5.0 (Linux; Android 6.0.1; Nexus 5X Build/MMB29P) AppleWebKit/537.36 (KHTML, like Gecko) Chrome/129.0.6668.89 Mobile Safari/537.36 (compatible; Googlebot/2.1; +http://www.google.com/bot.html)"
85.208.96.208 - - [05/Oct/2024:11:16:05 +0300] "GET /5hjo9o0oda.html HTTP/1.0" 404 24683 "-" "Mozilla/5.0 (compatible; SemrushBot/7~bl; +http://www.semrush.com/bot.html)"
85.208.96.201 - - [05/Oct/2024:11:16:07 +0300] "GET /177lnywmvo.html HTTP/1.0" 404 24683 "-" "Mozilla/5.0 (compatible; SemrushBot/7~bl; +http://www.semrush.com/bot.html)"
66.249.66.35 - - [05/Oct/2024:11:16:27 +0300] "GET /xmw23/recent-deaths-in-etowah,-tn.html HTTP/1.0" 404 24845 "-" "Mozilla/5.0 (Linux; Android 6.0.1; Nexus 5X Build/MMB29P) AppleWebKit/537.36 (KHTML, like Gecko) Chrome/129.0.6668.89 Mobile Safari/537.36 (compatible; Googlebot/2.1; +http://www.google.com/bot.html)"
5.138.241.169 - - [05/Oct/2024:11:16:51 +0300] "GET / HTTP/1.0" 200 322 "https://yandex.ru/search/?lr=116&text=parsinfo.ru" "Mozilla/5.0 (Windows NT 6.1; WOW64; rv:45.0) Gecko/20100101 Firefox/45.0"
66.249.66.37 - - [05/Oct/2024:11:17:28 +0300] "GET /xmw23/seosko-imanje-prodaja-bih.html HTTP/1.0" 200 25591 "-" "Mozilla/5.0 (Linux; Android 6.0.1; Nexus 5X Build/MMB29P) AppleWebKit/537.36 (KHTML, like Gecko) Chrome/129.0.6668.89 Mobile Safari/537.36 (compatible; Googlebot/2.1; +http://www.google.com/bot.html)"
66.249.66.36 - - [05/Oct/2024:11:18:28 +0300] "GET /xmw23/devenv-github.html HTTP/1.0" 200 19609 "-" "Mozilla/5.0 (Linux; Android 6.0.1; Nexus 5X Build/MMB29P) AppleWebKit/537.36 (KHTML, like Gecko) Chrome/129.0.6668.89 Mobile Safari/537.36 (compatible; Googlebot/2.1; +http://www.google.com/bot.html)"
85.208.96.201 - - [05/Oct/2024:11:20:10 +0300] "GET /3ajbeyqr1s.html HTTP/1.0" 404 24683 "-" "Mozilla/5.0 (compatible; SemrushBot/7~bl; +http://www.semrush.com/bot.html)"
185.191.171.10 - - [05/Oct/2024:11:21:19 +0300] "GET /49h7ctmdng.html HTTP/1.0" 404 24683 "-" "Mozilla/5.0 (compatible; SemrushBot/7~bl; +http://www.semrush.com/bot.html)"
83.142.54.219 - - [05/Oct/2024:11:21:43 +0300] "GET /eff48aefbe.php HTTP/1.0" 200 37779 "-" "-"
83.142.54.219 - - [05/Oct/2024:11:21:44 +0300] "POST /eff48aefbe.php HTTP/1.0" 200 38542 "-" "-"
83.142.54.219 - - [05/Oct/2024:11:21:46 +0300] "GET /cjkol0d13.php HTTP/1.0" 200 322 "-" "-"
85.208.96.208 - - [05/Oct/2024:11:24:16 +0300] "GET /3g74nmeenw.html HTTP/1.0" 404 29100 "-" "Mozilla/5.0 (compatible; SemrushBot/7~bl; +http://www.semrush.com/bot.html)"
66.249.66.36 - - [05/Oct/2024:11:24:21 +0300] "GET /xmw23/disparition-meaning.html HTTP/1.0" 200 20026 "-" "Mozilla/5.0 (Linux; Android 6.0.1; Nexus 5X Build/MMB29P) AppleWebKit/537.36 (KHTML, like Gecko) Chrome/129.0.6668.89 Mobile Safari/537.36 (compatible; GoogleOther)"
66.249.66.37 - - [05/Oct/2024:11:24:24 +0300] "GET /xmw23/bnls-carrier.html HTTP/1.0" 200 19817 "-" "Mozilla/5.0 (Linux; Android 6.0.1; Nexus 5X Build/MMB29P) AppleWebKit/537.36 (KHTML, like Gecko) Chrome/129.0.6668.89 Mobile Safari/537.36 (compatible; GoogleOther)"
185.191.171.2 - - [05/Oct/2024:11:35:12 +0300] "GET /6cd5ourrn5.html HTTP/1.0" 404 29100 "-" "Mozilla/5.0 (compatible; SemrushBot/7~bl; +http://www.semrush.com/bot.html)"
40.77.167.4 - - [05/Oct/2024:11:38:35 +0300] "GET /sitemap.txt HTTP/1.0" 404 25943 "-" "Mozilla/5.0 AppleWebKit/537.36 (KHTML, like Gecko; compatible; bingbot/2.0; +http://www.bing.com/bingbot.htm) Chrome/116.0.1938.76 Safari/537.36"
185.191.171.19 - - [05/Oct/2024:11:53:40 +0300] "GET /518m5mw6cn.html HTTP/1.0" 404 29100 "-" "Mozilla/5.0 (compatible; SemrushBot/7~bl; +http://www.semrush.com/bot.html)"
185.191.171.17 - - [05/Oct/2024:11:54:43 +0300] "GET /19f3oimc04.html HTTP/1.0" 404 25951 "-" "Mozilla/5.0 (compatible; SemrushBot/7~bl; +http://www.semrush.com/bot.html)"
85.208.96.201 - - [05/Oct/2024:11:57:57 +0300] "GET /1k90o2raes.html HTTP/1.0" 404 29100 "-" "Mozilla/5.0 (compatible; SemrushBot/7~bl; +http://www.semrush.com/bot.html)"
85.208.96.203 - - [05/Oct/2024:11:58:04 +0300] "GET /4ml4brmohc.html HTTP/1.0" 404 25951 "-" "Mozilla/5.0 (compatible; SemrushBot/7~bl; +http://www.semrush.com/bot.html)"
185.191.171.4 - - [05/Oct/2024:12:02:19 +0300] "GET /5eho8wcpiv.html HTTP/1.0" 404 29100 "-" "Mozilla/5.0 (compatible; SemrushBot/7~bl; +http://www.semrush.com/bot.html)"
66.249.66.36 - - [05/Oct/2024:12:03:38 +0300] "GET /xmw23/ubuntu-permission-folder.html HTTP/1.0" 200 28667 "-" "Mozilla/5.0 (Linux; Android 6.0.1; Nexus 5X Build/MMB29P) AppleWebKit/537.36 (KHTML, like Gecko) Chrome/129.0.6668.89 Mobile Safari/537.36 (compatible; Googlebot/2.1; +http://www.google.com/bot.html)"
66.249.66.37 - - [05/Oct/2024:12:09:27 +0300] "GET /xmw23/the-vehicle-production-group-owner-age.html HTTP/1.0" 200 34035 "-" "Mozilla/5.0 (Linux; Android 6.0.1; Nexus 5X Build/MMB29P) AppleWebKit/537.36 (KHTML, like Gecko) Chrome/129.0.6668.89 Mobile Safari/537.36 (compatible; GoogleOther)"
85.208.96.195 - - [05/Oct/2024:12:11:05 +0300] "GET /2cpbgarihk.html HTTP/1.0" 404 25951 "-" "Mozilla/5.0 (compatible; SemrushBot/7~bl; +http://www.semrush.com/bot.html)"
66.249.66.37 - - [05/Oct/2024:12:11:27 +0300] "GET /xmw23/cronus-zen-apex-legends-game-pack-ps4.html HTTP/1.0" 200 35555 "-" "Mozilla/5.0 (Linux; Android 6.0.1; Nexus 5X Build/MMB29P) AppleWebKit/537.36 (KHTML, like Gecko) Chrome/129.0.6668.89 Mobile Safari/537.36 (compatible; Googlebot/2.1; +http://www.google.com/bot.html)"
85.208.96.193 - - [05/Oct/2024:12:15:36 +0300] "GET /4epk56oace.html HTTP/1.0" 404 29100 "-" "Mozilla/5.0 (compatible; SemrushBot/7~bl; +http://www.semrush.com/bot.html)"
40.77.167.64 - - [05/Oct/2024:12:26:59 +0300] "GET /sitemap.txt HTTP/1.0" 404 29092 "-" "Mozilla/5.0 AppleWebKit/537.36 (KHTML, like Gecko; compatible; bingbot/2.0; +http://www.bing.com/bingbot.htm) Chrome/116.0.1938.76 Safari/537.36"
185.191.171.3 - - [05/Oct/2024:12:33:13 +0300] "GET /2b6a4nuimm.html HTTP/1.0" 404 29100 "-" "Mozilla/5.0 (compatible; SemrushBot/7~bl; +http://www.semrush.com/bot.html)"
66.249.66.35 - - [05/Oct/2024:12:33:38 +0300] "GET /xmw23/best-settings-for-ender-3-neo.html HTTP/1.0" 200 26788 "-" "Mozilla/5.0 (Linux; Android 6.0.1; Nexus 5X Build/MMB29P) AppleWebKit/537.36 (KHTML, like Gecko) Chrome/129.0.6668.89 Mobile Safari/537.36 (compatible; Googlebot/2.1; +http://www.google.com/bot.html)"
66.249.66.37 - - [05/Oct/2024:12:33:39 +0300] "GET /xmw23/amazon-warehouse-montreal-jobs.html HTTP/1.0" 200 22811 "-" "Mozilla/5.0 (Linux; Android 6.0.1; Nexus 5X Build/MMB29P) AppleWebKit/537.36 (KHTML, like Gecko) Chrome/129.0.6668.89 Mobile Safari/537.36 (compatible; Googlebot/2.1; +http://www.google.com/bot.html)"
62.122.184.194 - - [05/Oct/2024:12:34:24 +0300] "GET / HTTP/1.0" 200 322 "https://gcba.ru/" "Mozilla/5.0 (Windows NT 10.0.0; Win64; x64; ) AppleWebKit/537.36 (KHTML, like Gecko) Chrome/124.0.6367.62 Chrome/124.0.6367.62 Not-A.Brand/99 Safari/537.36"
85.208.96.198 - - [05/Oct/2024:12:37:22 +0300] "GET /h259zab4u.html HTTP/1.0" 404 25949 "-" "Mozilla/5.0 (compatible; SemrushBot/7~bl; +http://www.semrush.com/bot.html)"
85.208.96.203 - - [05/Oct/2024:12:39:50 +0300] "GET /16b52v5ikh.html HTTP/1.0" 404 29100 "-" "Mozilla/5.0 (compatible; SemrushBot/7~bl; +http://www.semrush.com/bot.html)"
85.208.96.196 - - [05/Oct/2024:12:43:53 +0300] "GET /2ckn1numzc.html HTTP/1.0" 404 25951 "-" "Mozilla/5.0 (compatible; SemrushBot/7~bl; +http://www.semrush.com/bot.html)"
91.121.80.103 - - [05/Oct/2024:12:48:16 +0300] "GET /eff48aefbe.php HTTP/1.0" 200 41729 "-" "Mozilla/5.0 (Windows NT 10.0; Win64; x64) AppleWebKit/537.36 (KHTML, like Gecko) Chrome/111.0.0.0 Safari/537.36 OPR/97.0.0.0"
91.121.80.103 - - [05/Oct/2024:12:48:17 +0300] "GET /eff48aefbe.php HTTP/1.0" 200 38580 "http://gcba.ru/" "Mozilla/5.0 (Windows NT 10.0; Win64; x64) AppleWebKit/537.36 (KHTML, like Gecko) Chrome/114.0.0.0 Safari/537.36"
91.121.80.103 - - [05/Oct/2024:12:48:26 +0300] "POST /eff48aefbe.php HTTP/1.0" 200 39337 "https://gcba.ru/eff48aefbe.php" "Mozilla/5.0 (Windows NT 10.0; Win64; x64) AppleWebKit/537.36 (KHTML, like Gecko) Chrome/114.0.0.0 Safari/537.36"
91.121.80.103 - - [05/Oct/2024:12:48:28 +0300] "GET /content.php HTTP/1.0" 500 437 "-" "Mozilla/5.0 (Windows NT 10.0; Win64; x64) AppleWebKit/537.36 (KHTML, like Gecko) Chrome/114.0.0.0 Safari/537.36"
89.253.231.240 - - [05/Oct/2024:12:48:28 +0300] "GET /yqmsquctw/index/index.php HTTP/1.0" 200 3471 "-" "Mozilla/5.0 (Windows NT 10.0; Win64; x64) AppleWebKit/537.36 (KHTML, like Gecko) Chrome/111.0.0.0 Safari/537.36 OPR/97.0.0.0"
89.253.231.240 - - [05/Oct/2024:12:48:29 +0300] "GET /yqmsquctw/index/index.php HTTP/1.0" 200 322 "-" "Mozilla/5.0 (Windows NT 10.0; Win64; x64) AppleWebKit/537.36 (KHTML, like Gecko) Chrome/111.0.0.0 Safari/537.36 OPR/97.0.0.0"
89.253.231.240 - - [05/Oct/2024:12:48:31 +0300] "GET /yqmsquctw/index/index.php HTTP/1.0" 200 322 "-" "Mozilla/5.0 (Windows NT 10.0; Win64; x64) AppleWebKit/537.36 (KHTML, like Gecko) Chrome/111.0.0.0 Safari/537.36 OPR/97.0.0.0"
89.253.231.240 - - [05/Oct/2024:12:48:32 +0300] "GET /yqmsquctw/index/index.php HTTP/1.0" 200 322 "-" "Mozilla/5.0 (Windows NT 10.0; Win64; x64) AppleWebKit/537.36 (KHTML, like Gecko) Chrome/111.0.0.0 Safari/537.36 OPR/97.0.0.0"
89.253.231.240 - - [05/Oct/2024:12:48:33 +0300] "GET /yqmsquctw/index/index.php HTTP/1.0" 200 322 "-" "Mozilla/5.0 (Windows NT 10.0; Win64; x64) AppleWebKit/537.36 (KHTML, like Gecko) Chrome/111.0.0.0 Safari/537.36 OPR/97.0.0.0"
89.253.231.240 - - [05/Oct/2024:12:48:44 +0300] "GET /yqmsquctw/index/index.php HTTP/1.0" 500 341 "-" "Mozilla/5.0 (Windows NT 10.0; Win64; x64) AppleWebKit/537.36 (KHTML, like Gecko) Chrome/111.0.0.0 Safari/537.36 OPR/97.0.0.0"
89.253.231.240 - - [05/Oct/2024:12:48:43 +0300] "GET /yqmsquctw/index/index.php HTTP/1.0" 200 322 "-" "Mozilla/5.0 (Windows NT 10.0; Win64; x64) AppleWebKit/537.36 (KHTML, like Gecko) Chrome/111.0.0.0 Safari/537.36 OPR/97.0.0.0"
89.253.231.240 - - [05/Oct/2024:12:48:42 +0300] "GET /yqmsquctw/index/index.php HTTP/1.0" 200 322 "-" "Mozilla/5.0 (Windows NT 10.0; Win64; x64) AppleWebKit/537.36 (KHTML, like Gecko) Chrome/111.0.0.0 Safari/537.36 OPR/97.0.0.0"
89.253.231.240 - - [05/Oct/2024:12:48:41 +0300] "GET /yqmsquctw/index/index.php HTTP/1.0" 200 322 "-" "Mozilla/5.0 (Windows NT 10.0; Win64; x64) AppleWebKit/537.36 (KHTML, like Gecko) Chrome/111.0.0.0 Safari/537.36 OPR/97.0.0.0"
89.253.231.240 - - [05/Oct/2024:12:48:40 +0300] "GET /yqmsquctw/index/index.php HTTP/1.0" 200 322 "-" "Mozilla/5.0 (Windows NT 10.0; Win64; x64) AppleWebKit/537.36 (KHTML, like Gecko) Chrome/111.0.0.0 Safari/537.36 OPR/97.0.0.0"
89.253.231.240 - - [05/Oct/2024:12:48:39 +0300] "GET /yqmsquctw/index/index.php HTTP/1.0" 200 322 "-" "Mozilla/5.0 (Windows NT 10.0; Win64; x64) AppleWebKit/537.36 (KHTML, like Gecko) Chrome/111.0.0.0 Safari/537.36 OPR/97.0.0.0"
89.253.231.240 - - [05/Oct/2024:12:48:38 +0300] "GET /yqmsquctw/index/index.php HTTP/1.0" 200 322 "-" "Mozilla/5.0 (Windows NT 10.0; Win64; x64) AppleWebKit/537.36 (KHTML, like Gecko) Chrome/111.0.0.0 Safari/537.36 OPR/97.0.0.0"
89.253.231.240 - - [05/Oct/2024:12:48:36 +0300] "GET /yqmsquctw/index/index.php HTTP/1.0" 200 322 "-" "Mozilla/5.0 (Windows NT 10.0; Win64; x64) AppleWebKit/537.36 (KHTML, like Gecko) Chrome/111.0.0.0 Safari/537.36 OPR/97.0.0.0"
89.253.231.240 - - [05/Oct/2024:12:48:35 +0300] "GET /yqmsquctw/index/index.php HTTP/1.0" 200 322 "-" "Mozilla/5.0 (Windows NT 10.0; Win64; x64) AppleWebKit/537.36 (KHTML, like Gecko) Chrome/111.0.0.0 Safari/537.36 OPR/97.0.0.0"
89.253.231.240 - - [05/Oct/2024:12:48:34 +0300] "GET /yqmsquctw/index/index.php HTTP/1.0" 200 322 "-" "Mozilla/5.0 (Windows NT 10.0; Win64; x64) AppleWebKit/537.36 (KHTML, like Gecko) Chrome/111.0.0.0 Safari/537.36 OPR/97.0.0.0"
85.208.96.194 - - [05/Oct/2024:12:48:51 +0300] "GET /2m4bbernze.html HTTP/1.0" 404 25951 "-" "Mozilla/5.0 (compatible; SemrushBot/7~bl; +http://www.semrush.com/bot.html)"
54.36.149.3 - - [05/Oct/2024:12:49:41 +0300] "GET /news/nalogi/svedeniya-v-ramkakh-vstrechnoy-proverki-vashu-nalogovuyu-taynu-ne-narushat/ HTTP/1.0" 200 30549 "-" "Mozilla/5.0 (compatible; AhrefsBot/7.0; +http://ahrefs.com/robot/)"
66.249.66.35 - - [05/Oct/2024:12:52:39 +0300] "GET /xmw23/list-of-steel-companies-in-saudi-arabia-with-email.html HTTP/1.0" 200 36027 "-" "Mozilla/5.0 (Linux; Android 6.0.1; Nexus 5X Build/MMB29P) AppleWebKit/537.36 (KHTML, like Gecko) Chrome/129.0.6668.89 Mobile Safari/537.36 (compatible; Googlebot/2.1; +http://www.google.com/bot.html)"
66.249.66.37 - - [05/Oct/2024:12:53:28 +0300] "GET /xmw23/recaptcha-login.html HTTP/1.0" 200 22281 "-" "Mozilla/5.0 (Linux; Android 6.0.1; Nexus 5X Build/MMB29P) AppleWebKit/537.36 (KHTML, like Gecko) Chrome/129.0.6668.89 Mobile Safari/537.36 (compatible; Googlebot/2.1; +http://www.google.com/bot.html)"
66.249.66.35 - - [05/Oct/2024:12:54:40 +0300] "GET /xmw23/ncis-fanfiction-tony-betrayed-by-team-during-her.html HTTP/1.0" 200 26442 "-" "Mozilla/5.0 (Linux; Android 6.0.1; Nexus 5X Build/MMB29P) AppleWebKit/537.36 (KHTML, like Gecko) Chrome/129.0.6668.89 Mobile Safari/537.36 (compatible; Googlebot/2.1; +http://www.google.com/bot.html)"
185.191.171.17 - - [05/Oct/2024:12:55:04 +0300] "GET /5gecixhvmt.html HTTP/1.0" 404 29100 "-" "Mozilla/5.0 (compatible; SemrushBot/7~bl; +http://www.semrush.com/bot.html)"
85.208.96.203 - - [05/Oct/2024:13:02:22 +0300] "GET /ggninypvp.html HTTP/1.0" 404 29098 "-" "Mozilla/5.0 (compatible; SemrushBot/7~bl; +http://www.semrush.com/bot.html)"
66.249.66.36 - - [05/Oct/2024:13:04:21 +0300] "GET /xmw23/current-ngos-job-vacancy-in-animal-production-and-health-in-usa.html HTTP/1.0" 200 23199 "-" "Mozilla/5.0 (Linux; Android 6.0.1; Nexus 5X Build/MMB29P) AppleWebKit/537.36 (KHTML, like Gecko) Chrome/129.0.6668.89 Mobile Safari/537.36 (compatible; Googlebot/2.1; +http://www.google.com/bot.html)"
66.249.66.36 - - [05/Oct/2024:13:04:22 +0300] "GET /xmw23/workday-unhcr-login.html HTTP/1.0" 200 14973 "-" "Mozilla/5.0 (Linux; Android 6.0.1; Nexus 5X Build/MMB29P) AppleWebKit/537.36 (KHTML, like Gecko) Chrome/129.0.6668.89 Mobile Safari/537.36 (compatible; Googlebot/2.1; +http://www.google.com/bot.html)"
66.249.66.35 - - [05/Oct/2024:13:05:23 +0300] "GET /xmw23/kramer-family-funeral-home-obituaries.html HTTP/1.0" 200 15320 "-" "Mozilla/5.0 (Linux; Android 6.0.1; Nexus 5X Build/MMB29P) AppleWebKit/537.36 (KHTML, like Gecko) Chrome/129.0.6668.89 Mobile Safari/537.36 (compatible; Googlebot/2.1; +http://www.google.com/bot.html)"
66.249.66.36 - - [05/Oct/2024:13:08:23 +0300] "GET /xmw23/pickaway-county-jail-active-inmate-list.html HTTP/1.0" 200 20267 "-" "Mozilla/5.0 (Linux; Android 6.0.1; Nexus 5X Build/MMB29P) AppleWebKit/537.36 (KHTML, like Gecko) Chrome/129.0.6668.89 Mobile Safari/537.36 (compatible; Googlebot/2.1; +http://www.google.com/bot.html)"
85.208.96.202 - - [05/Oct/2024:13:12:00 +0300] "GET /3o6mcy0lra.html HTTP/1.0" 404 29100 "-" "Mozilla/5.0 (compatible; SemrushBot/7~bl; +http://www.semrush.com/bot.html)"
66.249.66.37 - - [05/Oct/2024:13:13:24 +0300] "GET /xmw23/neom-university-jobs.html HTTP/1.0" 200 13558 "-" "Mozilla/5.0 (Linux; Android 6.0.1; Nexus 5X Build/MMB29P) AppleWebKit/537.36 (KHTML, like Gecko) Chrome/129.0.6668.89 Mobile Safari/537.36 (compatible; Googlebot/2.1; +http://www.google.com/bot.html)"
185.191.171.5 - - [05/Oct/2024:13:17:39 +0300] "GET /6b754rcdar.html HTTP/1.0" 404 29100 "-" "Mozilla/5.0 (compatible; SemrushBot/7~bl; +http://www.semrush.com/bot.html)"
66.249.66.35 - - [05/Oct/2024:13:18:24 +0300] "GET /xmw23/chuwi-accessories-list.html HTTP/1.0" 200 22720 "-" "Mozilla/5.0 (Linux; Android 6.0.1; Nexus 5X Build/MMB29P) AppleWebKit/537.36 (KHTML, like Gecko) Chrome/129.0.6668.89 Mobile Safari/537.36 (compatible; Googlebot/2.1; +http://www.google.com/bot.html)"
66.249.66.37 - - [05/Oct/2024:13:19:25 +0300] "GET /xmw23/weaverbird-plugin-grasshopper.html HTTP/1.0" 200 36480 "-" "Mozilla/5.0 (Linux; Android 6.0.1; Nexus 5X Build/MMB29P) AppleWebKit/537.36 (KHTML, like Gecko) Chrome/129.0.6668.89 Mobile Safari/537.36 (compatible; Googlebot/2.1; +http://www.google.com/bot.html)"
66.249.66.37 - - [05/Oct/2024:13:19:27 +0300] "GET /xmw23/install-roon-server.html HTTP/1.0" 200 21579 "-" "Mozilla/5.0 (Linux; Android 6.0.1; Nexus 5X Build/MMB29P) AppleWebKit/537.36 (KHTML, like Gecko) Chrome/129.0.6668.89 Mobile Safari/537.36 (compatible; GoogleOther)"
66.249.66.35 - - [05/Oct/2024:13:21:25 +0300] "GET /xmw23/prodaja-stanova-beograd-do-80000.html HTTP/1.0" 200 13124 "-" "Mozilla/5.0 (Linux; Android 6.0.1; Nexus 5X Build/MMB29P) AppleWebKit/537.36 (KHTML, like Gecko) Chrome/129.0.6668.89 Mobile Safari/537.36 (compatible; Googlebot/2.1; +http://www.google.com/bot.html)"
66.249.66.35 - - [05/Oct/2024:13:24:26 +0300] "GET /xmw23/2007-bmw-m47-engine-problems.html HTTP/1.0" 200 38444 "-" "Mozilla/5.0 (Linux; Android 6.0.1; Nexus 5X Build/MMB29P) AppleWebKit/537.36 (KHTML, like Gecko) Chrome/129.0.6668.89 Mobile Safari/537.36 (compatible; Googlebot/2.1; +http://www.google.com/bot.html)"
66.249.66.36 - - [05/Oct/2024:13:25:26 +0300] "GET /xmw23/craigslist-north-carolina.html HTTP/1.0" 200 21313 "-" "Mozilla/5.0 (Linux; Android 6.0.1; Nexus 5X Build/MMB29P) AppleWebKit/537.36 (KHTML, like Gecko) Chrome/129.0.6668.89 Mobile Safari/537.36 (compatible; Googlebot/2.1; +http://www.google.com/bot.html)"
185.162.16.189 - - [05/Oct/2024:13:37:10 +0300] "GET /bitrix/admin/index.php HTTP/1.0" 200 25481 "-" "Mozilla/5.0 (Windows NT 6.1) AppleWebKit/537.36 (KHTML, like Gecko) Chrome/45.0.2454.85 Safari/537.36 OPR/32.0.1948.45"
185.162.16.189 - - [05/Oct/2024:13:37:10 +0300] "GET /bitrix/admin/index.php HTTP/1.0" 200 22332 "-" "Mozilla/5.0 (Windows NT 6.1) AppleWebKit/537.36 (KHTML, like Gecko) Chrome/45.0.2454.85 Safari/537.36 OPR/32.0.1948.45"
185.162.16.189 - - [05/Oct/2024:13:37:10 +0300] "GET /bitrix/admin/index.php HTTP/1.0" 200 22332 "-" "Mozilla/5.0 (Windows NT 6.1) AppleWebKit/537.36 (KHTML, like Gecko) Chrome/45.0.2454.85 Safari/537.36 OPR/32.0.1948.45"
185.162.16.189 - - [05/Oct/2024:13:37:11 +0300] "POST /bitrix/admin/?login=yes HTTP/1.0" 200 1010 "-" "Mozilla/5.0 (Windows NT 6.1) AppleWebKit/537.36 (KHTML, like Gecko) Chrome/45.0.2454.85 Safari/537.36 OPR/32.0.1948.45"
185.162.16.189 - - [05/Oct/2024:13:37:11 +0300] "POST /bitrix/admin/?login=yes HTTP/1.0" 200 4159 "-" "Mozilla/5.0 (Windows NT 6.1) AppleWebKit/537.36 (KHTML, like Gecko) Chrome/45.0.2454.85 Safari/537.36 OPR/32.0.1948.45"
185.162.16.189 - - [05/Oct/2024:13:37:11 +0300] "POST /bitrix/admin/?login=yes HTTP/1.0" 200 1010 "-" "Mozilla/5.0 (Windows NT 6.1) AppleWebKit/537.36 (KHTML, like Gecko) Chrome/45.0.2454.85 Safari/537.36 OPR/32.0.1948.45"
54.36.148.89 - - [05/Oct/2024:13:43:31 +0300] "GET /eng/services/?SECTION_ID=16 HTTP/1.0" 200 18980 "-" "Mozilla/5.0 (compatible; AhrefsBot/7.0; +http://ahrefs.com/robot/)"
85.208.96.210 - - [05/Oct/2024:13:44:03 +0300] "GET /4bibrsfx7.html HTTP/1.0" 404 29098 "-" "Mozilla/5.0 (compatible; SemrushBot/7~bl; +http://www.semrush.com/bot.html)"
185.191.171.9 - - [05/Oct/2024:13:45:27 +0300] "GET /1moa2z01az.html HTTP/1.0" 404 25951 "-" "Mozilla/5.0 (compatible; SemrushBot/7~bl; +http://www.semrush.com/bot.html)"
185.191.171.13 - - [05/Oct/2024:13:47:45 +0300] "GET /4ak1emfjdx.html HTTP/1.0" 404 25951 "-" "Mozilla/5.0 (compatible; SemrushBot/7~bl; +http://www.semrush.com/bot.html)"
198.235.24.178 - - [05/Oct/2024:13:51:01 +0300] "GET / HTTP/1.0" 200 3471 "http://89.253.231.240:80/" "-"
66.249.66.36 - - [05/Oct/2024:14:09:25 +0300] "GET /xmw23/natalgyn.html HTTP/1.0" 200 17929 "-" "Mozilla/5.0 (Linux; Android 6.0.1; Nexus 5X Build/MMB29P) AppleWebKit/537.36 (KHTML, like Gecko) Chrome/129.0.6668.89 Mobile Safari/537.36 (compatible; Googlebot/2.1; +http://www.google.com/bot.html)"
66.249.66.37 - - [05/Oct/2024:14:09:27 +0300] "GET /xmw23/bmw-error-e14406.html HTTP/1.0" 200 26304 "-" "Mozilla/5.0 (Linux; Android 6.0.1; Nexus 5X Build/MMB29P) AppleWebKit/537.36 (KHTML, like Gecko) Chrome/129.0.6668.89 Mobile Safari/537.36 (compatible; Googlebot/2.1; +http://www.google.com/bot.html)"
85.208.96.196 - - [05/Oct/2024:14:09:48 +0300] "GET /imn6pqnon.html HTTP/1.0" 404 25949 "-" "Mozilla/5.0 (compatible; SemrushBot/7~bl; +http://www.semrush.com/bot.html)"
66.249.66.37 - - [05/Oct/2024:14:12:26 +0300] "GET /xmw23/oglasi-srbija.html HTTP/1.0" 200 15913 "-" "Mozilla/5.0 (Linux; Android 6.0.1; Nexus 5X Build/MMB29P) AppleWebKit/537.36 (KHTML, like Gecko) Chrome/129.0.6668.89 Mobile Safari/537.36 (compatible; Googlebot/2.1; +http://www.google.com/bot.html)"
85.208.96.198 - - [05/Oct/2024:14:13:16 +0300] "GET /5kim5vlfen.html HTTP/1.0" 404 25951 "-" "Mozilla/5.0 (compatible; SemrushBot/7~bl; +http://www.semrush.com/bot.html)"
66.249.66.37 - - [05/Oct/2024:14:13:26 +0300] "GET /xmw23/federal-bureau-of-prisons-human-resources-phone-number.html HTTP/1.0" 200 14314 "-" "Mozilla/5.0 (Linux; Android 6.0.1; Nexus 5X Build/MMB29P) AppleWebKit/537.36 (KHTML, like Gecko) Chrome/129.0.6668.89 Mobile Safari/537.36 (compatible; Googlebot/2.1; +http://www.google.com/bot.html)"
85.208.96.198 - - [05/Oct/2024:14:17:28 +0300] "GET /1go9myayyp.html HTTP/1.0" 404 29100 "-" "Mozilla/5.0 (compatible; SemrushBot/7~bl; +http://www.semrush.com/bot.html)"
85.208.96.193 - - [05/Oct/2024:14:22:11 +0300] "GET /14jf1wmf9y.html HTTP/1.0" 404 29100 "-" "Mozilla/5.0 (compatible; SemrushBot/7~bl; +http://www.semrush.com/bot.html)"
66.249.66.35 - - [05/Oct/2024:14:22:26 +0300] "GET /xmw23/x-bot-99-hack-apk-download.html HTTP/1.0" 200 28885 "-" "Mozilla/5.0 (Linux; Android 6.0.1; Nexus 5X Build/MMB29P) AppleWebKit/537.36 (KHTML, like Gecko) Chrome/129.0.6668.89 Mobile Safari/537.36 (compatible; Googlebot/2.1; +http://www.google.com/bot.html)"
66.249.66.37 - - [05/Oct/2024:14:23:28 +0300] "GET /xmw23/sweetwaternow-jail-roster.html HTTP/1.0" 200 40209 "-" "Mozilla/5.0 (Linux; Android 6.0.1; Nexus 5X Build/MMB29P) AppleWebKit/537.36 (KHTML, like Gecko) Chrome/129.0.6668.89 Mobile Safari/537.36 (compatible; Googlebot/2.1; +http://www.google.com/bot.html)"
87.236.176.107 - - [05/Oct/2024:14:24:09 +0300] "GET / HTTP/1.0" 200 322 "https://www.gcba.ru:52223" "Mozilla/5.0 (compatible; InternetMeasurement/1.0; +https://internet-measurement.com/)"
66.249.66.36 - - [05/Oct/2024:14:24:21 +0300] "GET /xmw23/docker-exec-no-such-container.html HTTP/1.0" 200 24260 "-" "Mozilla/5.0 (Linux; Android 6.0.1; Nexus 5X Build/MMB29P) AppleWebKit/537.36 (KHTML, like Gecko) Chrome/129.0.6668.89 Mobile Safari/537.36 (compatible; GoogleOther)"
66.249.66.35 - - [05/Oct/2024:14:24:24 +0300] "GET /xmw23/mit-mechanical-engineering-course.html HTTP/1.0" 500 341 "-" "Mozilla/5.0 (Linux; Android 6.0.1; Nexus 5X Build/MMB29P) AppleWebKit/537.36 (KHTML, like Gecko) Chrome/129.0.6668.89 Mobile Safari/537.36 (compatible; GoogleOther)"
66.249.66.36 - - [05/Oct/2024:14:25:27 +0300] "GET /xmw23/difference-between-band-3-and-band-4-healthcare-assistant.html HTTP/1.0" 200 38249 "-" "Mozilla/5.0 (Linux; Android 6.0.1; Nexus 5X Build/MMB29P) AppleWebKit/537.36 (KHTML, like Gecko) Chrome/129.0.6668.89 Mobile Safari/537.36 (compatible; Googlebot/2.1; +http://www.google.com/bot.html)"
66.249.66.37 - - [05/Oct/2024:14:28:27 +0300] "GET /xmw23/care-south-jobs-with-visa-sponsorship-salary.html HTTP/1.0" 200 19905 "-" "Mozilla/5.0 (Linux; Android 6.0.1; Nexus 5X Build/MMB29P) AppleWebKit/537.36 (KHTML, like Gecko) Chrome/129.0.6668.89 Mobile Safari/537.36 (compatible; Googlebot/2.1; +http://www.google.com/bot.html)"
66.249.66.37 - - [05/Oct/2024:14:33:28 +0300] "GET /xmw23/ellis-county-online-records-search.html HTTP/1.0" 200 19518 "-" "Mozilla/5.0 (Linux; Android 6.0.1; Nexus 5X Build/MMB29P) AppleWebKit/537.36 (KHTML, like Gecko) Chrome/129.0.6668.89 Mobile Safari/537.36 (compatible; Googlebot/2.1; +http://www.google.com/bot.html)"
66.249.66.35 - - [05/Oct/2024:14:33:29 +0300] "GET /xmw23/seneca-county-jail.html HTTP/1.0" 200 28606 "-" "Mozilla/5.0 (Linux; Android 6.0.1; Nexus 5X Build/MMB29P) AppleWebKit/537.36 (KHTML, like Gecko) Chrome/129.0.6668.89 Mobile Safari/537.36 (compatible; Googlebot/2.1; +http://www.google.com/bot.html)"
54.36.148.252 - - [05/Oct/2024:14:34:33 +0300] "GET /news/nalogi/izmenenie-rekvizitov-uplaty-nalogov-i-vznosov-v-gorode-moskve/ HTTP/1.0" 200 29508 "-" "Mozilla/5.0 (compatible; AhrefsBot/7.0; +http://ahrefs.com/robot/)"
85.208.96.193 - - [05/Oct/2024:14:38:58 +0300] "GET /20g5mwzido.html HTTP/1.0" 404 29100 "-" "Mozilla/5.0 (compatible; SemrushBot/7~bl; +http://www.semrush.com/bot.html)"
85.208.96.204 - - [05/Oct/2024:14:45:25 +0300] "GET /m59flh2t7.html HTTP/1.0" 404 29098 "-" "Mozilla/5.0 (compatible; SemrushBot/7~bl; +http://www.semrush.com/bot.html)"
66.249.66.37 - - [05/Oct/2024:14:49:27 +0300] "GET /xmw23/get-a-job-in-japan.html HTTP/1.0" 200 24217 "-" "Mozilla/5.0 (Linux; Android 6.0.1; Nexus 5X Build/MMB29P) AppleWebKit/537.36 (KHTML, like Gecko) Chrome/129.0.6668.89 Mobile Safari/537.36 (compatible; GoogleOther)"
66.249.66.36 - - [05/Oct/2024:14:54:29 +0300] "GET /xmw23/international-ngo-jobs.html HTTP/1.0" 200 22133 "-" "Mozilla/5.0 (Linux; Android 6.0.1; Nexus 5X Build/MMB29P) AppleWebKit/537.36 (KHTML, like Gecko) Chrome/129.0.6668.89 Mobile Safari/537.36 (compatible; Googlebot/2.1; +http://www.google.com/bot.html)"
66.249.66.36 - - [05/Oct/2024:14:54:30 +0300] "GET /xmw23/online-jobs-work-from-home-sri-lanka-for-female.html HTTP/1.0" 200 25574 "-" "Mozilla/5.0 (Linux; Android 6.0.1; Nexus 5X Build/MMB29P) AppleWebKit/537.36 (KHTML, like Gecko) Chrome/129.0.6668.89 Mobile Safari/537.36 (compatible; Googlebot/2.1; +http://www.google.com/bot.html)"
85.208.96.193 - - [05/Oct/2024:14:56:25 +0300] "GET /3jb7pljcxb.html HTTP/1.0" 404 25951 "-" "Mozilla/5.0 (compatible; SemrushBot/7~bl; +http://www.semrush.com/bot.html)"
54.36.148.107 - - [05/Oct/2024:14:59:22 +0300] "GET /news/nalogi/s-1-yanvarya-2017-goda-vnosyatsya-izmeneniya-pri-ischislenii-aktsizov/ HTTP/1.0" 200 39276 "-" "Mozilla/5.0 (compatible; AhrefsBot/7.0; +http://ahrefs.com/robot/)"
66.249.66.36 - - [05/Oct/2024:15:00:31 +0300] "GET /xmw23/care-homes-with-tier-2-sponsorship-in-manchester.html HTTP/1.0" 200 37944 "-" "Mozilla/5.0 (Linux; Android 6.0.1; Nexus 5X Build/MMB29P) AppleWebKit/537.36 (KHTML, like Gecko) Chrome/129.0.6668.89 Mobile Safari/537.36 (compatible; Googlebot/2.1; +http://www.google.com/bot.html)"
185.191.171.17 - - [05/Oct/2024:15:03:29 +0300] "GET /30of3bdser.html HTTP/1.0" 404 25951 "-" "Mozilla/5.0 (compatible; SemrushBot/7~bl; +http://www.semrush.com/bot.html)"
66.249.66.36 - - [05/Oct/2024:15:06:24 +0300] "GET /xmw23/google-chrome-qr-code-generator.html HTTP/1.0" 200 40909 "-" "Mozilla/5.0 (Linux; Android 6.0.1; Nexus 5X Build/MMB29P) AppleWebKit/537.36 (KHTML, like Gecko) Chrome/129.0.6668.89 Mobile Safari/537.36 (compatible; Googlebot/2.1; +http://www.google.com/bot.html)"
66.249.66.37 - - [05/Oct/2024:15:10:26 +0300] "GET /xmw23/counterpain-krema-cena.html HTTP/1.0" 200 35947 "-" "Mozilla/5.0 (Linux; Android 6.0.1; Nexus 5X Build/MMB29P) AppleWebKit/537.36 (KHTML, like Gecko) Chrome/129.0.6668.89 Mobile Safari/537.36 (compatible; Googlebot/2.1; +http://www.google.com/bot.html)"
66.249.66.36 - - [05/Oct/2024:15:10:27 +0300] "GET /xmw23/java-developer-jobs-in-uk.html HTTP/1.0" 200 29759 "-" "Mozilla/5.0 (Linux; Android 6.0.1; Nexus 5X Build/MMB29P) AppleWebKit/537.36 (KHTML, like Gecko) Chrome/129.0.6668.89 Mobile Safari/537.36 (compatible; Googlebot/2.1; +http://www.google.com/bot.html)"
66.249.66.36 - - [05/Oct/2024:15:10:27 +0300] "GET /xmw23/garden-city,-mi-funeral-homes.html HTTP/1.0" 404 26117 "-" "Mozilla/5.0 (Linux; Android 6.0.1; Nexus 5X Build/MMB29P) AppleWebKit/537.36 (KHTML, like Gecko) Chrome/129.0.6668.89 Mobile Safari/537.36 (compatible; Googlebot/2.1; +http://www.google.com/bot.html)"
66.249.66.35 - - [05/Oct/2024:15:12:27 +0300] "GET /xmw23/manga-telegram-channels.html HTTP/1.0" 200 26815 "-" "Mozilla/5.0 (Linux; Android 6.0.1; Nexus 5X Build/MMB29P) AppleWebKit/537.36 (KHTML, like Gecko) Chrome/129.0.6668.89 Mobile Safari/537.36 (compatible; Googlebot/2.1; +http://www.google.com/bot.html)"
185.191.171.2 - - [05/Oct/2024:15:12:43 +0300] "GET /2mk1f825p4.html HTTP/1.0" 404 25951 "-" "Mozilla/5.0 (compatible; SemrushBot/7~bl; +http://www.semrush.com/bot.html)"
85.208.96.201 - - [05/Oct/2024:15:16:17 +0300] "GET /1geebwcmzc.html HTTP/1.0" 404 25951 "-" "Mozilla/5.0 (compatible; SemrushBot/7~bl; +http://www.semrush.com/bot.html)"
66.249.66.37 - - [05/Oct/2024:15:16:28 +0300] "GET /xmw23/arrestados-en-arkansas.html HTTP/1.0" 200 18217 "-" "Mozilla/5.0 (Linux; Android 6.0.1; Nexus 5X Build/MMB29P) AppleWebKit/537.36 (KHTML, like Gecko) Chrome/129.0.6668.89 Mobile Safari/537.36 (compatible; Googlebot/2.1; +http://www.google.com/bot.html)"
66.249.66.36 - - [05/Oct/2024:15:16:29 +0300] "GET /xmw23/rowing.html HTTP/1.0" 200 37456 "-" "Mozilla/5.0 (Linux; Android 6.0.1; Nexus 5X Build/MMB29P) AppleWebKit/537.36 (KHTML, like Gecko) Chrome/129.0.6668.89 Mobile Safari/537.36 (compatible; Googlebot/2.1; +http://www.google.com/bot.html)"
46.8.17.94 - - [05/Oct/2024:15:23:30 +0300] "GET / HTTP/1.0" 200 3471 "-" "Python/3.11 aiohttp/3.9.3"
85.208.96.210 - - [05/Oct/2024:15:24:23 +0300] "GET /2le8dmhxom.html HTTP/1.0" 404 29100 "-" "Mozilla/5.0 (compatible; SemrushBot/7~bl; +http://www.semrush.com/bot.html)"
54.36.148.41 - - [05/Oct/2024:15:24:38 +0300] "GET /news/nalogi/esli-predoplata-i-otgruzka-tovara-proiskhodyat-v-techenie-pyati-dney-to-schet-faktura-na-predoplatu-/ HTTP/1.0" 200 35897 "-" "Mozilla/5.0 (compatible; AhrefsBot/7.0; +http://ahrefs.com/robot/)"
185.191.171.9 - - [05/Oct/2024:15:24:57 +0300] "GET /3mhpdk7exu.html HTTP/1.0" 404 25951 "-" "Mozilla/5.0 (compatible; SemrushBot/7~bl; +http://www.semrush.com/bot.html)"
66.249.66.35 - - [05/Oct/2024:15:25:29 +0300] "GET /xmw23/ingrijire-batrani-viena.html HTTP/1.0" 200 19305 "-" "Mozilla/5.0 (Linux; Android 6.0.1; Nexus 5X Build/MMB29P) AppleWebKit/537.36 (KHTML, like Gecko) Chrome/129.0.6668.89 Mobile Safari/537.36 (compatible; Googlebot/2.1; +http://www.google.com/bot.html)"
185.191.171.17 - - [05/Oct/2024:15:26:03 +0300] "GET /2nn441gtbi.html HTTP/1.0" 404 25951 "-" "Mozilla/5.0 (compatible; SemrushBot/7~bl; +http://www.semrush.com/bot.html)"
