85.208.96.212 - - [07/Oct/2024:16:18:53 +0300] "GET /552kcgf4jv.html HTTP/1.0" 404 42116 "-" "Mozilla/5.0 (compatible; SemrushBot/7~bl; +http://www.semrush.com/bot.html)"
66.249.66.37 - - [07/Oct/2024:16:19:56 +0300] "GET /xmw23/small-farm-jobs-near-me.html HTTP/1.0" 200 30661 "-" "Mozilla/5.0 (Linux; Android 6.0.1; Nexus 5X Build/MMB29P) AppleWebKit/537.36 (KHTML, like Gecko) Chrome/129.0.6668.89 Mobile Safari/537.36 (compatible; Googlebot/2.1; +http://www.google.com/bot.html)"
85.208.96.195 - - [07/Oct/2024:16:20:42 +0300] "GET /fmmcn4c4s.html HTTP/1.0" 404 45263 "-" "Mozilla/5.0 (compatible; SemrushBot/7~bl; +http://www.semrush.com/bot.html)"
85.208.96.197 - - [07/Oct/2024:16:20:51 +0300] "GET /5p389pe3cy.html HTTP/1.0" 404 42116 "-" "Mozilla/5.0 (compatible; SemrushBot/7~bl; +http://www.semrush.com/bot.html)"
185.191.171.15 - - [07/Oct/2024:16:20:58 +0300] "GET /4ke982onco.html HTTP/1.0" 404 42116 "-" "Mozilla/5.0 (compatible; SemrushBot/7~bl; +http://www.semrush.com/bot.html)"
185.191.171.16 - - [07/Oct/2024:16:21:15 +0300] "GET /5721nqmtjw.html HTTP/1.0" 404 42116 "-" "Mozilla/5.0 (compatible; SemrushBot/7~bl; +http://www.semrush.com/bot.html)"
85.208.96.209 - - [07/Oct/2024:16:21:25 +0300] "GET /41i31uamot.html HTTP/1.0" 404 42116 "-" "Mozilla/5.0 (compatible; SemrushBot/7~bl; +http://www.semrush.com/bot.html)"
66.249.66.35 - - [07/Oct/2024:16:21:57 +0300] "GET /xmw23/logistics-jobs-canada-salary.html HTTP/1.0" 200 16732 "-" "Mozilla/5.0 (Linux; Android 6.0.1; Nexus 5X Build/MMB29P) AppleWebKit/537.36 (KHTML, like Gecko) Chrome/129.0.6668.89 Mobile Safari/537.36 (compatible; Googlebot/2.1; +http://www.google.com/bot.html)"
66.249.66.37 - - [07/Oct/2024:16:21:58 +0300] "GET /xmw23/varcov-bnakaran-erevanum.html HTTP/1.0" 200 37263 "-" "Mozilla/5.0 (Linux; Android 6.0.1; Nexus 5X Build/MMB29P) AppleWebKit/537.36 (KHTML, like Gecko) Chrome/129.0.6668.89 Mobile Safari/537.36 (compatible; Googlebot/2.1; +http://www.google.com/bot.html)"
185.191.171.7 - - [07/Oct/2024:16:22:12 +0300] "GET /3b7dlltpal.html HTTP/1.0" 404 42116 "-" "Mozilla/5.0 (compatible; SemrushBot/7~bl; +http://www.semrush.com/bot.html)"
85.208.96.208 - - [07/Oct/2024:16:22:19 +0300] "GET /3ml6pps0r.html HTTP/1.0" 404 42114 "-" "Mozilla/5.0 (compatible; SemrushBot/7~bl; +http://www.semrush.com/bot.html)"
85.208.96.199 - - [07/Oct/2024:16:22:35 +0300] "GET /56h452o7i7.html HTTP/1.0" 404 42116 "-" "Mozilla/5.0 (compatible; SemrushBot/7~bl; +http://www.semrush.com/bot.html)"
54.36.148.168 - - [07/Oct/2024:16:22:52 +0300] "GET /services/?SECTION_ID=10 HTTP/1.0" 200 22030 "-" "Mozilla/5.0 (compatible; AhrefsBot/7.0; +http://ahrefs.com/robot/)"
85.208.96.206 - - [07/Oct/2024:16:22:53 +0300] "GET /5dfadaoy1a.html HTTP/1.0" 404 42116 "-" "Mozilla/5.0 (compatible; SemrushBot/7~bl; +http://www.semrush.com/bot.html)"
185.191.171.9 - - [07/Oct/2024:16:22:55 +0300] "GET /45e3p7qxse.html HTTP/1.0" 404 42116 "-" "Mozilla/5.0 (compatible; SemrushBot/7~bl; +http://www.semrush.com/bot.html)"
85.208.96.207 - - [07/Oct/2024:16:23:04 +0300] "GET /kmg38juay.html HTTP/1.0" 404 42114 "-" "Mozilla/5.0 (compatible; SemrushBot/7~bl; +http://www.semrush.com/bot.html)"
85.208.96.195 - - [07/Oct/2024:16:23:09 +0300] "GET /44aeh76z67.html HTTP/1.0" 404 42116 "-" "Mozilla/5.0 (compatible; SemrushBot/7~bl; +http://www.semrush.com/bot.html)"
185.191.171.1 - - [07/Oct/2024:16:23:58 +0300] "GET /5mho0c9ja6.html HTTP/1.0" 404 42116 "-" "Mozilla/5.0 (compatible; SemrushBot/7~bl; +http://www.semrush.com/bot.html)"
85.208.96.209 - - [07/Oct/2024:16:24:01 +0300] "GET /49bc0vilor.html HTTP/1.0" 404 42116 "-" "Mozilla/5.0 (compatible; SemrushBot/7~bl; +http://www.semrush.com/bot.html)"
185.191.171.14 - - [07/Oct/2024:16:24:42 +0300] "GET /59kahhboiy.html HTTP/1.0" 404 42116 "-" "Mozilla/5.0 (compatible; SemrushBot/7~bl; +http://www.semrush.com/bot.html)"
85.208.96.206 - - [07/Oct/2024:16:24:52 +0300] "GET /63f1gtbt72.html HTTP/1.0" 404 42116 "-" "Mozilla/5.0 (compatible; SemrushBot/7~bl; +http://www.semrush.com/bot.html)"
85.208.96.205 - - [07/Oct/2024:16:25:06 +0300] "GET /omi0gxtrx.html HTTP/1.0" 404 42114 "-" "Mozilla/5.0 (compatible; SemrushBot/7~bl; +http://www.semrush.com/bot.html)"
185.191.171.1 - - [07/Oct/2024:16:25:08 +0300] "GET /2el2i6sztd.html HTTP/1.0" 404 42116 "-" "Mozilla/5.0 (compatible; SemrushBot/7~bl; +http://www.semrush.com/bot.html)"
85.208.96.211 - - [07/Oct/2024:16:26:06 +0300] "GET /5ee8koatpp.html HTTP/1.0" 404 45265 "-" "Mozilla/5.0 (compatible; SemrushBot/7~bl; +http://www.semrush.com/bot.html)"
85.208.96.202 - - [07/Oct/2024:16:26:22 +0300] "GET /1ime69oylb.html HTTP/1.0" 404 42116 "-" "Mozilla/5.0 (compatible; SemrushBot/7~bl; +http://www.semrush.com/bot.html)"
185.191.171.2 - - [07/Oct/2024:16:26:31 +0300] "GET /191e0ffg1b.html HTTP/1.0" 404 42116 "-" "Mozilla/5.0 (compatible; SemrushBot/7~bl; +http://www.semrush.com/bot.html)"
85.208.96.205 - - [07/Oct/2024:16:26:40 +0300] "GET /1i8g67gf6l.html HTTP/1.0" 404 42116 "-" "Mozilla/5.0 (compatible; SemrushBot/7~bl; +http://www.semrush.com/bot.html)"
185.191.171.6 - - [07/Oct/2024:16:26:50 +0300] "GET /3j6246srtn.html HTTP/1.0" 404 42116 "-" "Mozilla/5.0 (compatible; SemrushBot/7~bl; +http://www.semrush.com/bot.html)"
66.249.66.37 - - [07/Oct/2024:16:26:58 +0300] "GET /xmw23/osceola-county-clerk-of-court.html HTTP/1.0" 200 9097 "-" "Mozilla/5.0 (Linux; Android 6.0.1; Nexus 5X Build/MMB29P) AppleWebKit/537.36 (KHTML, like Gecko) Chrome/129.0.6668.89 Mobile Safari/537.36 (compatible; Googlebot/2.1; +http://www.google.com/bot.html)"
185.191.171.6 - - [07/Oct/2024:16:27:01 +0300] "GET /mhf8t9tvf.html HTTP/1.0" 404 45263 "-" "Mozilla/5.0 (compatible; SemrushBot/7~bl; +http://www.semrush.com/bot.html)"
185.191.171.1 - - [07/Oct/2024:16:27:41 +0300] "GET /339fi2esre.html HTTP/1.0" 404 42116 "-" "Mozilla/5.0 (compatible; SemrushBot/7~bl; +http://www.semrush.com/bot.html)"
185.191.171.18 - - [07/Oct/2024:16:27:43 +0300] "GET /cicojuukt.html HTTP/1.0" 404 42114 "-" "Mozilla/5.0 (compatible; SemrushBot/7~bl; +http://www.semrush.com/bot.html)"
185.191.171.12 - - [07/Oct/2024:16:28:35 +0300] "GET /bhmine4mm.html HTTP/1.0" 404 42114 "-" "Mozilla/5.0 (compatible; SemrushBot/7~bl; +http://www.semrush.com/bot.html)"
85.208.96.211 - - [07/Oct/2024:16:28:47 +0300] "GET /1mn4fimnj.html HTTP/1.0" 404 42114 "-" "Mozilla/5.0 (compatible; SemrushBot/7~bl; +http://www.semrush.com/bot.html)"
66.249.66.35 - - [07/Oct/2024:16:28:59 +0300] "GET /xmw23/dallas-county-jail-number.html HTTP/1.0" 200 26893 "-" "Mozilla/5.0 (Linux; Android 6.0.1; Nexus 5X Build/MMB29P) AppleWebKit/537.36 (KHTML, like Gecko) Chrome/129.0.6668.89 Mobile Safari/537.36 (compatible; Googlebot/2.1; +http://www.google.com/bot.html)"
198.46.202.236 - - [07/Oct/2024:16:29:10 +0300] "GET / HTTP/1.0" 200 322 "http://gcba.ru" "Mozilla/5.0 (X11; Ubuntu; Linux i686; rv:114.0) Gecko/20100101 Firefox/114.0"
198.46.202.236 - - [07/Oct/2024:16:29:11 +0300] "GET / HTTP/1.0" 200 322 "-" "Mozilla/5.0 (X11; Ubuntu; Linux i686; rv:114.0) Gecko/20100101 Firefox/114.0"
185.191.171.8 - - [07/Oct/2024:16:29:11 +0300] "GET /3lo12r44wk.html HTTP/1.0" 404 42116 "-" "Mozilla/5.0 (compatible; SemrushBot/7~bl; +http://www.semrush.com/bot.html)"
198.46.202.236 - - [07/Oct/2024:16:29:11 +0300] "GET / HTTP/1.0" 200 322 "-" "Mozilla/5.0 (X11; Ubuntu; Linux i686; rv:114.0) Gecko/20100101 Firefox/114.0"
85.208.96.209 - - [07/Oct/2024:16:29:12 +0300] "GET /243e3oo8la.html HTTP/1.0" 404 42116 "-" "Mozilla/5.0 (compatible; SemrushBot/7~bl; +http://www.semrush.com/bot.html)"
85.208.96.200 - - [07/Oct/2024:16:29:14 +0300] "GET /j39ngjihl.html HTTP/1.0" 404 42114 "-" "Mozilla/5.0 (compatible; SemrushBot/7~bl; +http://www.semrush.com/bot.html)"
85.208.96.203 - - [07/Oct/2024:16:29:28 +0300] "GET /3dgm965fo6.html HTTP/1.0" 404 42116 "-" "Mozilla/5.0 (compatible; SemrushBot/7~bl; +http://www.semrush.com/bot.html)"
85.208.96.194 - - [07/Oct/2024:16:29:40 +0300] "GET /715e2tinf.html HTTP/1.0" 404 42114 "-" "Mozilla/5.0 (compatible; SemrushBot/7~bl; +http://www.semrush.com/bot.html)"
185.191.171.12 - - [07/Oct/2024:16:29:57 +0300] "GET /2cheyiahz.html HTTP/1.0" 404 42114 "-" "Mozilla/5.0 (compatible; SemrushBot/7~bl; +http://www.semrush.com/bot.html)"
66.249.66.35 - - [07/Oct/2024:16:29:58 +0300] "GET /xmw23/visio-electrical-stencils-free-download.html HTTP/1.0" 200 28082 "-" "Mozilla/5.0 (Linux; Android 6.0.1; Nexus 5X Build/MMB29P) AppleWebKit/537.36 (KHTML, like Gecko) Chrome/129.0.6668.89 Mobile Safari/537.36 (compatible; Googlebot/2.1; +http://www.google.com/bot.html)"
185.191.171.12 - - [07/Oct/2024:16:30:14 +0300] "GET /26dnawz6kx.html HTTP/1.0" 404 42116 "-" "Mozilla/5.0 (compatible; SemrushBot/7~bl; +http://www.semrush.com/bot.html)"
85.208.96.204 - - [07/Oct/2024:16:30:15 +0300] "GET /513in2rc6b.html HTTP/1.0" 404 42116 "-" "Mozilla/5.0 (compatible; SemrushBot/7~bl; +http://www.semrush.com/bot.html)"
185.191.171.18 - - [07/Oct/2024:16:30:17 +0300] "GET /5cp7m18u8f.html HTTP/1.0" 404 42116 "-" "Mozilla/5.0 (compatible; SemrushBot/7~bl; +http://www.semrush.com/bot.html)"
66.249.66.36 - - [07/Oct/2024:16:30:59 +0300] "GET /xmw23/jobs-that-pay-cash-under-the-table.html HTTP/1.0" 200 29888 "-" "Mozilla/5.0 (Linux; Android 6.0.1; Nexus 5X Build/MMB29P) AppleWebKit/537.36 (KHTML, like Gecko) Chrome/129.0.6668.89 Mobile Safari/537.36 (compatible; Googlebot/2.1; +http://www.google.com/bot.html)"
185.191.171.4 - - [07/Oct/2024:16:31:01 +0300] "GET /2gh4ppzg0m.html HTTP/1.0" 404 42116 "-" "Mozilla/5.0 (compatible; SemrushBot/7~bl; +http://www.semrush.com/bot.html)"
185.191.171.13 - - [07/Oct/2024:16:31:12 +0300] "GET /44gi7hbnvd.html HTTP/1.0" 404 45265 "-" "Mozilla/5.0 (compatible; SemrushBot/7~bl; +http://www.semrush.com/bot.html)"
185.191.171.6 - - [07/Oct/2024:16:31:27 +0300] "GET /4gl34odvwm.html HTTP/1.0" 404 42116 "-" "Mozilla/5.0 (compatible; SemrushBot/7~bl; +http://www.semrush.com/bot.html)"
185.191.171.6 - - [07/Oct/2024:16:31:32 +0300] "GET /5f748hkk6i.html HTTP/1.0" 404 42116 "-" "Mozilla/5.0 (compatible; SemrushBot/7~bl; +http://www.semrush.com/bot.html)"
85.208.96.202 - - [07/Oct/2024:16:31:34 +0300] "GET /262l6iz3g2.html HTTP/1.0" 404 42116 "-" "Mozilla/5.0 (compatible; SemrushBot/7~bl; +http://www.semrush.com/bot.html)"
185.191.171.18 - - [07/Oct/2024:16:31:40 +0300] "GET /2fi71wrcoq.html HTTP/1.0" 404 42116 "-" "Mozilla/5.0 (compatible; SemrushBot/7~bl; +http://www.semrush.com/bot.html)"
185.191.171.10 - - [07/Oct/2024:16:32:39 +0300] "GET /3a57p4bl8d.html HTTP/1.0" 404 42116 "-" "Mozilla/5.0 (compatible; SemrushBot/7~bl; +http://www.semrush.com/bot.html)"
85.208.96.211 - - [07/Oct/2024:16:33:13 +0300] "GET /10983ahdfw.html HTTP/1.0" 404 42116 "-" "Mozilla/5.0 (compatible; SemrushBot/7~bl; +http://www.semrush.com/bot.html)"
185.191.171.6 - - [07/Oct/2024:16:33:25 +0300] "GET /2me45nrxes.html HTTP/1.0" 404 45265 "-" "Mozilla/5.0 (compatible; SemrushBot/7~bl; +http://www.semrush.com/bot.html)"
85.208.96.208 - - [07/Oct/2024:16:33:29 +0300] "GET /2kn13vglo8.html HTTP/1.0" 404 42116 "-" "Mozilla/5.0 (compatible; SemrushBot/7~bl; +http://www.semrush.com/bot.html)"
185.191.171.5 - - [07/Oct/2024:16:33:33 +0300] "GET /5853bkzk5r.html HTTP/1.0" 404 42116 "-" "Mozilla/5.0 (compatible; SemrushBot/7~bl; +http://www.semrush.com/bot.html)"
85.208.96.199 - - [07/Oct/2024:16:33:34 +0300] "GET /4gc44ivvks.html HTTP/1.0" 404 42116 "-" "Mozilla/5.0 (compatible; SemrushBot/7~bl; +http://www.semrush.com/bot.html)"
85.208.96.197 - - [07/Oct/2024:16:33:44 +0300] "GET /5dd7ntqkpj.html HTTP/1.0" 404 42116 "-" "Mozilla/5.0 (compatible; SemrushBot/7~bl; +http://www.semrush.com/bot.html)"
185.191.171.1 - - [07/Oct/2024:16:34:07 +0300] "GET /33kp5ad64y.html HTTP/1.0" 404 42116 "-" "Mozilla/5.0 (compatible; SemrushBot/7~bl; +http://www.semrush.com/bot.html)"
85.208.96.199 - - [07/Oct/2024:16:34:20 +0300] "GET /2865j91wls.html HTTP/1.0" 404 42116 "-" "Mozilla/5.0 (compatible; SemrushBot/7~bl; +http://www.semrush.com/bot.html)"
85.208.96.211 - - [07/Oct/2024:16:34:23 +0300] "GET /1g60jxdn06.html HTTP/1.0" 404 42116 "-" "Mozilla/5.0 (compatible; SemrushBot/7~bl; +http://www.semrush.com/bot.html)"
85.208.96.211 - - [07/Oct/2024:16:34:43 +0300] "GET /30d05hd7l8.html HTTP/1.0" 404 42116 "-" "Mozilla/5.0 (compatible; SemrushBot/7~bl; +http://www.semrush.com/bot.html)"
66.249.66.36 - - [07/Oct/2024:16:34:59 +0300] "GET /xmw23/what-are-the-names-of-traditional-ceremonies-in-zambia.html HTTP/1.0" 200 38012 "-" "Mozilla/5.0 (Linux; Android 6.0.1; Nexus 5X Build/MMB29P) AppleWebKit/537.36 (KHTML, like Gecko) Chrome/129.0.6668.89 Mobile Safari/537.36 (compatible; Googlebot/2.1; +http://www.google.com/bot.html)"
66.249.66.35 - - [07/Oct/2024:16:35:00 +0300] "GET /xmw23/gta-5-map-with-names.html HTTP/1.0" 200 20511 "-" "Mozilla/5.0 (Linux; Android 6.0.1; Nexus 5X Build/MMB29P) AppleWebKit/537.36 (KHTML, like Gecko) Chrome/129.0.6668.89 Mobile Safari/537.36 (compatible; Googlebot/2.1; +http://www.google.com/bot.html)"
185.191.171.19 - - [07/Oct/2024:16:35:18 +0300] "GET /50mdaoolrj.html HTTP/1.0" 404 42116 "-" "Mozilla/5.0 (compatible; SemrushBot/7~bl; +http://www.semrush.com/bot.html)"
85.208.96.206 - - [07/Oct/2024:16:35:26 +0300] "GET /3c1ddels1v.html HTTP/1.0" 404 42116 "-" "Mozilla/5.0 (compatible; SemrushBot/7~bl; +http://www.semrush.com/bot.html)"
66.249.66.37 - - [07/Oct/2024:16:36:03 +0300] "GET /xmw23/fivem-club-mlo-leak.html HTTP/1.0" 200 30702 "-" "Mozilla/5.0 (Linux; Android 6.0.1; Nexus 5X Build/MMB29P) AppleWebKit/537.36 (KHTML, like Gecko) Chrome/129.0.6668.89 Mobile Safari/537.36 (compatible; Googlebot/2.1; +http://www.google.com/bot.html)"
185.191.171.19 - - [07/Oct/2024:16:36:05 +0300] "GET /4o6lpcx6rs.html HTTP/1.0" 404 42116 "-" "Mozilla/5.0 (compatible; SemrushBot/7~bl; +http://www.semrush.com/bot.html)"
85.208.96.196 - - [07/Oct/2024:16:36:06 +0300] "GET /3b8jkne7vr.html HTTP/1.0" 404 42116 "-" "Mozilla/5.0 (compatible; SemrushBot/7~bl; +http://www.semrush.com/bot.html)"
185.191.171.1 - - [07/Oct/2024:16:36:15 +0300] "GET /5p04jiyg31.html HTTP/1.0" 404 42116 "-" "Mozilla/5.0 (compatible; SemrushBot/7~bl; +http://www.semrush.com/bot.html)"
85.208.96.204 - - [07/Oct/2024:16:36:41 +0300] "GET /1afgd2jgy4.html HTTP/1.0" 404 42116 "-" "Mozilla/5.0 (compatible; SemrushBot/7~bl; +http://www.semrush.com/bot.html)"
185.191.171.19 - - [07/Oct/2024:16:37:42 +0300] "GET /yqmsquctw/care-assistant-jobs-with-visa-sponsorship-in-uk-salary.html HTTP/1.0" 500 3490 "-" "Mozilla/5.0 (compatible; SemrushBot/7~bl; +http://www.semrush.com/bot.html)"
85.208.96.194 - - [07/Oct/2024:16:37:46 +0300] "GET /50ihl3ba5w.html HTTP/1.0" 404 42116 "-" "Mozilla/5.0 (compatible; SemrushBot/7~bl; +http://www.semrush.com/bot.html)"
85.208.96.204 - - [07/Oct/2024:16:37:56 +0300] "GET /khogdhcnk.html HTTP/1.0" 404 42114 "-" "Mozilla/5.0 (compatible; SemrushBot/7~bl; +http://www.semrush.com/bot.html)"
66.249.66.35 - - [07/Oct/2024:16:38:04 +0300] "GET /xmw23/funeral-homes-exeter,-nh.html HTTP/1.0" 404 42272 "-" "Mozilla/5.0 (Linux; Android 6.0.1; Nexus 5X Build/MMB29P) AppleWebKit/537.36 (KHTML, like Gecko) Chrome/129.0.6668.89 Mobile Safari/537.36 (compatible; Googlebot/2.1; +http://www.google.com/bot.html)"
185.191.171.7 - - [07/Oct/2024:16:38:39 +0300] "GET /3kp369swc1.html HTTP/1.0" 404 45265 "-" "Mozilla/5.0 (compatible; SemrushBot/7~bl; +http://www.semrush.com/bot.html)"
66.249.66.35 - - [07/Oct/2024:16:39:04 +0300] "GET /xmw23/busted-mugshots-goldsboro-nc.html HTTP/1.0" 200 33135 "-" "Mozilla/5.0 (Linux; Android 6.0.1; Nexus 5X Build/MMB29P) AppleWebKit/537.36 (KHTML, like Gecko) Chrome/129.0.6668.89 Mobile Safari/537.36 (compatible; Googlebot/2.1; +http://www.google.com/bot.html)"
85.208.96.193 - - [07/Oct/2024:16:39:21 +0300] "GET /pj05z3hck.html HTTP/1.0" 404 42114 "-" "Mozilla/5.0 (compatible; SemrushBot/7~bl; +http://www.semrush.com/bot.html)"
85.208.96.211 - - [07/Oct/2024:16:39:45 +0300] "GET /bdo1wts07.html HTTP/1.0" 404 42114 "-" "Mozilla/5.0 (compatible; SemrushBot/7~bl; +http://www.semrush.com/bot.html)"
85.208.96.212 - - [07/Oct/2024:16:40:02 +0300] "GET /57gfnxzfpu.html HTTP/1.0" 404 42116 "-" "Mozilla/5.0 (compatible; SemrushBot/7~bl; +http://www.semrush.com/bot.html)"
185.191.171.17 - - [07/Oct/2024:16:40:24 +0300] "GET /53i7fswegh.html HTTP/1.0" 404 42116 "-" "Mozilla/5.0 (compatible; SemrushBot/7~bl; +http://www.semrush.com/bot.html)"
185.191.171.15 - - [07/Oct/2024:16:40:30 +0300] "GET /4cl88ye3qu.html HTTP/1.0" 404 42116 "-" "Mozilla/5.0 (compatible; SemrushBot/7~bl; +http://www.semrush.com/bot.html)"
85.208.96.203 - - [07/Oct/2024:16:40:32 +0300] "GET /45f5kolx8w.html HTTP/1.0" 404 42116 "-" "Mozilla/5.0 (compatible; SemrushBot/7~bl; +http://www.semrush.com/bot.html)"
85.208.96.203 - - [07/Oct/2024:16:40:44 +0300] "GET /6118nfc8i.html HTTP/1.0" 404 42114 "-" "Mozilla/5.0 (compatible; SemrushBot/7~bl; +http://www.semrush.com/bot.html)"
66.249.66.35 - - [07/Oct/2024:16:41:04 +0300] "GET /xmw23/recent-deaths-in-etowah,-tn.html HTTP/1.0" 404 42249 "-" "Mozilla/5.0 (Linux; Android 6.0.1; Nexus 5X Build/MMB29P) AppleWebKit/537.36 (KHTML, like Gecko) Chrome/129.0.6668.89 Mobile Safari/537.36 (compatible; Googlebot/2.1; +http://www.google.com/bot.html)"
185.191.171.2 - - [07/Oct/2024:16:41:32 +0300] "GET /njl4wcacj.html HTTP/1.0" 404 42114 "-" "Mozilla/5.0 (compatible; SemrushBot/7~bl; +http://www.semrush.com/bot.html)"
85.208.96.205 - - [07/Oct/2024:16:41:35 +0300] "GET /7fcbq1hd8.html HTTP/1.0" 404 42114 "-" "Mozilla/5.0 (compatible; SemrushBot/7~bl; +http://www.semrush.com/bot.html)"
85.208.96.207 - - [07/Oct/2024:16:41:47 +0300] "GET /2mao9kbm5z.html HTTP/1.0" 404 42116 "-" "Mozilla/5.0 (compatible; SemrushBot/7~bl; +http://www.semrush.com/bot.html)"
185.191.171.17 - - [07/Oct/2024:16:41:59 +0300] "GET /4an86jnpxy.html HTTP/1.0" 404 42116 "-" "Mozilla/5.0 (compatible; SemrushBot/7~bl; +http://www.semrush.com/bot.html)"
185.191.171.3 - - [07/Oct/2024:16:42:06 +0300] "GET /49g3gaeio0.html HTTP/1.0" 404 42116 "-" "Mozilla/5.0 (compatible; SemrushBot/7~bl; +http://www.semrush.com/bot.html)"
85.208.96.202 - - [07/Oct/2024:16:42:24 +0300] "GET /1fcc5prh3y.html HTTP/1.0" 404 42116 "-" "Mozilla/5.0 (compatible; SemrushBot/7~bl; +http://www.semrush.com/bot.html)"
85.208.96.196 - - [07/Oct/2024:16:43:04 +0300] "GET /1b91ly5qbz.html HTTP/1.0" 404 45265 "-" "Mozilla/5.0 (compatible; SemrushBot/7~bl; +http://www.semrush.com/bot.html)"
66.249.66.35 - - [07/Oct/2024:16:43:05 +0300] "GET /xmw23/seosko-imanje-prodaja-bih.html HTTP/1.0" 200 22442 "-" "Mozilla/5.0 (Linux; Android 6.0.1; Nexus 5X Build/MMB29P) AppleWebKit/537.36 (KHTML, like Gecko) Chrome/129.0.6668.89 Mobile Safari/537.36 (compatible; Googlebot/2.1; +http://www.google.com/bot.html)"
85.208.96.202 - - [07/Oct/2024:16:43:05 +0300] "GET /3f0gf9isb9.html HTTP/1.0" 404 42116 "-" "Mozilla/5.0 (compatible; SemrushBot/7~bl; +http://www.semrush.com/bot.html)"
66.249.66.37 - - [07/Oct/2024:16:43:06 +0300] "GET /xmw23/devenv-github.html HTTP/1.0" 200 16460 "-" "Mozilla/5.0 (Linux; Android 6.0.1; Nexus 5X Build/MMB29P) AppleWebKit/537.36 (KHTML, like Gecko) Chrome/129.0.6668.89 Mobile Safari/537.36 (compatible; Googlebot/2.1; +http://www.google.com/bot.html)"
185.191.171.2 - - [07/Oct/2024:16:43:24 +0300] "GET /2ka19i9ype.html HTTP/1.0" 404 42116 "-" "Mozilla/5.0 (compatible; SemrushBot/7~bl; +http://www.semrush.com/bot.html)"
85.208.96.193 - - [07/Oct/2024:16:43:35 +0300] "GET /g32lr4snt.html HTTP/1.0" 404 42114 "-" "Mozilla/5.0 (compatible; SemrushBot/7~bl; +http://www.semrush.com/bot.html)"
85.208.96.197 - - [07/Oct/2024:16:43:45 +0300] "GET /9ffb8dzzr.html HTTP/1.0" 404 42114 "-" "Mozilla/5.0 (compatible; SemrushBot/7~bl; +http://www.semrush.com/bot.html)"
185.191.171.3 - - [07/Oct/2024:16:43:46 +0300] "GET /news/metodologiya/sdacha-balansov-v-rosstat-po-novym-pravilam/ HTTP/1.0" 200 44197 "-" "Mozilla/5.0 (compatible; SemrushBot/7~bl; +http://www.semrush.com/bot.html)"
66.249.66.36 - - [07/Oct/2024:16:44:06 +0300] "GET /xmw23/ubuntu-permission-folder.html HTTP/1.0" 200 25518 "-" "Mozilla/5.0 (Linux; Android 6.0.1; Nexus 5X Build/MMB29P) AppleWebKit/537.36 (KHTML, like Gecko) Chrome/129.0.6668.89 Mobile Safari/537.36 (compatible; Googlebot/2.1; +http://www.google.com/bot.html)"
66.249.66.36 - - [07/Oct/2024:16:44:06 +0300] "GET /xmw23/best-settings-for-ender-3-neo.html HTTP/1.0" 200 23639 "-" "Mozilla/5.0 (Linux; Android 6.0.1; Nexus 5X Build/MMB29P) AppleWebKit/537.36 (KHTML, like Gecko) Chrome/129.0.6668.89 Mobile Safari/537.36 (compatible; Googlebot/2.1; +http://www.google.com/bot.html)"
85.208.96.207 - - [07/Oct/2024:16:44:34 +0300] "GET /4ep2bawnmf.html HTTP/1.0" 404 42116 "-" "Mozilla/5.0 (compatible; SemrushBot/7~bl; +http://www.semrush.com/bot.html)"
185.191.171.16 - - [07/Oct/2024:16:44:45 +0300] "GET /4ga107euz0.html HTTP/1.0" 404 42116 "-" "Mozilla/5.0 (compatible; SemrushBot/7~bl; +http://www.semrush.com/bot.html)"
185.191.171.3 - - [07/Oct/2024:16:44:50 +0300] "GET /3fm3mkhnqe.html HTTP/1.0" 404 45265 "-" "Mozilla/5.0 (compatible; SemrushBot/7~bl; +http://www.semrush.com/bot.html)"
85.208.96.195 - - [07/Oct/2024:16:44:53 +0300] "GET /2anarrdw6.html HTTP/1.0" 404 42114 "-" "Mozilla/5.0 (compatible; SemrushBot/7~bl; +http://www.semrush.com/bot.html)"
185.191.171.3 - - [07/Oct/2024:16:45:56 +0300] "GET /a7n2ahmfw.html HTTP/1.0" 404 42114 "-" "Mozilla/5.0 (compatible; SemrushBot/7~bl; +http://www.semrush.com/bot.html)"
185.191.171.12 - - [07/Oct/2024:16:46:00 +0300] "GET /fal9vpxth.html HTTP/1.0" 404 42114 "-" "Mozilla/5.0 (compatible; SemrushBot/7~bl; +http://www.semrush.com/bot.html)"
66.249.66.35 - - [07/Oct/2024:16:46:08 +0300] "GET /yqmsquctw/packing-jobs-in-uk-with-visa-sponsorship.html HTTP/1.0" 500 341 "-" "Mozilla/5.0 (Linux; Android 6.0.1; Nexus 5X Build/MMB29P) AppleWebKit/537.36 (KHTML, like Gecko) Chrome/129.0.6668.89 Mobile Safari/537.36 (compatible; GoogleOther)"
85.208.96.212 - - [07/Oct/2024:16:46:26 +0300] "GET /3dmodp57ag.html HTTP/1.0" 404 42116 "-" "Mozilla/5.0 (compatible; SemrushBot/7~bl; +http://www.semrush.com/bot.html)"
185.191.171.19 - - [07/Oct/2024:16:46:57 +0300] "GET /2gm58azo4j.html HTTP/1.0" 404 42116 "-" "Mozilla/5.0 (compatible; SemrushBot/7~bl; +http://www.semrush.com/bot.html)"
185.191.171.13 - - [07/Oct/2024:16:47:16 +0300] "GET /3ad6lzzwx.html HTTP/1.0" 404 42114 "-" "Mozilla/5.0 (compatible; SemrushBot/7~bl; +http://www.semrush.com/bot.html)"
185.191.171.19 - - [07/Oct/2024:16:47:18 +0300] "GET /518fdzxm3r.html HTTP/1.0" 404 42116 "-" "Mozilla/5.0 (compatible; SemrushBot/7~bl; +http://www.semrush.com/bot.html)"
85.208.96.197 - - [07/Oct/2024:16:47:21 +0300] "GET /4n6oa6ptnd.html HTTP/1.0" 404 42116 "-" "Mozilla/5.0 (compatible; SemrushBot/7~bl; +http://www.semrush.com/bot.html)"
185.191.171.15 - - [07/Oct/2024:16:47:54 +0300] "GET /p3ekgm5w8.html HTTP/1.0" 404 42114 "-" "Mozilla/5.0 (compatible; SemrushBot/7~bl; +http://www.semrush.com/bot.html)"
185.191.171.12 - - [07/Oct/2024:16:48:01 +0300] "GET /mgp7ohun3.html HTTP/1.0" 404 42114 "-" "Mozilla/5.0 (compatible; SemrushBot/7~bl; +http://www.semrush.com/bot.html)"
66.249.66.36 - - [07/Oct/2024:16:48:07 +0300] "GET /xmw23/amazon-warehouse-montreal-jobs.html HTTP/1.0" 200 25960 "-" "Mozilla/5.0 (Linux; Android 6.0.1; Nexus 5X Build/MMB29P) AppleWebKit/537.36 (KHTML, like Gecko) Chrome/129.0.6668.89 Mobile Safari/537.36 (compatible; Googlebot/2.1; +http://www.google.com/bot.html)"
185.191.171.17 - - [07/Oct/2024:16:49:04 +0300] "GET /6bcp0bvwfa.html HTTP/1.0" 404 42116 "-" "Mozilla/5.0 (compatible; SemrushBot/7~bl; +http://www.semrush.com/bot.html)"
66.249.66.36 - - [07/Oct/2024:16:49:07 +0300] "GET /xmw23/list-of-steel-companies-in-saudi-arabia-with-email.html HTTP/1.0" 200 36027 "-" "Mozilla/5.0 (Linux; Android 6.0.1; Nexus 5X Build/MMB29P) AppleWebKit/537.36 (KHTML, like Gecko) Chrome/129.0.6668.89 Mobile Safari/537.36 (compatible; Googlebot/2.1; +http://www.google.com/bot.html)"
185.191.171.16 - - [07/Oct/2024:16:49:30 +0300] "GET /bp98c1kue.html HTTP/1.0" 404 42114 "-" "Mozilla/5.0 (compatible; SemrushBot/7~bl; +http://www.semrush.com/bot.html)"
185.191.171.10 - - [07/Oct/2024:16:49:46 +0300] "GET /1b9imme42g.html HTTP/1.0" 404 42116 "-" "Mozilla/5.0 (compatible; SemrushBot/7~bl; +http://www.semrush.com/bot.html)"
85.208.96.196 - - [07/Oct/2024:16:50:03 +0300] "GET /63f2jli1oo.html HTTP/1.0" 404 42116 "-" "Mozilla/5.0 (compatible; SemrushBot/7~bl; +http://www.semrush.com/bot.html)"
185.191.171.19 - - [07/Oct/2024:16:50:17 +0300] "GET /j46fhkczv.html HTTP/1.0" 404 42114 "-" "Mozilla/5.0 (compatible; SemrushBot/7~bl; +http://www.semrush.com/bot.html)"
85.208.96.206 - - [07/Oct/2024:16:50:36 +0300] "GET /44ff6hgmmf.html HTTP/1.0" 404 45265 "-" "Mozilla/5.0 (compatible; SemrushBot/7~bl; +http://www.semrush.com/bot.html)"
85.208.96.195 - - [07/Oct/2024:16:50:58 +0300] "GET /1cnelzk7ur.html HTTP/1.0" 404 42116 "-" "Mozilla/5.0 (compatible; SemrushBot/7~bl; +http://www.semrush.com/bot.html)"
185.191.171.1 - - [07/Oct/2024:16:51:01 +0300] "GET /5l3fjpcgqh.html HTTP/1.0" 404 42116 "-" "Mozilla/5.0 (compatible; SemrushBot/7~bl; +http://www.semrush.com/bot.html)"
185.191.171.13 - - [07/Oct/2024:16:51:16 +0300] "GET /1jnb600rxj.html HTTP/1.0" 404 42116 "-" "Mozilla/5.0 (compatible; SemrushBot/7~bl; +http://www.semrush.com/bot.html)"
85.208.96.197 - - [07/Oct/2024:16:52:27 +0300] "GET /1ad7bqmxie.html HTTP/1.0" 404 42116 "-" "Mozilla/5.0 (compatible; SemrushBot/7~bl; +http://www.semrush.com/bot.html)"
85.208.96.196 - - [07/Oct/2024:16:52:28 +0300] "GET /5ao3dfsrsi.html HTTP/1.0" 404 42116 "-" "Mozilla/5.0 (compatible; SemrushBot/7~bl; +http://www.semrush.com/bot.html)"
85.208.96.194 - - [07/Oct/2024:16:53:21 +0300] "GET /533ecelty.html HTTP/1.0" 404 45263 "-" "Mozilla/5.0 (compatible; SemrushBot/7~bl; +http://www.semrush.com/bot.html)"
185.191.171.15 - - [07/Oct/2024:16:53:51 +0300] "GET /6e1dnira2h.html HTTP/1.0" 404 42116 "-" "Mozilla/5.0 (compatible; SemrushBot/7~bl; +http://www.semrush.com/bot.html)"
185.191.171.7 - - [07/Oct/2024:16:53:54 +0300] "GET /1jfdjtz23a.html HTTP/1.0" 404 42116 "-" "Mozilla/5.0 (compatible; SemrushBot/7~bl; +http://www.semrush.com/bot.html)"
185.191.171.16 - - [07/Oct/2024:16:54:01 +0300] "GET /2lee9zntvr.html HTTP/1.0" 404 42116 "-" "Mozilla/5.0 (compatible; SemrushBot/7~bl; +http://www.semrush.com/bot.html)"
185.191.171.7 - - [07/Oct/2024:16:54:03 +0300] "GET /lfb4rep7c.html HTTP/1.0" 404 42114 "-" "Mozilla/5.0 (compatible; SemrushBot/7~bl; +http://www.semrush.com/bot.html)"
185.191.171.14 - - [07/Oct/2024:16:54:11 +0300] "GET /flk3jgekw.html HTTP/1.0" 404 42114 "-" "Mozilla/5.0 (compatible; SemrushBot/7~bl; +http://www.semrush.com/bot.html)"
85.208.96.194 - - [07/Oct/2024:16:54:21 +0300] "GET /64kp47wpqh.html HTTP/1.0" 404 42116 "-" "Mozilla/5.0 (compatible; SemrushBot/7~bl; +http://www.semrush.com/bot.html)"
85.208.96.197 - - [07/Oct/2024:16:54:42 +0300] "GET /5pphgyvek.html HTTP/1.0" 404 42114 "-" "Mozilla/5.0 (compatible; SemrushBot/7~bl; +http://www.semrush.com/bot.html)"
66.249.66.35 - - [07/Oct/2024:16:55:08 +0300] "GET /xmw23/ncis-fanfiction-tony-betrayed-by-team-during-her.html HTTP/1.0" 200 23293 "-" "Mozilla/5.0 (Linux; Android 6.0.1; Nexus 5X Build/MMB29P) AppleWebKit/537.36 (KHTML, like Gecko) Chrome/129.0.6668.89 Mobile Safari/537.36 (compatible; Googlebot/2.1; +http://www.google.com/bot.html)"
85.208.96.201 - - [07/Oct/2024:16:55:30 +0300] "GET /58pj3mhir.html HTTP/1.0" 404 42114 "-" "Mozilla/5.0 (compatible; SemrushBot/7~bl; +http://www.semrush.com/bot.html)"
85.208.96.206 - - [07/Oct/2024:16:55:31 +0300] "GET /4o3f1pzmgn.html HTTP/1.0" 404 42116 "-" "Mozilla/5.0 (compatible; SemrushBot/7~bl; +http://www.semrush.com/bot.html)"
185.191.171.5 - - [07/Oct/2024:16:56:07 +0300] "GET /195ieorywy.html HTTP/1.0" 404 45265 "-" "Mozilla/5.0 (compatible; SemrushBot/7~bl; +http://www.semrush.com/bot.html)"
66.249.66.35 - - [07/Oct/2024:16:56:08 +0300] "GET /xmw23/current-ngos-job-vacancy-in-animal-production-and-health-in-usa.html HTTP/1.0" 200 20050 "-" "Mozilla/5.0 (Linux; Android 6.0.1; Nexus 5X Build/MMB29P) AppleWebKit/537.36 (KHTML, like Gecko) Chrome/129.0.6668.89 Mobile Safari/537.36 (compatible; Googlebot/2.1; +http://www.google.com/bot.html)"
85.208.96.204 - - [07/Oct/2024:16:56:13 +0300] "GET /61li36wijh.html HTTP/1.0" 404 42116 "-" "Mozilla/5.0 (compatible; SemrushBot/7~bl; +http://www.semrush.com/bot.html)"
85.208.96.195 - - [07/Oct/2024:16:56:17 +0300] "GET /6d517jjssw.html HTTP/1.0" 404 42116 "-" "Mozilla/5.0 (compatible; SemrushBot/7~bl; +http://www.semrush.com/bot.html)"
185.191.171.17 - - [07/Oct/2024:16:56:41 +0300] "GET /2f7ecuhgeb.html HTTP/1.0" 404 42116 "-" "Mozilla/5.0 (compatible; SemrushBot/7~bl; +http://www.semrush.com/bot.html)"
85.208.96.201 - - [07/Oct/2024:16:56:43 +0300] "GET /4obhodecsq.html HTTP/1.0" 404 42116 "-" "Mozilla/5.0 (compatible; SemrushBot/7~bl; +http://www.semrush.com/bot.html)"
66.249.66.35 - - [07/Oct/2024:16:57:08 +0300] "GET /xmw23/workday-unhcr-login.html HTTP/1.0" 200 14973 "-" "Mozilla/5.0 (Linux; Android 6.0.1; Nexus 5X Build/MMB29P) AppleWebKit/537.36 (KHTML, like Gecko) Chrome/129.0.6668.89 Mobile Safari/537.36 (compatible; Googlebot/2.1; +http://www.google.com/bot.html)"
185.191.171.17 - - [07/Oct/2024:16:57:25 +0300] "GET /3j1phsmfc.html HTTP/1.0" 404 42114 "-" "Mozilla/5.0 (compatible; SemrushBot/7~bl; +http://www.semrush.com/bot.html)"
85.208.96.199 - - [07/Oct/2024:16:58:00 +0300] "GET /10133eorut.html HTTP/1.0" 404 42116 "-" "Mozilla/5.0 (compatible; SemrushBot/7~bl; +http://www.semrush.com/bot.html)"
85.208.96.206 - - [07/Oct/2024:16:58:28 +0300] "GET /1f5m3wxdin.html HTTP/1.0" 404 42116 "-" "Mozilla/5.0 (compatible; SemrushBot/7~bl; +http://www.semrush.com/bot.html)"
185.191.171.17 - - [07/Oct/2024:16:58:34 +0300] "GET /54medqmyxw.html HTTP/1.0" 404 45265 "-" "Mozilla/5.0 (compatible; SemrushBot/7~bl; +http://www.semrush.com/bot.html)"
185.191.171.2 - - [07/Oct/2024:16:58:50 +0300] "GET /5h2o0ehlfj.html HTTP/1.0" 404 42116 "-" "Mozilla/5.0 (compatible; SemrushBot/7~bl; +http://www.semrush.com/bot.html)"
85.208.96.211 - - [07/Oct/2024:16:59:06 +0300] "GET /120ilwefws.html HTTP/1.0" 404 42116 "-" "Mozilla/5.0 (compatible; SemrushBot/7~bl; +http://www.semrush.com/bot.html)"
185.191.171.17 - - [07/Oct/2024:16:59:14 +0300] "GET /9mo2ogvlk.html HTTP/1.0" 404 42114 "-" "Mozilla/5.0 (compatible; SemrushBot/7~bl; +http://www.semrush.com/bot.html)"
85.208.96.193 - - [07/Oct/2024:16:59:18 +0300] "GET /5od5dgiqnf.html HTTP/1.0" 404 42116 "-" "Mozilla/5.0 (compatible; SemrushBot/7~bl; +http://www.semrush.com/bot.html)"
85.208.96.212 - - [07/Oct/2024:16:59:28 +0300] "GET /c4ndcbjho.html HTTP/1.0" 404 42114 "-" "Mozilla/5.0 (compatible; SemrushBot/7~bl; +http://www.semrush.com/bot.html)"
85.208.96.201 - - [07/Oct/2024:17:00:28 +0300] "GET /n496vfuv0.html HTTP/1.0" 404 42114 "-" "Mozilla/5.0 (compatible; SemrushBot/7~bl; +http://www.semrush.com/bot.html)"
85.208.96.201 - - [07/Oct/2024:17:00:52 +0300] "GET /4f5e7mmxnf.html HTTP/1.0" 404 42116 "-" "Mozilla/5.0 (compatible; SemrushBot/7~bl; +http://www.semrush.com/bot.html)"
85.208.96.201 - - [07/Oct/2024:17:00:57 +0300] "GET /4npnjttytm.html HTTP/1.0" 404 42116 "-" "Mozilla/5.0 (compatible; SemrushBot/7~bl; +http://www.semrush.com/bot.html)"
85.208.96.210 - - [07/Oct/2024:17:01:07 +0300] "GET /14n33knna6.html HTTP/1.0" 404 42116 "-" "Mozilla/5.0 (compatible; SemrushBot/7~bl; +http://www.semrush.com/bot.html)"
85.208.96.193 - - [07/Oct/2024:17:01:44 +0300] "GET /55p28vs8ca.html HTTP/1.0" 404 42116 "-" "Mozilla/5.0 (compatible; SemrushBot/7~bl; +http://www.semrush.com/bot.html)"
85.208.96.203 - - [07/Oct/2024:17:01:46 +0300] "GET /54ea4g5qth.html HTTP/1.0" 404 42116 "-" "Mozilla/5.0 (compatible; SemrushBot/7~bl; +http://www.semrush.com/bot.html)"
85.208.96.203 - - [07/Oct/2024:17:02:03 +0300] "GET /512n9apqw9.html HTTP/1.0" 404 45265 "-" "Mozilla/5.0 (compatible; SemrushBot/7~bl; +http://www.semrush.com/bot.html)"
185.191.171.7 - - [07/Oct/2024:17:02:20 +0300] "GET /1efly6kry.html HTTP/1.0" 404 42114 "-" "Mozilla/5.0 (compatible; SemrushBot/7~bl; +http://www.semrush.com/bot.html)"
185.191.171.19 - - [07/Oct/2024:17:02:51 +0300] "GET /3bfkel4rj.html HTTP/1.0" 404 42114 "-" "Mozilla/5.0 (compatible; SemrushBot/7~bl; +http://www.semrush.com/bot.html)"
66.249.66.35 - - [07/Oct/2024:17:03:08 +0300] "GET /xmw23/kramer-family-funeral-home-obituaries.html HTTP/1.0" 200 15320 "-" "Mozilla/5.0 (Linux; Android 6.0.1; Nexus 5X Build/MMB29P) AppleWebKit/537.36 (KHTML, like Gecko) Chrome/129.0.6668.89 Mobile Safari/537.36 (compatible; Googlebot/2.1; +http://www.google.com/bot.html)"
185.191.171.3 - - [07/Oct/2024:17:03:15 +0300] "GET /kffjmk6x.html HTTP/1.0" 404 42112 "-" "Mozilla/5.0 (compatible; SemrushBot/7~bl; +http://www.semrush.com/bot.html)"
85.208.96.199 - - [07/Oct/2024:17:03:26 +0300] "GET /3cp1gp3vuc.html HTTP/1.0" 404 42116 "-" "Mozilla/5.0 (compatible; SemrushBot/7~bl; +http://www.semrush.com/bot.html)"
85.208.96.202 - - [07/Oct/2024:17:03:59 +0300] "GET /4nhks6xni.html HTTP/1.0" 404 42114 "-" "Mozilla/5.0 (compatible; SemrushBot/7~bl; +http://www.semrush.com/bot.html)"
66.249.66.35 - - [07/Oct/2024:17:04:29 +0300] "GET /xmw23/pickaway-county-jail-active-inmate-list.html HTTP/1.0" 200 20267 "-" "Mozilla/5.0 (Linux; Android 6.0.1; Nexus 5X Build/MMB29P) AppleWebKit/537.36 (KHTML, like Gecko) Chrome/129.0.6668.89 Mobile Safari/537.36 (compatible; Googlebot/2.1; +http://www.google.com/bot.html)"
85.208.96.200 - - [07/Oct/2024:17:05:06 +0300] "GET /124lcq1evg.html HTTP/1.0" 404 42116 "-" "Mozilla/5.0 (compatible; SemrushBot/7~bl; +http://www.semrush.com/bot.html)"
185.191.171.8 - - [07/Oct/2024:17:05:11 +0300] "GET /5gninnobun.html HTTP/1.0" 404 45265 "-" "Mozilla/5.0 (compatible; SemrushBot/7~bl; +http://www.semrush.com/bot.html)"
185.191.171.6 - - [07/Oct/2024:17:05:54 +0300] "GET /58lhfiwjcg.html HTTP/1.0" 404 42116 "-" "Mozilla/5.0 (compatible; SemrushBot/7~bl; +http://www.semrush.com/bot.html)"
85.208.96.201 - - [07/Oct/2024:17:06:24 +0300] "GET /4kn9mk1dhg.html HTTP/1.0" 404 42116 "-" "Mozilla/5.0 (compatible; SemrushBot/7~bl; +http://www.semrush.com/bot.html)"
185.191.171.3 - - [07/Oct/2024:17:06:28 +0300] "GET /5hkcbwlaso.html HTTP/1.0" 404 42116 "-" "Mozilla/5.0 (compatible; SemrushBot/7~bl; +http://www.semrush.com/bot.html)"
85.208.96.212 - - [07/Oct/2024:17:07:05 +0300] "GET /41c1ptbhto.html HTTP/1.0" 404 45265 "-" "Mozilla/5.0 (compatible; SemrushBot/7~bl; +http://www.semrush.com/bot.html)"
85.208.96.201 - - [07/Oct/2024:17:07:21 +0300] "GET /4eb83e4prl.html HTTP/1.0" 404 42116 "-" "Mozilla/5.0 (compatible; SemrushBot/7~bl; +http://www.semrush.com/bot.html)"
185.191.171.7 - - [07/Oct/2024:17:07:27 +0300] "GET /4kga9tdiwe.html HTTP/1.0" 404 42116 "-" "Mozilla/5.0 (compatible; SemrushBot/7~bl; +http://www.semrush.com/bot.html)"
185.191.171.2 - - [07/Oct/2024:17:07:33 +0300] "GET /1np9jryjzu.html HTTP/1.0" 404 42116 "-" "Mozilla/5.0 (compatible; SemrushBot/7~bl; +http://www.semrush.com/bot.html)"
85.208.96.205 - - [07/Oct/2024:17:08:14 +0300] "GET /3ci5dntqda.html HTTP/1.0" 404 42116 "-" "Mozilla/5.0 (compatible; SemrushBot/7~bl; +http://www.semrush.com/bot.html)"
185.191.171.7 - - [07/Oct/2024:17:08:23 +0300] "GET /1dnl1mbmvj.html HTTP/1.0" 404 42116 "-" "Mozilla/5.0 (compatible; SemrushBot/7~bl; +http://www.semrush.com/bot.html)"
85.208.96.196 - - [07/Oct/2024:17:08:50 +0300] "GET /5lffdlxcpl.html HTTP/1.0" 404 42116 "-" "Mozilla/5.0 (compatible; SemrushBot/7~bl; +http://www.semrush.com/bot.html)"
185.191.171.14 - - [07/Oct/2024:17:10:02 +0300] "GET /3oi2fqbokn.html HTTP/1.0" 404 42116 "-" "Mozilla/5.0 (compatible; SemrushBot/7~bl; +http://www.semrush.com/bot.html)"
85.208.96.193 - - [07/Oct/2024:17:11:09 +0300] "GET /i285ul2wz.html HTTP/1.0" 404 45263 "-" "Mozilla/5.0 (compatible; SemrushBot/7~bl; +http://www.semrush.com/bot.html)"
85.208.96.193 - - [07/Oct/2024:17:11:21 +0300] "GET /32oahpw4fv.html HTTP/1.0" 404 42116 "-" "Mozilla/5.0 (compatible; SemrushBot/7~bl; +http://www.semrush.com/bot.html)"
85.208.96.203 - - [07/Oct/2024:17:11:30 +0300] "GET /252o92ymjt.html HTTP/1.0" 404 42116 "-" "Mozilla/5.0 (compatible; SemrushBot/7~bl; +http://www.semrush.com/bot.html)"
85.208.96.194 - - [07/Oct/2024:17:11:45 +0300] "GET /692ahdjohk.html HTTP/1.0" 404 42116 "-" "Mozilla/5.0 (compatible; SemrushBot/7~bl; +http://www.semrush.com/bot.html)"
185.191.171.7 - - [07/Oct/2024:17:11:47 +0300] "GET /40a35jqkdk.html HTTP/1.0" 404 42116 "-" "Mozilla/5.0 (compatible; SemrushBot/7~bl; +http://www.semrush.com/bot.html)"
185.191.171.7 - - [07/Oct/2024:17:12:03 +0300] "GET /np9pplnq.html HTTP/1.0" 404 42112 "-" "Mozilla/5.0 (compatible; SemrushBot/7~bl; +http://www.semrush.com/bot.html)"
185.191.171.17 - - [07/Oct/2024:17:12:04 +0300] "GET /1dd45hqeay.html HTTP/1.0" 404 42116 "-" "Mozilla/5.0 (compatible; SemrushBot/7~bl; +http://www.semrush.com/bot.html)"
185.191.171.15 - - [07/Oct/2024:17:12:37 +0300] "GET /5g918opppm.html HTTP/1.0" 404 45265 "-" "Mozilla/5.0 (compatible; SemrushBot/7~bl; +http://www.semrush.com/bot.html)"
185.191.171.14 - - [07/Oct/2024:17:12:38 +0300] "GET /4lalfe5htt.html HTTP/1.0" 404 42116 "-" "Mozilla/5.0 (compatible; SemrushBot/7~bl; +http://www.semrush.com/bot.html)"
185.191.171.4 - - [07/Oct/2024:17:13:15 +0300] "GET /54ceftvylo.html HTTP/1.0" 404 42116 "-" "Mozilla/5.0 (compatible; SemrushBot/7~bl; +http://www.semrush.com/bot.html)"
185.191.171.17 - - [07/Oct/2024:17:14:36 +0300] "GET /14e11eettp.html HTTP/1.0" 404 42116 "-" "Mozilla/5.0 (compatible; SemrushBot/7~bl; +http://www.semrush.com/bot.html)"
185.191.171.15 - - [07/Oct/2024:17:16:05 +0300] "GET /4jikou7n7l.html HTTP/1.0" 404 42116 "-" "Mozilla/5.0 (compatible; SemrushBot/7~bl; +http://www.semrush.com/bot.html)"
185.191.171.11 - - [07/Oct/2024:17:16:12 +0300] "GET /26999dvnyf.html HTTP/1.0" 404 45265 "-" "Mozilla/5.0 (compatible; SemrushBot/7~bl; +http://www.semrush.com/bot.html)"
185.191.171.12 - - [07/Oct/2024:17:16:58 +0300] "GET /pj8gdft5k.html HTTP/1.0" 404 42114 "-" "Mozilla/5.0 (compatible; SemrushBot/7~bl; +http://www.semrush.com/bot.html)"
85.208.96.197 - - [07/Oct/2024:17:17:16 +0300] "GET /21pn5ydbua.html HTTP/1.0" 404 42116 "-" "Mozilla/5.0 (compatible; SemrushBot/7~bl; +http://www.semrush.com/bot.html)"
85.208.96.196 - - [07/Oct/2024:17:17:35 +0300] "GET /5oa85cidiz.html HTTP/1.0" 404 42116 "-" "Mozilla/5.0 (compatible; SemrushBot/7~bl; +http://www.semrush.com/bot.html)"
185.191.171.15 - - [07/Oct/2024:17:17:51 +0300] "GET /4l0d5t4l9k.html HTTP/1.0" 404 45265 "-" "Mozilla/5.0 (compatible; SemrushBot/7~bl; +http://www.semrush.com/bot.html)"
185.191.171.11 - - [07/Oct/2024:17:18:08 +0300] "GET /4bml0tepuc.html HTTP/1.0" 404 42116 "-" "Mozilla/5.0 (compatible; SemrushBot/7~bl; +http://www.semrush.com/bot.html)"
85.208.96.205 - - [07/Oct/2024:17:18:32 +0300] "GET /3omi2gncoy.html HTTP/1.0" 404 42116 "-" "Mozilla/5.0 (compatible; SemrushBot/7~bl; +http://www.semrush.com/bot.html)"
185.191.171.15 - - [07/Oct/2024:17:18:42 +0300] "GET /5f671n34ys.html HTTP/1.0" 404 42116 "-" "Mozilla/5.0 (compatible; SemrushBot/7~bl; +http://www.semrush.com/bot.html)"
185.191.171.2 - - [07/Oct/2024:17:18:51 +0300] "GET /1fjhnlplm.html HTTP/1.0" 404 42114 "-" "Mozilla/5.0 (compatible; SemrushBot/7~bl; +http://www.semrush.com/bot.html)"
85.208.96.200 - - [07/Oct/2024:17:19:00 +0300] "GET /5kjp40mbnz.html HTTP/1.0" 404 42116 "-" "Mozilla/5.0 (compatible; SemrushBot/7~bl; +http://www.semrush.com/bot.html)"
185.191.171.13 - - [07/Oct/2024:17:19:40 +0300] "GET /7glb3iq.html HTTP/1.0" 404 42081 "-" "Mozilla/5.0 (compatible; SemrushBot/7~bl; +http://www.semrush.com/bot.html)"
85.208.96.195 - - [07/Oct/2024:17:19:53 +0300] "GET /202l0t7uj2.html HTTP/1.0" 404 42116 "-" "Mozilla/5.0 (compatible; SemrushBot/7~bl; +http://www.semrush.com/bot.html)"
185.191.171.1 - - [07/Oct/2024:17:20:10 +0300] "GET /2e8hljhjd.html HTTP/1.0" 404 42114 "-" "Mozilla/5.0 (compatible; SemrushBot/7~bl; +http://www.semrush.com/bot.html)"
85.208.96.211 - - [07/Oct/2024:17:20:21 +0300] "GET /32ce2uorvi.html HTTP/1.0" 404 42116 "-" "Mozilla/5.0 (compatible; SemrushBot/7~bl; +http://www.semrush.com/bot.html)"
85.208.96.203 - - [07/Oct/2024:17:20:44 +0300] "GET /29k2cp9tvc.html HTTP/1.0" 404 42116 "-" "Mozilla/5.0 (compatible; SemrushBot/7~bl; +http://www.semrush.com/bot.html)"
85.208.96.204 - - [07/Oct/2024:17:21:46 +0300] "GET /58ibjwapga.html HTTP/1.0" 404 45265 "-" "Mozilla/5.0 (compatible; SemrushBot/7~bl; +http://www.semrush.com/bot.html)"
85.208.96.206 - - [07/Oct/2024:17:21:48 +0300] "GET /3loc3lmr6n.html HTTP/1.0" 404 42116 "-" "Mozilla/5.0 (compatible; SemrushBot/7~bl; +http://www.semrush.com/bot.html)"
85.208.96.200 - - [07/Oct/2024:17:21:50 +0300] "GET /2p0ih6kmcu.html HTTP/1.0" 404 42116 "-" "Mozilla/5.0 (compatible; SemrushBot/7~bl; +http://www.semrush.com/bot.html)"
85.208.96.194 - - [07/Oct/2024:17:21:52 +0300] "GET /5cle5k5wmc.html HTTP/1.0" 404 42116 "-" "Mozilla/5.0 (compatible; SemrushBot/7~bl; +http://www.semrush.com/bot.html)"
185.191.171.13 - - [07/Oct/2024:17:21:54 +0300] "GET /1d2pmgtj98.html HTTP/1.0" 404 42116 "-" "Mozilla/5.0 (compatible; SemrushBot/7~bl; +http://www.semrush.com/bot.html)"
85.208.96.201 - - [07/Oct/2024:17:21:56 +0300] "GET /4kanjzlyfv.html HTTP/1.0" 404 42116 "-" "Mozilla/5.0 (compatible; SemrushBot/7~bl; +http://www.semrush.com/bot.html)"
185.191.171.2 - - [07/Oct/2024:17:21:58 +0300] "GET /l66khnejl.html HTTP/1.0" 404 42114 "-" "Mozilla/5.0 (compatible; SemrushBot/7~bl; +http://www.semrush.com/bot.html)"
85.208.96.193 - - [07/Oct/2024:17:22:28 +0300] "GET /yqmsquctw/mitsubishi-delica-2024-precio.html HTTP/1.0" 500 341 "-" "Mozilla/5.0 (compatible; SemrushBot/7~bl; +http://www.semrush.com/bot.html)"
185.191.171.10 - - [07/Oct/2024:17:22:32 +0300] "GET /1j3nkseoxd.html HTTP/1.0" 404 42116 "-" "Mozilla/5.0 (compatible; SemrushBot/7~bl; +http://www.semrush.com/bot.html)"
185.191.171.15 - - [07/Oct/2024:17:22:41 +0300] "GET /546a7rnw56.html HTTP/1.0" 404 42116 "-" "Mozilla/5.0 (compatible; SemrushBot/7~bl; +http://www.semrush.com/bot.html)"
85.208.96.211 - - [07/Oct/2024:17:23:00 +0300] "GET /2l799elizw.html HTTP/1.0" 404 42116 "-" "Mozilla/5.0 (compatible; SemrushBot/7~bl; +http://www.semrush.com/bot.html)"
185.191.171.2 - - [07/Oct/2024:17:23:45 +0300] "GET /2h14oipxsz.html HTTP/1.0" 404 45265 "-" "Mozilla/5.0 (compatible; SemrushBot/7~bl; +http://www.semrush.com/bot.html)"
217.196.107.80 - - [07/Oct/2024:17:23:57 +0300] "GET / HTTP/1.0" 200 322 "-" "Mozilla/5.0 (X11; Linux i686 on x86_64) AppleWebKit/537.36 (KHTML, like Gecko) Chrome/55.0.2886.26 Safari/537.36"
217.196.107.80 - - [07/Oct/2024:17:24:00 +0300] "POST / HTTP/1.0" 200 322 "https://gcba.ru/" "Mozilla/5.0 (X11; Linux i686 on x86_64) AppleWebKit/537.36 (KHTML, like Gecko) Chrome/55.0.2886.26 Safari/537.36"
217.196.107.80 - - [07/Oct/2024:17:24:05 +0300] "GET /95f33f6732e3.php HTTP/1.0" 200 358 "https://gcba.ru/" "Mozilla/5.0 (X11; Linux i686 on x86_64) AppleWebKit/537.36 (KHTML, like Gecko) Chrome/55.0.2886.26 Safari/537.36"
85.208.96.198 - - [07/Oct/2024:17:24:25 +0300] "GET /5k2del745d.html HTTP/1.0" 404 42116 "-" "Mozilla/5.0 (compatible; SemrushBot/7~bl; +http://www.semrush.com/bot.html)"
85.208.96.193 - - [07/Oct/2024:17:24:43 +0300] "GET /1jfgbb84bp.html HTTP/1.0" 404 42116 "-" "Mozilla/5.0 (compatible; SemrushBot/7~bl; +http://www.semrush.com/bot.html)"
185.191.171.5 - - [07/Oct/2024:17:24:59 +0300] "GET /2aedgahhvb.html HTTP/1.0" 404 42116 "-" "Mozilla/5.0 (compatible; SemrushBot/7~bl; +http://www.semrush.com/bot.html)"
185.191.171.4 - - [07/Oct/2024:17:25:23 +0300] "GET /49592muyjl.html HTTP/1.0" 404 42116 "-" "Mozilla/5.0 (compatible; SemrushBot/7~bl; +http://www.semrush.com/bot.html)"
185.191.171.14 - - [07/Oct/2024:17:25:38 +0300] "GET /23oag8htez.html HTTP/1.0" 404 42116 "-" "Mozilla/5.0 (compatible; SemrushBot/7~bl; +http://www.semrush.com/bot.html)"
185.191.171.1 - - [07/Oct/2024:17:26:07 +0300] "GET /25nkpdxbew.html HTTP/1.0" 404 42116 "-" "Mozilla/5.0 (compatible; SemrushBot/7~bl; +http://www.semrush.com/bot.html)"
85.208.96.207 - - [07/Oct/2024:17:26:09 +0300] "GET /28lm6imgum.html HTTP/1.0" 404 42116 "-" "Mozilla/5.0 (compatible; SemrushBot/7~bl; +http://www.semrush.com/bot.html)"
85.208.96.199 - - [07/Oct/2024:17:26:51 +0300] "GET /40420j5gel.html HTTP/1.0" 404 45265 "-" "Mozilla/5.0 (compatible; SemrushBot/7~bl; +http://www.semrush.com/bot.html)"
217.196.107.80 - - [07/Oct/2024:17:27:09 +0300] "GET / HTTP/1.0" 200 322 "-" "Mozilla/5.0 (Windows NT 6.3; Win64; x64) AppleWebKit/537.36 (KHTML, like Gecko) Chrome/54.0.2873.22 Safari/537.36"
217.196.107.80 - - [07/Oct/2024:17:27:09 +0300] "POST / HTTP/1.0" 200 322 "https://gcba.ru/" "Mozilla/5.0 (Windows NT 6.3; Win64; x64) AppleWebKit/537.36 (KHTML, like Gecko) Chrome/54.0.2873.22 Safari/537.36"
217.196.107.80 - - [07/Oct/2024:17:27:09 +0300] "GET /95f33f6732e3.php HTTP/1.0" 200 358 "https://gcba.ru/" "Mozilla/5.0 (Windows NT 6.3; Win64; x64) AppleWebKit/537.36 (KHTML, like Gecko) Chrome/54.0.2873.22 Safari/537.36"
185.191.171.18 - - [07/Oct/2024:17:27:17 +0300] "GET /5ibiip42sx.html HTTP/1.0" 404 42116 "-" "Mozilla/5.0 (compatible; SemrushBot/7~bl; +http://www.semrush.com/bot.html)"
85.208.96.194 - - [07/Oct/2024:17:27:21 +0300] "GET /94flmi1eg.html HTTP/1.0" 404 42114 "-" "Mozilla/5.0 (compatible; SemrushBot/7~bl; +http://www.semrush.com/bot.html)"
85.208.96.193 - - [07/Oct/2024:17:27:23 +0300] "GET /24pnnpotea.html HTTP/1.0" 404 42116 "-" "Mozilla/5.0 (compatible; SemrushBot/7~bl; +http://www.semrush.com/bot.html)"
185.191.171.16 - - [07/Oct/2024:17:27:43 +0300] "GET /10m4gw0bec.html HTTP/1.0" 404 42116 "-" "Mozilla/5.0 (compatible; SemrushBot/7~bl; +http://www.semrush.com/bot.html)"
185.191.171.12 - - [07/Oct/2024:17:28:09 +0300] "GET /3jh3grq4ri.html HTTP/1.0" 404 42116 "-" "Mozilla/5.0 (compatible; SemrushBot/7~bl; +http://www.semrush.com/bot.html)"
185.191.171.5 - - [07/Oct/2024:17:28:16 +0300] "GET /66enjwa1qv.html HTTP/1.0" 404 42116 "-" "Mozilla/5.0 (compatible; SemrushBot/7~bl; +http://www.semrush.com/bot.html)"
185.191.171.10 - - [07/Oct/2024:17:28:48 +0300] "GET /48n30jhlia.html HTTP/1.0" 404 42116 "-" "Mozilla/5.0 (compatible; SemrushBot/7~bl; +http://www.semrush.com/bot.html)"
185.191.171.19 - - [07/Oct/2024:17:28:51 +0300] "GET /44fp4e5wg7.html HTTP/1.0" 404 45265 "-" "Mozilla/5.0 (compatible; SemrushBot/7~bl; +http://www.semrush.com/bot.html)"
85.208.96.195 - - [07/Oct/2024:17:28:53 +0300] "GET /b898f7ycd.html HTTP/1.0" 404 42114 "-" "Mozilla/5.0 (compatible; SemrushBot/7~bl; +http://www.semrush.com/bot.html)"
185.191.171.14 - - [07/Oct/2024:17:29:52 +0300] "GET /469ejay3l.html HTTP/1.0" 404 42114 "-" "Mozilla/5.0 (compatible; SemrushBot/7~bl; +http://www.semrush.com/bot.html)"
66.249.66.37 - - [07/Oct/2024:17:29:53 +0300] "GET /xmw23/general-labour-jobs-north-york.html HTTP/1.0" 500 341 "-" "Mozilla/5.0 (Linux; Android 6.0.1; Nexus 5X Build/MMB29P) AppleWebKit/537.36 (KHTML, like Gecko) Chrome/129.0.6668.89 Mobile Safari/537.36 (compatible; Googlebot/2.1; +http://www.google.com/bot.html)"
185.191.171.11 - - [07/Oct/2024:17:30:11 +0300] "GET /39pf23lnin.html HTTP/1.0" 404 42116 "-" "Mozilla/5.0 (compatible; SemrushBot/7~bl; +http://www.semrush.com/bot.html)"
185.191.171.13 - - [07/Oct/2024:17:30:13 +0300] "GET /4mgojnkscg.html HTTP/1.0" 404 42116 "-" "Mozilla/5.0 (compatible; SemrushBot/7~bl; +http://www.semrush.com/bot.html)"
85.208.96.195 - - [07/Oct/2024:17:30:25 +0300] "GET /29h45h6bdr.html HTTP/1.0" 404 42116 "-" "Mozilla/5.0 (compatible; SemrushBot/7~bl; +http://www.semrush.com/bot.html)"
85.208.96.207 - - [07/Oct/2024:17:30:58 +0300] "GET /39c8bxhdnl.html HTTP/1.0" 404 42116 "-" "Mozilla/5.0 (compatible; SemrushBot/7~bl; +http://www.semrush.com/bot.html)"
66.249.66.36 - - [07/Oct/2024:17:31:28 +0300] "GET /yqmsquctw/create-sequence-in-h2-database-spring-boot.html HTTP/1.0" 500 341 "-" "Mozilla/5.0 (Linux; Android 6.0.1; Nexus 5X Build/MMB29P) AppleWebKit/537.36 (KHTML, like Gecko) Chrome/129.0.6668.89 Mobile Safari/537.36 (compatible; Googlebot/2.1; +http://www.google.com/bot.html)"
185.191.171.6 - - [07/Oct/2024:17:31:46 +0300] "GET /37ped7wiiy.html HTTP/1.0" 404 42116 "-" "Mozilla/5.0 (compatible; SemrushBot/7~bl; +http://www.semrush.com/bot.html)"
185.191.171.11 - - [07/Oct/2024:17:32:21 +0300] "GET /4l629ccrqa.html HTTP/1.0" 404 45265 "-" "Mozilla/5.0 (compatible; SemrushBot/7~bl; +http://www.semrush.com/bot.html)"
85.208.96.194 - - [07/Oct/2024:17:32:55 +0300] "GET /2ag68mlyfb.html HTTP/1.0" 404 42116 "-" "Mozilla/5.0 (compatible; SemrushBot/7~bl; +http://www.semrush.com/bot.html)"
185.191.171.3 - - [07/Oct/2024:17:33:11 +0300] "GET /1cikkd32mo.html HTTP/1.0" 404 42116 "-" "Mozilla/5.0 (compatible; SemrushBot/7~bl; +http://www.semrush.com/bot.html)"
85.208.96.211 - - [07/Oct/2024:17:33:32 +0300] "GET /2a9anvrqzv.html HTTP/1.0" 404 42116 "-" "Mozilla/5.0 (compatible; SemrushBot/7~bl; +http://www.semrush.com/bot.html)"
85.208.96.212 - - [07/Oct/2024:17:33:44 +0300] "GET /18a0p7hltj.html HTTP/1.0" 404 42116 "-" "Mozilla/5.0 (compatible; SemrushBot/7~bl; +http://www.semrush.com/bot.html)"
85.208.96.212 - - [07/Oct/2024:17:34:05 +0300] "GET /3jd66e3ill.html HTTP/1.0" 404 45265 "-" "Mozilla/5.0 (compatible; SemrushBot/7~bl; +http://www.semrush.com/bot.html)"
85.208.96.195 - - [07/Oct/2024:17:34:26 +0300] "GET /3m4k1nigcz.html HTTP/1.0" 404 42116 "-" "Mozilla/5.0 (compatible; SemrushBot/7~bl; +http://www.semrush.com/bot.html)"
185.191.171.8 - - [07/Oct/2024:17:35:38 +0300] "GET /4e47mrxouu.html HTTP/1.0" 404 42116 "-" "Mozilla/5.0 (compatible; SemrushBot/7~bl; +http://www.semrush.com/bot.html)"
185.191.171.12 - - [07/Oct/2024:17:35:47 +0300] "GET /5cca9582vl.html HTTP/1.0" 404 42116 "-" "Mozilla/5.0 (compatible; SemrushBot/7~bl; +http://www.semrush.com/bot.html)"
185.191.171.8 - - [07/Oct/2024:17:35:53 +0300] "GET /3pdj5z4n2x.html HTTP/1.0" 404 42116 "-" "Mozilla/5.0 (compatible; SemrushBot/7~bl; +http://www.semrush.com/bot.html)"
