66.249.66.36 - - [05/Oct/2024:07:07:22 +0300] "GET /xmw23/remote-devops-jobs.html HTTP/1.0" 200 18084 "-" "Mozilla/5.0 (Linux; Android 6.0.1; Nexus 5X Build/MMB29P) AppleWebKit/537.36 (KHTML, like Gecko) Chrome/129.0.6668.89 Mobile Safari/537.36 (compatible; Googlebot/2.1; +http://www.google.com/bot.html)"
66.249.66.37 - - [05/Oct/2024:07:07:23 +0300] "GET /xmw23/swe-salary-reddit.html HTTP/1.0" 200 21117 "-" "Mozilla/5.0 (Linux; Android 6.0.1; Nexus 5X Build/MMB29P) AppleWebKit/537.36 (KHTML, like Gecko) Chrome/129.0.6668.89 Mobile Safari/537.36 (compatible; Googlebot/2.1; +http://www.google.com/bot.html)"
66.249.66.36 - - [05/Oct/2024:07:07:23 +0300] "GET /xmw23/brandix-management-trainee-vacancy.html HTTP/1.0" 200 29226 "-" "Mozilla/5.0 (Linux; Android 6.0.1; Nexus 5X Build/MMB29P) AppleWebKit/537.36 (KHTML, like Gecko) Chrome/129.0.6668.89 Mobile Safari/537.36 (compatible; Googlebot/2.1; +http://www.google.com/bot.html)"
66.249.66.35 - - [05/Oct/2024:07:07:34 +0300] "GET /xmw23/what-tribes-are-found-in-muchinga-province.html HTTP/1.0" 200 22175 "-" "Mozilla/5.0 (Linux; Android 6.0.1; Nexus 5X Build/MMB29P) AppleWebKit/537.36 (KHTML, like Gecko) Chrome/129.0.6668.89 Mobile Safari/537.36 (compatible; GoogleOther)"
185.191.171.3 - - [05/Oct/2024:07:08:34 +0300] "GET /4h978zvg05.html HTTP/1.0" 404 23444 "-" "Mozilla/5.0 (compatible; SemrushBot/7~bl; +http://www.semrush.com/bot.html)"
85.208.96.193 - - [05/Oct/2024:07:09:00 +0300] "GET /185e7g1pkd.html HTTP/1.0" 404 23444 "-" "Mozilla/5.0 (compatible; SemrushBot/7~bl; +http://www.semrush.com/bot.html)"
185.191.171.13 - - [05/Oct/2024:07:09:17 +0300] "GET /5c0fky3rf2.html HTTP/1.0" 404 23444 "-" "Mozilla/5.0 (compatible; SemrushBot/7~bl; +http://www.semrush.com/bot.html)"
66.249.66.37 - - [05/Oct/2024:07:09:58 +0300] "GET /xmw23/cabinet-vision-2023-crack.html HTTP/1.0" 200 36005 "-" "Mozilla/5.0 (Linux; Android 6.0.1; Nexus 5X Build/MMB29P) AppleWebKit/537.36 (KHTML, like Gecko) Chrome/129.0.6668.89 Mobile Safari/537.36 (compatible; GoogleOther)"
66.249.66.35 - - [05/Oct/2024:07:12:22 +0300] "GET /xmw23/english-language-requirements-australia.html HTTP/1.0" 200 25144 "-" "Mozilla/5.0 (Linux; Android 6.0.1; Nexus 5X Build/MMB29P) AppleWebKit/537.36 (KHTML, like Gecko) Chrome/129.0.6668.89 Mobile Safari/537.36 (compatible; GoogleOther)"
66.249.66.35 - - [05/Oct/2024:07:12:23 +0300] "GET /xmw23/falcon-company-abu-dhabi.html HTTP/1.0" 200 20261 "-" "Mozilla/5.0 (Linux; Android 6.0.1; Nexus 5X Build/MMB29P) AppleWebKit/537.36 (KHTML, like Gecko) Chrome/129.0.6668.89 Mobile Safari/537.36 (compatible; Googlebot/2.1; +http://www.google.com/bot.html)"
66.249.66.36 - - [05/Oct/2024:07:14:24 +0300] "GET /xmw23/aditiv-ulei-motor-diesel-metabond.html HTTP/1.0" 200 36537 "-" "Mozilla/5.0 (Linux; Android 6.0.1; Nexus 5X Build/MMB29P) AppleWebKit/537.36 (KHTML, like Gecko) Chrome/129.0.6668.89 Mobile Safari/537.36 (compatible; Googlebot/2.1; +http://www.google.com/bot.html)"
66.249.66.36 - - [05/Oct/2024:07:14:46 +0300] "GET /xmw23/amaphupho-nenkcazelo-zawo.html HTTP/1.0" 200 28673 "-" "Mozilla/5.0 (Linux; Android 6.0.1; Nexus 5X Build/MMB29P) AppleWebKit/537.36 (KHTML, like Gecko) Chrome/129.0.6668.89 Mobile Safari/537.36 (compatible; GoogleOther)"
66.249.66.36 - - [05/Oct/2024:07:15:24 +0300] "GET /xmw23/1st-triggers-all-thinkorswim-reddit.html HTTP/1.0" 200 26293 "-" "Mozilla/5.0 (Linux; Android 6.0.1; Nexus 5X Build/MMB29P) AppleWebKit/537.36 (KHTML, like Gecko) Chrome/129.0.6668.89 Mobile Safari/537.36 (compatible; Googlebot/2.1; +http://www.google.com/bot.html)"
66.249.66.36 - - [05/Oct/2024:07:15:25 +0300] "GET /xmw23/amazon-warehouse-scarborough-hiring.html HTTP/1.0" 200 13605 "-" "Mozilla/5.0 (Linux; Android 6.0.1; Nexus 5X Build/MMB29P) AppleWebKit/537.36 (KHTML, like Gecko) Chrome/129.0.6668.89 Mobile Safari/537.36 (compatible; Googlebot/2.1; +http://www.google.com/bot.html)"
66.249.66.35 - - [05/Oct/2024:07:15:25 +0300] "GET /xmw23/google-ad-manager-login.html HTTP/1.0" 200 25013 "-" "Mozilla/5.0 (Linux; Android 6.0.1; Nexus 5X Build/MMB29P) AppleWebKit/537.36 (KHTML, like Gecko) Chrome/129.0.6668.89 Mobile Safari/537.36 (compatible; Googlebot/2.1; +http://www.google.com/bot.html)"
66.249.66.36 - - [05/Oct/2024:07:16:26 +0300] "GET /xmw23/deseti-dan-nakon-embriotransfera-simptomi.html HTTP/1.0" 200 23506 "-" "Mozilla/5.0 (Linux; Android 6.0.1; Nexus 5X Build/MMB29P) AppleWebKit/537.36 (KHTML, like Gecko) Chrome/129.0.6668.89 Mobile Safari/537.36 (compatible; Googlebot/2.1; +http://www.google.com/bot.html)"
185.191.171.9 - - [05/Oct/2024:07:16:56 +0300] "GET /3k6f8i1ciw.html HTTP/1.0" 404 23444 "-" "Mozilla/5.0 (compatible; SemrushBot/7~bl; +http://www.semrush.com/bot.html)"
66.249.66.37 - - [05/Oct/2024:07:17:10 +0300] "GET /xmw23/harvey-nichols-glasgow.html HTTP/1.0" 200 18794 "-" "Mozilla/5.0 (Linux; Android 6.0.1; Nexus 5X Build/MMB29P) AppleWebKit/537.36 (KHTML, like Gecko) Chrome/129.0.6668.89 Mobile Safari/537.36 (compatible; GoogleOther)"
66.249.66.36 - - [05/Oct/2024:07:18:26 +0300] "GET /xmw23/la-paz-funeral-home-obituaries.html HTTP/1.0" 200 15054 "-" "Mozilla/5.0 (Linux; Android 6.0.1; Nexus 5X Build/MMB29P) AppleWebKit/537.36 (KHTML, like Gecko) Chrome/129.0.6668.89 Mobile Safari/537.36 (compatible; Googlebot/2.1; +http://www.google.com/bot.html)"
66.249.66.37 - - [05/Oct/2024:07:18:27 +0300] "GET /xmw23/kalendari-maya-per-shtatzani.html HTTP/1.0" 200 36835 "-" "Mozilla/5.0 (Linux; Android 6.0.1; Nexus 5X Build/MMB29P) AppleWebKit/537.36 (KHTML, like Gecko) Chrome/129.0.6668.89 Mobile Safari/537.36 (compatible; Googlebot/2.1; +http://www.google.com/bot.html)"
66.249.66.35 - - [05/Oct/2024:07:19:33 +0300] "GET /xmw23/falcon-dubai-bird.html HTTP/1.0" 200 35567 "-" "Mozilla/5.0 (Linux; Android 6.0.1; Nexus 5X Build/MMB29P) AppleWebKit/537.36 (KHTML, like Gecko) Chrome/129.0.6668.89 Mobile Safari/537.36 (compatible; GoogleOther)"
66.249.66.37 - - [05/Oct/2024:07:20:28 +0300] "GET /xmw23/aged-care-sponsorship-457-visa-salary.html HTTP/1.0" 200 19911 "-" "Mozilla/5.0 (Linux; Android 6.0.1; Nexus 5X Build/MMB29P) AppleWebKit/537.36 (KHTML, like Gecko) Chrome/129.0.6668.89 Mobile Safari/537.36 (compatible; Googlebot/2.1; +http://www.google.com/bot.html)"
66.249.66.36 - - [05/Oct/2024:07:21:57 +0300] "GET /xmw23/indeed-lima.html HTTP/1.0" 200 14337 "-" "Mozilla/5.0 (Linux; Android 6.0.1; Nexus 5X Build/MMB29P) AppleWebKit/537.36 (KHTML, like Gecko) Chrome/129.0.6668.89 Mobile Safari/537.36 (compatible; GoogleOther)"
66.249.66.35 - - [05/Oct/2024:07:22:28 +0300] "GET /xmw23/galveston-county-jail-mugshots.html HTTP/1.0" 200 34931 "-" "Mozilla/5.0 (Linux; Android 6.0.1; Nexus 5X Build/MMB29P) AppleWebKit/537.36 (KHTML, like Gecko) Chrome/129.0.6668.89 Mobile Safari/537.36 (compatible; Googlebot/2.1; +http://www.google.com/bot.html)"
85.208.96.200 - - [05/Oct/2024:07:23:44 +0300] "GET /2od4pdlcdg.html HTTP/1.0" 404 23444 "-" "Mozilla/5.0 (compatible; SemrushBot/7~bl; +http://www.semrush.com/bot.html)"
66.249.66.35 - - [05/Oct/2024:07:24:05 +0300] "GET /xmw23/mechanical-engineering-research-papers-pdf.html HTTP/1.0" 200 21060 "-" "Mozilla/5.0 (Linux; Android 6.0.1; Nexus 5X Build/MMB29P) AppleWebKit/537.36 (KHTML, like Gecko) Chrome/129.0.6668.89 Mobile Safari/537.36 (compatible; GoogleOther)"
85.208.96.206 - - [05/Oct/2024:07:24:19 +0300] "GET /5kfohizdsj.html HTTP/1.0" 404 23444 "-" "Mozilla/5.0 (compatible; SemrushBot/7~bl; +http://www.semrush.com/bot.html)"
66.249.66.36 - - [05/Oct/2024:07:24:22 +0300] "GET /xmw23/warehouse-assistant.html HTTP/1.0" 200 17488 "-" "Mozilla/5.0 (Linux; Android 6.0.1; Nexus 5X Build/MMB29P) AppleWebKit/537.36 (KHTML, like Gecko) Chrome/129.0.6668.89 Mobile Safari/537.36 (compatible; GoogleOther)"
185.191.171.7 - - [05/Oct/2024:07:25:33 +0300] "GET /2eddlq0ulo.html HTTP/1.0" 404 23444 "-" "Mozilla/5.0 (compatible; SemrushBot/7~bl; +http://www.semrush.com/bot.html)"
66.249.66.37 - - [05/Oct/2024:07:26:45 +0300] "GET /xmw23/visa-sponsorship-australia.html HTTP/1.0" 200 21190 "-" "Mozilla/5.0 (Linux; Android 6.0.1; Nexus 5X Build/MMB29P) AppleWebKit/537.36 (KHTML, like Gecko) Chrome/129.0.6668.89 Mobile Safari/537.36 (compatible; GoogleOther)"
66.249.66.36 - - [05/Oct/2024:07:29:10 +0300] "GET /xmw23/companies-that-sponsor-work-visa-from-india.html HTTP/1.0" 200 37361 "-" "Mozilla/5.0 (Linux; Android 6.0.1; Nexus 5X Build/MMB29P) AppleWebKit/537.36 (KHTML, like Gecko) Chrome/129.0.6668.89 Mobile Safari/537.36 (compatible; GoogleOther)"
66.249.66.35 - - [05/Oct/2024:07:31:34 +0300] "GET /xmw23/filma24-romance.html HTTP/1.0" 200 16875 "-" "Mozilla/5.0 (Linux; Android 6.0.1; Nexus 5X Build/MMB29P) AppleWebKit/537.36 (KHTML, like Gecko) Chrome/129.0.6668.89 Mobile Safari/537.36 (compatible; GoogleOther)"
185.191.171.8 - - [05/Oct/2024:07:32:00 +0300] "GET /f599skko1.html HTTP/1.0" 404 23442 "-" "Mozilla/5.0 (compatible; SemrushBot/7~bl; +http://www.semrush.com/bot.html)"
66.249.66.36 - - [05/Oct/2024:07:33:29 +0300] "GET /xmw23/sbfkp1w3-kingston-firmware-download.html HTTP/1.0" 200 19665 "-" "Mozilla/5.0 (Linux; Android 6.0.1; Nexus 5X Build/MMB29P) AppleWebKit/537.36 (KHTML, like Gecko) Chrome/129.0.6668.89 Mobile Safari/537.36 (compatible; Googlebot/2.1; +http://www.google.com/bot.html)"
185.191.171.18 - - [05/Oct/2024:07:33:36 +0300] "GET /63n50xfo1c.html HTTP/1.0" 404 26593 "-" "Mozilla/5.0 (compatible; SemrushBot/7~bl; +http://www.semrush.com/bot.html)"
66.249.66.36 - - [05/Oct/2024:07:33:57 +0300] "GET /xmw23/payback-ao3.html HTTP/1.0" 500 341 "-" "Mozilla/5.0 (Linux; Android 6.0.1; Nexus 5X Build/MMB29P) AppleWebKit/537.36 (KHTML, like Gecko) Chrome/129.0.6668.89 Mobile Safari/537.36 (compatible; GoogleOther)"
185.191.171.4 - - [05/Oct/2024:07:36:00 +0300] "GET /3n4a9nlxhk.html HTTP/1.0" 404 26593 "-" "Mozilla/5.0 (compatible; SemrushBot/7~bl; +http://www.semrush.com/bot.html)"
66.249.66.36 - - [05/Oct/2024:07:36:23 +0300] "GET /xmw23/limbo-pc-emulator.html HTTP/1.0" 200 30345 "-" "Mozilla/5.0 (Linux; Android 6.0.1; Nexus 5X Build/MMB29P) AppleWebKit/537.36 (KHTML, like Gecko) Chrome/129.0.6668.89 Mobile Safari/537.36 (compatible; GoogleOther)"
185.162.16.189 - - [05/Oct/2024:07:36:25 +0300] "GET /bitrix/admin/index.php HTTP/1.0" 200 22332 "-" "Mozilla/5.0 (Windows NT 6.1) AppleWebKit/537.36 (KHTML, like Gecko) Chrome/45.0.2454.85 Safari/537.36 OPR/32.0.1948.45"
185.162.16.189 - - [05/Oct/2024:07:36:25 +0300] "GET /bitrix/admin/index.php HTTP/1.0" 200 22332 "-" "Mozilla/5.0 (Windows NT 6.1) AppleWebKit/537.36 (KHTML, like Gecko) Chrome/45.0.2454.85 Safari/537.36 OPR/32.0.1948.45"
185.162.16.189 - - [05/Oct/2024:07:36:25 +0300] "GET /bitrix/admin/index.php HTTP/1.0" 200 22332 "-" "Mozilla/5.0 (Windows NT 6.1) AppleWebKit/537.36 (KHTML, like Gecko) Chrome/45.0.2454.85 Safari/537.36 OPR/32.0.1948.45"
185.162.16.189 - - [05/Oct/2024:07:36:26 +0300] "POST /bitrix/admin/?login=yes HTTP/1.0" 200 1010 "-" "Mozilla/5.0 (Windows NT 6.1) AppleWebKit/537.36 (KHTML, like Gecko) Chrome/45.0.2454.85 Safari/537.36 OPR/32.0.1948.45"
185.162.16.189 - - [05/Oct/2024:07:36:26 +0300] "POST /bitrix/admin/?login=yes HTTP/1.0" 200 1010 "-" "Mozilla/5.0 (Windows NT 6.1) AppleWebKit/537.36 (KHTML, like Gecko) Chrome/45.0.2454.85 Safari/537.36 OPR/32.0.1948.45"
185.162.16.189 - - [05/Oct/2024:07:36:26 +0300] "POST /bitrix/admin/?login=yes HTTP/1.0" 200 1010 "-" "Mozilla/5.0 (Windows NT 6.1) AppleWebKit/537.36 (KHTML, like Gecko) Chrome/45.0.2454.85 Safari/537.36 OPR/32.0.1948.45"
85.208.96.204 - - [05/Oct/2024:07:37:03 +0300] "GET /c4jemfnhh.html HTTP/1.0" 404 23442 "-" "Mozilla/5.0 (compatible; SemrushBot/7~bl; +http://www.semrush.com/bot.html)"
66.249.66.35 - - [05/Oct/2024:07:38:46 +0300] "GET /xmw23/dairy-farm-jobs-with-visa-sponsorship.html HTTP/1.0" 200 26391 "-" "Mozilla/5.0 (Linux; Android 6.0.1; Nexus 5X Build/MMB29P) AppleWebKit/537.36 (KHTML, like Gecko) Chrome/129.0.6668.89 Mobile Safari/537.36 (compatible; GoogleOther)"
66.249.66.37 - - [05/Oct/2024:07:41:10 +0300] "GET /xmw23/yabani-son.html HTTP/1.0" 200 27266 "-" "Mozilla/5.0 (Linux; Android 6.0.1; Nexus 5X Build/MMB29P) AppleWebKit/537.36 (KHTML, like Gecko) Chrome/129.0.6668.89 Mobile Safari/537.36 (compatible; GoogleOther)"
185.191.171.4 - - [05/Oct/2024:07:43:25 +0300] "GET /276nf200sy.html HTTP/1.0" 404 26593 "-" "Mozilla/5.0 (compatible; SemrushBot/7~bl; +http://www.semrush.com/bot.html)"
66.249.66.37 - - [05/Oct/2024:07:43:29 +0300] "GET /xmw23/home-builders-association-vancouver.html HTTP/1.0" 200 38305 "-" "Mozilla/5.0 (Linux; Android 6.0.1; Nexus 5X Build/MMB29P) AppleWebKit/537.36 (KHTML, like Gecko) Chrome/129.0.6668.89 Mobile Safari/537.36 (compatible; Googlebot/2.1; +http://www.google.com/bot.html)"
66.249.66.36 - - [05/Oct/2024:07:43:34 +0300] "GET /xmw23/citibank-website-not-working-in-chrome.html HTTP/1.0" 200 20258 "-" "Mozilla/5.0 (Linux; Android 6.0.1; Nexus 5X Build/MMB29P) AppleWebKit/537.36 (KHTML, like Gecko) Chrome/129.0.6668.89 Mobile Safari/537.36 (compatible; GoogleOther)"
66.249.66.35 - - [05/Oct/2024:07:43:54 +0300] "GET /xmw23/mg-apyar-blue-book-pdf.html HTTP/1.0" 200 19136 "-" "Mozilla/5.0 (Linux; Android 6.0.1; Nexus 5X Build/MMB29P) AppleWebKit/537.36 (KHTML, like Gecko) Chrome/129.0.6668.89 Mobile Safari/537.36 (compatible; GoogleOther)"
85.208.96.194 - - [05/Oct/2024:07:45:39 +0300] "GET /185jpsx9u2.html HTTP/1.0" 404 23444 "-" "Mozilla/5.0 (compatible; SemrushBot/7~bl; +http://www.semrush.com/bot.html)"
66.249.66.36 - - [05/Oct/2024:07:45:57 +0300] "GET /xmw23/bitcoin-miner-app.html HTTP/1.0" 200 32400 "-" "Mozilla/5.0 (Linux; Android 6.0.1; Nexus 5X Build/MMB29P) AppleWebKit/537.36 (KHTML, like Gecko) Chrome/129.0.6668.89 Mobile Safari/537.36 (compatible; GoogleOther)"
185.191.171.14 - - [05/Oct/2024:07:47:19 +0300] "GET /3732kcqaza.html HTTP/1.0" 404 23444 "-" "Mozilla/5.0 (compatible; SemrushBot/7~bl; +http://www.semrush.com/bot.html)"
66.249.66.36 - - [05/Oct/2024:07:47:30 +0300] "GET /xmw23/blacksburg,-sc-obituaries.html HTTP/1.0" 404 23602 "-" "Mozilla/5.0 (Linux; Android 6.0.1; Nexus 5X Build/MMB29P) AppleWebKit/537.36 (KHTML, like Gecko) Chrome/129.0.6668.89 Mobile Safari/537.36 (compatible; Googlebot/2.1; +http://www.google.com/bot.html)"
66.249.66.36 - - [05/Oct/2024:07:48:21 +0300] "GET /xmw23/how-to-turn-on-chrome-os-developer-mode.html HTTP/1.0" 200 25389 "-" "Mozilla/5.0 (Linux; Android 6.0.1; Nexus 5X Build/MMB29P) AppleWebKit/537.36 (KHTML, like Gecko) Chrome/129.0.6668.89 Mobile Safari/537.36 (compatible; GoogleOther)"
185.191.171.4 - - [05/Oct/2024:07:49:24 +0300] "GET /205dfkk4ty.html HTTP/1.0" 404 26593 "-" "Mozilla/5.0 (compatible; SemrushBot/7~bl; +http://www.semrush.com/bot.html)"
66.249.66.37 - - [05/Oct/2024:07:50:45 +0300] "GET /xmw23/telegram-daughter.html HTTP/1.0" 200 27564 "-" "Mozilla/5.0 (Linux; Android 6.0.1; Nexus 5X Build/MMB29P) AppleWebKit/537.36 (KHTML, like Gecko) Chrome/129.0.6668.89 Mobile Safari/537.36 (compatible; GoogleOther)"
66.249.66.35 - - [05/Oct/2024:07:53:10 +0300] "GET /xmw23/masonic-lodge-blenheim.html HTTP/1.0" 200 21307 "-" "Mozilla/5.0 (Linux; Android 6.0.1; Nexus 5X Build/MMB29P) AppleWebKit/537.36 (KHTML, like Gecko) Chrome/129.0.6668.89 Mobile Safari/537.36 (compatible; GoogleOther)"
66.249.66.37 - - [05/Oct/2024:07:55:33 +0300] "GET /xmw23/buildzoid-ddr5-guide.html HTTP/1.0" 200 22266 "-" "Mozilla/5.0 (Linux; Android 6.0.1; Nexus 5X Build/MMB29P) AppleWebKit/537.36 (KHTML, like Gecko) Chrome/129.0.6668.89 Mobile Safari/537.36 (compatible; GoogleOther)"
185.191.171.18 - - [05/Oct/2024:07:57:19 +0300] "GET /4n8nkaipfs.html HTTP/1.0" 404 23444 "-" "Mozilla/5.0 (compatible; SemrushBot/7~bl; +http://www.semrush.com/bot.html)"
66.249.66.36 - - [05/Oct/2024:07:57:59 +0300] "GET /xmw23/the-day-recent-obituaries.html HTTP/1.0" 200 14707 "-" "Mozilla/5.0 (Linux; Android 6.0.1; Nexus 5X Build/MMB29P) AppleWebKit/537.36 (KHTML, like Gecko) Chrome/129.0.6668.89 Mobile Safari/537.36 (compatible; GoogleOther)"
185.191.171.17 - - [05/Oct/2024:07:58:38 +0300] "GET /24o63y5g1g.html HTTP/1.0" 404 23444 "-" "Mozilla/5.0 (compatible; SemrushBot/7~bl; +http://www.semrush.com/bot.html)"
66.249.66.35 - - [05/Oct/2024:08:00:22 +0300] "GET /xmw23/da-li-se-moze-izvaditi-licna-karta-sa-15-godina.html HTTP/1.0" 200 26233 "-" "Mozilla/5.0 (Linux; Android 6.0.1; Nexus 5X Build/MMB29P) AppleWebKit/537.36 (KHTML, like Gecko) Chrome/129.0.6668.89 Mobile Safari/537.36 (compatible; GoogleOther)"
66.249.66.35 - - [05/Oct/2024:08:02:48 +0300] "GET /xmw23/www-filma24-li-culpa-mia.html HTTP/1.0" 200 25081 "-" "Mozilla/5.0 (Linux; Android 6.0.1; Nexus 5X Build/MMB29P) AppleWebKit/537.36 (KHTML, like Gecko) Chrome/129.0.6668.89 Mobile Safari/537.36 (compatible; GoogleOther)"
66.249.66.35 - - [05/Oct/2024:08:04:02 +0300] "GET /xmw23/jasper-county-inmate-roster-pdf.html HTTP/1.0" 200 23084 "-" "Mozilla/5.0 (Linux; Android 6.0.1; Nexus 5X Build/MMB29P) AppleWebKit/537.36 (KHTML, like Gecko) Chrome/129.0.6668.89 Mobile Safari/537.36 (compatible; GoogleOther)"
185.191.171.16 - - [05/Oct/2024:08:05:01 +0300] "GET /697c5er9aj.html HTTP/1.0" 404 23444 "-" "Mozilla/5.0 (compatible; SemrushBot/7~bl; +http://www.semrush.com/bot.html)"
66.249.66.36 - - [05/Oct/2024:08:05:16 +0300] "GET /xmw23/trabajos-en-montreal-para-hispanos.html HTTP/1.0" 200 23346 "-" "Mozilla/5.0 (Linux; Android 6.0.1; Nexus 5X Build/MMB29P) AppleWebKit/537.36 (KHTML, like Gecko) Chrome/129.0.6668.89 Mobile Safari/537.36 (compatible; GoogleOther)"
66.249.66.35 - - [05/Oct/2024:08:07:33 +0300] "GET /xmw23/renew-dog-license-london-ontario.html HTTP/1.0" 200 22888 "-" "Mozilla/5.0 (Linux; Android 6.0.1; Nexus 5X Build/MMB29P) AppleWebKit/537.36 (KHTML, like Gecko) Chrome/129.0.6668.89 Mobile Safari/537.36 (compatible; GoogleOther)"
66.249.66.36 - - [05/Oct/2024:08:09:58 +0300] "GET /xmw23/mit-mechanical-engineering-study-plan.html HTTP/1.0" 200 30021 "-" "Mozilla/5.0 (Linux; Android 6.0.1; Nexus 5X Build/MMB29P) AppleWebKit/537.36 (KHTML, like Gecko) Chrome/129.0.6668.89 Mobile Safari/537.36 (compatible; GoogleOther)"
185.191.171.5 - - [05/Oct/2024:08:10:08 +0300] "GET /488dkicnuc.html HTTP/1.0" 404 23444 "-" "Mozilla/5.0 (compatible; SemrushBot/7~bl; +http://www.semrush.com/bot.html)"
66.249.66.35 - - [05/Oct/2024:08:12:22 +0300] "GET /xmw23/sta-treba-za-licnu-kartu-republika-srpska.html HTTP/1.0" 200 43038 "-" "Mozilla/5.0 (Linux; Android 6.0.1; Nexus 5X Build/MMB29P) AppleWebKit/537.36 (KHTML, like Gecko) Chrome/129.0.6668.89 Mobile Safari/537.36 (compatible; GoogleOther)"
66.249.66.36 - - [05/Oct/2024:08:12:44 +0300] "GET /xmw23/xunit-async-tests.html HTTP/1.0" 200 25868 "-" "Mozilla/5.0 (Linux; Android 6.0.1; Nexus 5X Build/MMB29P) AppleWebKit/537.36 (KHTML, like Gecko) Chrome/129.0.6668.89 Mobile Safari/537.36 (compatible; GoogleOther)"
85.208.96.201 - - [05/Oct/2024:08:13:19 +0300] "GET /6bac3tcpmb.html HTTP/1.0" 404 23444 "-" "Mozilla/5.0 (compatible; SemrushBot/7~bl; +http://www.semrush.com/bot.html)"
185.191.171.18 - - [05/Oct/2024:08:13:46 +0300] "GET /656pkybq9r.html HTTP/1.0" 404 23444 "-" "Mozilla/5.0 (compatible; SemrushBot/7~bl; +http://www.semrush.com/bot.html)"
66.249.66.36 - - [05/Oct/2024:08:14:45 +0300] "GET /xmw23/arrestados-en-arkansas.html HTTP/1.0" 200 18217 "-" "Mozilla/5.0 (Linux; Android 6.0.1; Nexus 5X Build/MMB29P) AppleWebKit/537.36 (KHTML, like Gecko) Chrome/129.0.6668.89 Mobile Safari/537.36 (compatible; GoogleOther)"
66.249.66.37 - - [05/Oct/2024:08:17:10 +0300] "GET /xmw23/uzgoj-koka-nosilja-na-otvorenom.html HTTP/1.0" 200 34081 "-" "Mozilla/5.0 (Linux; Android 6.0.1; Nexus 5X Build/MMB29P) AppleWebKit/537.36 (KHTML, like Gecko) Chrome/129.0.6668.89 Mobile Safari/537.36 (compatible; GoogleOther)"
185.191.171.17 - - [05/Oct/2024:08:17:28 +0300] "GET /2oa99eo2vt.html HTTP/1.0" 404 26593 "-" "Mozilla/5.0 (compatible; SemrushBot/7~bl; +http://www.semrush.com/bot.html)"
66.249.66.36 - - [05/Oct/2024:08:19:34 +0300] "GET /xmw23/dvoroga-maternica.html HTTP/1.0" 200 41936 "-" "Mozilla/5.0 (Linux; Android 6.0.1; Nexus 5X Build/MMB29P) AppleWebKit/537.36 (KHTML, like Gecko) Chrome/129.0.6668.89 Mobile Safari/537.36 (compatible; GoogleOther)"
185.191.171.16 - - [05/Oct/2024:08:21:19 +0300] "GET /4fimeshdw1.html HTTP/1.0" 404 23444 "-" "Mozilla/5.0 (compatible; SemrushBot/7~bl; +http://www.semrush.com/bot.html)"
66.249.66.36 - - [05/Oct/2024:08:21:58 +0300] "GET /xmw23/nwi-indiana.html HTTP/1.0" 200 18372 "-" "Mozilla/5.0 (Linux; Android 6.0.1; Nexus 5X Build/MMB29P) AppleWebKit/537.36 (KHTML, like Gecko) Chrome/129.0.6668.89 Mobile Safari/537.36 (compatible; GoogleOther)"
66.249.66.35 - - [05/Oct/2024:08:23:31 +0300] "GET /xmw23/tcpdf-documentation.html HTTP/1.0" 200 17328 "-" "Mozilla/5.0 (Linux; Android 6.0.1; Nexus 5X Build/MMB29P) AppleWebKit/537.36 (KHTML, like Gecko) Chrome/129.0.6668.89 Mobile Safari/537.36 (compatible; GoogleOther)"
66.249.66.35 - - [05/Oct/2024:08:24:21 +0300] "GET /xmw23/prolaps-materice-simptomi.html HTTP/1.0" 200 29712 "-" "Mozilla/5.0 (Linux; Android 6.0.1; Nexus 5X Build/MMB29P) AppleWebKit/537.36 (KHTML, like Gecko) Chrome/129.0.6668.89 Mobile Safari/537.36 (compatible; GoogleOther)"
66.249.66.37 - - [05/Oct/2024:08:24:24 +0300] "GET /xmw23/windows-installer-ended-prematurely.html HTTP/1.0" 200 18903 "-" "Mozilla/5.0 (Linux; Android 6.0.1; Nexus 5X Build/MMB29P) AppleWebKit/537.36 (KHTML, like Gecko) Chrome/129.0.6668.89 Mobile Safari/537.36 (compatible; GoogleOther)"
66.249.66.36 - - [05/Oct/2024:08:24:26 +0300] "GET /xmw23/sponsor-restaurant.html HTTP/1.0" 200 22649 "-" "Mozilla/5.0 (Linux; Android 6.0.1; Nexus 5X Build/MMB29P) AppleWebKit/537.36 (KHTML, like Gecko) Chrome/129.0.6668.89 Mobile Safari/537.36 (compatible; GoogleOther)"
185.191.171.12 - - [05/Oct/2024:08:25:31 +0300] "GET /2k1i8noeud.html HTTP/1.0" 404 26593 "-" "Mozilla/5.0 (compatible; SemrushBot/7~bl; +http://www.semrush.com/bot.html)"
66.249.66.35 - - [05/Oct/2024:08:26:12 +0300] "GET /xmw23/detailed-map-of-zambia-pdf.html HTTP/1.0" 200 28312 "-" "Mozilla/5.0 (Linux; Android 6.0.1; Nexus 5X Build/MMB29P) AppleWebKit/537.36 (KHTML, like Gecko) Chrome/129.0.6668.89 Mobile Safari/537.36 (compatible; GoogleOther)"
66.249.66.35 - - [05/Oct/2024:08:26:19 +0300] "GET /xmw23/projection-novel-bl.html HTTP/1.0" 200 30829 "-" "Mozilla/5.0 (Linux; Android 6.0.1; Nexus 5X Build/MMB29P) AppleWebKit/537.36 (KHTML, like Gecko) Chrome/129.0.6668.89 Mobile Safari/537.36 (compatible; GoogleOther)"
66.249.66.35 - - [05/Oct/2024:08:26:21 +0300] "GET /news/metodologiya/chto-takoe-ebitda/ HTTP/1.0" 200 23120 "-" "Mozilla/5.0 (Linux; Android 6.0.1; Nexus 5X Build/MMB29P) AppleWebKit/537.36 (KHTML, like Gecko) Chrome/129.0.6668.89 Mobile Safari/537.36 (compatible; Googlebot/2.1; +http://www.google.com/bot.html)"
66.249.66.35 - - [05/Oct/2024:08:26:25 +0300] "GET /news/metodologiya/chto-takoe-ebitda/?bxrand=1726272000000 HTTP/1.0" 200 4811 "https://gcba.ru/news/metodologiya/chto-takoe-ebitda/" "Mozilla/5.0 (Linux; Android 6.0.1; Nexus 5X Build/MMB29P) AppleWebKit/537.36 (KHTML, like Gecko) Chrome/129.0.6668.70 Mobile Safari/537.36 (compatible; Googlebot/2.1; +http://www.google.com/bot.html)"
66.249.66.35 - - [05/Oct/2024:08:26:29 +0300] "GET /local/templates/for_news/favicon.ico HTTP/1.0" 404 23486 "-" "Googlebot-Image/1.0"
66.249.66.35 - - [05/Oct/2024:08:28:30 +0300] "GET /xmw23/mitsubishi-minica-wikipedia.html HTTP/1.0" 200 22861 "-" "Mozilla/5.0 (Linux; Android 6.0.1; Nexus 5X Build/MMB29P) AppleWebKit/537.36 (KHTML, like Gecko) Chrome/129.0.6668.89 Mobile Safari/537.36 (compatible; GoogleOther)"
85.208.96.212 - - [05/Oct/2024:08:28:41 +0300] "GET /22pcmixa9z.html HTTP/1.0" 404 23444 "-" "Mozilla/5.0 (compatible; SemrushBot/7~bl; +http://www.semrush.com/bot.html)"
66.249.66.36 - - [05/Oct/2024:08:28:52 +0300] "GET /xmw23/acca-ethics-and-professional-skills-module-answers-pdf.html HTTP/1.0" 200 20889 "-" "Mozilla/5.0 (Linux; Android 6.0.1; Nexus 5X Build/MMB29P) AppleWebKit/537.36 (KHTML, like Gecko) Chrome/129.0.6668.89 Mobile Safari/537.36 (compatible; GoogleOther)"
66.249.66.36 - - [05/Oct/2024:08:29:05 +0300] "GET /xmw23/arduino-pic-programmer.html HTTP/1.0" 200 37366 "-" "Mozilla/5.0 (Linux; Android 6.0.1; Nexus 5X Build/MMB29P) AppleWebKit/537.36 (KHTML, like Gecko) Chrome/129.0.6668.89 Mobile Safari/537.36 (compatible; GoogleOther)"
66.249.66.35 - - [05/Oct/2024:08:30:41 +0300] "GET /xmw23/neaves-rowing.html HTTP/1.0" 200 19425 "-" "Mozilla/5.0 (Linux; Android 6.0.1; Nexus 5X Build/MMB29P) AppleWebKit/537.36 (KHTML, like Gecko) Chrome/129.0.6668.89 Mobile Safari/537.36 (compatible; GoogleOther)"
66.249.66.36 - - [05/Oct/2024:08:30:48 +0300] "GET /xmw23/entry-level-software-engineer-jobs-with-visa-sponsorship-uk-no-experience.html HTTP/1.0" 200 19363 "-" "Mozilla/5.0 (Linux; Android 6.0.1; Nexus 5X Build/MMB29P) AppleWebKit/537.36 (KHTML, like Gecko) Chrome/129.0.6668.89 Mobile Safari/537.36 (compatible; Googlebot/2.1; +http://www.google.com/bot.html)"
66.249.66.37 - - [05/Oct/2024:08:31:32 +0300] "GET /xmw23/i-am-the-luna-chapter-1-pdf.html HTTP/1.0" 200 20542 "-" "Mozilla/5.0 (Linux; Android 6.0.1; Nexus 5X Build/MMB29P) AppleWebKit/537.36 (KHTML, like Gecko) Chrome/129.0.6668.89 Mobile Safari/537.36 (compatible; GoogleOther)"
66.249.66.35 - - [05/Oct/2024:08:32:52 +0300] "GET /xmw23/ocha-venezuela-vacantes.html HTTP/1.0" 200 22583 "-" "Mozilla/5.0 (Linux; Android 6.0.1; Nexus 5X Build/MMB29P) AppleWebKit/537.36 (KHTML, like Gecko) Chrome/129.0.6668.89 Mobile Safari/537.36 (compatible; GoogleOther)"
66.249.66.37 - - [05/Oct/2024:08:34:13 +0300] "GET /xmw23/billionaire-ex-wife-read-online-free-wattpad-pdf.html HTTP/1.0" 200 15468 "-" "Mozilla/5.0 (Linux; Android 6.0.1; Nexus 5X Build/MMB29P) AppleWebKit/537.36 (KHTML, like Gecko) Chrome/129.0.6668.89 Mobile Safari/537.36 (compatible; GoogleOther)"
66.249.66.37 - - [05/Oct/2024:08:35:02 +0300] "GET /xmw23/visio-shapes.html HTTP/1.0" 200 21475 "-" "Mozilla/5.0 (Linux; Android 6.0.1; Nexus 5X Build/MMB29P) AppleWebKit/537.36 (KHTML, like Gecko) Chrome/129.0.6668.89 Mobile Safari/537.36 (compatible; GoogleOther)"
66.249.66.37 - - [05/Oct/2024:08:36:53 +0300] "GET /xmw23/2-page-short-stories-pdf.html HTTP/1.0" 200 37224 "-" "Mozilla/5.0 (Linux; Android 6.0.1; Nexus 5X Build/MMB29P) AppleWebKit/537.36 (KHTML, like Gecko) Chrome/129.0.6668.89 Mobile Safari/537.36 (compatible; GoogleOther)"
66.249.66.35 - - [05/Oct/2024:08:37:14 +0300] "GET /xmw23/care-homes-with-tier-2-sponsorship-in-manchester.html HTTP/1.0" 200 34795 "-" "Mozilla/5.0 (Linux; Android 6.0.1; Nexus 5X Build/MMB29P) AppleWebKit/537.36 (KHTML, like Gecko) Chrome/129.0.6668.89 Mobile Safari/537.36 (compatible; GoogleOther)"
66.249.66.35 - - [05/Oct/2024:08:37:57 +0300] "GET /xmw23/emra-musliman-per-vajza.html HTTP/1.0" 200 27308 "-" "Mozilla/5.0 (Linux; Android 6.0.1; Nexus 5X Build/MMB29P) AppleWebKit/537.36 (KHTML, like Gecko) Chrome/129.0.6668.89 Mobile Safari/537.36 (compatible; Googlebot/2.1; +http://www.google.com/bot.html)"
66.249.66.35 - - [05/Oct/2024:08:39:25 +0300] "GET /xmw23/forklift-operator-jobs-in-india.html HTTP/1.0" 200 29822 "-" "Mozilla/5.0 (Linux; Android 6.0.1; Nexus 5X Build/MMB29P) AppleWebKit/537.36 (KHTML, like Gecko) Chrome/129.0.6668.89 Mobile Safari/537.36 (compatible; GoogleOther)"
66.249.66.36 - - [05/Oct/2024:08:39:33 +0300] "GET /xmw23/umhlakuva-umuthi-wokulapha-in-english-pdf.html HTTP/1.0" 200 22056 "-" "Mozilla/5.0 (Linux; Android 6.0.1; Nexus 5X Build/MMB29P) AppleWebKit/537.36 (KHTML, like Gecko) Chrome/129.0.6668.89 Mobile Safari/537.36 (compatible; GoogleOther)"
85.208.96.210 - - [05/Oct/2024:08:41:32 +0300] "GET /59mcgjozn.html HTTP/1.0" 404 23442 "-" "Mozilla/5.0 (compatible; SemrushBot/7~bl; +http://www.semrush.com/bot.html)"
66.249.66.36 - - [05/Oct/2024:08:41:35 +0300] "GET /xmw23/raob-vs-freemasons-reddit.html HTTP/1.0" 200 24001 "-" "Mozilla/5.0 (Linux; Android 6.0.1; Nexus 5X Build/MMB29P) AppleWebKit/537.36 (KHTML, like Gecko) Chrome/129.0.6668.89 Mobile Safari/537.36 (compatible; GoogleOther)"
85.208.96.211 - - [05/Oct/2024:08:41:49 +0300] "GET /1127klu0fq.html HTTP/1.0" 404 23444 "-" "Mozilla/5.0 (compatible; SemrushBot/7~bl; +http://www.semrush.com/bot.html)"
66.249.66.37 - - [05/Oct/2024:08:42:14 +0300] "GET /xmw23/handbook-of-forensic-pathology-pdf.html HTTP/1.0" 200 43289 "-" "Mozilla/5.0 (Linux; Android 6.0.1; Nexus 5X Build/MMB29P) AppleWebKit/537.36 (KHTML, like Gecko) Chrome/129.0.6668.89 Mobile Safari/537.36 (compatible; GoogleOther)"
66.249.66.37 - - [05/Oct/2024:08:42:16 +0300] "GET /xmw23/ingrijire-batrani-viena.html HTTP/1.0" 200 19305 "-" "Mozilla/5.0 (Linux; Android 6.0.1; Nexus 5X Build/MMB29P) AppleWebKit/537.36 (KHTML, like Gecko) Chrome/129.0.6668.89 Mobile Safari/537.36 (compatible; GoogleOther)"
66.249.66.35 - - [05/Oct/2024:08:43:21 +0300] "GET /xmw23/zavaljena-materica-i-bol-u-ledjima.html HTTP/1.0" 200 27964 "-" "Mozilla/5.0 (Linux; Android 6.0.1; Nexus 5X Build/MMB29P) AppleWebKit/537.36 (KHTML, like Gecko) Chrome/129.0.6668.89 Mobile Safari/537.36 (compatible; GoogleOther)"
66.249.66.36 - - [05/Oct/2024:08:43:46 +0300] "GET /xmw23/pune-nga-shtepia-perkthim.html HTTP/1.0" 200 27080 "-" "Mozilla/5.0 (Linux; Android 6.0.1; Nexus 5X Build/MMB29P) AppleWebKit/537.36 (KHTML, like Gecko) Chrome/129.0.6668.89 Mobile Safari/537.36 (compatible; GoogleOther)"
66.249.66.35 - - [05/Oct/2024:08:44:54 +0300] "GET /xmw23/teste-chimie-organica-pdf.html HTTP/1.0" 200 22027 "-" "Mozilla/5.0 (Linux; Android 6.0.1; Nexus 5X Build/MMB29P) AppleWebKit/537.36 (KHTML, like Gecko) Chrome/129.0.6668.89 Mobile Safari/537.36 (compatible; GoogleOther)"
66.249.66.35 - - [05/Oct/2024:08:45:27 +0300] "GET /xmw23/pydantic-enum-validation.html HTTP/1.0" 200 23354 "-" "Mozilla/5.0 (Linux; Android 6.0.1; Nexus 5X Build/MMB29P) AppleWebKit/537.36 (KHTML, like Gecko) Chrome/129.0.6668.89 Mobile Safari/537.36 (compatible; GoogleOther)"
66.249.66.35 - - [05/Oct/2024:08:45:31 +0300] "GET /xmw23/goal-ethiopia-vacancy-2024-ngos.html HTTP/1.0" 200 22104 "-" "Mozilla/5.0 (Linux; Android 6.0.1; Nexus 5X Build/MMB29P) AppleWebKit/537.36 (KHTML, like Gecko) Chrome/129.0.6668.89 Mobile Safari/537.36 (compatible; GoogleOther)"
66.249.66.35 - - [05/Oct/2024:08:45:57 +0300] "GET /xmw23/restaurant-jobs-with-visa-sponsorship-near-me.html HTTP/1.0" 200 28405 "-" "Mozilla/5.0 (Linux; Android 6.0.1; Nexus 5X Build/MMB29P) AppleWebKit/537.36 (KHTML, like Gecko) Chrome/129.0.6668.89 Mobile Safari/537.36 (compatible; GoogleOther)"
66.249.66.37 - - [05/Oct/2024:08:47:34 +0300] "GET /xmw23/salmon-latte-translations-pdf.html HTTP/1.0" 200 35967 "-" "Mozilla/5.0 (Linux; Android 6.0.1; Nexus 5X Build/MMB29P) AppleWebKit/537.36 (KHTML, like Gecko) Chrome/129.0.6668.89 Mobile Safari/537.36 (compatible; GoogleOther)"
66.249.66.36 - - [05/Oct/2024:08:47:43 +0300] "GET /xmw23/cash-jobs-in-scarborough-kijiji-no-experience.html HTTP/1.0" 200 14011 "-" "Mozilla/5.0 (Linux; Android 6.0.1; Nexus 5X Build/MMB29P) AppleWebKit/537.36 (KHTML, like Gecko) Chrome/129.0.6668.89 Mobile Safari/537.36 (compatible; GoogleOther)"
66.249.66.35 - - [05/Oct/2024:08:47:57 +0300] "GET /xmw23/velux-skylight-parts-list.html HTTP/1.0" 200 16880 "-" "Mozilla/5.0 (Linux; Android 6.0.1; Nexus 5X Build/MMB29P) AppleWebKit/537.36 (KHTML, like Gecko) Chrome/129.0.6668.89 Mobile Safari/537.36 (compatible; Googlebot/2.1; +http://www.google.com/bot.html)"
66.249.66.35 - - [05/Oct/2024:08:47:57 +0300] "GET /xmw23/rusk-county-busted-newspaper.html HTTP/1.0" 200 26366 "-" "Mozilla/5.0 (Linux; Android 6.0.1; Nexus 5X Build/MMB29P) AppleWebKit/537.36 (KHTML, like Gecko) Chrome/129.0.6668.89 Mobile Safari/537.36 (compatible; Googlebot/2.1; +http://www.google.com/bot.html)"
66.249.66.37 - - [05/Oct/2024:08:48:08 +0300] "GET /xmw23/domino-tavanske-merdevine.html HTTP/1.0" 200 22332 "-" "Mozilla/5.0 (Linux; Android 6.0.1; Nexus 5X Build/MMB29P) AppleWebKit/537.36 (KHTML, like Gecko) Chrome/129.0.6668.89 Mobile Safari/537.36 (compatible; GoogleOther)"
185.191.171.15 - - [05/Oct/2024:08:49:28 +0300] "GET /15k6fnki90.html HTTP/1.0" 404 26593 "-" "Mozilla/5.0 (compatible; SemrushBot/7~bl; +http://www.semrush.com/bot.html)"
66.249.66.37 - - [05/Oct/2024:08:49:54 +0300] "GET /xmw23/pruitthealth.html HTTP/1.0" 200 13693 "-" "Mozilla/5.0 (Linux; Android 6.0.1; Nexus 5X Build/MMB29P) AppleWebKit/537.36 (KHTML, like Gecko) Chrome/129.0.6668.89 Mobile Safari/537.36 (compatible; GoogleOther)"
66.249.66.36 - - [05/Oct/2024:08:50:15 +0300] "GET /xmw23/calculus-problems-and-solutions-ginzburg-pdf.html HTTP/1.0" 200 14493 "-" "Mozilla/5.0 (Linux; Android 6.0.1; Nexus 5X Build/MMB29P) AppleWebKit/537.36 (KHTML, like Gecko) Chrome/129.0.6668.89 Mobile Safari/537.36 (compatible; GoogleOther)"
66.249.66.37 - - [05/Oct/2024:08:50:19 +0300] "GET /xmw23/rowing-equipment-list-for-beginners.html HTTP/1.0" 200 25871 "-" "Mozilla/5.0 (Linux; Android 6.0.1; Nexus 5X Build/MMB29P) AppleWebKit/537.36 (KHTML, like Gecko) Chrome/129.0.6668.89 Mobile Safari/537.36 (compatible; GoogleOther)"
185.191.171.10 - - [05/Oct/2024:08:51:30 +0300] "GET /68j7iqjbbp.html HTTP/1.0" 404 26593 "-" "Mozilla/5.0 (compatible; SemrushBot/7~bl; +http://www.semrush.com/bot.html)"
66.249.66.36 - - [05/Oct/2024:08:52:04 +0300] "GET /xmw23/zesa-apprenticeship-intake-2024.html HTTP/1.0" 200 20435 "-" "Mozilla/5.0 (Linux; Android 6.0.1; Nexus 5X Build/MMB29P) AppleWebKit/537.36 (KHTML, like Gecko) Chrome/129.0.6668.89 Mobile Safari/537.36 (compatible; GoogleOther)"
66.249.66.36 - - [05/Oct/2024:08:52:30 +0300] "GET /xmw23/upshur-county-busted-newspaper.html HTTP/1.0" 200 10633 "-" "Mozilla/5.0 (Linux; Android 6.0.1; Nexus 5X Build/MMB29P) AppleWebKit/537.36 (KHTML, like Gecko) Chrome/129.0.6668.89 Mobile Safari/537.36 (compatible; GoogleOther)"
85.208.96.204 - - [05/Oct/2024:08:52:44 +0300] "GET /4gh5bvy9kt.html HTTP/1.0" 404 23444 "-" "Mozilla/5.0 (compatible; SemrushBot/7~bl; +http://www.semrush.com/bot.html)"
66.249.66.35 - - [05/Oct/2024:08:52:55 +0300] "GET /xmw23/boa-account-number-and-tax-id-pdf-2023.html HTTP/1.0" 200 32112 "-" "Mozilla/5.0 (Linux; Android 6.0.1; Nexus 5X Build/MMB29P) AppleWebKit/537.36 (KHTML, like Gecko) Chrome/129.0.6668.89 Mobile Safari/537.36 (compatible; GoogleOther)"
66.249.66.35 - - [05/Oct/2024:08:52:58 +0300] "GET /xmw23/boa-account-number-and-tax-id-pdf-2023.html HTTP/1.0" 200 32112 "-" "Mozilla/5.0 (Linux; Android 6.0.1; Nexus 5X Build/MMB29P) AppleWebKit/537.36 (KHTML, like Gecko) Chrome/129.0.6668.89 Mobile Safari/537.36 (compatible; Googlebot/2.1; +http://www.google.com/bot.html)"
66.249.66.37 - - [05/Oct/2024:08:54:15 +0300] "GET /xmw23/counterpain-krema-cena.html HTTP/1.0" 200 35947 "-" "Mozilla/5.0 (Linux; Android 6.0.1; Nexus 5X Build/MMB29P) AppleWebKit/537.36 (KHTML, like Gecko) Chrome/129.0.6668.89 Mobile Safari/537.36 (compatible; GoogleOther)"
66.249.66.35 - - [05/Oct/2024:08:54:41 +0300] "GET /xmw23/gpt4all-gpu.html HTTP/1.0" 200 21917 "-" "Mozilla/5.0 (Linux; Android 6.0.1; Nexus 5X Build/MMB29P) AppleWebKit/537.36 (KHTML, like Gecko) Chrome/129.0.6668.89 Mobile Safari/537.36 (compatible; GoogleOther)"
66.249.66.35 - - [05/Oct/2024:08:55:36 +0300] "GET /xmw23/karoora-barnoota-waggaa-pdf.html HTTP/1.0" 200 17088 "-" "Mozilla/5.0 (Linux; Android 6.0.1; Nexus 5X Build/MMB29P) AppleWebKit/537.36 (KHTML, like Gecko) Chrome/129.0.6668.89 Mobile Safari/537.36 (compatible; GoogleOther)"
66.249.66.37 - - [05/Oct/2024:08:56:26 +0300] "GET /xmw23/chrome-os-settings.html HTTP/1.0" 200 36907 "-" "Mozilla/5.0 (Linux; Android 6.0.1; Nexus 5X Build/MMB29P) AppleWebKit/537.36 (KHTML, like Gecko) Chrome/129.0.6668.89 Mobile Safari/537.36 (compatible; GoogleOther)"
212.111.80.107 - - [05/Oct/2024:08:56:35 +0300] "GET / HTTP/1.0" 200 3471 "https://gcba.ru/" "Mozilla/5.0 (Windows NT 10.0.0; Win64; x64; ) AppleWebKit/537.36 (KHTML, like Gecko) Chrome/124.0.6367.63 Chrome/124.0.6367.63 Not-A.Brand/99 Safari/537.36"
66.249.66.36 - - [05/Oct/2024:08:56:52 +0300] "GET /xmw23/apprenticeship-in-zimbabwe-2024-deadline.html HTTP/1.0" 200 22799 "-" "Mozilla/5.0 (Linux; Android 6.0.1; Nexus 5X Build/MMB29P) AppleWebKit/537.36 (KHTML, like Gecko) Chrome/129.0.6668.89 Mobile Safari/537.36 (compatible; GoogleOther)"
66.249.66.36 - - [05/Oct/2024:08:57:00 +0300] "GET /xmw23/a-nurse-is-caring-for-a-client-who-is-having-difficulty-breathing-the-client-is-supine.html HTTP/1.0" 200 43386 "-" "Mozilla/5.0 (Linux; Android 6.0.1; Nexus 5X Build/MMB29P) AppleWebKit/537.36 (KHTML, like Gecko) Chrome/129.0.6668.89 Mobile Safari/537.36 (compatible; Googlebot/2.1; +http://www.google.com/bot.html)"
66.249.66.37 - - [05/Oct/2024:08:57:01 +0300] "GET /xmw23/valleys-found-in-muchinga-province.html HTTP/1.0" 200 17746 "-" "Mozilla/5.0 (Linux; Android 6.0.1; Nexus 5X Build/MMB29P) AppleWebKit/537.36 (KHTML, like Gecko) Chrome/129.0.6668.89 Mobile Safari/537.36 (compatible; Googlebot/2.1; +http://www.google.com/bot.html)"
85.208.96.212 - - [05/Oct/2024:08:57:01 +0300] "GET /1ic9fhhidh.html HTTP/1.0" 404 23444 "-" "Mozilla/5.0 (compatible; SemrushBot/7~bl; +http://www.semrush.com/bot.html)"
66.249.66.35 - - [05/Oct/2024:08:58:15 +0300] "GET /xmw23/bmw-engine-fault-codes-explained-pdf.html HTTP/1.0" 200 26864 "-" "Mozilla/5.0 (Linux; Android 6.0.1; Nexus 5X Build/MMB29P) AppleWebKit/537.36 (KHTML, like Gecko) Chrome/129.0.6668.89 Mobile Safari/537.36 (compatible; GoogleOther)"
66.249.66.36 - - [05/Oct/2024:08:59:01 +0300] "GET /xmw23/iznosene-koke-nosilje-prodaja.html HTTP/1.0" 200 21613 "-" "Mozilla/5.0 (Linux; Android 6.0.1; Nexus 5X Build/MMB29P) AppleWebKit/537.36 (KHTML, like Gecko) Chrome/129.0.6668.89 Mobile Safari/537.36 (compatible; Googlebot/2.1; +http://www.google.com/bot.html)"
66.249.66.36 - - [05/Oct/2024:08:59:02 +0300] "GET /xmw23/amazon-work-from-home-packing-products.html HTTP/1.0" 200 19739 "-" "Mozilla/5.0 (Linux; Android 6.0.1; Nexus 5X Build/MMB29P) AppleWebKit/537.36 (KHTML, like Gecko) Chrome/129.0.6668.89 Mobile Safari/537.36 (compatible; GoogleOther)"
185.191.171.11 - - [05/Oct/2024:09:00:22 +0300] "GET /591amskhvu.html HTTP/1.0" 404 23444 "-" "Mozilla/5.0 (compatible; SemrushBot/7~bl; +http://www.semrush.com/bot.html)"
66.249.66.37 - - [05/Oct/2024:09:01:57 +0300] "GET /xmw23/siemens-function-block,-programming-manual.html HTTP/1.0" 404 26785 "-" "Mozilla/5.0 (Linux; Android 6.0.1; Nexus 5X Build/MMB29P) AppleWebKit/537.36 (KHTML, like Gecko) Chrome/129.0.6668.89 Mobile Safari/537.36 (compatible; GoogleOther)"
66.249.66.36 - - [05/Oct/2024:09:02:00 +0300] "GET /xmw23/ogun-ika-todaju-pdf.html HTTP/1.0" 200 25246 "-" "Mozilla/5.0 (Linux; Android 6.0.1; Nexus 5X Build/MMB29P) AppleWebKit/537.36 (KHTML, like Gecko) Chrome/129.0.6668.89 Mobile Safari/537.36 (compatible; GoogleOther)"
66.249.66.36 - - [05/Oct/2024:09:02:02 +0300] "GET /xmw23/rowing.html HTTP/1.0" 200 34307 "-" "Mozilla/5.0 (Linux; Android 6.0.1; Nexus 5X Build/MMB29P) AppleWebKit/537.36 (KHTML, like Gecko) Chrome/129.0.6668.89 Mobile Safari/537.36 (compatible; GoogleOther)"
66.249.66.35 - - [05/Oct/2024:09:02:10 +0300] "GET /xmw23/daily-paid-jobs-birmingham.html HTTP/1.0" 200 16552 "-" "Mozilla/5.0 (Linux; Android 6.0.1; Nexus 5X Build/MMB29P) AppleWebKit/537.36 (KHTML, like Gecko) Chrome/129.0.6668.89 Mobile Safari/537.36 (compatible; Googlebot/2.1; +http://www.google.com/bot.html)"
66.249.66.35 - - [05/Oct/2024:09:02:10 +0300] "GET /xmw23/citizen-times-asheville-mugshots.html HTTP/1.0" 200 17193 "-" "Mozilla/5.0 (Linux; Android 6.0.1; Nexus 5X Build/MMB29P) AppleWebKit/537.36 (KHTML, like Gecko) Chrome/129.0.6668.89 Mobile Safari/537.36 (compatible; Googlebot/2.1; +http://www.google.com/bot.html)"
66.249.66.36 - - [05/Oct/2024:09:03:24 +0300] "GET /xmw23/grafana-plugins.html HTTP/1.0" 200 31478 "-" "Mozilla/5.0 (Linux; Android 6.0.1; Nexus 5X Build/MMB29P) AppleWebKit/537.36 (KHTML, like Gecko) Chrome/129.0.6668.89 Mobile Safari/537.36 (compatible; GoogleOther)"
85.208.96.201 - - [05/Oct/2024:09:05:44 +0300] "GET /gcplcqsms.html HTTP/1.0" 404 26591 "-" "Mozilla/5.0 (compatible; SemrushBot/7~bl; +http://www.semrush.com/bot.html)"
66.249.66.35 - - [05/Oct/2024:09:05:48 +0300] "GET /xmw23/jobs-nhs-edinburgh.html HTTP/1.0" 200 33579 "-" "Mozilla/5.0 (Linux; Android 6.0.1; Nexus 5X Build/MMB29P) AppleWebKit/537.36 (KHTML, like Gecko) Chrome/129.0.6668.89 Mobile Safari/537.36 (compatible; GoogleOther)"
85.208.96.203 - - [05/Oct/2024:09:05:56 +0300] "GET /26eopcccmh.html HTTP/1.0" 404 23444 "-" "Mozilla/5.0 (compatible; SemrushBot/7~bl; +http://www.semrush.com/bot.html)"
66.249.66.37 - - [05/Oct/2024:09:06:10 +0300] "GET /xmw23/dts-monaco-passthru.html HTTP/1.0" 200 20644 "-" "Mozilla/5.0 (Linux; Android 6.0.1; Nexus 5X Build/MMB29P) AppleWebKit/537.36 (KHTML, like Gecko) Chrome/129.0.6668.89 Mobile Safari/537.36 (compatible; Googlebot/2.1; +http://www.google.com/bot.html)"
66.249.66.37 - - [05/Oct/2024:09:06:11 +0300] "GET /xmw23/electrical-wiring-diagram-house-pdf.html HTTP/1.0" 200 22305 "-" "Mozilla/5.0 (Linux; Android 6.0.1; Nexus 5X Build/MMB29P) AppleWebKit/537.36 (KHTML, like Gecko) Chrome/129.0.6668.89 Mobile Safari/537.36 (compatible; Googlebot/2.1; +http://www.google.com/bot.html)"
66.249.66.35 - - [05/Oct/2024:09:07:46 +0300] "GET /xmw23/xerox-scan-to-email-setup-office-365.html HTTP/1.0" 200 16211 "-" "Mozilla/5.0 (Linux; Android 6.0.1; Nexus 5X Build/MMB29P) AppleWebKit/537.36 (KHTML, like Gecko) Chrome/129.0.6668.89 Mobile Safari/537.36 (compatible; GoogleOther)"
66.249.66.36 - - [05/Oct/2024:09:09:11 +0300] "GET /xmw23/mitsubishi-delica-2000.html HTTP/1.0" 200 22441 "-" "Mozilla/5.0 (Linux; Android 6.0.1; Nexus 5X Build/MMB29P) AppleWebKit/537.36 (KHTML, like Gecko) Chrome/129.0.6668.89 Mobile Safari/537.36 (compatible; Googlebot/2.1; +http://www.google.com/bot.html)"
66.249.66.35 - - [05/Oct/2024:09:09:57 +0300] "GET /xmw23/nhs-care-assistant-jobs-with-visa-sponsorship-london.html HTTP/1.0" 200 19770 "-" "Mozilla/5.0 (Linux; Android 6.0.1; Nexus 5X Build/MMB29P) AppleWebKit/537.36 (KHTML, like Gecko) Chrome/129.0.6668.89 Mobile Safari/537.36 (compatible; GoogleOther)"
66.249.66.37 - - [05/Oct/2024:09:11:11 +0300] "GET /xmw23/open-images-dataset-v7-and-extensions.html HTTP/1.0" 200 21946 "-" "Mozilla/5.0 (Linux; Android 6.0.1; Nexus 5X Build/MMB29P) AppleWebKit/537.36 (KHTML, like Gecko) Chrome/129.0.6668.89 Mobile Safari/537.36 (compatible; Googlebot/2.1; +http://www.google.com/bot.html)"
66.249.66.37 - - [05/Oct/2024:09:11:12 +0300] "GET /xmw23/plymouth-obituaries-this-week.html HTTP/1.0" 200 14844 "-" "Mozilla/5.0 (Linux; Android 6.0.1; Nexus 5X Build/MMB29P) AppleWebKit/537.36 (KHTML, like Gecko) Chrome/129.0.6668.89 Mobile Safari/537.36 (compatible; Googlebot/2.1; +http://www.google.com/bot.html)"
185.191.171.15 - - [05/Oct/2024:09:11:31 +0300] "GET /43omc1dxap.html HTTP/1.0" 404 23444 "-" "Mozilla/5.0 (compatible; SemrushBot/7~bl; +http://www.semrush.com/bot.html)"
66.249.66.35 - - [05/Oct/2024:09:12:08 +0300] "GET /xmw23/docker-create-container-from-image-example.html HTTP/1.0" 200 37400 "-" "Mozilla/5.0 (Linux; Android 6.0.1; Nexus 5X Build/MMB29P) AppleWebKit/537.36 (KHTML, like Gecko) Chrome/129.0.6668.89 Mobile Safari/537.36 (compatible; GoogleOther)"
66.249.66.37 - - [05/Oct/2024:09:13:12 +0300] "GET /xmw23/busted-newspaper-terre-haute.html HTTP/1.0" 200 25692 "-" "Mozilla/5.0 (Linux; Android 6.0.1; Nexus 5X Build/MMB29P) AppleWebKit/537.36 (KHTML, like Gecko) Chrome/129.0.6668.89 Mobile Safari/537.36 (compatible; Googlebot/2.1; +http://www.google.com/bot.html)"
66.249.66.36 - - [05/Oct/2024:09:13:13 +0300] "GET /xmw23/google-account.html HTTP/1.0" 200 14061 "-" "Mozilla/5.0 (Linux; Android 6.0.1; Nexus 5X Build/MMB29P) AppleWebKit/537.36 (KHTML, like Gecko) Chrome/129.0.6668.89 Mobile Safari/537.36 (compatible; Googlebot/2.1; +http://www.google.com/bot.html)"
66.249.66.37 - - [05/Oct/2024:09:14:13 +0300] "GET /xmw23/windows-installer-ended-prematurely.html HTTP/1.0" 200 18903 "-" "Mozilla/5.0 (Linux; Android 6.0.1; Nexus 5X Build/MMB29P) AppleWebKit/537.36 (KHTML, like Gecko) Chrome/129.0.6668.89 Mobile Safari/537.36 (compatible; Googlebot/2.1; +http://www.google.com/bot.html)"
66.249.66.36 - - [05/Oct/2024:09:14:18 +0300] "GET /xmw23/reportaproblem-com-apple.html HTTP/1.0" 200 21692 "-" "Mozilla/5.0 (Linux; Android 6.0.1; Nexus 5X Build/MMB29P) AppleWebKit/537.36 (KHTML, like Gecko) Chrome/129.0.6668.89 Mobile Safari/537.36 (compatible; GoogleOther)"
185.191.171.18 - - [05/Oct/2024:09:14:46 +0300] "GET /4c68jivoel.html HTTP/1.0" 404 23444 "-" "Mozilla/5.0 (compatible; SemrushBot/7~bl; +http://www.semrush.com/bot.html)"
185.191.171.6 - - [05/Oct/2024:09:15:42 +0300] "GET /lmlp9aj5o.html HTTP/1.0" 404 23442 "-" "Mozilla/5.0 (compatible; SemrushBot/7~bl; +http://www.semrush.com/bot.html)"
66.249.66.37 - - [05/Oct/2024:09:16:13 +0300] "GET /xmw23/mts-soko-lite.html HTTP/1.0" 200 28268 "-" "Mozilla/5.0 (Linux; Android 6.0.1; Nexus 5X Build/MMB29P) AppleWebKit/537.36 (KHTML, like Gecko) Chrome/129.0.6668.89 Mobile Safari/537.36 (compatible; Googlebot/2.1; +http://www.google.com/bot.html)"
66.249.66.36 - - [05/Oct/2024:09:16:14 +0300] "GET /xmw23/tara-kuca-prodaja.html HTTP/1.0" 200 21974 "-" "Mozilla/5.0 (Linux; Android 6.0.1; Nexus 5X Build/MMB29P) AppleWebKit/537.36 (KHTML, like Gecko) Chrome/129.0.6668.89 Mobile Safari/537.36 (compatible; Googlebot/2.1; +http://www.google.com/bot.html)"
66.249.66.36 - - [05/Oct/2024:09:16:30 +0300] "GET /xmw23/part-time-sabtu-minggu-jakarta.html HTTP/1.0" 200 18281 "-" "Mozilla/5.0 (Linux; Android 6.0.1; Nexus 5X Build/MMB29P) AppleWebKit/537.36 (KHTML, like Gecko) Chrome/129.0.6668.89 Mobile Safari/537.36 (compatible; GoogleOther)"
66.249.66.36 - - [05/Oct/2024:09:17:15 +0300] "GET /xmw23/online-books-free.html HTTP/1.0" 200 16554 "-" "Mozilla/5.0 (Linux; Android 6.0.1; Nexus 5X Build/MMB29P) AppleWebKit/537.36 (KHTML, like Gecko) Chrome/129.0.6668.89 Mobile Safari/537.36 (compatible; Googlebot/2.1; +http://www.google.com/bot.html)"
66.249.66.36 - - [05/Oct/2024:09:18:11 +0300] "GET /xmw23/google-map-flutter-example-github.html HTTP/1.0" 200 22065 "-" "Mozilla/5.0 (Linux; Android 6.0.1; Nexus 5X Build/MMB29P) AppleWebKit/537.36 (KHTML, like Gecko) Chrome/129.0.6668.89 Mobile Safari/537.36 (compatible; GoogleOther)"
66.249.66.35 - - [05/Oct/2024:09:18:40 +0300] "GET /xmw23/citibank-apk-download.html HTTP/1.0" 200 15964 "-" "Mozilla/5.0 (Linux; Android 6.0.1; Nexus 5X Build/MMB29P) AppleWebKit/537.36 (KHTML, like Gecko) Chrome/129.0.6668.89 Mobile Safari/537.36 (compatible; GoogleOther)"
185.191.171.14 - - [05/Oct/2024:09:19:11 +0300] "GET /3ag15m140x.html HTTP/1.0" 404 23444 "-" "Mozilla/5.0 (compatible; SemrushBot/7~bl; +http://www.semrush.com/bot.html)"
66.249.66.37 - - [05/Oct/2024:09:19:15 +0300] "GET /xmw23/handbook-of-forensic-pathology-pdf.html HTTP/1.0" 200 43289 "-" "Mozilla/5.0 (Linux; Android 6.0.1; Nexus 5X Build/MMB29P) AppleWebKit/537.36 (KHTML, like Gecko) Chrome/129.0.6668.89 Mobile Safari/537.36 (compatible; Googlebot/2.1; +http://www.google.com/bot.html)"
85.208.96.199 - - [05/Oct/2024:09:22:23 +0300] "GET /5m1jcuakgx.html HTTP/1.0" 404 26593 "-" "Mozilla/5.0 (compatible; SemrushBot/7~bl; +http://www.semrush.com/bot.html)"
66.249.66.35 - - [05/Oct/2024:09:23:16 +0300] "GET /xmw23/robot-structural-analysis-professional.html HTTP/1.0" 200 21910 "-" "Mozilla/5.0 (Linux; Android 6.0.1; Nexus 5X Build/MMB29P) AppleWebKit/537.36 (KHTML, like Gecko) Chrome/129.0.6668.89 Mobile Safari/537.36 (compatible; Googlebot/2.1; +http://www.google.com/bot.html)"
66.249.66.36 - - [05/Oct/2024:09:24:16 +0300] "GET /xmw23/existing-home-sales.html HTTP/1.0" 200 29453 "-" "Mozilla/5.0 (Linux; Android 6.0.1; Nexus 5X Build/MMB29P) AppleWebKit/537.36 (KHTML, like Gecko) Chrome/129.0.6668.89 Mobile Safari/537.36 (compatible; Googlebot/2.1; +http://www.google.com/bot.html)"
66.249.66.35 - - [05/Oct/2024:09:25:17 +0300] "GET /xmw23/case-funeral-home-saginaw,-michigan-obituaries.html HTTP/1.0" 404 23644 "-" "Mozilla/5.0 (Linux; Android 6.0.1; Nexus 5X Build/MMB29P) AppleWebKit/537.36 (KHTML, like Gecko) Chrome/129.0.6668.89 Mobile Safari/537.36 (compatible; Googlebot/2.1; +http://www.google.com/bot.html)"
66.249.66.36 - - [05/Oct/2024:09:25:17 +0300] "GET /xmw23/link-url-iptv-indonesia-download-github.html HTTP/1.0" 200 31206 "-" "Mozilla/5.0 (Linux; Android 6.0.1; Nexus 5X Build/MMB29P) AppleWebKit/537.36 (KHTML, like Gecko) Chrome/129.0.6668.89 Mobile Safari/537.36 (compatible; Googlebot/2.1; +http://www.google.com/bot.html)"
66.249.66.35 - - [05/Oct/2024:09:26:17 +0300] "GET /xmw23/remnant-2-spawn-items.html HTTP/1.0" 200 21537 "-" "Mozilla/5.0 (Linux; Android 6.0.1; Nexus 5X Build/MMB29P) AppleWebKit/537.36 (KHTML, like Gecko) Chrome/129.0.6668.89 Mobile Safari/537.36 (compatible; Googlebot/2.1; +http://www.google.com/bot.html)"
66.249.66.37 - - [05/Oct/2024:09:27:18 +0300] "GET /xmw23/probadanje-u-jajniku-trudnoca.html HTTP/1.0" 200 26534 "-" "Mozilla/5.0 (Linux; Android 6.0.1; Nexus 5X Build/MMB29P) AppleWebKit/537.36 (KHTML, like Gecko) Chrome/129.0.6668.89 Mobile Safari/537.36 (compatible; Googlebot/2.1; +http://www.google.com/bot.html)"
66.249.66.36 - - [05/Oct/2024:09:27:18 +0300] "GET /xmw23/alquiler-de-habitaciones-en-san-miguel.html HTTP/1.0" 200 36217 "-" "Mozilla/5.0 (Linux; Android 6.0.1; Nexus 5X Build/MMB29P) AppleWebKit/537.36 (KHTML, like Gecko) Chrome/129.0.6668.89 Mobile Safari/537.36 (compatible; Googlebot/2.1; +http://www.google.com/bot.html)"
66.249.66.36 - - [05/Oct/2024:09:27:18 +0300] "GET /xmw23/ollama-ui.html HTTP/1.0" 200 20197 "-" "Mozilla/5.0 (Linux; Android 6.0.1; Nexus 5X Build/MMB29P) AppleWebKit/537.36 (KHTML, like Gecko) Chrome/129.0.6668.89 Mobile Safari/537.36 (compatible; Googlebot/2.1; +http://www.google.com/bot.html)"
185.191.171.13 - - [05/Oct/2024:09:27:23 +0300] "GET /423e6tbds0.html HTTP/1.0" 404 23444 "-" "Mozilla/5.0 (compatible; SemrushBot/7~bl; +http://www.semrush.com/bot.html)"
185.191.171.16 - - [05/Oct/2024:09:28:40 +0300] "GET /33g9ngli6q.html HTTP/1.0" 404 26593 "-" "Mozilla/5.0 (compatible; SemrushBot/7~bl; +http://www.semrush.com/bot.html)"
