66.249.66.36 - - [12/Nov/2024:16:15:24 +0300] "GET /xmw23/ngo-jobs-in-kenya-with-no-experience-in-nairobi.html HTTP/1.0" 500 341 "-" "Mozilla/5.0 (Linux; Android 6.0.1; Nexus 5X Build/MMB29P) AppleWebKit/537.36 (KHTML, like Gecko) Chrome/130.0.6723.116 Mobile Safari/537.36 (compatible; Googlebot/2.1; +http://www.google.com/bot.html)"
13.73.206.214 - - [12/Nov/2024:16:15:55 +0300] "HEAD /wordpress HTTP/1.0" 404 3286 "http://gcba.ru/wordpress" "Mozilla/5.0 (Windows NT 10.0; Win64; x64) AppleWebKit/537.36 (KHTML, like Gecko) Chrome/74.0.3729.169 Safari/537.36"
13.73.206.214 - - [12/Nov/2024:16:15:55 +0300] "HEAD / HTTP/1.0" 200 137 "http://gcba.ru/" "Mozilla/5.0 (Windows NT 10.0; Win64; x64) AppleWebKit/537.36 (KHTML, like Gecko) Chrome/74.0.3729.169 Safari/537.36"
13.73.206.214 - - [12/Nov/2024:16:15:56 +0300] "HEAD /wp HTTP/1.0" 404 137 "http://gcba.ru/wp" "Mozilla/5.0 (Windows NT 10.0; Win64; x64) AppleWebKit/537.36 (KHTML, like Gecko) Chrome/74.0.3729.169 Safari/537.36"
13.73.206.214 - - [12/Nov/2024:16:15:57 +0300] "HEAD /bc HTTP/1.0" 404 137 "http://gcba.ru/bc" "Mozilla/5.0 (Windows NT 10.0; Win64; x64) AppleWebKit/537.36 (KHTML, like Gecko) Chrome/74.0.3729.169 Safari/537.36"
13.73.206.214 - - [12/Nov/2024:16:15:57 +0300] "HEAD /bk HTTP/1.0" 404 137 "http://gcba.ru/bk" "Mozilla/5.0 (Windows NT 10.0; Win64; x64) AppleWebKit/537.36 (KHTML, like Gecko) Chrome/74.0.3729.169 Safari/537.36"
13.73.206.214 - - [12/Nov/2024:16:15:58 +0300] "HEAD /backup HTTP/1.0" 404 137 "http://gcba.ru/backup" "Mozilla/5.0 (Windows NT 10.0; Win64; x64) AppleWebKit/537.36 (KHTML, like Gecko) Chrome/74.0.3729.169 Safari/537.36"
13.73.206.214 - - [12/Nov/2024:16:15:58 +0300] "HEAD /old HTTP/1.0" 404 137 "http://gcba.ru/old" "Mozilla/5.0 (Windows NT 10.0; Win64; x64) AppleWebKit/537.36 (KHTML, like Gecko) Chrome/74.0.3729.169 Safari/537.36"
13.73.206.214 - - [12/Nov/2024:16:15:59 +0300] "HEAD /new HTTP/1.0" 404 137 "http://gcba.ru/new" "Mozilla/5.0 (Windows NT 10.0; Win64; x64) AppleWebKit/537.36 (KHTML, like Gecko) Chrome/74.0.3729.169 Safari/537.36"
13.73.206.214 - - [12/Nov/2024:16:16:00 +0300] "HEAD /main HTTP/1.0" 404 137 "http://gcba.ru/main" "Mozilla/5.0 (Windows NT 10.0; Win64; x64) AppleWebKit/537.36 (KHTML, like Gecko) Chrome/74.0.3729.169 Safari/537.36"
13.73.206.214 - - [12/Nov/2024:16:16:00 +0300] "HEAD /home HTTP/1.0" 404 137 "http://gcba.ru/home" "Mozilla/5.0 (Windows NT 10.0; Win64; x64) AppleWebKit/537.36 (KHTML, like Gecko) Chrome/74.0.3729.169 Safari/537.36"
66.249.66.37 - - [12/Nov/2024:16:18:56 +0300] "GET /xmw23/best-free-qr-code-generator.html HTTP/1.0" 500 341 "-" "Mozilla/5.0 (Linux; Android 6.0.1; Nexus 5X Build/MMB29P) AppleWebKit/537.36 (KHTML, like Gecko) Chrome/130.0.6723.116 Mobile Safari/537.36 (compatible; Googlebot/2.1; +http://www.google.com/bot.html)"
66.249.66.36 - - [12/Nov/2024:16:19:04 +0300] "GET /yqmsquctw/amazon-area-manager-job-description.html HTTP/1.0" 500 341 "-" "Mozilla/5.0 (Linux; Android 6.0.1; Nexus 5X Build/MMB29P) AppleWebKit/537.36 (KHTML, like Gecko) Chrome/130.0.6723.116 Mobile Safari/537.36 (compatible; Googlebot/2.1; +http://www.google.com/bot.html)"
62.113.99.41 - - [12/Nov/2024:16:30:51 +0300] "GET /news/nalogi/ekologicheskiy-sbor HTTP/1.0" 200 55560 "http://gcba.ru/news/nalogi/ekologicheskiy-sbor" "Mozilla/5.0 (keys-so-bot)"
66.249.66.36 - - [12/Nov/2024:16:31:20 +0300] "GET /news/nalogi/izmeneniya-po-ischislenii-naloga-na-dobychu-poleznykh-iskopaemykh-/ HTTP/1.0" 200 63333 "-" "Mozilla/5.0 (Linux; Android 6.0.1; Nexus 5X Build/MMB29P) AppleWebKit/537.36 (KHTML, like Gecko) Chrome/130.0.6723.116 Mobile Safari/537.36 (compatible; Googlebot/2.1; +http://www.google.com/bot.html)"
66.249.66.36 - - [12/Nov/2024:16:31:22 +0300] "GET /news/nalogi/izmeneniya-po-ischislenii-naloga-na-dobychu-poleznykh-iskopaemykh-/?bxrand=1728864000000 HTTP/1.0" 200 4897 "https://gcba.ru/news/nalogi/izmeneniya-po-ischislenii-naloga-na-dobychu-poleznykh-iskopaemykh-/" "Mozilla/5.0 (Linux; Android 6.0.1; Nexus 5X Build/MMB29P) AppleWebKit/537.36 (KHTML, like Gecko) Chrome/130.0.6723.69 Mobile Safari/537.36 (compatible; Googlebot/2.1; +http://www.google.com/bot.html)"
66.249.66.35 - - [12/Nov/2024:16:33:19 +0300] "GET /yqmsquctw/rains-county-police-department.html HTTP/1.0" 500 3490 "-" "Mozilla/5.0 (Linux; Android 6.0.1; Nexus 5X Build/MMB29P) AppleWebKit/537.36 (KHTML, like Gecko) Chrome/130.0.6723.116 Mobile Safari/537.36 (compatible; Googlebot/2.1; +http://www.google.com/bot.html)"
66.249.66.35 - - [12/Nov/2024:16:36:13 +0300] "GET /yqmsquctw/code-decoder.html HTTP/1.0" 500 3490 "-" "Mozilla/5.0 (Linux; Android 6.0.1; Nexus 5X Build/MMB29P) AppleWebKit/537.36 (KHTML, like Gecko) Chrome/130.0.6723.116 Mobile Safari/537.36 (compatible; Googlebot/2.1; +http://www.google.com/bot.html)"
66.249.66.35 - - [12/Nov/2024:16:36:20 +0300] "GET /332gmrewkz.html HTTP/1.0" 404 58023 "-" "Mozilla/5.0 (Linux; Android 6.0.1; Nexus 5X Build/MMB29P) AppleWebKit/537.36 (KHTML, like Gecko) Chrome/130.0.6723.116 Mobile Safari/537.36 (compatible; Googlebot/2.1; +http://www.google.com/bot.html)"
66.249.66.36 - - [12/Nov/2024:16:40:22 +0300] "GET /xmw23/belk-funeral-home-obituaries-near-florence-sc.html HTTP/1.0" 500 341 "-" "Mozilla/5.0 (Linux; Android 6.0.1; Nexus 5X Build/MMB29P) AppleWebKit/537.36 (KHTML, like Gecko) Chrome/130.0.6723.116 Mobile Safari/537.36 (compatible; Googlebot/2.1; +http://www.google.com/bot.html)"
66.249.66.37 - - [12/Nov/2024:16:41:07 +0300] "GET /yqmsquctw/gpt-on-local-machine.html HTTP/1.0" 500 341 "-" "Mozilla/5.0 (Linux; Android 6.0.1; Nexus 5X Build/MMB29P) AppleWebKit/537.36 (KHTML, like Gecko) Chrome/130.0.6723.116 Mobile Safari/537.36 (compatible; Googlebot/2.1; +http://www.google.com/bot.html)"
66.249.66.36 - - [12/Nov/2024:16:41:56 +0300] "GET /xmw23/najbolji-ginekolog-novi-sad.html HTTP/1.0" 500 3490 "-" "Mozilla/5.0 (Linux; Android 6.0.1; Nexus 5X Build/MMB29P) AppleWebKit/537.36 (KHTML, like Gecko) Chrome/130.0.6723.116 Mobile Safari/537.36 (compatible; Googlebot/2.1; +http://www.google.com/bot.html)"
66.249.66.37 - - [12/Nov/2024:16:47:24 +0300] "GET /xmw23/how-much-does-it-cost-to-build-a-house-in-los-angeles.html HTTP/1.0" 200 26084 "-" "Mozilla/5.0 (Linux; Android 6.0.1; Nexus 5X Build/MMB29P) AppleWebKit/537.36 (KHTML, like Gecko) Chrome/130.0.6723.116 Mobile Safari/537.36 (compatible; Googlebot/2.1; +http://www.google.com/bot.html)"
66.249.66.36 - - [12/Nov/2024:16:48:08 +0300] "GET /xmw23/minta-no-togel-4-angka.html HTTP/1.0" 500 3490 "-" "Mozilla/5.0 (Linux; Android 6.0.1; Nexus 5X Build/MMB29P) AppleWebKit/537.36 (KHTML, like Gecko) Chrome/130.0.6723.116 Mobile Safari/537.36 (compatible; Googlebot/2.1; +http://www.google.com/bot.html)"
66.249.66.36 - - [12/Nov/2024:16:49:22 +0300] "GET /yqmsquctw/belmedic-sistematski-pregled.html HTTP/1.0" 500 341 "-" "Mozilla/5.0 (Linux; Android 6.0.1; Nexus 5X Build/MMB29P) AppleWebKit/537.36 (KHTML, like Gecko) Chrome/130.0.6723.116 Mobile Safari/537.36 (compatible; Googlebot/2.1; +http://www.google.com/bot.html)"
66.249.66.36 - - [12/Nov/2024:16:58:16 +0300] "GET /xmw23/where-to-watch-strula-in-english.html HTTP/1.0" 500 3490 "-" "Mozilla/5.0 (Linux; Android 6.0.1; Nexus 5X Build/MMB29P) AppleWebKit/537.36 (KHTML, like Gecko) Chrome/130.0.6723.116 Mobile Safari/537.36 (compatible; Googlebot/2.1; +http://www.google.com/bot.html)"
66.249.66.35 - - [12/Nov/2024:17:01:19 +0300] "GET /xmw23/najbolji-auto-do-4000-evra-2023.html HTTP/1.0" 500 341 "-" "Mozilla/5.0 (Linux; Android 6.0.1; Nexus 5X Build/MMB29P) AppleWebKit/537.36 (KHTML, like Gecko) Chrome/130.0.6723.116 Mobile Safari/537.36 (compatible; Googlebot/2.1; +http://www.google.com/bot.html)"
45.138.74.176 - - [12/Nov/2024:17:03:23 +0300] "GET /95f33f6732e3.php HTTP/1.0" 200 3507 "-" "Mozilla/5.0 (Macintosh; Intel Mac OS X 10_9_1) AppleWebKit/537.36 (KHTML, like Gecko) Chrome/53.0.2799.2 Safari/537.36"
45.138.74.176 - - [12/Nov/2024:17:03:24 +0300] "POST /95f33f6732e3.php HTTP/1.0" 200 360 "https://gcba.ru/95f33f6732e3.php" "Mozilla/5.0 (Macintosh; Intel Mac OS X 10_9_1) AppleWebKit/537.36 (KHTML, like Gecko) Chrome/53.0.2799.2 Safari/537.36"
45.138.74.176 - - [12/Nov/2024:17:06:40 +0300] "GET /95f33f6732e3.php HTTP/1.0" 200 358 "-" "Mozilla/5.0 (Macintosh; Intel Mac OS X 10.9; rv:49.0) Gecko/20100101 Firefox/49.0"
45.138.74.176 - - [12/Nov/2024:17:06:41 +0300] "POST /95f33f6732e3.php HTTP/1.0" 500 387 "https://gcba.ru/95f33f6732e3.php" "Mozilla/5.0 (Macintosh; Intel Mac OS X 10.9; rv:49.0) Gecko/20100101 Firefox/49.0"
66.249.66.35 - - [12/Nov/2024:17:09:21 +0300] "GET /yqmsquctw/craigslist-las-cruces-free-stuff.html HTTP/1.0" 500 3490 "-" "Mozilla/5.0 (Linux; Android 6.0.1; Nexus 5X Build/MMB29P) AppleWebKit/537.36 (KHTML, like Gecko) Chrome/130.0.6723.116 Mobile Safari/537.36 (compatible; Googlebot/2.1; +http://www.google.com/bot.html)"
66.249.66.36 - - [12/Nov/2024:17:13:21 +0300] "GET /xmw23/evanston-inmate-search.html HTTP/1.0" 500 341 "-" "Mozilla/5.0 (Linux; Android 6.0.1; Nexus 5X Build/MMB29P) AppleWebKit/537.36 (KHTML, like Gecko) Chrome/130.0.6723.116 Mobile Safari/537.36 (compatible; Googlebot/2.1; +http://www.google.com/bot.html)"
66.249.66.35 - - [12/Nov/2024:17:13:22 +0300] "GET /yqmsquctw/texas-railroad-district-map.html HTTP/1.0" 500 341 "-" "Mozilla/5.0 (Linux; Android 6.0.1; Nexus 5X Build/MMB29P) AppleWebKit/537.36 (KHTML, like Gecko) Chrome/130.0.6723.116 Mobile Safari/537.36 (compatible; Googlebot/2.1; +http://www.google.com/bot.html)"
20.27.24.39 - - [12/Nov/2024:17:14:45 +0300] "HEAD /wordpress HTTP/1.0" 404 3286 "http://gcba.ru/wordpress" "Mozilla/5.0 (Windows NT 10.0; Win64; x64) AppleWebKit/537.36 (KHTML, like Gecko) Chrome/74.0.3729.169 Safari/537.36"
20.27.24.39 - - [12/Nov/2024:17:14:46 +0300] "HEAD / HTTP/1.0" 200 137 "http://gcba.ru/" "Mozilla/5.0 (Windows NT 10.0; Win64; x64) AppleWebKit/537.36 (KHTML, like Gecko) Chrome/74.0.3729.169 Safari/537.36"
20.27.24.39 - - [12/Nov/2024:17:14:46 +0300] "HEAD /wp HTTP/1.0" 404 137 "http://gcba.ru/wp" "Mozilla/5.0 (Windows NT 10.0; Win64; x64) AppleWebKit/537.36 (KHTML, like Gecko) Chrome/74.0.3729.169 Safari/537.36"
20.27.24.39 - - [12/Nov/2024:17:14:47 +0300] "HEAD /bc HTTP/1.0" 404 137 "http://gcba.ru/bc" "Mozilla/5.0 (Windows NT 10.0; Win64; x64) AppleWebKit/537.36 (KHTML, like Gecko) Chrome/74.0.3729.169 Safari/537.36"
20.27.24.39 - - [12/Nov/2024:17:14:48 +0300] "HEAD /bk HTTP/1.0" 404 137 "http://gcba.ru/bk" "Mozilla/5.0 (Windows NT 10.0; Win64; x64) AppleWebKit/537.36 (KHTML, like Gecko) Chrome/74.0.3729.169 Safari/537.36"
20.27.24.39 - - [12/Nov/2024:17:14:48 +0300] "HEAD /backup HTTP/1.0" 404 137 "http://gcba.ru/backup" "Mozilla/5.0 (Windows NT 10.0; Win64; x64) AppleWebKit/537.36 (KHTML, like Gecko) Chrome/74.0.3729.169 Safari/537.36"
20.27.24.39 - - [12/Nov/2024:17:14:49 +0300] "HEAD /old HTTP/1.0" 404 137 "http://gcba.ru/old" "Mozilla/5.0 (Windows NT 10.0; Win64; x64) AppleWebKit/537.36 (KHTML, like Gecko) Chrome/74.0.3729.169 Safari/537.36"
20.27.24.39 - - [12/Nov/2024:17:14:49 +0300] "HEAD /new HTTP/1.0" 404 137 "http://gcba.ru/new" "Mozilla/5.0 (Windows NT 10.0; Win64; x64) AppleWebKit/537.36 (KHTML, like Gecko) Chrome/74.0.3729.169 Safari/537.36"
20.27.24.39 - - [12/Nov/2024:17:14:50 +0300] "HEAD /main HTTP/1.0" 404 137 "http://gcba.ru/main" "Mozilla/5.0 (Windows NT 10.0; Win64; x64) AppleWebKit/537.36 (KHTML, like Gecko) Chrome/74.0.3729.169 Safari/537.36"
20.27.24.39 - - [12/Nov/2024:17:14:50 +0300] "HEAD /home HTTP/1.0" 404 137 "http://gcba.ru/home" "Mozilla/5.0 (Windows NT 10.0; Win64; x64) AppleWebKit/537.36 (KHTML, like Gecko) Chrome/74.0.3729.169 Safari/537.36"
45.138.74.176 - - [12/Nov/2024:17:15:14 +0300] "POST /95f33f6732e3.php HTTP/1.0" 200 367 "-" "Mozilla/5.0 (Windows NT 6.1; Win64; x64; rv:50.0) Gecko/20100101 Firefox/50.0"
45.138.74.176 - - [12/Nov/2024:17:15:14 +0300] "POST /95f33f6732e3.php HTTP/1.0" 200 360 "https://gcba.ru/95f33f6732e3.php" "Mozilla/5.0 (Windows NT 6.1; Win64; x64; rv:50.0) Gecko/20100101 Firefox/50.0"
66.249.66.37 - - [12/Nov/2024:17:16:07 +0300] "GET /xmw23/thomas-f-dalton-funeral-homes-north-new-hyde-park-obituaries.html HTTP/1.0" 500 341 "-" "Mozilla/5.0 (Linux; Android 6.0.1; Nexus 5X Build/MMB29P) AppleWebKit/537.36 (KHTML, like Gecko) Chrome/130.0.6723.116 Mobile Safari/537.36 (compatible; Googlebot/2.1; +http://www.google.com/bot.html)"
66.249.66.37 - - [12/Nov/2024:17:17:07 +0300] "GET /xmw23/reportaproblem-com-apple.html HTTP/1.0" 200 21692 "-" "Mozilla/5.0 (Linux; Android 6.0.1; Nexus 5X Build/MMB29P) AppleWebKit/537.36 (KHTML, like Gecko) Chrome/130.0.6723.116 Mobile Safari/537.36 (compatible; Googlebot/2.1; +http://www.google.com/bot.html)"
45.138.74.176 - - [12/Nov/2024:17:17:19 +0300] "GET /7727934e44.php HTTP/1.0" 500 3490 "https://gcba.ru/95f33f6732e3.php" "Mozilla/5.0 (Windows NT 6.1; Win64; x64; rv:50.0) Gecko/20100101 Firefox/50.0"
45.138.74.176 - - [12/Nov/2024:17:17:19 +0300] "POST /95f33f6732e3.php HTTP/1.0" 200 360 "https://gcba.ru/7727934e44.php" "Mozilla/5.0 (Windows NT 6.1; Win64; x64; rv:50.0) Gecko/20100101 Firefox/50.0"
45.138.74.176 - - [12/Nov/2024:17:17:19 +0300] "GET /7727934e44.php HTTP/1.0" 500 341 "https://gcba.ru/95f33f6732e3.php" "Mozilla/5.0 (Windows NT 6.1; Win64; x64; rv:50.0) Gecko/20100101 Firefox/50.0"
66.249.66.37 - - [12/Nov/2024:17:18:23 +0300] "GET /xmw23/prefab-homes-vancouver-island-prices.html HTTP/1.0" 500 341 "-" "Mozilla/5.0 (Linux; Android 6.0.1; Nexus 5X Build/MMB29P) AppleWebKit/537.36 (KHTML, like Gecko) Chrome/130.0.6723.116 Mobile Safari/537.36 (compatible; Googlebot/2.1; +http://www.google.com/bot.html)"
66.249.66.37 - - [12/Nov/2024:17:19:21 +0300] "GET /xmw23/shelbyville-funeral-home-obituaries.html HTTP/1.0" 500 341 "-" "Mozilla/5.0 (Linux; Android 6.0.1; Nexus 5X Build/MMB29P) AppleWebKit/537.36 (KHTML, like Gecko) Chrome/130.0.6723.116 Mobile Safari/537.36 (compatible; Googlebot/2.1; +http://www.google.com/bot.html)"
66.249.66.35 - - [12/Nov/2024:17:23:25 +0300] "GET /xmw23/extract-boot-img-without-root.html HTTP/1.0" 500 3490 "-" "Mozilla/5.0 (Linux; Android 6.0.1; Nexus 5X Build/MMB29P) AppleWebKit/537.36 (KHTML, like Gecko) Chrome/130.0.6723.116 Mobile Safari/537.36 (compatible; Googlebot/2.1; +http://www.google.com/bot.html)"
66.249.66.36 - - [12/Nov/2024:17:23:26 +0300] "GET /xmw23/laravel-ga4.html HTTP/1.0" 500 341 "-" "Mozilla/5.0 (Linux; Android 6.0.1; Nexus 5X Build/MMB29P) AppleWebKit/537.36 (KHTML, like Gecko) Chrome/130.0.6723.116 Mobile Safari/537.36 (compatible; Googlebot/2.1; +http://www.google.com/bot.html)"
217.196.107.80 - - [12/Nov/2024:17:23:45 +0300] "GET /bitrixsetup.php HTTP/1.0" 404 61143 "-" "Mozilla/5.0 (X11; Ubuntu; Linux i686) AppleWebKit/537.36 (KHTML, like Gecko) Chrome/50.0.2702.84 Safari/537.36"
66.249.66.35 - - [12/Nov/2024:17:26:08 +0300] "GET /xmw23/list-of-steel-companies-in-saudi-arabia-with-email.html HTTP/1.0" 200 36027 "-" "Mozilla/5.0 (Linux; Android 6.0.1; Nexus 5X Build/MMB29P) AppleWebKit/537.36 (KHTML, like Gecko) Chrome/130.0.6723.116 Mobile Safari/537.36 (compatible; Googlebot/2.1; +http://www.google.com/bot.html)"
66.249.66.37 - - [12/Nov/2024:17:27:46 +0300] "GET /yqmsquctw/laporte-county-jail-phone-number.html HTTP/1.0" 500 341 "-" "Mozilla/5.0 (Linux; Android 6.0.1; Nexus 5X Build/MMB29P) AppleWebKit/537.36 (KHTML, like Gecko) Chrome/130.0.6723.116 Mobile Safari/537.36 (compatible; Googlebot/2.1; +http://www.google.com/bot.html)"
66.249.66.35 - - [12/Nov/2024:17:28:49 +0300] "GET /yqmsquctw/paid-payback-samk-novel.html HTTP/1.0" 500 3490 "-" "Mozilla/5.0 (Linux; Android 6.0.1; Nexus 5X Build/MMB29P) AppleWebKit/537.36 (KHTML, like Gecko) Chrome/130.0.6723.116 Mobile Safari/537.36 (compatible; Googlebot/2.1; +http://www.google.com/bot.html)"
66.249.66.36 - - [12/Nov/2024:17:29:14 +0300] "GET /yqmsquctw/chuwi-store-near-me.html HTTP/1.0" 500 341 "-" "Mozilla/5.0 (Linux; Android 6.0.1; Nexus 5X Build/MMB29P) AppleWebKit/537.36 (KHTML, like Gecko) Chrome/130.0.6723.116 Mobile Safari/537.36 (compatible; Googlebot/2.1; +http://www.google.com/bot.html)"
89.208.105.220 - - [12/Nov/2024:17:34:01 +0300] "GET / HTTP/1.0" 200 3471 "-" "Mozilla/5.0 (Macintosh; Intel Mac OS X 10_9_0) AppleWebKit/537.36 (KHTML, like Gecko) Chrome/52.0.2767.20 Safari/537.36"
89.208.105.220 - - [12/Nov/2024:17:34:07 +0300] "POST / HTTP/1.0" 200 322 "https://gcba.ru/" "Mozilla/5.0 (Macintosh; Intel Mac OS X 10_9_0) AppleWebKit/537.36 (KHTML, like Gecko) Chrome/52.0.2767.20 Safari/537.36"
89.208.105.220 - - [12/Nov/2024:17:34:07 +0300] "GET /95f33f6732e3.php HTTP/1.0" 200 358 "https://gcba.ru/" "Mozilla/5.0 (Macintosh; Intel Mac OS X 10_9_0) AppleWebKit/537.36 (KHTML, like Gecko) Chrome/52.0.2767.20 Safari/537.36"
66.249.66.37 - - [12/Nov/2024:17:41:07 +0300] "GET /yqmsquctw/junior-software-developer-jobs-remote-salary-worldwide.html HTTP/1.0" 500 3490 "-" "Mozilla/5.0 (Linux; Android 6.0.1; Nexus 5X Build/MMB29P) AppleWebKit/537.36 (KHTML, like Gecko) Chrome/130.0.6723.116 Mobile Safari/537.36 (compatible; Googlebot/2.1; +http://www.google.com/bot.html)"
54.36.149.29 - - [12/Nov/2024:17:42:37 +0300] "GET /eng/services/?SECTION_ID=14 HTTP/1.0" 200 15841 "-" "Mozilla/5.0 (compatible; AhrefsBot/7.0; +http://ahrefs.com/robot/)"
213.199.47.87 - - [12/Nov/2024:17:48:06 +0300] "GET / HTTP/1.0" 200 3471 "-" "Mozilla/5.0 (Windows NT 6.2; WOW64; rv:19.0) Gecko/20100101 Firefox/19.0"
66.249.66.36 - - [12/Nov/2024:17:49:07 +0300] "GET /eng/services/?SECTION_ID=13 HTTP/1.0" 200 21730 "-" "Mozilla/5.0 (Linux; Android 6.0.1; Nexus 5X Build/MMB29P) AppleWebKit/537.36 (KHTML, like Gecko) Chrome/130.0.6723.116 Mobile Safari/537.36 (compatible; Googlebot/2.1; +http://www.google.com/bot.html)"
66.249.66.37 - - [12/Nov/2024:17:50:04 +0300] "GET /xmw23/obituaries-past-3-days.html HTTP/1.0" 200 32521 "-" "Mozilla/5.0 (Linux; Android 6.0.1; Nexus 5X Build/MMB29P) AppleWebKit/537.36 (KHTML, like Gecko) Chrome/130.0.6723.116 Mobile Safari/537.36 (compatible; Googlebot/2.1; +http://www.google.com/bot.html)"
66.249.66.36 - - [12/Nov/2024:17:50:22 +0300] "GET /xmw23/nhs-healthcare-assistant-jobs-no-experience.html HTTP/1.0" 500 341 "-" "Mozilla/5.0 (Linux; Android 6.0.1; Nexus 5X Build/MMB29P) AppleWebKit/537.36 (KHTML, like Gecko) Chrome/130.0.6723.116 Mobile Safari/537.36 (compatible; Googlebot/2.1; +http://www.google.com/bot.html)"
66.249.66.37 - - [12/Nov/2024:17:59:18 +0300] "GET /xmw23/live-in-care-jobs-with-visa-sponsorship-near-me.html HTTP/1.0" 500 3490 "-" "Mozilla/5.0 (Linux; Android 6.0.1; Nexus 5X Build/MMB29P) AppleWebKit/537.36 (KHTML, like Gecko) Chrome/130.0.6723.116 Mobile Safari/537.36 (compatible; Googlebot/2.1; +http://www.google.com/bot.html)"
66.249.66.37 - - [12/Nov/2024:18:02:27 +0300] "GET /yqmsquctw/payback-samk-reddit-review.html HTTP/1.0" 500 341 "-" "Mozilla/5.0 (Linux; Android 6.0.1; Nexus 5X Build/MMB29P) AppleWebKit/537.36 (KHTML, like Gecko) Chrome/130.0.6723.116 Mobile Safari/537.36 (compatible; Googlebot/2.1; +http://www.google.com/bot.html)"
66.249.66.37 - - [12/Nov/2024:18:03:54 +0300] "GET /xmw23/uinta-county-jail-phone-number.html HTTP/1.0" 500 341 "-" "Mozilla/5.0 (Linux; Android 6.0.1; Nexus 5X Build/MMB29P) AppleWebKit/537.36 (KHTML, like Gecko) Chrome/130.0.6723.116 Mobile Safari/537.36 (compatible; Googlebot/2.1; +http://www.google.com/bot.html)"
95.163.36.11 - - [12/Nov/2024:18:05:10 +0300] "GET /news/pravo/143164132-verkhovnyy-sud-zapretil-aresty-biznesmenov-po-ekonomicheskim-delam HTTP/1.0" 200 27814 "-" "Mozilla/5.0 (compatible; Linux x86_64; Mail.RU_Bot/Fast/2.0; +https://help.mail.ru/webmaster/indexing/robots)"
66.249.66.37 - - [12/Nov/2024:18:11:30 +0300] "GET /xmw23/how-to-stop-autistic-child-from-biting-others.html HTTP/1.0" 500 3490 "-" "Mozilla/5.0 (Linux; Android 6.0.1; Nexus 5X Build/MMB29P) AppleWebKit/537.36 (KHTML, like Gecko) Chrome/130.0.6723.116 Mobile Safari/537.36 (compatible; Googlebot/2.1; +http://www.google.com/bot.html)"
66.249.66.35 - - [12/Nov/2024:18:21:19 +0300] "GET /yqmsquctw/paid-payback-samk-novel.html HTTP/1.0" 500 3490 "-" "Mozilla/5.0 (Linux; Android 6.0.1; Nexus 5X Build/MMB29P) AppleWebKit/537.36 (KHTML, like Gecko) Chrome/130.0.6723.116 Mobile Safari/537.36 (compatible; Googlebot/2.1; +http://www.google.com/bot.html)"
66.249.66.37 - - [12/Nov/2024:18:26:41 +0300] "GET /xmw23/google-cloud-skills-boost-login.html HTTP/1.0" 500 3490 "-" "Mozilla/5.0 (Linux; Android 6.0.1; Nexus 5X Build/MMB29P) AppleWebKit/537.36 (KHTML, like Gecko) Chrome/130.0.6723.116 Mobile Safari/537.36 (compatible; Googlebot/2.1; +http://www.google.com/bot.html)"
54.36.149.1 - - [12/Nov/2024:18:26:44 +0300] "GET /news/nalogi/dokhody-veteranov-boevykh-deystviy-osvobozhdayutsya-ot-ndfl/ HTTP/1.0" 200 32985 "-" "Mozilla/5.0 (compatible; AhrefsBot/7.0; +http://ahrefs.com/robot/)"
167.172.73.68 - - [12/Nov/2024:18:35:55 +0300] "GET /wp-admin/setup-config.php?step=1 HTTP/1.0" 404 61177 "http://gcba.ru/wp-admin/setup-config.php?step=1" "Apache/2.4.34 (Ubuntu) OpenSSL/1.1.1 (internal dummy connection)"
167.172.73.68 - - [12/Nov/2024:18:35:56 +0300] "GET /wordpress/wp-admin/setup-config.php?step=1 HTTP/1.0" 404 58048 "http://gcba.ru/wordpress/wp-admin/setup-config.php?step=1" "Apache/2.4.34 (Ubuntu) OpenSSL/1.1.1 (internal dummy connection)"
66.249.66.35 - - [12/Nov/2024:18:40:58 +0300] "GET /xmw23/dallas-county-mugshots-zone.html HTTP/1.0" 200 22021 "-" "Mozilla/5.0 (Linux; Android 6.0.1; Nexus 5X Build/MMB29P) AppleWebKit/537.36 (KHTML, like Gecko) Chrome/130.0.6723.116 Mobile Safari/537.36 (compatible; Googlebot/2.1; +http://www.google.com/bot.html)"
47.128.22.173 - - [12/Nov/2024:18:43:10 +0300] "GET /yqmsquctw/care-assistant-jobs-with-visa-sponsorship-in-uk-salary.html HTTP/1.0" 500 341 "-" "Mozilla/5.0 (Linux; Android 5.0) AppleWebKit/537.36 (KHTML, like Gecko) Mobile Safari/537.36 (compatible; Bytespider; spider-feedback@bytedance.com)"
66.249.66.37 - - [12/Nov/2024:18:45:46 +0300] "GET /xmw23/voice-translator.html HTTP/1.0" 500 3490 "-" "Mozilla/5.0 (Linux; Android 6.0.1; Nexus 5X Build/MMB29P) AppleWebKit/537.36 (KHTML, like Gecko) Chrome/130.0.6723.116 Mobile Safari/537.36 (compatible; Googlebot/2.1; +http://www.google.com/bot.html)"
66.249.66.37 - - [12/Nov/2024:18:53:34 +0300] "GET /xmw23/my-photos-on-google.html HTTP/1.0" 500 3490 "-" "Mozilla/5.0 (Linux; Android 6.0.1; Nexus 5X Build/MMB29P) AppleWebKit/537.36 (KHTML, like Gecko) Chrome/130.0.6723.116 Mobile Safari/537.36 (compatible; Googlebot/2.1; +http://www.google.com/bot.html)"
66.249.66.36 - - [12/Nov/2024:18:58:22 +0300] "GET /yqmsquctw/full-time-jobs-in-scarborough.html HTTP/1.0" 500 3490 "-" "Mozilla/5.0 (Linux; Android 6.0.1; Nexus 5X Build/MMB29P) AppleWebKit/537.36 (KHTML, like Gecko) Chrome/130.0.6723.116 Mobile Safari/537.36 (compatible; Googlebot/2.1; +http://www.google.com/bot.html)"
45.227.254.34 - - [12/Nov/2024:19:03:07 +0300] "GET / HTTP/1.0" 200 3471 "-" "Mozilla/5.0 (Macintosh; Intel Mac OS X 10_15_7) AppleWebKit/537.36 (KHTML, like Gecko) Chrome/120.0.0.0 Safari/537.36"
54.36.148.186 - - [12/Nov/2024:19:07:04 +0300] "GET /services/?SECTION_ID=4 HTTP/1.0" 200 97661 "-" "Mozilla/5.0 (compatible; AhrefsBot/7.0; +http://ahrefs.com/robot/)"
66.249.66.37 - - [12/Nov/2024:19:08:22 +0300] "GET /xmw23/real-madrid-kit-dls-19.html HTTP/1.0" 500 3490 "-" "Mozilla/5.0 (Linux; Android 6.0.1; Nexus 5X Build/MMB29P) AppleWebKit/537.36 (KHTML, like Gecko) Chrome/130.0.6723.116 Mobile Safari/537.36 (compatible; Googlebot/2.1; +http://www.google.com/bot.html)"
147.45.185.25 - - [12/Nov/2024:19:10:03 +0300] "GET / HTTP/1.0" 200 322 "-" "Mozilla/5.0 (iPhone; U; CPU iPhone OS 2_0_1 like Mac OS X; ja-jp) AppleWebKit/525.18.1 (KHTML, like Gecko) Version/3.1.1 Mobile/5B108 Safari/525.20"
147.45.185.25 - - [12/Nov/2024:19:10:03 +0300] "GET / HTTP/1.0" 200 322 "-" "Mozilla/5.0 (iPhone; U; CPU iPhone OS 2_0_1 like Mac OS X; ja-jp) AppleWebKit/525.18.1 (KHTML, like Gecko) Version/3.1.1 Mobile/5B108 Safari/525.20"
185.242.87.84 - - [12/Nov/2024:19:20:58 +0300] "GET / HTTP/1.0" 200 3471 "https://gcba.ru/" "Mozilla/5.0 (Windows NT 10.0.0; Win64; x64; ) AppleWebKit/537.36 (KHTML, like Gecko) Chrome/124.0.6367.93 Chrome/124.0.6367.93 Not-A.Brand/99 Safari/537.36"
66.249.66.36 - - [12/Nov/2024:19:21:23 +0300] "GET /news/nalogi/ustanavlivaetsya-novyy-poryadok-ischisleniya-nalogovoy-bazy-po-konsolidirovannoy-nalogovoy-baze/ HTTP/1.0" 200 36405 "-" "Mozilla/5.0 (Linux; Android 6.0.1; Nexus 5X Build/MMB29P) AppleWebKit/537.36 (KHTML, like Gecko) Chrome/130.0.6723.116 Mobile Safari/537.36 (compatible; Googlebot/2.1; +http://www.google.com/bot.html)"
66.249.66.35 - - [12/Nov/2024:19:21:26 +0300] "GET /news/nalogi/ustanavlivaetsya-novyy-poryadok-ischisleniya-nalogovoy-bazy-po-konsolidirovannoy-nalogovoy-baze/?bxrand=1728864000000 HTTP/1.0" 200 4955 "https://gcba.ru/news/nalogi/ustanavlivaetsya-novyy-poryadok-ischisleniya-nalogovoy-bazy-po-konsolidirovannoy-nalogovoy-baze/" "Mozilla/5.0 (Linux; Android 6.0.1; Nexus 5X Build/MMB29P) AppleWebKit/537.36 (KHTML, like Gecko) Chrome/130.0.6723.69 Mobile Safari/537.36 (compatible; Googlebot/2.1; +http://www.google.com/bot.html)"
66.249.66.37 - - [12/Nov/2024:19:26:21 +0300] "GET /xmw23/nursing-assistant-jobs-with-visa-sponsorship.html HTTP/1.0" 500 3490 "-" "Mozilla/5.0 (Linux; Android 6.0.1; Nexus 5X Build/MMB29P) AppleWebKit/537.36 (KHTML, like Gecko) Chrome/130.0.6723.116 Mobile Safari/537.36 (compatible; Googlebot/2.1; +http://www.google.com/bot.html)"
66.249.66.36 - - [12/Nov/2024:19:36:21 +0300] "GET /xmw23/florida-department-of-corrections.html HTTP/1.0" 500 3490 "-" "Mozilla/5.0 (Linux; Android 6.0.1; Nexus 5X Build/MMB29P) AppleWebKit/537.36 (KHTML, like Gecko) Chrome/130.0.6723.116 Mobile Safari/537.36 (compatible; Googlebot/2.1; +http://www.google.com/bot.html)"
54.36.148.197 - - [12/Nov/2024:19:51:39 +0300] "GET /eng/services/?SECTION_ID=13 HTTP/1.0" 200 24879 "-" "Mozilla/5.0 (compatible; AhrefsBot/7.0; +http://ahrefs.com/robot/)"
66.249.66.35 - - [12/Nov/2024:19:53:22 +0300] "GET /news/nalogi/ustanavlivaetsya-novyy-poryadok-ischisleniya-nalogovoy-bazy-po-konsolidirovannoy-nalogovoy-baze/?bxajaxid=7890a307e4f4bc7b66250ad1a4ae104f HTTP/1.0" 200 12092 "-" "Mozilla/5.0 (Linux; Android 6.0.1; Nexus 5X Build/MMB29P) AppleWebKit/537.36 (KHTML, like Gecko) Chrome/130.0.6723.116 Mobile Safari/537.36 (compatible; Googlebot/2.1; +http://www.google.com/bot.html)"
66.249.66.36 - - [12/Nov/2024:19:58:21 +0300] "GET /yqmsquctw/free-visio-stencils-home-design.html HTTP/1.0" 500 3490 "-" "Mozilla/5.0 (Linux; Android 6.0.1; Nexus 5X Build/MMB29P) AppleWebKit/537.36 (KHTML, like Gecko) Chrome/130.0.6723.116 Mobile Safari/537.36 (compatible; Googlebot/2.1; +http://www.google.com/bot.html)"
89.104.101.75 - - [12/Nov/2024:20:02:06 +0300] "GET / HTTP/1.0" 200 322 "-" "Mozilla/5.0 (Windows NT 10.0; Win64; x64) AppleWebKit/537.36 (KHTML, like Gecko) Chrome/94.0.4606.61 Safari/537.36"
176.53.220.178 - - [12/Nov/2024:20:04:56 +0300] "GET / HTTP/1.0" 200 3471 "-" "Mozilla/5.0 (Windows NT 10.0; Win64; x64) AppleWebKit/537.36 (KHTML, like Gecko) Chrome/94.0.4606.61 Safari/537.36"
66.249.66.35 - - [12/Nov/2024:20:05:22 +0300] "GET /yqmsquctw/rotowire-futbol.html HTTP/1.0" 500 3490 "-" "Mozilla/5.0 (Linux; Android 6.0.1; Nexus 5X Build/MMB29P) AppleWebKit/537.36 (KHTML, like Gecko) Chrome/130.0.6723.116 Mobile Safari/537.36 (compatible; Googlebot/2.1; +http://www.google.com/bot.html)"
66.249.66.36 - - [12/Nov/2024:20:16:02 +0300] "GET /yqmsquctw/job-vacancy-embassy.html HTTP/1.0" 500 3490 "-" "Mozilla/5.0 (Linux; Android 6.0.1; Nexus 5X Build/MMB29P) AppleWebKit/537.36 (KHTML, like Gecko) Chrome/130.0.6723.116 Mobile Safari/537.36 (compatible; Googlebot/2.1; +http://www.google.com/bot.html)"
89.116.164.76 - - [12/Nov/2024:20:24:33 +0300] "GET /.env HTTP/1.0" 404 61150 "-" "Mozilla/5.0 (Macintosh; Intel Mac OS X 10_10_3) AppleWebKit/537.36 (KHTML, like Gecko) Chrome/45.0.2454.85 Safari/537.36"
89.116.164.76 - - [12/Nov/2024:20:24:34 +0300] "POST / HTTP/1.0" 200 322 "-" "Mozilla/5.0 (Macintosh; Intel Mac OS X 10_10_3) AppleWebKit/537.36 (KHTML, like Gecko) Chrome/45.0.2454.85 Safari/537.36"
66.249.66.35 - - [12/Nov/2024:20:25:58 +0300] "GET /news/pravo/143164132-verkhovnyy-sud-zapretil-aresty-biznesmenov-po-ekonomicheskim-delam/?bxajaxid=7890a307e4f4bc7b66250ad1a4ae104f HTTP/1.0" 200 7243 "-" "Mozilla/5.0 (Linux; Android 6.0.1; Nexus 5X Build/MMB29P) AppleWebKit/537.36 (KHTML, like Gecko) Chrome/130.0.6723.116 Mobile Safari/537.36 (compatible; Googlebot/2.1; +http://www.google.com/bot.html)"
66.249.66.37 - - [12/Nov/2024:20:30:58 +0300] "GET /yqmsquctw/club-car-starter-generator-wiring-diagram.html HTTP/1.0" 500 3490 "-" "Mozilla/5.0 (Linux; Android 6.0.1; Nexus 5X Build/MMB29P) AppleWebKit/537.36 (KHTML, like Gecko) Chrome/130.0.6723.116 Mobile Safari/537.36 (compatible; Googlebot/2.1; +http://www.google.com/bot.html)"
66.249.66.35 - - [12/Nov/2024:20:31:06 +0300] "GET /yqmsquctw/club-car-starter-generator-problems.html HTTP/1.0" 500 341 "-" "Mozilla/5.0 (Linux; Android 6.0.1; Nexus 5X Build/MMB29P) AppleWebKit/537.36 (KHTML, like Gecko) Chrome/130.0.6723.116 Mobile Safari/537.36 (compatible; Googlebot/2.1; +http://www.google.com/bot.html)"
66.249.66.35 - - [12/Nov/2024:20:41:45 +0300] "GET /xmw23/clarke-energy-head-office.html HTTP/1.0" 500 3490 "-" "Mozilla/5.0 (Linux; Android 6.0.1; Nexus 5X Build/MMB29P) AppleWebKit/537.36 (KHTML, like Gecko) Chrome/130.0.6723.116 Mobile Safari/537.36 (compatible; Googlebot/2.1; +http://www.google.com/bot.html)"
66.249.66.35 - - [12/Nov/2024:20:42:07 +0300] "GET /xmw23/client-acceptance-and-continuance-audit.html HTTP/1.0" 500 341 "-" "Mozilla/5.0 (Linux; Android 6.0.1; Nexus 5X Build/MMB29P) AppleWebKit/537.36 (KHTML, like Gecko) Chrome/130.0.6723.116 Mobile Safari/537.36 (compatible; Googlebot/2.1; +http://www.google.com/bot.html)"
66.249.66.35 - - [12/Nov/2024:20:46:06 +0300] "GET /yqmsquctw/rotowire-futbol.html HTTP/1.0" 500 341 "-" "Mozilla/5.0 (Linux; Android 6.0.1; Nexus 5X Build/MMB29P) AppleWebKit/537.36 (KHTML, like Gecko) Chrome/130.0.6723.116 Mobile Safari/537.36 (compatible; Googlebot/2.1; +http://www.google.com/bot.html)"
52.167.144.206 - - [12/Nov/2024:20:46:18 +0300] "GET /services/?section_id=5&pagen_1=3 HTTP/1.0" 200 93691 "-" "Mozilla/5.0 AppleWebKit/537.36 (KHTML, like Gecko; compatible; bingbot/2.0; +http://www.bing.com/bingbot.htm) Chrome/116.0.1938.76 Safari/537.36"
89.208.105.220 - - [12/Nov/2024:20:55:26 +0300] "GET / HTTP/1.0" 200 3471 "-" "Mozilla/5.0 (X11; Linux x86_64) AppleWebKit/537.36 (KHTML, like Gecko) Chrome/51.0.2716.39 Safari/537.36"
89.208.105.220 - - [12/Nov/2024:20:55:26 +0300] "POST / HTTP/1.0" 200 322 "https://gcba.ru/" "Mozilla/5.0 (X11; Linux x86_64) AppleWebKit/537.36 (KHTML, like Gecko) Chrome/51.0.2716.39 Safari/537.36"
89.208.105.220 - - [12/Nov/2024:20:55:27 +0300] "GET /95f33f6732e3.php HTTP/1.0" 200 358 "https://gcba.ru/" "Mozilla/5.0 (X11; Linux x86_64) AppleWebKit/537.36 (KHTML, like Gecko) Chrome/51.0.2716.39 Safari/537.36"
3.21.33.182 - - [12/Nov/2024:20:56:31 +0300] "GET / HTTP/1.0" 200 322 "-" "Mozilla/5.0 (Linux; Android 9; ASUS_X00TD) AppleWebKit/537.36 (KHTML, like Gecko) Chrome/80.0.3987.132 Mobile Safari/537.36"
66.249.66.35 - - [12/Nov/2024:21:04:14 +0300] "GET /xmw23/international-registered-nurse-sponsorship-program.html HTTP/1.0" 500 3490 "-" "Mozilla/5.0 (Linux; Android 6.0.1; Nexus 5X Build/MMB29P) AppleWebKit/537.36 (KHTML, like Gecko) Chrome/130.0.6723.116 Mobile Safari/537.36 (compatible; Googlebot/2.1; +http://www.google.com/bot.html)"
66.249.66.37 - - [12/Nov/2024:21:07:45 +0300] "GET /yqmsquctw/union-pacific-railroad-map-texas-pdf.html HTTP/1.0" 500 341 "-" "Mozilla/5.0 (Linux; Android 6.0.1; Nexus 5X Build/MMB29P) AppleWebKit/537.36 (KHTML, like Gecko) Chrome/130.0.6723.116 Mobile Safari/537.36 (compatible; Googlebot/2.1; +http://www.google.com/bot.html)"
66.249.66.36 - - [12/Nov/2024:21:07:54 +0300] "GET /xmw23/radiologija-pula-izdavanje-nalaza.html HTTP/1.0" 200 25077 "-" "Mozilla/5.0 (Linux; Android 6.0.1; Nexus 5X Build/MMB29P) AppleWebKit/537.36 (KHTML, like Gecko) Chrome/130.0.6723.116 Mobile Safari/537.36 (compatible; Googlebot/2.1; +http://www.google.com/bot.html)"
66.249.66.37 - - [12/Nov/2024:21:09:57 +0300] "GET /xmw23/brazos-county-arrests-today.html HTTP/1.0" 200 22034 "-" "Mozilla/5.0 (Linux; Android 6.0.1; Nexus 5X Build/MMB29P) AppleWebKit/537.36 (KHTML, like Gecko) Chrome/130.0.6723.116 Mobile Safari/537.36 (compatible; Googlebot/2.1; +http://www.google.com/bot.html)"
66.249.66.35 - - [12/Nov/2024:21:13:45 +0300] "GET /yqmsquctw/free-visio-stencils-home-design.html HTTP/1.0" 500 3490 "-" "Mozilla/5.0 (Linux; Android 6.0.1; Nexus 5X Build/MMB29P) AppleWebKit/537.36 (KHTML, like Gecko) Chrome/130.0.6723.116 Mobile Safari/537.36 (compatible; Googlebot/2.1; +http://www.google.com/bot.html)"
66.249.66.36 - - [12/Nov/2024:21:14:59 +0300] "GET /xmw23/applealc-compatibility.html HTTP/1.0" 500 341 "-" "Mozilla/5.0 (Linux; Android 6.0.1; Nexus 5X Build/MMB29P) AppleWebKit/537.36 (KHTML, like Gecko) Chrome/130.0.6723.116 Mobile Safari/537.36 (compatible; Googlebot/2.1; +http://www.google.com/bot.html)"
66.249.66.35 - - [12/Nov/2024:21:18:59 +0300] "GET /xmw23/davis-funeral-home-obituary-in-gretna.html HTTP/1.0" 500 3490 "-" "Mozilla/5.0 (Linux; Android 6.0.1; Nexus 5X Build/MMB29P) AppleWebKit/537.36 (KHTML, like Gecko) Chrome/130.0.6723.116 Mobile Safari/537.36 (compatible; Googlebot/2.1; +http://www.google.com/bot.html)"
79.173.88.31 - - [12/Nov/2024:21:19:02 +0300] "GET /services/?SECTION_ID=4 HTTP/1.0" 200 101696 "https://yandex.ru/" "Mozilla/5.0 (Windows NT 10.0; Win64; x64) AppleWebKit/537.36 (KHTML, like Gecko) Chrome/108.0.0.0 Safari/537.36"
79.173.88.31 - - [12/Nov/2024:21:19:03 +0300] "GET /services/?bxrand=1731435540886&SECTION_ID=4 HTTP/1.0" 200 4662 "https://gcba.ru/services/?SECTION_ID=4" "Mozilla/5.0 (Windows NT 10.0; Win64; x64) AppleWebKit/537.36 (KHTML, like Gecko) Chrome/108.0.0.0 Safari/537.36"
142.44.210.192 - - [12/Nov/2024:21:25:55 +0300] "GET /news/nalogi/oplata-nalogov-tretimi-litsami/ HTTP/1.0" 200 64373 "https://gcba.ru/news/nalogi/oplata-nalogov-tretimi-litsami/" "Mozilla/5.0 (Windows NT 6.1; Win64; x64) AppleWebKit/537.36 (KHTML, like Gecko) Chrome/103.0.5060.114 Safari/537.36"
142.44.210.192 - - [12/Nov/2024:21:25:56 +0300] "POST /news/nalogi/oplata-nalogov-tretimi-litsami/ HTTP/1.0" 200 69411 "https://gcba.ru/news/nalogi/oplata-nalogov-tretimi-litsami/" "Mozilla/5.0 (Windows NT 6.1; Win64; x64) AppleWebKit/537.36 (KHTML, like Gecko) Chrome/103.0.5060.114 Safari/537.36"
66.249.66.35 - - [12/Nov/2024:21:27:20 +0300] "GET /xmw23/belarus-traktori-u-srbiji.html HTTP/1.0" 500 341 "-" "Mozilla/5.0 (Linux; Android 6.0.1; Nexus 5X Build/MMB29P) AppleWebKit/537.36 (KHTML, like Gecko) Chrome/130.0.6723.116 Mobile Safari/537.36 (compatible; Googlebot/2.1; +http://www.google.com/bot.html)"
66.249.66.35 - - [12/Nov/2024:21:35:07 +0300] "GET /xmw23/best-settings-for-ender-3-neo.html HTTP/1.0" 200 26788 "-" "Mozilla/5.0 (Linux; Android 6.0.1; Nexus 5X Build/MMB29P) AppleWebKit/537.36 (KHTML, like Gecko) Chrome/130.0.6723.116 Mobile Safari/537.36 (compatible; Googlebot/2.1; +http://www.google.com/bot.html)"
66.249.66.35 - - [12/Nov/2024:21:38:21 +0300] "GET /xmw23/aditiv-ulei-cu-teflon-liqui-moly.html HTTP/1.0" 500 341 "-" "Mozilla/5.0 (Linux; Android 6.0.1; Nexus 5X Build/MMB29P) AppleWebKit/537.36 (KHTML, like Gecko) Chrome/130.0.6723.116 Mobile Safari/537.36 (compatible; Googlebot/2.1; +http://www.google.com/bot.html)"
164.92.161.167 - - [12/Nov/2024:21:39:02 +0300] "GET /wso112233.php HTTP/1.0" 404 58019 "www.google.com" "Mozlila/5.0 (Linux; Android 7.0; SM-G892A Bulid/NRD90M; wv) AppleWebKit/537.36 (KHTML, like Gecko) Version/4.0 Chrome/60.0.3112.107 Moblie Safari/537.36"
164.92.161.167 - - [12/Nov/2024:21:39:02 +0300] "GET /wp-includes/wp-class.php HTTP/1.0" 404 61190 "www.google.com" "Mozlila/5.0 (Linux; Android 7.0; SM-G892A Bulid/NRD90M; wv) AppleWebKit/537.36 (KHTML, like Gecko) Version/4.0 Chrome/60.0.3112.107 Moblie Safari/537.36"
164.92.161.167 - - [12/Nov/2024:21:39:02 +0300] "GET /wp-content/shell20211028.php HTTP/1.0" 404 58049 "www.google.com" "Mozlila/5.0 (Linux; Android 7.0; SM-G892A Bulid/NRD90M; wv) AppleWebKit/537.36 (KHTML, like Gecko) Version/4.0 Chrome/60.0.3112.107 Moblie Safari/537.36"
164.92.161.167 - - [12/Nov/2024:21:39:03 +0300] "GET /xl2023.php HTTP/1.0" 404 57984 "www.google.com" "Mozlila/5.0 (Linux; Android 7.0; SM-G892A Bulid/NRD90M; wv) AppleWebKit/537.36 (KHTML, like Gecko) Version/4.0 Chrome/60.0.3112.107 Moblie Safari/537.36"
66.249.66.37 - - [12/Nov/2024:21:44:21 +0300] "GET /yqmsquctw/you-will-hear-10-speaker-choose-the-best-option.html HTTP/1.0" 500 3490 "-" "Mozilla/5.0 (Linux; Android 6.0.1; Nexus 5X Build/MMB29P) AppleWebKit/537.36 (KHTML, like Gecko) Chrome/130.0.6723.116 Mobile Safari/537.36 (compatible; Googlebot/2.1; +http://www.google.com/bot.html)"
66.249.66.37 - - [12/Nov/2024:21:47:06 +0300] "GET /xmw23/lspd-gta-v.html HTTP/1.0" 500 341 "-" "Mozilla/5.0 (Linux; Android 6.0.1; Nexus 5X Build/MMB29P) AppleWebKit/537.36 (KHTML, like Gecko) Chrome/130.0.6723.116 Mobile Safari/537.36 (compatible; Googlebot/2.1; +http://www.google.com/bot.html)"
66.249.66.35 - - [12/Nov/2024:21:48:24 +0300] "GET /news/nalogi/s-1-yanvarya-2017-goda-vstupaet-v-silu-federalnyy-zakon-rasshiryayushchiy-perechen-organizatsiy-priz/ HTTP/1.0" 200 61274 "-" "Mozilla/5.0 (Linux; Android 6.0.1; Nexus 5X Build/MMB29P) AppleWebKit/537.36 (KHTML, like Gecko) Chrome/130.0.6723.116 Mobile Safari/537.36 (compatible; Googlebot/2.1; +http://www.google.com/bot.html)"
66.249.66.37 - - [12/Nov/2024:21:49:21 +0300] "GET /yqmsquctw/starlink-visio-stencil.html HTTP/1.0" 500 341 "-" "Mozilla/5.0 (Linux; Android 6.0.1; Nexus 5X Build/MMB29P) AppleWebKit/537.36 (KHTML, like Gecko) Chrome/130.0.6723.116 Mobile Safari/537.36 (compatible; Googlebot/2.1; +http://www.google.com/bot.html)"
66.249.66.35 - - [12/Nov/2024:21:49:58 +0300] "GET /yqmsquctw/pret-ecografie-regina-maria.html HTTP/1.0" 500 3490 "-" "Mozilla/5.0 (Linux; Android 6.0.1; Nexus 5X Build/MMB29P) AppleWebKit/537.36 (KHTML, like Gecko) Chrome/130.0.6723.116 Mobile Safari/537.36 (compatible; Googlebot/2.1; +http://www.google.com/bot.html)"
5.133.192.87 - - [12/Nov/2024:21:53:14 +0300] "GET / HTTP/1.0" 200 3471 "-" "Mozilla/5.0 (Windows NT 10.0; Win64; x64) AppleWebKit/537.36 (KHTML, like Gecko) Chrome/105.0.0.0 Safari/537.36"
66.249.66.36 - - [12/Nov/2024:21:53:57 +0300] "GET /yqmsquctw/female-english-teacher-jobs-in-saudi-arabia.html HTTP/1.0" 500 341 "-" "Mozilla/5.0 (Linux; Android 6.0.1; Nexus 5X Build/MMB29P) AppleWebKit/537.36 (KHTML, like Gecko) Chrome/130.0.6723.116 Mobile Safari/537.36 (compatible; Googlebot/2.1; +http://www.google.com/bot.html)"
66.249.66.35 - - [12/Nov/2024:21:54:24 +0300] "GET /yqmsquctw/best-places-to-live-in-northwest-indiana.html HTTP/1.0" 500 341 "-" "Mozilla/5.0 (Linux; Android 6.0.1; Nexus 5X Build/MMB29P) AppleWebKit/537.36 (KHTML, like Gecko) Chrome/130.0.6723.116 Mobile Safari/537.36 (compatible; Googlebot/2.1; +http://www.google.com/bot.html)"
66.249.66.35 - - [12/Nov/2024:21:58:24 +0300] "GET /yqmsquctw/slaba-cirkulacija-u-mozgu-simptomi.html HTTP/1.0" 500 3490 "-" "Mozilla/5.0 (Linux; Android 6.0.1; Nexus 5X Build/MMB29P) AppleWebKit/537.36 (KHTML, like Gecko) Chrome/130.0.6723.116 Mobile Safari/537.36 (compatible; Googlebot/2.1; +http://www.google.com/bot.html)"
54.36.148.184 - - [12/Nov/2024:22:01:43 +0300] "GET /news/pravo/rss/ HTTP/1.0" 200 48144 "-" "Mozilla/5.0 (compatible; AhrefsBot/7.0; +http://ahrefs.com/robot/)"
66.249.66.36 - - [12/Nov/2024:22:03:21 +0300] "GET /yqmsquctw/abilene-north-funeral-home-obituaries.html HTTP/1.0" 500 341 "-" "Mozilla/5.0 (Linux; Android 6.0.1; Nexus 5X Build/MMB29P) AppleWebKit/537.36 (KHTML, like Gecko) Chrome/130.0.6723.116 Mobile Safari/537.36 (compatible; Googlebot/2.1; +http://www.google.com/bot.html)"
66.249.66.36 - - [12/Nov/2024:22:14:13 +0300] "GET /yqmsquctw/work-from-home-jobs-mississauga-no-experience.html HTTP/1.0" 500 3490 "-" "Mozilla/5.0 (Linux; Android 6.0.1; Nexus 5X Build/MMB29P) AppleWebKit/537.36 (KHTML, like Gecko) Chrome/130.0.6723.116 Mobile Safari/537.36 (compatible; Googlebot/2.1; +http://www.google.com/bot.html)"
66.249.66.36 - - [12/Nov/2024:22:14:56 +0300] "GET /yqmsquctw/kuwait-job-driver-visa-20-fahaheel.html HTTP/1.0" 500 341 "-" "Mozilla/5.0 (Linux; Android 6.0.1; Nexus 5X Build/MMB29P) AppleWebKit/537.36 (KHTML, like Gecko) Chrome/130.0.6723.116 Mobile Safari/537.36 (compatible; Googlebot/2.1; +http://www.google.com/bot.html)"
66.249.66.35 - - [12/Nov/2024:22:15:02 +0300] "GET /yqmsquctw/how-to-run-comfyui-on-google-colab.html HTTP/1.0" 500 3490 "-" "Mozilla/5.0 (Linux; Android 6.0.1; Nexus 5X Build/MMB29P) AppleWebKit/537.36 (KHTML, like Gecko) Chrome/130.0.6723.116 Mobile Safari/537.36 (compatible; Googlebot/2.1; +http://www.google.com/bot.html)"
66.249.66.35 - - [12/Nov/2024:22:16:06 +0300] "GET /yqmsquctw/mcgrath-funeral-home-east-boston,-ma-obituaries.html HTTP/1.0" 404 58204 "-" "Mozilla/5.0 (Linux; Android 6.0.1; Nexus 5X Build/MMB29P) AppleWebKit/537.36 (KHTML, like Gecko) Chrome/130.0.6723.116 Mobile Safari/537.36 (compatible; Googlebot/2.1; +http://www.google.com/bot.html)"
66.249.66.36 - - [12/Nov/2024:22:19:26 +0300] "GET /xmw23/netapp-tco-calculator.html HTTP/1.0" 500 3490 "-" "Mozilla/5.0 (Linux; Android 6.0.1; Nexus 5X Build/MMB29P) AppleWebKit/537.36 (KHTML, like Gecko) Chrome/130.0.6723.116 Mobile Safari/537.36 (compatible; Googlebot/2.1; +http://www.google.com/bot.html)"
66.249.66.36 - - [12/Nov/2024:22:21:21 +0300] "GET /yqmsquctw/caregiver-jobs-with-visa-sponsorship-for-foreigners-in-usa-salary.html HTTP/1.0" 500 3490 "-" "Mozilla/5.0 (Linux; Android 6.0.1; Nexus 5X Build/MMB29P) AppleWebKit/537.36 (KHTML, like Gecko) Chrome/130.0.6723.116 Mobile Safari/537.36 (compatible; Googlebot/2.1; +http://www.google.com/bot.html)"
66.249.66.37 - - [12/Nov/2024:22:21:57 +0300] "GET /yqmsquctw/si-ta-bejme-bebin-te-leviz-ne-bark.html HTTP/1.0" 500 341 "-" "Mozilla/5.0 (Linux; Android 6.0.1; Nexus 5X Build/MMB29P) AppleWebKit/537.36 (KHTML, like Gecko) Chrome/130.0.6723.116 Mobile Safari/537.36 (compatible; Googlebot/2.1; +http://www.google.com/bot.html)"
66.249.66.37 - - [12/Nov/2024:22:41:21 +0300] "GET /yqmsquctw/www-mega-nz-search.html HTTP/1.0" 500 3490 "-" "Mozilla/5.0 (Linux; Android 6.0.1; Nexus 5X Build/MMB29P) AppleWebKit/537.36 (KHTML, like Gecko) Chrome/130.0.6723.116 Mobile Safari/537.36 (compatible; Googlebot/2.1; +http://www.google.com/bot.html)"
195.206.107.202 - - [12/Nov/2024:22:45:06 +0300] "GET /eff48aefbe.php HTTP/1.0" 200 61010 "-" "-"
66.249.66.36 - - [12/Nov/2024:22:50:24 +0300] "GET /xmw23/uinta-county-courthouse.html HTTP/1.0" 500 3490 "-" "Mozilla/5.0 (Linux; Android 6.0.1; Nexus 5X Build/MMB29P) AppleWebKit/537.36 (KHTML, like Gecko) Chrome/130.0.6723.116 Mobile Safari/537.36 (compatible; Googlebot/2.1; +http://www.google.com/bot.html)"
66.249.66.36 - - [12/Nov/2024:22:53:19 +0300] "GET /yqmsquctw/boot-img-extractor-apk-mod.html HTTP/1.0" 500 341 "-" "Mozilla/5.0 (Linux; Android 6.0.1; Nexus 5X Build/MMB29P) AppleWebKit/537.36 (KHTML, like Gecko) Chrome/130.0.6723.116 Mobile Safari/537.36 (compatible; Googlebot/2.1; +http://www.google.com/bot.html)"
66.249.66.35 - - [12/Nov/2024:22:55:21 +0300] "GET /15j6niwwla.html HTTP/1.0" 404 61143 "-" "Mozilla/5.0 (Linux; Android 6.0.1; Nexus 5X Build/MMB29P) AppleWebKit/537.36 (KHTML, like Gecko) Chrome/130.0.6723.116 Mobile Safari/537.36 (compatible; Googlebot/2.1; +http://www.google.com/bot.html)"
66.249.66.35 - - [12/Nov/2024:23:01:21 +0300] "GET /yqmsquctw/ravan-plastificirani-lim-cena.html HTTP/1.0" 500 3490 "-" "Mozilla/5.0 (Linux; Android 6.0.1; Nexus 5X Build/MMB29P) AppleWebKit/537.36 (KHTML, like Gecko) Chrome/130.0.6723.116 Mobile Safari/537.36 (compatible; Googlebot/2.1; +http://www.google.com/bot.html)"
66.249.66.37 - - [12/Nov/2024:23:06:57 +0300] "GET /yqmsquctw/ifrc-jobs-salary.html HTTP/1.0" 500 3490 "-" "Mozilla/5.0 (Linux; Android 6.0.1; Nexus 5X Build/MMB29P) AppleWebKit/537.36 (KHTML, like Gecko) Chrome/130.0.6723.116 Mobile Safari/537.36 (compatible; Googlebot/2.1; +http://www.google.com/bot.html)"
66.249.66.36 - - [12/Nov/2024:23:09:22 +0300] "GET /yqmsquctw/helena-obituaries.html HTTP/1.0" 500 3490 "-" "Mozilla/5.0 (Linux; Android 6.0.1; Nexus 5X Build/MMB29P) AppleWebKit/537.36 (KHTML, like Gecko) Chrome/130.0.6723.116 Mobile Safari/537.36 (compatible; Googlebot/2.1; +http://www.google.com/bot.html)"
66.249.66.36 - - [12/Nov/2024:23:13:41 +0300] "GET /news/nalogi/ustanavlivaetsya-novyy-poryadok-ischisleniya-nalogovoy-bazy-po-konsolidirovannoy-nalogovoy-baze/?bxajaxid=7890a307e4f4bc7b66250ad1a4ae104f HTTP/1.0" 200 12092 "-" "Mozilla/5.0 (Linux; Android 6.0.1; Nexus 5X Build/MMB29P) AppleWebKit/537.36 (KHTML, like Gecko) Chrome/130.0.6723.116 Mobile Safari/537.36 (compatible; GoogleOther)"
66.249.66.35 - - [12/Nov/2024:23:17:22 +0300] "GET /yqmsquctw/snyder-daily-news-obituaries.html HTTP/1.0" 500 3490 "-" "Mozilla/5.0 (Linux; Android 6.0.1; Nexus 5X Build/MMB29P) AppleWebKit/537.36 (KHTML, like Gecko) Chrome/130.0.6723.116 Mobile Safari/537.36 (compatible; Googlebot/2.1; +http://www.google.com/bot.html)"
66.249.66.36 - - [12/Nov/2024:23:17:27 +0300] "GET /yqmsquctw/autodata-free-login.html HTTP/1.0" 500 341 "-" "Mozilla/5.0 (Linux; Android 6.0.1; Nexus 5X Build/MMB29P) AppleWebKit/537.36 (KHTML, like Gecko) Chrome/130.0.6723.116 Mobile Safari/537.36 (compatible; Googlebot/2.1; +http://www.google.com/bot.html)"
66.249.66.37 - - [12/Nov/2024:23:21:57 +0300] "GET /xmw23/mit-mechanical-engineering-course.html HTTP/1.0" 500 341 "-" "Mozilla/5.0 (Linux; Android 6.0.1; Nexus 5X Build/MMB29P) AppleWebKit/537.36 (KHTML, like Gecko) Chrome/130.0.6723.116 Mobile Safari/537.36 (compatible; Googlebot/2.1; +http://www.google.com/bot.html)"
66.249.66.35 - - [12/Nov/2024:23:22:23 +0300] "GET /yqmsquctw/bol-u-lijevom-donjem-dijelu-stomaka.html HTTP/1.0" 500 3490 "-" "Mozilla/5.0 (Linux; Android 6.0.1; Nexus 5X Build/MMB29P) AppleWebKit/537.36 (KHTML, like Gecko) Chrome/130.0.6723.116 Mobile Safari/537.36 (compatible; Googlebot/2.1; +http://www.google.com/bot.html)"
66.249.66.36 - - [12/Nov/2024:23:26:21 +0300] "GET /yqmsquctw/collin-county-police-department.html HTTP/1.0" 500 341 "-" "Mozilla/5.0 (Linux; Android 6.0.1; Nexus 5X Build/MMB29P) AppleWebKit/537.36 (KHTML, like Gecko) Chrome/130.0.6723.116 Mobile Safari/537.36 (compatible; Googlebot/2.1; +http://www.google.com/bot.html)"
66.249.66.35 - - [12/Nov/2024:23:27:58 +0300] "GET /xmw23/mitsubishi-delica-2000.html HTTP/1.0" 200 25590 "-" "Mozilla/5.0 (Linux; Android 6.0.1; Nexus 5X Build/MMB29P) AppleWebKit/537.36 (KHTML, like Gecko) Chrome/130.0.6723.116 Mobile Safari/537.36 (compatible; Googlebot/2.1; +http://www.google.com/bot.html)"
66.249.66.36 - - [12/Nov/2024:23:28:22 +0300] "GET /yqmsquctw/google-digital-garage-fundamentals-of-digital-marketing-pdf.html HTTP/1.0" 500 341 "-" "Mozilla/5.0 (Linux; Android 6.0.1; Nexus 5X Build/MMB29P) AppleWebKit/537.36 (KHTML, like Gecko) Chrome/130.0.6723.116 Mobile Safari/537.36 (compatible; Googlebot/2.1; +http://www.google.com/bot.html)"
66.249.66.35 - - [12/Nov/2024:23:28:56 +0300] "GET /xmw23/part-time-delivery-jobs-in-kuwait.html HTTP/1.0" 500 341 "-" "Mozilla/5.0 (Linux; Android 6.0.1; Nexus 5X Build/MMB29P) AppleWebKit/537.36 (KHTML, like Gecko) Chrome/130.0.6723.116 Mobile Safari/537.36 (compatible; Googlebot/2.1; +http://www.google.com/bot.html)"
66.249.66.37 - - [12/Nov/2024:23:29:15 +0300] "GET /xmw23/acca-ethics-and-professional-skills-module-answers-pdf.html HTTP/1.0" 200 20889 "-" "Mozilla/5.0 (Linux; Android 6.0.1; Nexus 5X Build/MMB29P) AppleWebKit/537.36 (KHTML, like Gecko) Chrome/130.0.6723.116 Mobile Safari/537.36 (compatible; Googlebot/2.1; +http://www.google.com/bot.html)"
66.249.66.37 - - [12/Nov/2024:23:31:23 +0300] "GET /yqmsquctw/avengers-fanfiction-peter-texts-tony-during-a-meeting.html HTTP/1.0" 500 3490 "-" "Mozilla/5.0 (Linux; Android 6.0.1; Nexus 5X Build/MMB29P) AppleWebKit/537.36 (KHTML, like Gecko) Chrome/130.0.6723.116 Mobile Safari/537.36 (compatible; Googlebot/2.1; +http://www.google.com/bot.html)"
66.249.66.35 - - [12/Nov/2024:23:36:18 +0300] "GET /yqmsquctw/haverstock-funeral-home-inc-obituaries.html HTTP/1.0" 500 341 "-" "Mozilla/5.0 (Linux; Android 6.0.1; Nexus 5X Build/MMB29P) AppleWebKit/537.36 (KHTML, like Gecko) Chrome/130.0.6723.116 Mobile Safari/537.36 (compatible; Googlebot/2.1; +http://www.google.com/bot.html)"
66.249.66.35 - - [12/Nov/2024:23:36:23 +0300] "GET /yqmsquctw/jobs-in-scarborough-for-students.html HTTP/1.0" 500 341 "-" "Mozilla/5.0 (Linux; Android 6.0.1; Nexus 5X Build/MMB29P) AppleWebKit/537.36 (KHTML, like Gecko) Chrome/130.0.6723.116 Mobile Safari/537.36 (compatible; Googlebot/2.1; +http://www.google.com/bot.html)"
66.249.66.37 - - [12/Nov/2024:23:37:23 +0300] "GET /yqmsquctw/horses-for-sale-alberta-facebook.html HTTP/1.0" 500 3490 "-" "Mozilla/5.0 (Linux; Android 6.0.1; Nexus 5X Build/MMB29P) AppleWebKit/537.36 (KHTML, like Gecko) Chrome/130.0.6723.116 Mobile Safari/537.36 (compatible; Googlebot/2.1; +http://www.google.com/bot.html)"
66.249.66.36 - - [12/Nov/2024:23:37:57 +0300] "GET /xmw23/cash-paying-psw-jobs.html HTTP/1.0" 500 3490 "-" "Mozilla/5.0 (Linux; Android 6.0.1; Nexus 5X Build/MMB29P) AppleWebKit/537.36 (KHTML, like Gecko) Chrome/130.0.6723.116 Mobile Safari/537.36 (compatible; Googlebot/2.1; +http://www.google.com/bot.html)"
66.249.66.36 - - [12/Nov/2024:23:38:23 +0300] "GET /xmw23/registered-nurse-international-visa-sponsorship-huguley-texas.html HTTP/1.0" 500 341 "-" "Mozilla/5.0 (Linux; Android 6.0.1; Nexus 5X Build/MMB29P) AppleWebKit/537.36 (KHTML, like Gecko) Chrome/130.0.6723.116 Mobile Safari/537.36 (compatible; Googlebot/2.1; +http://www.google.com/bot.html)"
