217.113.194.55 - - [09/Dec/2023:22:48:57 +0300] "GET /news/pravo/sud-priznal-pravomernym-otkaz-v-vychete-nds-iz-za-togo-chto-schet-faktura-byl-podpisan-faksimile-esl/ HTTP/1.1" 301 162 "-" "Mozilla/5.0 (compatible; Barkrowler/0.9; +https://babbar.tech/crawler)"
217.113.194.27 - - [09/Dec/2023:22:49:09 +0300] "GET /news/nalogi/esli-predoplata-i-otgruzka-tovara-proiskhodyat-v-techenie-pyati-dney-to-schet-faktura-na-predoplatu-/ HTTP/1.1" 301 162 "-" "Mozilla/5.0 (compatible; Barkrowler/0.9; +https://babbar.tech/crawler)"
217.113.194.28 - - [09/Dec/2023:22:49:20 +0300] "GET /news/pravo/shtraf-za-nesvoevremennuyu-uplatu-ndfl-pri-kakikh-usloviyakh-nalogovyy-agent-mozhet-izbezhat-sanktsi/ HTTP/1.1" 301 162 "-" "Mozilla/5.0 (compatible; Barkrowler/0.9; +https://babbar.tech/crawler)"
45.138.16.168 - - [09/Dec/2023:23:22:54 +0300] "POST /auth/?register=yes HTTP/1.1" 301 162 "http://gcba.ru/auth/?register=yes" "Mozilla/5.0 (Windows NT 10.0; Win64; x64) AppleWebKit/537.36 (KHTML, like Gecko) Chrome/119.0.0.0 Safari/537.36"
45.138.16.168 - - [09/Dec/2023:23:22:57 +0300] "POST /auth/?forgot_password=yes HTTP/1.1" 301 162 "http://gcba.ru/auth/?register=yes" "Mozilla/5.0 (Windows NT 10.0; Win64; x64) AppleWebKit/537.36 (KHTML, like Gecko) Chrome/119.0.0.0 Safari/537.36"
51.250.124.16 - - [09/Dec/2023:23:26:24 +0300] "GET / HTTP/1.1" 301 162 "-" "curl/7.58.0"
52.167.144.215 - - [09/Dec/2023:23:35:34 +0300] "GET /services/?section_id=4 HTTP/1.1" 301 162 "-" "Mozilla/5.0 AppleWebKit/537.36 (KHTML, like Gecko; compatible; bingbot/2.0; +http://www.bing.com/bingbot.htm) Chrome/116.0.1938.76 Safari/537.36"
85.8.187.124 - - [09/Dec/2023:23:44:34 +0300] "GET / HTTP/1.1" 301 162 "https://google.com/search?q=" "Mozilla/5.0 (Windows NT 10.0; Win64; x64) AppleWebKit/537.36 (KHTML, like Gecko) Chrome/88.0.4324.190 Safari/537.36"
163.172.131.136 - - [09/Dec/2023:23:58:25 +0300] "HEAD / HTTP/1.1" 301 0 "-" "Mozilla/5.0 (Linux; Android 10; K) AppleWebKit/537.36 (KHTML, like Gecko) Chrome/117.0.0.0 Mobile Safari/537.36"
94.228.169.107 - - [09/Dec/2023:23:59:33 +0300] "GET / HTTP/1.1" 301 162 "-" "Mozilla/5.0 (Macintosh; Intel Mac OS X 10_11_0) AppleWebKit/537.36 (KHTML, like Gecko) Chrome/56.0.2955.2 Safari/537.36"
94.228.169.107 - - [10/Dec/2023:00:10:24 +0300] "GET / HTTP/1.1" 301 162 "-" "Mozilla/5.0 (Macintosh; Intel Mac OS X 10_9_1) AppleWebKit/537.36 (KHTML, like Gecko) Chrome/55.0.2919.92 Safari/537.36"
181.215.185.223 - - [10/Dec/2023:00:12:13 +0300] "GET /bitrix/redirect.php?event1=click_to_call&event2=&event3=&goto=https://pro-remont-holodilnikov.ru HTTP/1.1" 301 162 "-" "Mozilla/5.0 (Windows NT 10.0; Win64; x64; rv:114.0) Gecko/20100101 Firefox/114.0"
216.244.66.235 - - [10/Dec/2023:00:35:17 +0300] "GET /robots.txt HTTP/1.1" 301 162 "-" "Mozilla/5.0 (compatible; DotBot/1.2; +https://opensiteexplorer.org/dotbot; help@moz.com)"
45.138.16.168 - - [10/Dec/2023:00:51:02 +0300] "POST /auth/?register=yes HTTP/1.1" 301 162 "http://gcba.ru/auth/?register=yes" "Mozilla/5.0 (Windows NT 10.0; Win64; x64) AppleWebKit/537.36 (KHTML, like Gecko) Chrome/119.0.0.0 Safari/537.36"
45.138.16.168 - - [10/Dec/2023:00:51:05 +0300] "POST /auth/?forgot_password=yes HTTP/1.1" 301 162 "http://gcba.ru/auth/?register=yes" "Mozilla/5.0 (Windows NT 10.0; Win64; x64) AppleWebKit/537.36 (KHTML, like Gecko) Chrome/119.0.0.0 Safari/537.36"
45.146.167.56 - - [10/Dec/2023:01:46:05 +0300] "GET /bitrix/modules/main/include/prolog.php?micat=echo+base64_decode('cXdlcXdlcXdlcXdlcXdl')%3b&midog=echo+base64_decode('cXdlcXdlcXdlcXdlcXdl')%3b HTTP/1.1" 301 162 "-" "Mozilla/5.0 (X11; Linux x86_64; rv:102.0) Gecko/20100101 Firefox/102.0_Cyberok"
45.146.167.56 - - [10/Dec/2023:01:46:08 +0300] "GET /bitrix/tools/.sess HTTP/1.1" 301 162 "-" "Mozilla/5.0 (X11; Linux x86_64; rv:102.0) Gecko/20100101 Firefox/102.0_Cyberok"
45.146.167.56 - - [10/Dec/2023:01:46:09 +0300] "GET /bitrix/tools/.session HTTP/1.1" 301 162 "-" "Mozilla/5.0 (X11; Linux x86_64; rv:102.0) Gecko/20100101 Firefox/102.0_Cyberok"
172.232.33.229 - - [10/Dec/2023:01:46:21 +0300] "GET /sftp-config.json HTTP/1.1" 301 162 "-" "Mozilla/5.0 (Macintosh; Intel Mac OS X 10.15; rv:77.0) Gecko/20100101 Firefox/77.0"
172.232.33.229 - - [10/Dec/2023:01:46:42 +0300] "GET /.vscode/sftp.json HTTP/1.1" 301 162 "-" "Mozilla/5.0 (Macintosh; Intel Mac OS X 10.15; rv:77.0) Gecko/20100101 Firefox/77.0"
45.146.167.56 - - [10/Dec/2023:02:09:27 +0300] "GET /bitrix/modules/ldap/leghbpqx.php HTTP/1.1" 301 162 "-" "Mozilla/5.0 (X11; Linux x86_64; rv:102.0) Gecko/20100101 Firefox/102.0_Cyberok"
45.146.167.56 - - [10/Dec/2023:02:09:28 +0300] "GET /bitrix/modules/ldap/index.php HTTP/1.1" 301 162 "-" "Mozilla/5.0 (X11; Linux x86_64; rv:102.0) Gecko/20100101 Firefox/102.0_Cyberok"
45.146.167.56 - - [10/Dec/2023:02:10:50 +0300] "POST /bitrix/modules/main/bx_root.php HTTP/1.1" 301 162 "-" "Mozilla/5.0 (X11; Linux x86_64; rv:102.0) Gecko/20100101 Firefox/102.0"
45.146.167.56 - - [10/Dec/2023:02:10:51 +0300] "POST / HTTP/1.1" 301 162 "-" "Mozilla/5.0 (X11; Linux x86_64; rv:102.0) Gecko/20100101 Firefox/102.0"
45.146.167.56 - - [10/Dec/2023:02:10:52 +0300] "POST /bitrix/modules/main/include/prolog_after.php HTTP/1.1" 301 162 "-" "Mozilla/5.0 (X11; Linux x86_64; rv:102.0) Gecko/20100101 Firefox/102.0_Cyberok"
45.146.167.56 - - [10/Dec/2023:02:10:53 +0300] "POST / HTTP/1.1" 301 162 "-" "Mozilla/5.0 (X11; Linux x86_64; rv:102.0) Gecko/20100101 Firefox/102.0_Cyberok"
45.146.167.56 - - [10/Dec/2023:02:10:53 +0300] "GET /bitrix/admin/2pqqzlot.php HTTP/1.1" 301 162 "-" "Mozilla/5.0 (X11; Linux x86_64; rv:102.0) Gecko/20100101 Firefox/102.0_Cyberok"
45.146.167.56 - - [10/Dec/2023:02:10:54 +0300] "GET /bitrix/admin/inputs.php HTTP/1.1" 301 162 "-" "Mozilla/5.0 (X11; Linux x86_64; rv:102.0) Gecko/20100101 Firefox/102.0_Cyberok"
45.146.167.56 - - [10/Dec/2023:02:11:01 +0300] "GET /ls2vnld2.php HTTP/1.1" 301 162 "-" "Mozilla/5.0 (X11; Linux x86_64; rv:102.0) Gecko/20100101 Firefox/102.0_Cyberok"
45.146.167.56 - - [10/Dec/2023:02:11:02 +0300] "GET /xmlrpcs.php HTTP/1.1" 301 162 "-" "Mozilla/5.0 (X11; Linux x86_64; rv:102.0) Gecko/20100101 Firefox/102.0_Cyberok"
45.146.167.56 - - [10/Dec/2023:02:11:29 +0300] "GET /bitrix/components/bitrix/main.file.input/main.php HTTP/1.1" 301 162 "-" "Mozilla/5.0 (X11; Linux x86_64; rv:102.0) Gecko/20100101 Firefox/102.0_Cyberok"
45.146.167.56 - - [10/Dec/2023:02:11:30 +0300] "GET / HTTP/1.1" 301 162 "-" "Mozilla/5.0 (X11; Linux x86_64; rv:102.0) Gecko/20100101 Firefox/102.0_Cyberok"
45.146.167.56 - - [10/Dec/2023:02:11:30 +0300] "GET /bitrix/activities/bitrix/setvariableactivity/lang/ru/oyrsdcqy.php HTTP/1.1" 301 162 "-" "Mozilla/5.0 (X11; Linux x86_64; rv:102.0) Gecko/20100101 Firefox/102.0_Cyberok"
45.146.167.56 - - [10/Dec/2023:02:11:31 +0300] "GET /bitrix/activities/bitrix/setvariableactivity/lang/ru/index.php HTTP/1.1" 301 162 "-" "Mozilla/5.0 (X11; Linux x86_64; rv:102.0) Gecko/20100101 Firefox/102.0_Cyberok"
45.146.167.56 - - [10/Dec/2023:02:11:51 +0300] "GET /bitrix/tools/3vmhxjpt.php HTTP/1.1" 301 162 "-" "Mozilla/5.0 (X11; Linux x86_64; rv:102.0) Gecko/20100101 Firefox/102.0_Cyberok"
45.146.167.56 - - [10/Dec/2023:02:11:52 +0300] "GET /bitrix/tools/send_trait_imap.php HTTP/1.1" 301 162 "-" "Mozilla/5.0 (X11; Linux x86_64; rv:102.0) Gecko/20100101 Firefox/102.0_Cyberok"
45.146.167.56 - - [10/Dec/2023:02:11:54 +0300] "GET /bitrix/js/iblock/moimugbh.php HTTP/1.1" 301 162 "-" "Mozilla/5.0 (X11; Linux x86_64; rv:102.0) Gecko/20100101 Firefox/102.0_Cyberok"
45.146.167.56 - - [10/Dec/2023:02:11:55 +0300] "GET /bitrix/virtual_routes.php?state=MD10cmltJjE9cXdlcXdlcXdlcXdlcXdlYXNkJjI9YXNk HTTP/1.1" 301 162 "-" "Mozilla/5.0 (X11; Linux x86_64; rv:102.0) Gecko/20100101 Firefox/102.0_Cyberok"
45.146.167.56 - - [10/Dec/2023:02:11:55 +0300] "GET /bitrix/js/iblock/admin.php HTTP/1.1" 301 162 "-" "Mozilla/5.0 (X11; Linux x86_64; rv:102.0) Gecko/20100101 Firefox/102.0_Cyberok"
45.146.167.56 - - [10/Dec/2023:02:11:55 +0300] "GET /bitrix/src/app/p9j3ifcx.php HTTP/1.1" 301 162 "-" "Mozilla/5.0 (X11; Linux x86_64; rv:102.0) Gecko/20100101 Firefox/102.0_Cyberok"
45.146.167.56 - - [10/Dec/2023:02:11:55 +0300] "GET /bitrix/tools/.cas.php HTTP/1.1" 301 162 "-" "Mozilla/5.0 (X11; Linux x86_64; rv:102.0) Gecko/20100101 Firefox/102.0_Cyberok"
45.146.167.56 - - [10/Dec/2023:02:11:55 +0300] "POST /bitrix/virtual_routes.php HTTP/1.1" 301 162 "-" "Mozilla/5.0 (X11; Linux x86_64; rv:102.0) Gecko/20100101 Firefox/102.0_Cyberok"
45.146.167.56 - - [10/Dec/2023:02:11:56 +0300] "GET /?state=MD10cmltJjE9cXdlcXdlcXdlcXdlcXdlYXNkJjI9YXNk HTTP/1.1" 301 162 "-" "Mozilla/5.0 (X11; Linux x86_64; rv:102.0) Gecko/20100101 Firefox/102.0_Cyberok"
45.146.167.56 - - [10/Dec/2023:02:11:56 +0300] "GET /bitrix/tools/.cas.tmp.php HTTP/1.1" 301 162 "-" "Mozilla/5.0 (X11; Linux x86_64; rv:102.0) Gecko/20100101 Firefox/102.0_Cyberok"
45.146.167.56 - - [10/Dec/2023:02:11:56 +0300] "GET /bitrix/src/app/l.php HTTP/1.1" 301 162 "-" "Mozilla/5.0 (X11; Linux x86_64; rv:102.0) Gecko/20100101 Firefox/102.0_Cyberok"
45.146.167.56 - - [10/Dec/2023:02:11:56 +0300] "POST / HTTP/1.1" 301 162 "-" "Mozilla/5.0 (X11; Linux x86_64; rv:102.0) Gecko/20100101 Firefox/102.0_Cyberok"
45.138.16.168 - - [10/Dec/2023:02:25:07 +0300] "POST /auth/?register=yes HTTP/1.1" 301 162 "http://gcba.ru/auth/?register=yes" "Mozilla/5.0 (Windows NT 10.0; Win64; x64) AppleWebKit/537.36 (KHTML, like Gecko) Chrome/119.0.0.0 Safari/537.36"
45.138.16.168 - - [10/Dec/2023:02:25:10 +0300] "POST /auth/?forgot_password=yes HTTP/1.1" 301 162 "http://gcba.ru/auth/?register=yes" "Mozilla/5.0 (Windows NT 10.0; Win64; x64) AppleWebKit/537.36 (KHTML, like Gecko) Chrome/119.0.0.0 Safari/537.36"
45.146.167.56 - - [10/Dec/2023:02:46:55 +0300] "GET /bitrix/tools/spread.php?state=MD10cmltJjE9cXdlcXdlcXdlcXdlcXdlYXNkJjI9YXNk HTTP/1.1" 301 162 "-" "Mozilla/5.0 (X11; Linux x86_64; rv:102.0) Gecko/20100101 Firefox/102.0_Cyberok"
45.146.167.56 - - [10/Dec/2023:02:46:55 +0300] "GET /bitrix/spread.php?state=MD10cmltJjE9cXdlcXdlcXdlcXdlcXdlYXNkJjI9YXNk HTTP/1.1" 301 162 "-" "Mozilla/5.0 (X11; Linux x86_64; rv:102.0) Gecko/20100101 Firefox/102.0_Cyberok"
45.146.167.56 - - [10/Dec/2023:02:46:56 +0300] "GET /bitrix/modules/main/spread.php?state=MD10cmltJjE9cXdlcXdlcXdlcXdlcXdlYXNkJjI9YXNk HTTP/1.1" 301 162 "-" "Mozilla/5.0 (X11; Linux x86_64; rv:102.0) Gecko/20100101 Firefox/102.0_Cyberok"
45.146.167.56 - - [10/Dec/2023:02:46:56 +0300] "GET /?state=MD10cmltJjE9cXdlcXdlcXdlcXdlcXdlYXNkJjI9YXNk HTTP/1.1" 301 162 "-" "Mozilla/5.0 (X11; Linux x86_64; rv:102.0) Gecko/20100101 Firefox/102.0_Cyberok"
94.228.169.107 - - [10/Dec/2023:03:37:31 +0300] "GET / HTTP/1.1" 301 162 "-" "Mozilla/5.0 (Windows NT 6.3; WOW64) AppleWebKit/537.36 (KHTML, like Gecko) Chrome/55.0.2910.43 Safari/537.36"
159.89.117.188 - - [10/Dec/2023:03:53:47 +0300] "GET / HTTP/1.1" 301 162 "-" "Mozilla/5.0 (X11; Linux x86_64) AppleWebKit/537.36 (KHTML, like Gecko) Chrome/108.0.0.0 Safari/537.36"
45.138.16.168 - - [10/Dec/2023:04:03:21 +0300] "POST /auth/?register=yes HTTP/1.1" 301 162 "http://gcba.ru/auth/?register=yes" "Mozilla/5.0 (Windows NT 10.0; Win64; x64) AppleWebKit/537.36 (KHTML, like Gecko) Chrome/119.0.0.0 Safari/537.36"
45.138.16.168 - - [10/Dec/2023:04:03:24 +0300] "POST /auth/?forgot_password=yes HTTP/1.1" 301 162 "http://gcba.ru/auth/?register=yes" "Mozilla/5.0 (Windows NT 10.0; Win64; x64) AppleWebKit/537.36 (KHTML, like Gecko) Chrome/119.0.0.0 Safari/537.36"
149.88.19.6 - - [10/Dec/2023:04:16:41 +0300] "GET / HTTP/1.0" 301 162 "http://gcba.ru/" "Mozilla/5.0 (Windows NT 10.0; Win64; x64) AppleWebKit/537.36 (KHTML, like Gecko) Chrome/103.0.5042.0 Safari/537.36"
169.150.208.132 - - [10/Dec/2023:05:09:48 +0300] "GET / HTTP/1.0" 301 162 "http://gcba.ru/" "Mozilla/5.0 (Windows NT 10.0) AppleWebKit/537.36 (KHTML, like Gecko) Chrome/103.0.0.0 Safari/537.36"
213.180.203.64 - - [10/Dec/2023:05:29:10 +0300] "GET /robots.txt HTTP/1.1" 301 162 "-" "Mozilla/5.0 (compatible; YandexBot/3.0; +http://yandex.com/bots)"
213.180.203.79 - - [10/Dec/2023:05:29:11 +0300] "GET / HTTP/1.1" 301 162 "-" "Mozilla/5.0 (compatible; YandexBot/3.0; +http://yandex.com/bots)"
45.138.16.168 - - [10/Dec/2023:05:44:17 +0300] "POST /auth/?register=yes HTTP/1.1" 301 162 "http://gcba.ru/auth/?register=yes" "Mozilla/5.0 (Windows NT 10.0; Win64; x64) AppleWebKit/537.36 (KHTML, like Gecko) Chrome/119.0.0.0 Safari/537.36"
45.138.16.168 - - [10/Dec/2023:05:44:19 +0300] "POST /auth/?forgot_password=yes HTTP/1.1" 301 162 "http://gcba.ru/auth/?register=yes" "Mozilla/5.0 (Windows NT 10.0; Win64; x64) AppleWebKit/537.36 (KHTML, like Gecko) Chrome/119.0.0.0 Safari/537.36"
154.47.27.98 - - [10/Dec/2023:06:37:40 +0300] "GET / HTTP/1.0" 301 162 "http://gcba.ru/" "Mozilla/5.0 (Windows NT 6.1; Win64; x64) AppleWebKit/537.36 (KHTML, like Gecko) Chrome/103.0.0.0 Safari/537.36"
94.228.169.107 - - [10/Dec/2023:06:59:12 +0300] "GET / HTTP/1.1" 301 162 "-" "Mozilla/5.0 (X11; Linux x86_64; rv:48.0) Gecko/20100101 Firefox/48.0"
45.138.16.168 - - [10/Dec/2023:07:26:55 +0300] "POST /auth/?register=yes HTTP/1.1" 301 162 "http://gcba.ru/auth/?register=yes" "Mozilla/5.0 (Windows NT 10.0; Win64; x64) AppleWebKit/537.36 (KHTML, like Gecko) Chrome/119.0.0.0 Safari/537.36"
45.138.16.168 - - [10/Dec/2023:07:26:57 +0300] "POST /auth/?forgot_password=yes HTTP/1.1" 301 162 "http://gcba.ru/auth/?register=yes" "Mozilla/5.0 (Windows NT 10.0; Win64; x64) AppleWebKit/537.36 (KHTML, like Gecko) Chrome/119.0.0.0 Safari/537.36"
149.102.238.137 - - [10/Dec/2023:08:34:42 +0300] "GET / HTTP/1.0" 301 162 "http://gcba.ru/" "Mozilla/5.0 (Windows NT 6.1; Win64; x64) AppleWebKit/537.36 (KHTML, like Gecko) Chrome/103.0.0.0 Safari/537.36"
45.138.16.168 - - [10/Dec/2023:09:15:40 +0300] "POST /auth/?register=yes HTTP/1.1" 301 162 "http://gcba.ru/auth/?register=yes" "Mozilla/5.0 (Windows NT 10.0; Win64; x64) AppleWebKit/537.36 (KHTML, like Gecko) Chrome/119.0.0.0 Safari/537.36"
45.138.16.168 - - [10/Dec/2023:09:15:43 +0300] "POST /auth/?forgot_password=yes HTTP/1.1" 301 162 "http://gcba.ru/auth/?register=yes" "Mozilla/5.0 (Windows NT 10.0; Win64; x64) AppleWebKit/537.36 (KHTML, like Gecko) Chrome/119.0.0.0 Safari/537.36"
44.203.103.78 - - [10/Dec/2023:09:25:19 +0300] "GET /bitrix/js/main/polyfill/fill/main.polyfill.fill.js HTTP/1.1" 301 162 "-" "Mozilla/5.0 (Macintosh; Intel Mac OS X 10_14_6) AppleWebKit/537.36 (KHTML, like Gecko) Chrome/99.0.4844.84 Safari/537.36"
94.228.169.107 - - [10/Dec/2023:10:21:04 +0300] "GET / HTTP/1.1" 301 162 "-" "Mozilla/5.0 (X11; Linux x86_64) AppleWebKit/537.36 (KHTML, like Gecko) Chrome/51.0.2710.15 Safari/537.36"
45.138.16.168 - - [10/Dec/2023:11:07:39 +0300] "POST /auth/?register=yes HTTP/1.1" 301 162 "http://gcba.ru/auth/?register=yes" "Mozilla/5.0 (Windows NT 10.0; Win64; x64) AppleWebKit/537.36 (KHTML, like Gecko) Chrome/119.0.0.0 Safari/537.36"
45.138.16.168 - - [10/Dec/2023:11:07:43 +0300] "POST /auth/?forgot_password=yes HTTP/1.1" 301 162 "http://gcba.ru/auth/?register=yes" "Mozilla/5.0 (Windows NT 10.0; Win64; x64) AppleWebKit/537.36 (KHTML, like Gecko) Chrome/119.0.0.0 Safari/537.36"
5.42.64.62 - - [10/Dec/2023:11:33:20 +0300] "GET / HTTP/1.0" 301 162 "-" "Mozilla/5.0 (Windows NT 10.0; Win64; x64) AppleWebKit/537.36 (KHTML, like Gecko) Chrome/118.0.0.0 Safari/537.36"
51.255.133.33 - - [10/Dec/2023:11:52:06 +0300] "GET / HTTP/1.1" 301 162 "-" "User-Agent: Mozilla/5.0 (X11; Linux x86_64) AppleWebKit/537.36 (KHTML, like Gecko) Chrome/76.0.3809.100 Safari/537.36"
5.252.118.211 - - [10/Dec/2023:12:41:38 +0300] "GET / HTTP/1.1" 301 162 "-" "Mozilla/5.0 (Windows NT 10.0) AppleWebKit/537.36 (KHTML, like Gecko) Chrome/51.0.2736.64 Safari/537.36"
45.138.16.168 - - [10/Dec/2023:13:04:25 +0300] "POST /auth/?register=yes HTTP/1.1" 301 162 "http://gcba.ru/auth/?register=yes" "Mozilla/5.0 (Windows NT 10.0; Win64; x64) AppleWebKit/537.36 (KHTML, like Gecko) Chrome/119.0.0.0 Safari/537.36"
45.138.16.168 - - [10/Dec/2023:13:04:28 +0300] "POST /auth/?forgot_password=yes HTTP/1.1" 301 162 "http://gcba.ru/auth/?register=yes" "Mozilla/5.0 (Windows NT 10.0; Win64; x64) AppleWebKit/537.36 (KHTML, like Gecko) Chrome/119.0.0.0 Safari/537.36"
94.228.169.107 - - [10/Dec/2023:13:46:17 +0300] "GET / HTTP/1.1" 301 162 "-" "Mozilla/5.0 (Macintosh; Intel Mac OS X 10.8; rv:47.0) Gecko/20100101 Firefox/47.0"
216.244.66.235 - - [10/Dec/2023:14:16:08 +0300] "GET /robots.txt HTTP/1.1" 301 162 "-" "Mozilla/5.0 (compatible; DotBot/1.2; +https://opensiteexplorer.org/dotbot; help@moz.com)"
107.189.30.86 - - [10/Dec/2023:14:43:56 +0300] "GET / HTTP/1.0" 301 162 "http://gcba.ru/" "Mozilla/5.0 (Windows NT 10.0; WOW64) AppleWebKit/537.36 (KHTML, like Gecko) Chrome/103.0.5060.114 Safari/537.36"
45.138.16.168 - - [10/Dec/2023:15:06:20 +0300] "POST /auth/?register=yes HTTP/1.1" 301 162 "http://gcba.ru/auth/?register=yes" "Mozilla/5.0 (Windows NT 10.0; Win64; x64) AppleWebKit/537.36 (KHTML, like Gecko) Chrome/119.0.0.0 Safari/537.36"
45.138.16.168 - - [10/Dec/2023:15:06:23 +0300] "POST /auth/?forgot_password=yes HTTP/1.1" 301 162 "http://gcba.ru/auth/?register=yes" "Mozilla/5.0 (Windows NT 10.0; Win64; x64) AppleWebKit/537.36 (KHTML, like Gecko) Chrome/119.0.0.0 Safari/537.36"
216.244.66.235 - - [10/Dec/2023:15:13:22 +0300] "GET /robots.txt HTTP/1.1" 301 162 "-" "Mozilla/5.0 (compatible; DotBot/1.2; +https://opensiteexplorer.org/dotbot; help@moz.com)"
66.249.66.165 - - [10/Dec/2023:15:15:59 +0300] "GET /robots.txt HTTP/1.1" 301 162 "-" "Mozilla/5.0 (compatible; Googlebot/2.1; +http://www.google.com/bot.html)"
66.249.66.165 - - [10/Dec/2023:15:15:59 +0300] "GET /news/pravo/zarplatu-za-schet-sredstv-subsidii-osvobodili-ot-ndfl/ HTTP/1.1" 301 162 "-" "Mozilla/5.0 (Linux; Android 6.0.1; Nexus 5X Build/MMB29P) AppleWebKit/537.36 (KHTML, like Gecko) Chrome/120.0.6099.62 Mobile Safari/537.36 (compatible; Googlebot/2.1; +http://www.google.com/bot.html)"
185.12.124.78 - - [10/Dec/2023:15:48:17 +0300] "GET / HTTP/1.1" 301 162 "GCBA.RU" "Mozilla/5.0 (compatible; BackupLand/1.0; https://go.backupland.com/; Domain check for viruses;)"
42.236.17.235 - - [10/Dec/2023:16:20:26 +0300] "GET / HTTP/1.1" 301 162 "http://gcba.ru/" "Mozilla/5.0 (Windows NT 6.1; WOW64) AppleWebKit/537.36 (KHTML, like Gecko) Chrome/50.0.2661.102 Safari/537.36; 360Spider"
45.138.16.168 - - [10/Dec/2023:16:30:11 +0300] "POST /auth/?register=yes HTTP/1.1" 301 162 "http://gcba.ru/auth/?register=yes" "Mozilla/5.0 (Windows NT 10.0; Win64; x64) AppleWebKit/537.36 (KHTML, like Gecko) Chrome/119.0.0.0 Safari/537.36"
45.138.16.168 - - [10/Dec/2023:16:30:12 +0300] "POST /auth/?forgot_password=yes HTTP/1.1" 301 162 "http://gcba.ru/auth/?register=yes" "Mozilla/5.0 (Windows NT 10.0; Win64; x64) AppleWebKit/537.36 (KHTML, like Gecko) Chrome/119.0.0.0 Safari/537.36"
17.241.227.244 - - [10/Dec/2023:17:14:16 +0300] "GET /robots.txt HTTP/1.1" 301 162 "-" "Mozilla/5.0 (Macintosh; Intel Mac OS X 10_15_5) AppleWebKit/605.1.15 (KHTML, like Gecko) Version/13.1.1 Safari/605.1.15 (Applebot/0.1; +http://www.apple.com/go/applebot)"
17.241.227.244 - - [10/Dec/2023:17:14:17 +0300] "GET /news/metodologiya/perekhod-na-usn-s-1-yanvarya-2017-goda-nalogoviki-razyasnili-kak-organizatsiyam-primenyat-limit-po-o/ HTTP/1.1" 301 162 "-" "Mozilla/5.0 (Macintosh; Intel Mac OS X 10_15_5) AppleWebKit/605.1.15 (KHTML, like Gecko) Version/13.1.1 Safari/605.1.15 (Applebot/0.1; +http://www.apple.com/go/applebot)"
94.228.169.107 - - [10/Dec/2023:17:17:59 +0300] "GET / HTTP/1.1" 301 162 "-" "Mozilla/5.0 (Windows NT 6.3; rv:48.0) Gecko/20100101 Firefox/48.0"
45.138.16.168 - - [10/Dec/2023:17:30:14 +0300] "POST /auth/?register=yes HTTP/1.1" 301 162 "http://gcba.ru/auth/?register=yes" "Mozilla/5.0 (Windows NT 10.0; Win64; x64) AppleWebKit/537.36 (KHTML, like Gecko) Chrome/119.0.0.0 Safari/537.36"
45.138.16.168 - - [10/Dec/2023:17:30:16 +0300] "POST /auth/?forgot_password=yes HTTP/1.1" 301 162 "http://gcba.ru/auth/?register=yes" "Mozilla/5.0 (Windows NT 10.0; Win64; x64) AppleWebKit/537.36 (KHTML, like Gecko) Chrome/119.0.0.0 Safari/537.36"
45.138.16.168 - - [10/Dec/2023:18:39:28 +0300] "POST /auth/?register=yes HTTP/1.1" 301 162 "http://gcba.ru/auth/?register=yes" "Mozilla/5.0 (Windows NT 10.0; Win64; x64) AppleWebKit/537.36 (KHTML, like Gecko) Chrome/119.0.0.0 Safari/537.36"
45.138.16.168 - - [10/Dec/2023:18:39:30 +0300] "POST /auth/?forgot_password=yes HTTP/1.1" 301 162 "http://gcba.ru/auth/?register=yes" "Mozilla/5.0 (Windows NT 10.0; Win64; x64) AppleWebKit/537.36 (KHTML, like Gecko) Chrome/119.0.0.0 Safari/537.36"
45.146.167.56 - - [10/Dec/2023:19:03:31 +0300] "GET / HTTP/1.1" 301 162 "-" "Mozilla/5.0 (X11; Linux x86_64; rv:102.0) Gecko/20100101 Firefox/102.0_Cyberok"
80.66.79.9 - - [10/Dec/2023:19:12:52 +0300] "GET / HTTP/1.1" 301 162 "https://winsystem.xyz/" "Mozilla/1.22 (compatible; MSIE 2.0; Windows 95)"
80.66.79.9 - - [10/Dec/2023:19:12:52 +0300] "GET / HTTP/1.1" 301 162 "https://winsystem.xyz/" "Mozilla/1.22 (compatible; MSIE 2.0; Windows 95)"
80.66.79.9 - - [10/Dec/2023:19:12:52 +0300] "GET / HTTP/1.1" 301 162 "https://winsystem.xyz/" "Mozilla/1.22 (compatible; MSIE 2.0; Windows 95)"
82.147.85.78 - - [10/Dec/2023:19:13:13 +0300] "GET / HTTP/1.0" 301 162 "http://gcba.ru/" "Mozilla/5.0 (Windows NT 6.1; Win64; x64) AppleWebKit/537.36 (KHTML, like Gecko) Chrome/103.0.0.0 Safari/537.36"
45.138.16.168 - - [10/Dec/2023:19:54:52 +0300] "POST /auth/?register=yes HTTP/1.1" 301 162 "http://gcba.ru/auth/?register=yes" "Mozilla/5.0 (Windows NT 10.0; Win64; x64) AppleWebKit/537.36 (KHTML, like Gecko) Chrome/119.0.0.0 Safari/537.36"
45.138.16.168 - - [10/Dec/2023:19:54:55 +0300] "POST /auth/?forgot_password=yes HTTP/1.1" 301 162 "http://gcba.ru/auth/?register=yes" "Mozilla/5.0 (Windows NT 10.0; Win64; x64) AppleWebKit/537.36 (KHTML, like Gecko) Chrome/119.0.0.0 Safari/537.36"
185.87.122.40 - - [10/Dec/2023:20:09:55 +0300] "GET /wp-login.php HTTP/1.1" 301 162 "-" "Mozilla/5.0 (X11; Fedora; Linux x86_64; rv:94.0) Gecko/20100101 Firefox/95.0"
94.228.169.107 - - [10/Dec/2023:20:12:26 +0300] "GET / HTTP/1.1" 301 162 "-" "Mozilla/5.0 (Windows NT 6.1; WOW64; rv:50.0) Gecko/20100101 Firefox/50.0"
94.228.169.107 - - [10/Dec/2023:20:48:16 +0300] "GET / HTTP/1.1" 301 162 "-" "Mozilla/5.0 (compatible; MSIE 9.0; Windows NT 6.2; Win64; x64; Trident/5.0)"
45.146.167.56 - - [10/Dec/2023:21:10:42 +0300] "GET /bitrix/tools/composite_data.php HTTP/1.1" 301 162 "-" "Mozilla/5.0 (X11; Linux x86_64; rv:102.0) Gecko/20100101 Firefox/102.0_Cyberok"
45.146.167.56 - - [10/Dec/2023:21:10:43 +0300] "POST /bitrix/tools/vote/uf.php?attachId%5BMODULE_ID%5D=iblock&attachId%5BENTITY_TYPE%5D=CFileUploader&action=vote&sessid=badcdab82d4e58c950fc76b2252b594d&attachId%5BENTITY_ID%5D%5Bcopies%5D%5Bfixcve-2022-27228.jpg%5D=1&attachId%5BENTITY_ID%5D%5Bcopies%5D%5B..%2F.htaccess%5D=1 HTTP/1.1" 301 162 "-" "Mozilla/5.0 (X11; Linux x86_64; rv:102.0) Gecko/20100101 Firefox/102.0_Cyberok"
45.138.16.168 - - [10/Dec/2023:21:17:17 +0300] "POST /auth/?register=yes HTTP/1.1" 301 162 "http://gcba.ru/auth/?register=yes" "Mozilla/5.0 (Windows NT 10.0; Win64; x64) AppleWebKit/537.36 (KHTML, like Gecko) Chrome/119.0.0.0 Safari/537.36"
45.138.16.168 - - [10/Dec/2023:21:17:20 +0300] "POST /auth/?forgot_password=yes HTTP/1.1" 301 162 "http://gcba.ru/auth/?register=yes" "Mozilla/5.0 (Windows NT 10.0; Win64; x64) AppleWebKit/537.36 (KHTML, like Gecko) Chrome/119.0.0.0 Safari/537.36"
45.138.16.168 - - [10/Dec/2023:22:47:01 +0300] "POST /auth/?register=yes HTTP/1.1" 301 162 "http://gcba.ru/auth/?register=yes" "Mozilla/5.0 (Windows NT 10.0; Win64; x64) AppleWebKit/537.36 (KHTML, like Gecko) Chrome/119.0.0.0 Safari/537.36"
45.138.16.168 - - [10/Dec/2023:22:47:03 +0300] "POST /auth/?forgot_password=yes HTTP/1.1" 301 162 "http://gcba.ru/auth/?register=yes" "Mozilla/5.0 (Windows NT 10.0; Win64; x64) AppleWebKit/537.36 (KHTML, like Gecko) Chrome/119.0.0.0 Safari/537.36"
208.100.26.244 - - [10/Dec/2023:23:30:09 +0300] "HEAD /core/misc/drupal.js HTTP/1.1" 301 0 "-" "Mozilla/5.0 (iPad; CPU OS 11_3 like Mac OS X) AppleWebKit/605.1.15 (KHTML, like Gecko) Version/11.0 Mobile/15E148 Safari/604.1"
184.185.2.12 - - [10/Dec/2023:23:55:28 +0300] "GET / HTTP/1.0" 301 162 "http://gcba.ru/" "Mozilla/5.0 (Windows NT 6.1; WOW64) AppleWebKit/537.36 (KHTML, like Gecko) Chrome/90.0.4430.93 Safari/537.36"
94.228.169.107 - - [11/Dec/2023:00:13:05 +0300] "GET / HTTP/1.1" 301 162 "-" "Mozilla/5.0 (X11; Ubuntu; Linux i686 on x86_64) AppleWebKit/537.36 (KHTML, like Gecko) Chrome/50.0.2697.26 Safari/537.36"
45.138.16.168 - - [11/Dec/2023:00:22:44 +0300] "POST /auth/?register=yes HTTP/1.1" 301 162 "http://gcba.ru/auth/?register=yes" "Mozilla/5.0 (Windows NT 10.0; Win64; x64) AppleWebKit/537.36 (KHTML, like Gecko) Chrome/119.0.0.0 Safari/537.36"
45.138.16.168 - - [11/Dec/2023:00:22:47 +0300] "POST /auth/?forgot_password=yes HTTP/1.1" 301 162 "http://gcba.ru/auth/?register=yes" "Mozilla/5.0 (Windows NT 10.0; Win64; x64) AppleWebKit/537.36 (KHTML, like Gecko) Chrome/119.0.0.0 Safari/537.36"
94.228.169.107 - - [11/Dec/2023:00:31:56 +0300] "GET / HTTP/1.1" 301 162 "-" "Mozilla/5.0 (compatible; MSIE 8.0; Windows NT 10.0; Trident/4.0)"
77.105.141.234 - - [11/Dec/2023:01:24:48 +0300] "GET / HTTP/1.0" 301 162 "http://gcba.ru/" "Mozilla/5.0 (Windows NT 10.0; Win64; x64) AppleWebKit/537.36 (KHTML, like Gecko) Chrome/103.0.5060.114 Safari/537.36"
45.146.167.56 - - [11/Dec/2023:01:48:11 +0300] "GET /bitrix/modules/main/include/prolog.php?micat=echo+base64_decode('cXdlcXdlcXdlcXdlcXdl')%3b&midog=echo+base64_decode('cXdlcXdlcXdlcXdlcXdl')%3b HTTP/1.1" 301 162 "-" "Mozilla/5.0 (X11; Linux x86_64; rv:102.0) Gecko/20100101 Firefox/102.0_Cyberok"
45.146.167.56 - - [11/Dec/2023:01:48:12 +0300] "GET /bitrix/tools/.session HTTP/1.1" 301 162 "-" "Mozilla/5.0 (X11; Linux x86_64; rv:102.0) Gecko/20100101 Firefox/102.0_Cyberok"
45.146.167.56 - - [11/Dec/2023:01:48:13 +0300] "GET /bitrix/tools/.sess HTTP/1.1" 301 162 "-" "Mozilla/5.0 (X11; Linux x86_64; rv:102.0) Gecko/20100101 Firefox/102.0_Cyberok"
66.249.66.165 - - [11/Dec/2023:01:54:47 +0300] "GET /news/metodologiya/banki-v-pogode-za-predprinimatelem/ HTTP/1.1" 301 162 "-" "Mozilla/5.0 (Linux; Android 6.0.1; Nexus 5X Build/MMB29P) AppleWebKit/537.36 (KHTML, like Gecko) Chrome/120.0.6099.62 Mobile Safari/537.36 (compatible; Googlebot/2.1; +http://www.google.com/bot.html)"
45.138.16.168 - - [11/Dec/2023:02:01:47 +0300] "POST /auth/?register=yes HTTP/1.1" 301 162 "http://gcba.ru/auth/?register=yes" "Mozilla/5.0 (Windows NT 10.0; Win64; x64) AppleWebKit/537.36 (KHTML, like Gecko) Chrome/119.0.0.0 Safari/537.36"
45.138.16.168 - - [11/Dec/2023:02:01:49 +0300] "POST /auth/?forgot_password=yes HTTP/1.1" 301 162 "http://gcba.ru/auth/?register=yes" "Mozilla/5.0 (Windows NT 10.0; Win64; x64) AppleWebKit/537.36 (KHTML, like Gecko) Chrome/119.0.0.0 Safari/537.36"
45.146.167.56 - - [11/Dec/2023:02:11:40 +0300] "GET /bitrix/modules/ldap/yoqwdgxp.php HTTP/1.1" 301 162 "-" "Mozilla/5.0 (X11; Linux x86_64; rv:102.0) Gecko/20100101 Firefox/102.0_Cyberok"
45.146.167.56 - - [11/Dec/2023:02:11:41 +0300] "GET /bitrix/modules/ldap/index.php HTTP/1.1" 301 162 "-" "Mozilla/5.0 (X11; Linux x86_64; rv:102.0) Gecko/20100101 Firefox/102.0_Cyberok"
45.146.167.56 - - [11/Dec/2023:02:13:03 +0300] "GET /bitrix/admin/lm02scxb.php HTTP/1.1" 301 162 "-" "Mozilla/5.0 (X11; Linux x86_64; rv:102.0) Gecko/20100101 Firefox/102.0_Cyberok"
45.146.167.56 - - [11/Dec/2023:02:13:03 +0300] "POST /bitrix/modules/main/bx_root.php HTTP/1.1" 301 162 "-" "Mozilla/5.0 (X11; Linux x86_64; rv:102.0) Gecko/20100101 Firefox/102.0"
45.146.167.56 - - [11/Dec/2023:02:13:03 +0300] "POST /bitrix/modules/main/include/prolog_after.php HTTP/1.1" 301 162 "-" "Mozilla/5.0 (X11; Linux x86_64; rv:102.0) Gecko/20100101 Firefox/102.0_Cyberok"
45.146.167.56 - - [11/Dec/2023:02:13:03 +0300] "GET /bitrix/admin/inputs.php HTTP/1.1" 301 162 "-" "Mozilla/5.0 (X11; Linux x86_64; rv:102.0) Gecko/20100101 Firefox/102.0_Cyberok"
45.146.167.56 - - [11/Dec/2023:02:13:03 +0300] "POST / HTTP/1.1" 301 162 "-" "Mozilla/5.0 (X11; Linux x86_64; rv:102.0) Gecko/20100101 Firefox/102.0"
45.146.167.56 - - [11/Dec/2023:02:13:03 +0300] "POST / HTTP/1.1" 301 162 "-" "Mozilla/5.0 (X11; Linux x86_64; rv:102.0) Gecko/20100101 Firefox/102.0_Cyberok"
45.146.167.56 - - [11/Dec/2023:02:13:33 +0300] "GET /bitrix/tools/.cas.php HTTP/1.1" 301 162 "-" "Mozilla/5.0 (X11; Linux x86_64; rv:102.0) Gecko/20100101 Firefox/102.0_Cyberok"
45.146.167.56 - - [11/Dec/2023:02:13:34 +0300] "GET /bitrix/tools/.cas.tmp.php HTTP/1.1" 301 162 "-" "Mozilla/5.0 (X11; Linux x86_64; rv:102.0) Gecko/20100101 Firefox/102.0_Cyberok"
45.146.167.56 - - [11/Dec/2023:02:13:34 +0300] "GET /bitrix/activities/bitrix/setvariableactivity/lang/ru/o45bvkr2.php HTTP/1.1" 301 162 "-" "Mozilla/5.0 (X11; Linux x86_64; rv:102.0) Gecko/20100101 Firefox/102.0_Cyberok"
45.146.167.56 - - [11/Dec/2023:02:13:35 +0300] "GET /bitrix/activities/bitrix/setvariableactivity/lang/ru/index.php HTTP/1.1" 301 162 "-" "Mozilla/5.0 (X11; Linux x86_64; rv:102.0) Gecko/20100101 Firefox/102.0_Cyberok"
45.146.167.56 - - [11/Dec/2023:02:13:36 +0300] "GET /bitrix/src/app/uy7hlwfb.php HTTP/1.1" 301 162 "-" "Mozilla/5.0 (X11; Linux x86_64; rv:102.0) Gecko/20100101 Firefox/102.0_Cyberok"
45.146.167.56 - - [11/Dec/2023:02:13:37 +0300] "GET /bitrix/src/app/l.php HTTP/1.1" 301 162 "-" "Mozilla/5.0 (X11; Linux x86_64; rv:102.0) Gecko/20100101 Firefox/102.0_Cyberok"
45.146.167.56 - - [11/Dec/2023:02:13:57 +0300] "GET /syaiytwt.php HTTP/1.1" 301 162 "-" "Mozilla/5.0 (X11; Linux x86_64; rv:102.0) Gecko/20100101 Firefox/102.0_Cyberok"
45.146.167.56 - - [11/Dec/2023:02:13:58 +0300] "GET /bitrix/components/bitrix/main.file.input/main.php HTTP/1.1" 301 162 "-" "Mozilla/5.0 (X11; Linux x86_64; rv:102.0) Gecko/20100101 Firefox/102.0_Cyberok"
45.146.167.56 - - [11/Dec/2023:02:13:58 +0300] "GET /xmlrpcs.php HTTP/1.1" 301 162 "-" "Mozilla/5.0 (X11; Linux x86_64; rv:102.0) Gecko/20100101 Firefox/102.0_Cyberok"
45.146.167.56 - - [11/Dec/2023:02:13:58 +0300] "GET /bitrix/tools/91iv9mka.php HTTP/1.1" 301 162 "-" "Mozilla/5.0 (X11; Linux x86_64; rv:102.0) Gecko/20100101 Firefox/102.0_Cyberok"
45.146.167.56 - - [11/Dec/2023:02:13:59 +0300] "GET / HTTP/1.1" 301 162 "-" "Mozilla/5.0 (X11; Linux x86_64; rv:102.0) Gecko/20100101 Firefox/102.0_Cyberok"
45.146.167.56 - - [11/Dec/2023:02:13:59 +0300] "GET /bitrix/tools/send_trait_imap.php HTTP/1.1" 301 162 "-" "Mozilla/5.0 (X11; Linux x86_64; rv:102.0) Gecko/20100101 Firefox/102.0_Cyberok"
45.146.167.56 - - [11/Dec/2023:02:13:59 +0300] "GET /bitrix/virtual_routes.php?state=MD10cmltJjE9cXdlcXdlcXdlcXdlcXdlYXNkJjI9YXNk HTTP/1.1" 301 162 "-" "Mozilla/5.0 (X11; Linux x86_64; rv:102.0) Gecko/20100101 Firefox/102.0_Cyberok"
45.146.167.56 - - [11/Dec/2023:02:13:59 +0300] "GET /bitrix/js/iblock/fezcpqdw.php HTTP/1.1" 301 162 "-" "Mozilla/5.0 (X11; Linux x86_64; rv:102.0) Gecko/20100101 Firefox/102.0_Cyberok"
45.146.167.56 - - [11/Dec/2023:02:13:59 +0300] "POST /bitrix/virtual_routes.php HTTP/1.1" 301 162 "-" "Mozilla/5.0 (X11; Linux x86_64; rv:102.0) Gecko/20100101 Firefox/102.0_Cyberok"
45.146.167.56 - - [11/Dec/2023:02:14:00 +0300] "GET /bitrix/js/iblock/admin.php HTTP/1.1" 301 162 "-" "Mozilla/5.0 (X11; Linux x86_64; rv:102.0) Gecko/20100101 Firefox/102.0_Cyberok"
45.146.167.56 - - [11/Dec/2023:02:14:00 +0300] "GET /?state=MD10cmltJjE9cXdlcXdlcXdlcXdlcXdlYXNkJjI9YXNk HTTP/1.1" 301 162 "-" "Mozilla/5.0 (X11; Linux x86_64; rv:102.0) Gecko/20100101 Firefox/102.0_Cyberok"
45.146.167.56 - - [11/Dec/2023:02:14:00 +0300] "POST / HTTP/1.1" 301 162 "-" "Mozilla/5.0 (X11; Linux x86_64; rv:102.0) Gecko/20100101 Firefox/102.0_Cyberok"
92.119.36.133 - - [11/Dec/2023:02:42:06 +0300] "HEAD / HTTP/1.1" 301 0 "http://gcba.ru" "Mozilla/5.0 (Windows NT 10.0; Win64; x64) AppleWebKit/537.36 (KHTML, like Gecko) Chrome/80.0.3987.132 Safari/537.36"
45.146.167.56 - - [11/Dec/2023:02:49:36 +0300] "GET /bitrix/tools/spread.php?state=MD10cmltJjE9cXdlcXdlcXdlcXdlcXdlYXNkJjI9YXNk HTTP/1.1" 301 162 "-" "Mozilla/5.0 (X11; Linux x86_64; rv:102.0) Gecko/20100101 Firefox/102.0_Cyberok"
45.146.167.56 - - [11/Dec/2023:02:49:37 +0300] "GET /bitrix/spread.php?state=MD10cmltJjE9cXdlcXdlcXdlcXdlcXdlYXNkJjI9YXNk HTTP/1.1" 301 162 "-" "Mozilla/5.0 (X11; Linux x86_64; rv:102.0) Gecko/20100101 Firefox/102.0_Cyberok"
45.146.167.56 - - [11/Dec/2023:02:49:38 +0300] "GET /bitrix/modules/main/spread.php?state=MD10cmltJjE9cXdlcXdlcXdlcXdlcXdlYXNkJjI9YXNk HTTP/1.1" 301 162 "-" "Mozilla/5.0 (X11; Linux x86_64; rv:102.0) Gecko/20100101 Firefox/102.0_Cyberok"
45.146.167.56 - - [11/Dec/2023:02:49:39 +0300] "GET /?state=MD10cmltJjE9cXdlcXdlcXdlcXdlcXdlYXNkJjI9YXNk HTTP/1.1" 301 162 "-" "Mozilla/5.0 (X11; Linux x86_64; rv:102.0) Gecko/20100101 Firefox/102.0_Cyberok"
193.178.169.153 - - [11/Dec/2023:03:28:34 +0300] "GET / HTTP/1.0" 301 162 "http://gcba.ru/" "Mozilla/5.0 (Windows NT 6.1; Win64; x64) AppleWebKit/537.36 (KHTML, like Gecko) Chrome/103.0.5060.66 Safari/537.36"
185.228.193.238 - - [11/Dec/2023:03:32:41 +0300] "GET /bitrix/redirect.php?event1=click_to_call&event2=&event3=&goto=https://pro-remont-holodilnikov.ru HTTP/1.1" 301 162 "-" "Mozilla/5.0 (Windows NT 10.0; Win64; x64; Xbox; Xbox One) AppleWebKit/537.36 (KHTML, like Gecko) Chrome/114.0.0.0 Safari/537.36 Edge/44.18363.8131"
45.138.16.168 - - [11/Dec/2023:03:43:43 +0300] "POST /auth/?register=yes HTTP/1.1" 301 162 "http://gcba.ru/auth/?register=yes" "Mozilla/5.0 (Windows NT 10.0; Win64; x64) AppleWebKit/537.36 (KHTML, like Gecko) Chrome/119.0.0.0 Safari/537.36"
45.138.16.168 - - [11/Dec/2023:03:43:47 +0300] "POST /auth/?forgot_password=yes HTTP/1.1" 301 162 "http://gcba.ru/auth/?register=yes" "Mozilla/5.0 (Windows NT 10.0; Win64; x64) AppleWebKit/537.36 (KHTML, like Gecko) Chrome/119.0.0.0 Safari/537.36"
111.7.96.174 - - [11/Dec/2023:03:48:01 +0300] "GET / HTTP/1.1" 301 162 "-" "Mozilla/5.0 (Macintosh; Intel Mac OS X 10_15_7) AppleWebKit/537.36 (KHTML, like Gecko) Chrome/96.0.4664.110 Safari/537.36"
111.7.96.174 - - [11/Dec/2023:03:48:05 +0300] "GET / HTTP/1.1" 301 162 "-" "Mozilla/5.0 (Macintosh; Intel Mac OS X 11_0_0) AppleWebKit/537.36 (KHTML, like Gecko) Chrome/87.0.4280.88 Safari/537.36"
185.180.143.140 - - [11/Dec/2023:03:56:13 +0300] "GET / HTTP/1.1" 301 162 "-" "Mozilla/5.0 (Windows NT 10.0; Win64; x64) AppleWebKit/537.36 (KHTML, like Gecko) Chrome/60.0.3112.113 Safari/537.36"
185.180.143.140 - - [11/Dec/2023:03:56:14 +0300] "GET /favicon.ico HTTP/1.1" 301 162 "-" "Mozilla/5.0 (Windows NT 10.0; WOW64) AppleWebKit/537.36 (KHTML, like Gecko) Chrome/66.0.3359.117 Safari/537.36"
94.228.169.107 - - [11/Dec/2023:04:01:18 +0300] "GET / HTTP/1.1" 301 162 "-" "Mozilla/5.0 (Macintosh; Intel Mac OS X 10.9; rv:51.0) Gecko/20100101 Firefox/51.0"
94.25.169.147 - - [11/Dec/2023:04:07:32 +0300] "GET / HTTP/1.1" 301 162 "http://GCBA.RU" "Mozilla/5.0 (X11; Ubuntu; Linux x86_64; rv:114.0) Gecko/20100101 Firefox/114.0"
94.228.169.107 - - [11/Dec/2023:04:39:52 +0300] "GET / HTTP/1.1" 301 162 "-" "Mozilla/5.0 (Windows NT 6.3; Win64; x64) AppleWebKit/537.36 (KHTML, like Gecko) Chrome/54.0.2852.1 Safari/537.36"
94.228.169.107 - - [11/Dec/2023:04:41:54 +0300] "GET / HTTP/1.1" 301 162 "-" "Mozilla/5.0 (Macintosh; Intel Mac OS X 10_9_4) AppleWebKit/537.36 (KHTML, like Gecko) Chrome/55.0.2887.1 Safari/537.36"
91.207.183.72 - - [11/Dec/2023:04:56:49 +0300] "GET / HTTP/1.0" 301 162 "http://gcba.ru/" "Mozilla/5.0 (Windows NT 10.0; Win64; x64) AppleWebKit/537.36 (KHTML, like Gecko) Chrome/103.0.5060.66 Safari/537.36"
45.138.16.168 - - [11/Dec/2023:05:27:27 +0300] "POST /auth/?register=yes HTTP/1.1" 301 162 "http://gcba.ru/auth/?register=yes" "Mozilla/5.0 (Windows NT 10.0; Win64; x64) AppleWebKit/537.36 (KHTML, like Gecko) Chrome/119.0.0.0 Safari/537.36"
45.138.16.168 - - [11/Dec/2023:05:27:30 +0300] "POST /auth/?forgot_password=yes HTTP/1.1" 301 162 "http://gcba.ru/auth/?register=yes" "Mozilla/5.0 (Windows NT 10.0; Win64; x64) AppleWebKit/537.36 (KHTML, like Gecko) Chrome/119.0.0.0 Safari/537.36"
159.253.120.64 - - [11/Dec/2023:05:31:34 +0300] "GET / HTTP/1.0" 301 162 "http://gcba.ru/" "Mozilla/5.0 (Windows NT 6.3; Win64; x64) AppleWebKit/537.36 (KHTML, like Gecko) Chrome/103.0.0.0 Safari/537.36"
156.146.54.108 - - [11/Dec/2023:07:02:34 +0300] "GET / HTTP/1.0" 301 162 "http://gcba.ru/" "Mozilla/5.0 (Windows NT 6.3; Win64; x64) AppleWebKit/537.36 (KHTML, like Gecko) Chrome/103.0.5060.53 Safari/537.36"
94.228.169.107 - - [11/Dec/2023:07:09:16 +0300] "GET / HTTP/1.1" 301 162 "-" "Mozilla/5.0 (compatible; MSIE 9.0; Windows NT 6.3; WOW64; Trident/5.0)"
45.138.16.168 - - [11/Dec/2023:07:14:21 +0300] "POST /auth/?register=yes HTTP/1.1" 301 162 "http://gcba.ru/auth/?register=yes" "Mozilla/5.0 (Windows NT 10.0; Win64; x64) AppleWebKit/537.36 (KHTML, like Gecko) Chrome/119.0.0.0 Safari/537.36"
45.138.16.168 - - [11/Dec/2023:07:14:24 +0300] "POST /auth/?forgot_password=yes HTTP/1.1" 301 162 "http://gcba.ru/auth/?register=yes" "Mozilla/5.0 (Windows NT 10.0; Win64; x64) AppleWebKit/537.36 (KHTML, like Gecko) Chrome/119.0.0.0 Safari/537.36"
94.228.169.107 - - [11/Dec/2023:07:29:02 +0300] "GET / HTTP/1.1" 301 162 "-" "Mozilla/5.0 (Windows NT 6.2; Win64; x64; rv:47.0) Gecko/20100101 Firefox/47.0"
188.120.251.252 - - [11/Dec/2023:07:30:52 +0300] "GET / HTTP/1.1" 301 162 "-" "Mozilla/5.0 (compatible; Googlebot/2.1; +http://www.google.com/bot.html)"
94.228.169.107 - - [11/Dec/2023:08:26:24 +0300] "GET / HTTP/1.1" 301 162 "-" "Mozilla/5.0 (Windows NT 10.0; rv:46.0) Gecko/20100101 Firefox/46.0"
185.162.130.23 - - [11/Dec/2023:08:53:22 +0300] "GET /wp-content/plugins/td-composer/license.txt HTTP/1.1" 301 162 "-" "Mozilla/5.0 (Windows NT 10.0; Win64; x64) AppleWebKit/537.36 (KHTML, like Gecko) Chrome/70.0.3538.77 Safari/537.36"
212.33.255.53 - - [11/Dec/2023:08:58:48 +0300] "GET / HTTP/1.1" 301 162 "-" "python-requests/2.25.1"
45.138.16.168 - - [11/Dec/2023:09:00:42 +0300] "POST /auth/?register=yes HTTP/1.1" 301 162 "http://gcba.ru/auth/?register=yes" "Mozilla/5.0 (Windows NT 10.0; Win64; x64) AppleWebKit/537.36 (KHTML, like Gecko) Chrome/119.0.0.0 Safari/537.36"
45.138.16.168 - - [11/Dec/2023:09:00:45 +0300] "POST /auth/?forgot_password=yes HTTP/1.1" 301 162 "http://gcba.ru/auth/?register=yes" "Mozilla/5.0 (Windows NT 10.0; Win64; x64) AppleWebKit/537.36 (KHTML, like Gecko) Chrome/119.0.0.0 Safari/537.36"
77.105.141.234 - - [11/Dec/2023:09:20:49 +0300] "GET / HTTP/1.0" 301 162 "http://gcba.ru/" "Mozilla/5.0 (Windows NT 10.0; Win64; x64) AppleWebKit/537.36 (KHTML, like Gecko) Chrome/103.0.0.0 Safari/537.36"
52.230.152.14 - - [11/Dec/2023:09:21:21 +0300] "GET /robots.txt HTTP/1.1" 301 162 "-" "Mozilla/5.0 AppleWebKit/537.36 (KHTML, like Gecko; compatible; GPTBot/1.0; +https://openai.com/gptbot)"
52.230.152.247 - - [11/Dec/2023:09:21:23 +0300] "GET /services/ HTTP/1.1" 301 162 "-" "Mozilla/5.0 AppleWebKit/537.36 (KHTML, like Gecko; compatible; GPTBot/1.0; +https://openai.com/gptbot)"
92.204.174.86 - - [11/Dec/2023:10:02:03 +0300] "GET / HTTP/1.0" 301 162 "http://gcba.ru/" "Mozilla/5.0 (Windows NT 6.1) AppleWebKit/537.36 (KHTML, like Gecko) Chrome/67.0.3396.99 Safari/537.36 Kinza/4.8.2"
46.35.252.130 - - [11/Dec/2023:10:11:15 +0300] "GET /news/nalogi/oplata-nalogov-tretimi-litsami/ HTTP/1.0" 301 162 "http://gcba.ru/news/nalogi/oplata-nalogov-tretimi-litsami/" "Mozilla/5.0 (Windows NT 6.1; Win64; x64) AppleWebKit/537.36 (KHTML, like Gecko) Chrome/103.0.0.0 Safari/537.36"
45.138.16.168 - - [11/Dec/2023:10:49:05 +0300] "POST /auth/?register=yes HTTP/1.1" 301 162 "http://gcba.ru/auth/?register=yes" "Mozilla/5.0 (Windows NT 10.0; Win64; x64) AppleWebKit/537.36 (KHTML, like Gecko) Chrome/119.0.0.0 Safari/537.36"
45.138.16.168 - - [11/Dec/2023:10:49:08 +0300] "POST /auth/?forgot_password=yes HTTP/1.1" 301 162 "http://gcba.ru/auth/?register=yes" "Mozilla/5.0 (Windows NT 10.0; Win64; x64) AppleWebKit/537.36 (KHTML, like Gecko) Chrome/119.0.0.0 Safari/537.36"
94.228.169.107 - - [11/Dec/2023:10:56:23 +0300] "GET / HTTP/1.1" 301 162 "-" "Mozilla/5.0 (X11; Linux i686; rv:49.0) Gecko/20100101 Firefox/49.0"
216.244.66.235 - - [11/Dec/2023:11:48:57 +0300] "GET /robots.txt HTTP/1.1" 301 162 "-" "Mozilla/5.0 (compatible; DotBot/1.2; +https://opensiteexplorer.org/dotbot; help@moz.com)"
52.230.152.223 - - [11/Dec/2023:11:49:05 +0300] "GET /robots.txt HTTP/1.1" 301 162 "-" "Mozilla/5.0 AppleWebKit/537.36 (KHTML, like Gecko; compatible; GPTBot/1.0; +https://openai.com/gptbot)"
52.230.152.136 - - [11/Dec/2023:11:49:06 +0300] "GET /news/nalogi/kak-izmenyatsya-nds-usn-envd-i-eskhn-v-2018-godu HTTP/1.1" 301 162 "-" "Mozilla/5.0 AppleWebKit/537.36 (KHTML, like Gecko; compatible; GPTBot/1.0; +https://openai.com/gptbot)"
52.230.152.136 - - [11/Dec/2023:11:49:16 +0300] "GET /news/pravo/po-dolgam-firmy-budet-platit-ee-khozyain/ HTTP/1.1" 301 162 "-" "Mozilla/5.0 AppleWebKit/537.36 (KHTML, like Gecko; compatible; GPTBot/1.0; +https://openai.com/gptbot)"
52.230.152.136 - - [11/Dec/2023:11:49:27 +0300] "GET /news/nalogi/izmeneniya-2017-goda HTTP/1.1" 301 162 "-" "Mozilla/5.0 AppleWebKit/537.36 (KHTML, like Gecko; compatible; GPTBot/1.0; +https://openai.com/gptbot)"
194.38.22.71 - - [11/Dec/2023:11:54:33 +0300] "GET /assets/admin/plugins/plupload/examples/upload.php HTTP/1.1" 301 162 "-" "ALittle Client"
45.138.16.168 - - [11/Dec/2023:12:40:18 +0300] "POST /auth/?register=yes HTTP/1.1" 301 162 "http://gcba.ru/auth/?register=yes" "Mozilla/5.0 (Windows NT 10.0; Win64; x64) AppleWebKit/537.36 (KHTML, like Gecko) Chrome/119.0.0.0 Safari/537.36"
45.138.16.168 - - [11/Dec/2023:12:40:21 +0300] "POST /auth/?forgot_password=yes HTTP/1.1" 301 162 "http://gcba.ru/auth/?register=yes" "Mozilla/5.0 (Windows NT 10.0; Win64; x64) AppleWebKit/537.36 (KHTML, like Gecko) Chrome/119.0.0.0 Safari/537.36"
5.35.33.3 - - [11/Dec/2023:13:12:04 +0300] "GET / HTTP/1.0" 301 162 "http://gcba.ru/" "Mozilla/5.0 (Windows NT 10.0; WOW64) AppleWebKit/537.36 (KHTML, like Gecko) Chrome/103.0.0.0 Safari/537.36"
149.88.19.6 - - [11/Dec/2023:13:14:27 +0300] "GET / HTTP/1.0" 301 162 "http://gcba.ru/" "Mozilla/5.0 (Windows NT 6.1; Win64; x64) AppleWebKit/537.36 (KHTML, like Gecko) Chrome/103.0.0.0 Safari/537.36"
52.230.152.241 - - [11/Dec/2023:13:26:19 +0300] "GET /robots.txt HTTP/1.1" 301 162 "-" "Mozilla/5.0 AppleWebKit/537.36 (KHTML, like Gecko; compatible; GPTBot/1.0; +https://openai.com/gptbot)"
52.230.152.140 - - [11/Dec/2023:13:26:21 +0300] "GET /news/pravo/ HTTP/1.1" 301 162 "-" "Mozilla/5.0 AppleWebKit/537.36 (KHTML, like Gecko; compatible; GPTBot/1.0; +https://openai.com/gptbot)"
52.230.152.140 - - [11/Dec/2023:13:26:31 +0300] "GET /news/nalogi/predostavlenie-sotsialnogo-nalogovogo-vycheta-u-rabotodatelya-do-okonchaniya-nalogovogo-perioda/ HTTP/1.1" 301 162 "-" "Mozilla/5.0 AppleWebKit/537.36 (KHTML, like Gecko; compatible; GPTBot/1.0; +https://openai.com/gptbot)"
52.230.152.140 - - [11/Dec/2023:13:26:42 +0300] "GET /services/ HTTP/1.1" 301 162 "-" "Mozilla/5.0 AppleWebKit/537.36 (KHTML, like Gecko; compatible; GPTBot/1.0; +https://openai.com/gptbot)"
79.137.206.177 - - [11/Dec/2023:14:00:36 +0300] "GET / HTTP/1.1" 301 162 "-" "Mozilla/5.0 (Macintosh; Intel Mac OS X 10_11_0) AppleWebKit/537.36 (KHTML, like Gecko) Chrome/56.0.2953.89 Safari/537.36"
94.228.169.107 - - [11/Dec/2023:14:25:02 +0300] "GET / HTTP/1.1" 301 162 "-" "Mozilla/5.0 (Macintosh; Intel Mac OS X 10_10_1) AppleWebKit/537.36 (KHTML, like Gecko) Chrome/53.0.2800.31 Safari/537.36"
45.138.16.168 - - [11/Dec/2023:14:33:42 +0300] "POST /auth/?register=yes HTTP/1.1" 301 162 "http://gcba.ru/auth/?register=yes" "Mozilla/5.0 (Windows NT 10.0; Win64; x64) AppleWebKit/537.36 (KHTML, like Gecko) Chrome/119.0.0.0 Safari/537.36"
45.138.16.168 - - [11/Dec/2023:14:33:45 +0300] "POST /auth/?forgot_password=yes HTTP/1.1" 301 162 "http://gcba.ru/auth/?register=yes" "Mozilla/5.0 (Windows NT 10.0; Win64; x64) AppleWebKit/537.36 (KHTML, like Gecko) Chrome/119.0.0.0 Safari/537.36"
93.100.152.5 - - [11/Dec/2023:14:51:23 +0300] "GET / HTTP/1.0" 301 162 "http://gcba.ru/" "Mozilla/5.0 (Windows NT 10.0; ) AppleWebKit/537.36 (KHTML, like Gecko) Chrome/83.0.4086.0 Safari/537.36"
45.138.16.168 - - [11/Dec/2023:16:25:27 +0300] "POST /auth/?register=yes HTTP/1.1" 301 162 "http://gcba.ru/auth/?register=yes" "Mozilla/5.0 (Windows NT 10.0; Win64; x64) AppleWebKit/537.36 (KHTML, like Gecko) Chrome/119.0.0.0 Safari/537.36"
45.138.16.168 - - [11/Dec/2023:16:25:29 +0300] "POST /auth/?forgot_password=yes HTTP/1.1" 301 162 "http://gcba.ru/auth/?register=yes" "Mozilla/5.0 (Windows NT 10.0; Win64; x64) AppleWebKit/537.36 (KHTML, like Gecko) Chrome/119.0.0.0 Safari/537.36"
66.249.75.195 - - [11/Dec/2023:16:53:49 +0300] "GET /robots.txt HTTP/1.1" 301 162 "-" "Mozilla/5.0 (compatible; Googlebot/2.1; +http://www.google.com/bot.html)"
66.249.75.195 - - [11/Dec/2023:16:53:55 +0300] "GET /services/?SECTION_ID=4 HTTP/1.1" 301 162 "-" "Mozilla/5.0 (Linux; Android 6.0.1; Nexus 5X Build/MMB29P) AppleWebKit/537.36 (KHTML, like Gecko) Chrome/120.0.6099.62 Mobile Safari/537.36 (compatible; Googlebot/2.1; +http://www.google.com/bot.html)"
188.130.143.175 - - [11/Dec/2023:17:10:59 +0300] "GET / HTTP/1.0" 301 162 "http://gcba.ru/" "Mozilla/5.0 (Windows NT 6.1) AppleWebKit/537.36 (KHTML, like Gecko) Chrome/103.0.5060.114 Safari/537.36"
52.167.144.55 - - [11/Dec/2023:17:23:53 +0300] "GET /robots.txt HTTP/1.1" 301 162 "-" "Mozilla/5.0 AppleWebKit/537.36 (KHTML, like Gecko; compatible; bingbot/2.0; +http://www.bing.com/bingbot.htm) Chrome/116.0.1938.76 Safari/537.36"
52.167.144.229 - - [11/Dec/2023:17:24:04 +0300] "GET /news/metodologiya/novyy-kbk/ HTTP/1.1" 301 162 "-" "Mozilla/5.0 AppleWebKit/537.36 (KHTML, like Gecko; compatible; bingbot/2.0; +http://www.bing.com/bingbot.htm) Chrome/116.0.1938.76 Safari/537.36"
94.228.169.107 - - [11/Dec/2023:17:54:21 +0300] "GET / HTTP/1.1" 301 162 "-" "Mozilla/5.0 (compatible; MSIE 10.0; Windows NT 5.1; Trident/6.0)"
52.167.144.19 - - [11/Dec/2023:18:17:22 +0300] "GET /services/?section_id=10 HTTP/1.1" 301 162 "-" "Mozilla/5.0 AppleWebKit/537.36 (KHTML, like Gecko; compatible; bingbot/2.0; +http://www.bing.com/bingbot.htm) Chrome/116.0.1938.76 Safari/537.36"
45.138.16.168 - - [11/Dec/2023:18:18:49 +0300] "POST /auth/?register=yes HTTP/1.1" 301 162 "http://gcba.ru/auth/?register=yes" "Mozilla/5.0 (Windows NT 10.0; Win64; x64) AppleWebKit/537.36 (KHTML, like Gecko) Chrome/119.0.0.0 Safari/537.36"
45.138.16.168 - - [11/Dec/2023:18:18:52 +0300] "POST /auth/?forgot_password=yes HTTP/1.1" 301 162 "http://gcba.ru/auth/?register=yes" "Mozilla/5.0 (Windows NT 10.0; Win64; x64) AppleWebKit/537.36 (KHTML, like Gecko) Chrome/119.0.0.0 Safari/537.36"
66.249.75.196 - - [11/Dec/2023:18:53:50 +0300] "GET /services/?SECTION_ID=4 HTTP/1.1" 301 162 "-" "Mozilla/5.0 (Linux; Android 6.0.1; Nexus 5X Build/MMB29P) AppleWebKit/537.36 (KHTML, like Gecko) Chrome/120.0.6099.62 Mobile Safari/537.36 (compatible; Googlebot/2.1; +http://www.google.com/bot.html)"
45.146.167.56 - - [11/Dec/2023:19:02:53 +0300] "GET / HTTP/1.1" 301 162 "-" "Mozilla/5.0 (X11; Linux x86_64; rv:102.0) Gecko/20100101 Firefox/102.0_Cyberok"
45.138.16.168 - - [11/Dec/2023:19:16:28 +0300] "POST /auth/?register=yes HTTP/1.1" 301 162 "http://gcba.ru/auth/?register=yes" "Mozilla/5.0 (Windows NT 10.0; Win64; x64) AppleWebKit/537.36 (KHTML, like Gecko) Chrome/119.0.0.0 Safari/537.36"
45.138.16.168 - - [11/Dec/2023:19:16:30 +0300] "POST /auth/?forgot_password=yes HTTP/1.1" 301 162 "http://gcba.ru/auth/?register=yes" "Mozilla/5.0 (Windows NT 10.0; Win64; x64) AppleWebKit/537.36 (KHTML, like Gecko) Chrome/119.0.0.0 Safari/537.36"
45.138.16.168 - - [11/Dec/2023:20:22:52 +0300] "POST /auth/?register=yes HTTP/1.1" 301 162 "http://gcba.ru/auth/?register=yes" "Mozilla/5.0 (Windows NT 10.0; Win64; x64) AppleWebKit/537.36 (KHTML, like Gecko) Chrome/119.0.0.0 Safari/537.36"
45.138.16.168 - - [11/Dec/2023:20:22:54 +0300] "POST /auth/?forgot_password=yes HTTP/1.1" 301 162 "http://gcba.ru/auth/?register=yes" "Mozilla/5.0 (Windows NT 10.0; Win64; x64) AppleWebKit/537.36 (KHTML, like Gecko) Chrome/119.0.0.0 Safari/537.36"
52.230.152.80 - - [11/Dec/2023:20:27:07 +0300] "GET /robots.txt HTTP/1.1" 301 162 "-" "Mozilla/5.0 AppleWebKit/537.36 (KHTML, like Gecko; compatible; GPTBot/1.0; +https://openai.com/gptbot)"
52.230.152.74 - - [11/Dec/2023:20:27:08 +0300] "GET /news/pravo/rss/ HTTP/1.1" 301 162 "-" "Mozilla/5.0 AppleWebKit/537.36 (KHTML, like Gecko; compatible; GPTBot/1.0; +https://openai.com/gptbot)"
173.252.87.118 - - [11/Dec/2023:21:05:13 +0300] "GET /news/nalogi/stavki-naloga-na-pribyl-2017/ HTTP/1.1" 301 162 "-" "facebookexternalhit/1.1 (+http://www.facebook.com/externalhit_uatext.php)"
173.252.87.118 - - [11/Dec/2023:21:05:13 +0300] "GET /news/nalogi/svedeniya-v-ramkakh-vstrechnoy-proverki-vashu-nalogovuyu-taynu-ne-narushat/ HTTP/1.1" 301 162 "-" "facebookexternalhit/1.1 (+http://www.facebook.com/externalhit_uatext.php)"
173.252.87.11 - - [11/Dec/2023:21:05:13 +0300] "GET /news/metodologiya/kak-sostavit-korrektirovochnyy-schet-fakturu-esli-pervichnyy-byl-vystavlen-do-1-iyulya-2021-goda/ HTTP/1.1" 301 162 "-" "facebookexternalhit/1.1 (+http://www.facebook.com/externalhit_uatext.php)"
173.252.87.11 - - [11/Dec/2023:21:05:13 +0300] "GET /news/metodologiya/kak-skorrektirovat-schet-fakturu-vystavlennyy-do-1-iyulya-2021-goda/ HTTP/1.1" 301 162 "-" "facebookexternalhit/1.1 (+http://www.facebook.com/externalhit_uatext.php)"
173.252.87.13 - - [11/Dec/2023:21:05:13 +0300] "GET /news/metodologiya/otchetnost-pfr/ HTTP/1.1" 301 162 "-" "facebookexternalhit/1.1 (+http://www.facebook.com/externalhit_uatext.php)"
173.252.87.7 - - [11/Dec/2023:21:05:13 +0300] "GET /news/pravo/zarplatu-za-schet-sredstv-subsidii-osvobodili-ot-ndfl/ HTTP/1.1" 301 162 "-" "facebookexternalhit/1.1 (+http://www.facebook.com/externalhit_uatext.php)"
173.252.87.8 - - [11/Dec/2023:21:05:13 +0300] "GET /news/nalogi/lgoty-po-nalogu-na-imushchestvo/ HTTP/1.1" 301 162 "-" "facebookexternalhit/1.1 (+http://www.facebook.com/externalhit_uatext.php)"
