45.146.167.56 - - [16/Dec/2023:20:50:33 +0300] "POST /bitrix/tools/vote/uf.php?attachId%5BMODULE_ID%5D=iblock&attachId%5BENTITY_TYPE%5D=CFileUploader&action=vote&sessid=5b7e48d179953ba6388126c99ed7e37e&attachId%5BENTITY_ID%5D%5Bcopies%5D%5Bfixcve-2022-27228.jpg%5D=1&attachId%5BENTITY_ID%5D%5Bcopies%5D%5B..%2F.htaccess%5D=1 HTTP/1.1" 301 162 "-" "Mozilla/5.0 (X11; Linux x86_64; rv:102.0) Gecko/20100101 Firefox/102.0_Cyberok"
45.138.16.168 - - [16/Dec/2023:21:42:39 +0300] "POST /auth/?register=yes HTTP/1.1" 301 162 "http://gcba.ru/auth/?register=yes" "Mozilla/5.0 (Windows NT 10.0; Win64; x64) AppleWebKit/537.36 (KHTML, like Gecko) Chrome/119.0.0.0 Safari/537.36"
45.138.16.168 - - [16/Dec/2023:21:42:42 +0300] "POST /auth/?forgot_password=yes HTTP/1.1" 301 162 "http://gcba.ru/auth/?register=yes" "Mozilla/5.0 (Windows NT 10.0; Win64; x64) AppleWebKit/537.36 (KHTML, like Gecko) Chrome/119.0.0.0 Safari/537.36"
94.228.169.107 - - [16/Dec/2023:22:39:13 +0300] "GET / HTTP/1.1" 301 162 "-" "Mozilla/5.0 (Windows NT 6.1; rv:48.0) Gecko/20100101 Firefox/48.0"
94.25.175.172 - - [16/Dec/2023:22:42:44 +0300] "GET / HTTP/1.1" 301 162 "http://GCBA.RU" "Mozilla/5.0 (Windows NT 10.0; Win64; x64; Xbox; Xbox One) AppleWebKit/537.36 (KHTML, like Gecko) Chrome/114.0.0.0 Safari/537.36 Edge/44.18363.8131"
45.138.16.168 - - [16/Dec/2023:23:03:50 +0300] "POST /auth/?register=yes HTTP/1.1" 301 162 "http://gcba.ru/auth/?register=yes" "Mozilla/5.0 (Windows NT 10.0; Win64; x64) AppleWebKit/537.36 (KHTML, like Gecko) Chrome/119.0.0.0 Safari/537.36"
45.138.16.168 - - [16/Dec/2023:23:03:52 +0300] "POST /auth/?forgot_password=yes HTTP/1.1" 301 162 "http://gcba.ru/auth/?register=yes" "Mozilla/5.0 (Windows NT 10.0; Win64; x64) AppleWebKit/537.36 (KHTML, like Gecko) Chrome/119.0.0.0 Safari/537.36"
51.250.53.34 - - [16/Dec/2023:23:26:42 +0300] "GET / HTTP/1.1" 301 162 "-" "curl/7.58.0"
185.12.124.78 - - [16/Dec/2023:23:35:43 +0300] "GET / HTTP/1.1" 301 162 "GCBA.RU" "Mozilla/5.0 (compatible; BackupLand/1.0; https://go.backupland.com/; Domain check for viruses;)"
93.124.38.252 - - [16/Dec/2023:23:42:36 +0300] "GET / HTTP/1.0" 301 162 "-" "Mozilla/5.0 (Windows NT 6.3; Win64; x64) AppleWebKit/537.36 (KHTML, like Gecko) Chrome/75.0.3770.100 Safari/537.36"
94.228.169.107 - - [16/Dec/2023:23:44:30 +0300] "GET / HTTP/1.1" 301 162 "-" "Mozilla/5.0 (Windows NT 10.0) AppleWebKit/537.36 (KHTML, like Gecko) Chrome/53.0.2825.63 Safari/537.36"
185.223.234.185 - - [16/Dec/2023:23:52:18 +0300] "GET / HTTP/1.1" 301 162 "-" "Mozilla/5.0 (Windows NT 10.0; Win64; x64) AppleWebKit/537.36 (KHTML, like Gecko) Chrome/118.0.0.0 Safari/537.36"
45.138.16.168 - - [17/Dec/2023:00:28:00 +0300] "POST /auth/?register=yes HTTP/1.1" 301 162 "http://gcba.ru/auth/?register=yes" "Mozilla/5.0 (Windows NT 10.0; Win64; x64) AppleWebKit/537.36 (KHTML, like Gecko) Chrome/119.0.0.0 Safari/537.36"
45.138.16.168 - - [17/Dec/2023:00:28:02 +0300] "POST /auth/?forgot_password=yes HTTP/1.1" 301 162 "http://gcba.ru/auth/?register=yes" "Mozilla/5.0 (Windows NT 10.0; Win64; x64) AppleWebKit/537.36 (KHTML, like Gecko) Chrome/119.0.0.0 Safari/537.36"
77.222.115.125 - - [17/Dec/2023:00:32:55 +0300] "GET / HTTP/1.0" 301 162 "http://gcba.ru/" "Mozilla/5.0 (Windows NT 6.3; Win64; x64) AppleWebKit/537.36 (KHTML, like Gecko) Chrome/103.0.0.0 Safari/537.36"
45.146.167.56 - - [17/Dec/2023:01:45:15 +0300] "GET /bitrix/modules/main/include/prolog.php?micat=echo+base64_decode('cXdlcXdlcXdlcXdlcXdl')%3b&midog=echo+base64_decode('cXdlcXdlcXdlcXdlcXdl')%3b HTTP/1.1" 301 162 "-" "Mozilla/5.0 (X11; Linux x86_64; rv:102.0) Gecko/20100101 Firefox/102.0_Cyberok"
45.146.167.56 - - [17/Dec/2023:01:45:17 +0300] "GET /bitrix/tools/.session HTTP/1.1" 301 162 "-" "Mozilla/5.0 (X11; Linux x86_64; rv:102.0) Gecko/20100101 Firefox/102.0_Cyberok"
45.146.167.56 - - [17/Dec/2023:01:45:18 +0300] "GET /bitrix/tools/.sess HTTP/1.1" 301 162 "-" "Mozilla/5.0 (X11; Linux x86_64; rv:102.0) Gecko/20100101 Firefox/102.0_Cyberok"
45.138.16.168 - - [17/Dec/2023:01:55:22 +0300] "POST /auth/?register=yes HTTP/1.1" 301 162 "http://gcba.ru/auth/?register=yes" "Mozilla/5.0 (Windows NT 10.0; Win64; x64) AppleWebKit/537.36 (KHTML, like Gecko) Chrome/119.0.0.0 Safari/537.36"
45.138.16.168 - - [17/Dec/2023:01:55:24 +0300] "POST /auth/?forgot_password=yes HTTP/1.1" 301 162 "http://gcba.ru/auth/?register=yes" "Mozilla/5.0 (Windows NT 10.0; Win64; x64) AppleWebKit/537.36 (KHTML, like Gecko) Chrome/119.0.0.0 Safari/537.36"
45.146.167.56 - - [17/Dec/2023:02:08:28 +0300] "GET /bitrix/modules/ldap/jbczdcra.php HTTP/1.1" 301 162 "-" "Mozilla/5.0 (X11; Linux x86_64; rv:102.0) Gecko/20100101 Firefox/102.0_Cyberok"
45.146.167.56 - - [17/Dec/2023:02:08:29 +0300] "GET /bitrix/modules/ldap/index.php HTTP/1.1" 301 162 "-" "Mozilla/5.0 (X11; Linux x86_64; rv:102.0) Gecko/20100101 Firefox/102.0_Cyberok"
94.228.169.107 - - [17/Dec/2023:02:08:39 +0300] "GET / HTTP/1.1" 301 162 "-" "Mozilla/5.0 (X11; Ubuntu; Linux x86_64; rv:49.0) Gecko/20100101 Firefox/49.0"
45.146.167.56 - - [17/Dec/2023:02:10:13 +0300] "GET /bitrix/admin/bcomamdm.php HTTP/1.1" 301 162 "-" "Mozilla/5.0 (X11; Linux x86_64; rv:102.0) Gecko/20100101 Firefox/102.0_Cyberok"
45.146.167.56 - - [17/Dec/2023:02:10:13 +0300] "POST /bitrix/modules/main/include/prolog_after.php HTTP/1.1" 301 162 "-" "Mozilla/5.0 (X11; Linux x86_64; rv:102.0) Gecko/20100101 Firefox/102.0_Cyberok"
45.146.167.56 - - [17/Dec/2023:02:10:13 +0300] "POST /bitrix/modules/main/bx_root.php HTTP/1.1" 301 162 "-" "Mozilla/5.0 (X11; Linux x86_64; rv:102.0) Gecko/20100101 Firefox/102.0"
45.146.167.56 - - [17/Dec/2023:02:10:14 +0300] "GET /bitrix/admin/inputs.php HTTP/1.1" 301 162 "-" "Mozilla/5.0 (X11; Linux x86_64; rv:102.0) Gecko/20100101 Firefox/102.0_Cyberok"
45.146.167.56 - - [17/Dec/2023:02:10:14 +0300] "POST / HTTP/1.1" 301 162 "-" "Mozilla/5.0 (X11; Linux x86_64; rv:102.0) Gecko/20100101 Firefox/102.0"
45.146.167.56 - - [17/Dec/2023:02:10:14 +0300] "POST / HTTP/1.1" 301 162 "-" "Mozilla/5.0 (X11; Linux x86_64; rv:102.0) Gecko/20100101 Firefox/102.0_Cyberok"
45.146.167.56 - - [17/Dec/2023:02:10:31 +0300] "GET /bitrix/tools/r7tgq7md.php HTTP/1.1" 301 162 "-" "Mozilla/5.0 (X11; Linux x86_64; rv:102.0) Gecko/20100101 Firefox/102.0_Cyberok"
45.146.167.56 - - [17/Dec/2023:02:10:32 +0300] "GET /bitrix/tools/send_trait_imap.php HTTP/1.1" 301 162 "-" "Mozilla/5.0 (X11; Linux x86_64; rv:102.0) Gecko/20100101 Firefox/102.0_Cyberok"
45.146.167.56 - - [17/Dec/2023:02:10:52 +0300] "GET /bitrix/activities/bitrix/setvariableactivity/lang/ru/gsnjp9pf.php HTTP/1.1" 301 162 "-" "Mozilla/5.0 (X11; Linux x86_64; rv:102.0) Gecko/20100101 Firefox/102.0_Cyberok"
45.146.167.56 - - [17/Dec/2023:02:10:53 +0300] "GET /bitrix/activities/bitrix/setvariableactivity/lang/ru/index.php HTTP/1.1" 301 162 "-" "Mozilla/5.0 (X11; Linux x86_64; rv:102.0) Gecko/20100101 Firefox/102.0_Cyberok"
45.146.167.56 - - [17/Dec/2023:02:10:56 +0300] "GET /bitrix/virtual_routes.php?state=MD10cmltJjE9cXdlcXdlcXdlcXdlcXdlYXNkJjI9YXNk HTTP/1.1" 301 162 "-" "Mozilla/5.0 (X11; Linux x86_64; rv:102.0) Gecko/20100101 Firefox/102.0_Cyberok"
45.146.167.56 - - [17/Dec/2023:02:10:56 +0300] "GET /?state=MD10cmltJjE9cXdlcXdlcXdlcXdlcXdlYXNkJjI9YXNk HTTP/1.1" 301 162 "-" "Mozilla/5.0 (X11; Linux x86_64; rv:102.0) Gecko/20100101 Firefox/102.0_Cyberok"
45.146.167.56 - - [17/Dec/2023:02:11:27 +0300] "GET /6tfqknrp.php HTTP/1.1" 301 162 "-" "Mozilla/5.0 (X11; Linux x86_64; rv:102.0) Gecko/20100101 Firefox/102.0_Cyberok"
45.146.167.56 - - [17/Dec/2023:02:11:27 +0300] "GET /bitrix/js/iblock/wfffglq6.php HTTP/1.1" 301 162 "-" "Mozilla/5.0 (X11; Linux x86_64; rv:102.0) Gecko/20100101 Firefox/102.0_Cyberok"
45.146.167.56 - - [17/Dec/2023:02:11:27 +0300] "POST /bitrix/virtual_routes.php HTTP/1.1" 301 162 "-" "Mozilla/5.0 (X11; Linux x86_64; rv:102.0) Gecko/20100101 Firefox/102.0_Cyberok"
45.146.167.56 - - [17/Dec/2023:02:11:28 +0300] "GET /bitrix/components/bitrix/main.file.input/main.php HTTP/1.1" 301 162 "-" "Mozilla/5.0 (X11; Linux x86_64; rv:102.0) Gecko/20100101 Firefox/102.0_Cyberok"
45.146.167.56 - - [17/Dec/2023:02:11:28 +0300] "GET /bitrix/js/iblock/admin.php HTTP/1.1" 301 162 "-" "Mozilla/5.0 (X11; Linux x86_64; rv:102.0) Gecko/20100101 Firefox/102.0_Cyberok"
45.146.167.56 - - [17/Dec/2023:02:11:28 +0300] "GET /xmlrpcs.php HTTP/1.1" 301 162 "-" "Mozilla/5.0 (X11; Linux x86_64; rv:102.0) Gecko/20100101 Firefox/102.0_Cyberok"
45.146.167.56 - - [17/Dec/2023:02:11:28 +0300] "GET /bitrix/tools/.cas.php HTTP/1.1" 301 162 "-" "Mozilla/5.0 (X11; Linux x86_64; rv:102.0) Gecko/20100101 Firefox/102.0_Cyberok"
45.146.167.56 - - [17/Dec/2023:02:11:28 +0300] "POST / HTTP/1.1" 301 162 "-" "Mozilla/5.0 (X11; Linux x86_64; rv:102.0) Gecko/20100101 Firefox/102.0_Cyberok"
45.146.167.56 - - [17/Dec/2023:02:11:28 +0300] "GET /bitrix/src/app/i6ryvktw.php HTTP/1.1" 301 162 "-" "Mozilla/5.0 (X11; Linux x86_64; rv:102.0) Gecko/20100101 Firefox/102.0_Cyberok"
45.146.167.56 - - [17/Dec/2023:02:11:29 +0300] "GET / HTTP/1.1" 301 162 "-" "Mozilla/5.0 (X11; Linux x86_64; rv:102.0) Gecko/20100101 Firefox/102.0_Cyberok"
45.146.167.56 - - [17/Dec/2023:02:11:29 +0300] "GET /bitrix/tools/.cas.tmp.php HTTP/1.1" 301 162 "-" "Mozilla/5.0 (X11; Linux x86_64; rv:102.0) Gecko/20100101 Firefox/102.0_Cyberok"
45.146.167.56 - - [17/Dec/2023:02:11:29 +0300] "GET /bitrix/src/app/l.php HTTP/1.1" 301 162 "-" "Mozilla/5.0 (X11; Linux x86_64; rv:102.0) Gecko/20100101 Firefox/102.0_Cyberok"
66.249.66.164 - - [17/Dec/2023:02:43:52 +0300] "GET /robots.txt HTTP/1.1" 301 162 "-" "Mozilla/5.0 (compatible; Googlebot/2.1; +http://www.google.com/bot.html)"
66.249.66.165 - - [17/Dec/2023:02:43:53 +0300] "GET /local/templates/for_news/favicon.ico HTTP/1.1" 301 162 "-" "Googlebot-Image/1.0"
66.249.66.165 - - [17/Dec/2023:02:43:55 +0300] "GET /favicon.ico HTTP/1.1" 301 162 "-" "Googlebot-Image/1.0"
66.249.66.163 - - [17/Dec/2023:02:43:56 +0300] "GET /local/templates/for_news/favicon.ico HTTP/1.1" 301 162 "-" "Googlebot-Image/1.0"
45.146.167.56 - - [17/Dec/2023:02:46:56 +0300] "GET /bitrix/tools/spread.php?state=MD10cmltJjE9cXdlcXdlcXdlcXdlcXdlYXNkJjI9YXNk HTTP/1.1" 301 162 "-" "Mozilla/5.0 (X11; Linux x86_64; rv:102.0) Gecko/20100101 Firefox/102.0_Cyberok"
45.146.167.56 - - [17/Dec/2023:02:46:57 +0300] "GET /bitrix/spread.php?state=MD10cmltJjE9cXdlcXdlcXdlcXdlcXdlYXNkJjI9YXNk HTTP/1.1" 301 162 "-" "Mozilla/5.0 (X11; Linux x86_64; rv:102.0) Gecko/20100101 Firefox/102.0_Cyberok"
45.146.167.56 - - [17/Dec/2023:02:46:58 +0300] "GET /bitrix/modules/main/spread.php?state=MD10cmltJjE9cXdlcXdlcXdlcXdlcXdlYXNkJjI9YXNk HTTP/1.1" 301 162 "-" "Mozilla/5.0 (X11; Linux x86_64; rv:102.0) Gecko/20100101 Firefox/102.0_Cyberok"
45.146.167.56 - - [17/Dec/2023:02:46:59 +0300] "GET /?state=MD10cmltJjE9cXdlcXdlcXdlcXdlcXdlYXNkJjI9YXNk HTTP/1.1" 301 162 "-" "Mozilla/5.0 (X11; Linux x86_64; rv:102.0) Gecko/20100101 Firefox/102.0_Cyberok"
66.249.66.163 - - [17/Dec/2023:03:15:43 +0300] "GET /news/metodologiya/otchetnost-pfr/ HTTP/1.1" 301 162 "-" "Mozilla/5.0 (Linux; Android 6.0.1; Nexus 5X Build/MMB29P) AppleWebKit/537.36 (KHTML, like Gecko) Chrome/120.0.6099.71 Mobile Safari/537.36 (compatible; Googlebot/2.1; +http://www.google.com/bot.html)"
45.138.16.168 - - [17/Dec/2023:03:25:19 +0300] "POST /auth/?register=yes HTTP/1.1" 301 162 "http://gcba.ru/auth/?register=yes" "Mozilla/5.0 (Windows NT 10.0; Win64; x64) AppleWebKit/537.36 (KHTML, like Gecko) Chrome/119.0.0.0 Safari/537.36"
45.138.16.168 - - [17/Dec/2023:03:25:20 +0300] "POST /auth/?forgot_password=yes HTTP/1.1" 301 162 "http://gcba.ru/auth/?register=yes" "Mozilla/5.0 (Windows NT 10.0; Win64; x64) AppleWebKit/537.36 (KHTML, like Gecko) Chrome/119.0.0.0 Safari/537.36"
66.249.66.163 - - [17/Dec/2023:03:25:29 +0300] "GET /news/metodologiya/otchetnost-pfr/ HTTP/1.1" 301 162 "-" "Mozilla/5.0 (Linux; Android 6.0.1; Nexus 5X Build/MMB29P) AppleWebKit/537.36 (KHTML, like Gecko) Chrome/120.0.6099.71 Mobile Safari/537.36 (compatible; Googlebot/2.1; +http://www.google.com/bot.html)"
154.47.29.154 - - [17/Dec/2023:05:33:31 +0300] "GET / HTTP/1.0" 301 162 "http://gcba.ru/" "Mozilla/5.0 (Windows NT 6.3; Win64; x64) AppleWebKit/537.36 (KHTML, like Gecko) Chrome/103.0.5060.66 Safari/537.36"
45.138.16.168 - - [17/Dec/2023:05:36:57 +0300] "POST /auth/?register=yes HTTP/1.1" 301 162 "http://gcba.ru/auth/?register=yes" "Mozilla/5.0 (Windows NT 10.0; Win64; x64) AppleWebKit/537.36 (KHTML, like Gecko) Chrome/119.0.0.0 Safari/537.36"
45.138.16.168 - - [17/Dec/2023:05:36:58 +0300] "POST /auth/?forgot_password=yes HTTP/1.1" 301 162 "http://gcba.ru/auth/?register=yes" "Mozilla/5.0 (Windows NT 10.0; Win64; x64) AppleWebKit/537.36 (KHTML, like Gecko) Chrome/119.0.0.0 Safari/537.36"
94.228.169.107 - - [17/Dec/2023:05:40:15 +0300] "GET / HTTP/1.1" 301 162 "-" "Mozilla/5.0 (Macintosh; Intel Mac OS X 10_10_2) AppleWebKit/537.36 (KHTML, like Gecko) Chrome/53.0.2823.34 Safari/537.36"
85.208.96.205 - - [17/Dec/2023:06:31:35 +0300] "GET / HTTP/1.1" 301 162 "-" "Mozilla/5.0 (compatible; SemrushBot/7~bl; +http://www.semrush.com/bot.html)"
94.228.169.107 - - [17/Dec/2023:06:35:37 +0300] "GET / HTTP/1.1" 301 162 "-" "Mozilla/5.0 (X11; Linux i686 on x86_64; rv:45.0) Gecko/20100101 Firefox/45.0"
45.138.16.168 - - [17/Dec/2023:06:46:11 +0300] "POST /auth/?register=yes HTTP/1.1" 301 162 "http://gcba.ru/auth/?register=yes" "Mozilla/5.0 (Windows NT 10.0; Win64; x64) AppleWebKit/537.36 (KHTML, like Gecko) Chrome/119.0.0.0 Safari/537.36"
45.138.16.168 - - [17/Dec/2023:06:46:12 +0300] "POST /auth/?forgot_password=yes HTTP/1.1" 301 162 "http://gcba.ru/auth/?register=yes" "Mozilla/5.0 (Windows NT 10.0; Win64; x64) AppleWebKit/537.36 (KHTML, like Gecko) Chrome/119.0.0.0 Safari/537.36"
79.137.206.177 - - [17/Dec/2023:06:58:13 +0300] "GET / HTTP/1.1" 301 162 "-" "Mozilla/5.0 (Windows NT 5.1; WOW64; rv:48.0) Gecko/20100101 Firefox/48.0"
94.228.169.107 - - [17/Dec/2023:07:19:33 +0300] "GET / HTTP/1.1" 301 162 "-" "Mozilla/5.0 (X11; Linux i686; rv:46.0) Gecko/20100101 Firefox/46.0"
188.120.251.252 - - [17/Dec/2023:07:42:50 +0300] "GET / HTTP/1.1" 301 162 "-" "Mozilla/5.0 (compatible; Googlebot/2.1; +http://www.google.com/bot.html)"
45.138.16.168 - - [17/Dec/2023:07:54:44 +0300] "POST /auth/?register=yes HTTP/1.1" 301 162 "http://gcba.ru/auth/?register=yes" "Mozilla/5.0 (Windows NT 10.0; Win64; x64) AppleWebKit/537.36 (KHTML, like Gecko) Chrome/119.0.0.0 Safari/537.36"
45.138.16.168 - - [17/Dec/2023:07:54:46 +0300] "POST /auth/?forgot_password=yes HTTP/1.1" 301 162 "http://gcba.ru/auth/?register=yes" "Mozilla/5.0 (Windows NT 10.0; Win64; x64) AppleWebKit/537.36 (KHTML, like Gecko) Chrome/119.0.0.0 Safari/537.36"
194.38.22.71 - - [17/Dec/2023:08:07:18 +0300] "GET /assets/components/ms2form/vendor/plupload/examples/upload.php HTTP/1.1" 301 162 "-" "ALittle Client"
194.38.22.71 - - [17/Dec/2023:08:07:19 +0300] "GET /assets/plupload/examples/upload.php HTTP/1.1" 301 162 "-" "ALittle Client"
95.163.36.14 - - [17/Dec/2023:08:10:28 +0300] "GET /robots.txt HTTP/1.1" 301 162 "-" "Mozilla/5.0 (compatible; Linux x86_64; Mail.RU_Bot/Robots/2.0; +https://help.mail.ru/webmaster/indexing/robots)"
95.163.36.4 - - [17/Dec/2023:08:10:28 +0300] "GET /news/nalogi/platezhku-na-uplatu-ndfl-nuzhno-oformlyat-na-kazhdoe-obosoblennoe-podrazdelenie-organizatsii-kotorom HTTP/1.1" 301 162 "-" "Mozilla/5.0 (compatible; Linux x86_64; Mail.RU_Bot/Fast/2.0; +https://help.mail.ru/webmaster/indexing/robots)"
185.190.42.200 - - [17/Dec/2023:08:15:58 +0300] "GET / HTTP/1.0" 301 162 "http://gcba.ru/" "Mozilla/5.0 (Windows NT 6.1) AppleWebKit/537.36 (KHTML, like Gecko) Chrome/103.0.0.0 Safari/537.36"
95.163.36.16 - - [17/Dec/2023:08:37:09 +0300] "GET /news/nalogi/platezhku-na-uplatu-ndfl-nuzhno-oformlyat-na-kazhdoe-obosoblennoe-podrazdelenie-organizatsii-kotorom HTTP/1.1" 301 162 "-" "Mozilla/5.0 (compatible; Linux x86_64; Mail.RU_Bot/Fast/2.0; +https://help.mail.ru/webmaster/indexing/robots)"
95.163.36.6 - - [17/Dec/2023:09:04:46 +0300] "GET /news/nalogi/platezhku-na-uplatu-ndfl-nuzhno-oformlyat-na-kazhdoe-obosoblennoe-podrazdelenie-organizatsii-kotorom HTTP/1.1" 301 162 "-" "Mozilla/5.0 (compatible; Linux x86_64; Mail.RU_Bot/Fast/2.0; +https://help.mail.ru/webmaster/indexing/robots)"
94.228.169.107 - - [17/Dec/2023:09:05:24 +0300] "GET / HTTP/1.1" 301 162 "-" "Mozilla/5.0 (Macintosh; Intel Mac OS X 10.12; rv:51.0) Gecko/20100101 Firefox/51.0"
193.178.169.166 - - [17/Dec/2023:09:06:16 +0300] "GET / HTTP/1.1" 301 162 "http://gcba.ru/" "Mozilla/5.0 (Windows NT 10.0; WOW64; x64) AppleWebKit/537.36 (KHTML, like Gecko) Chrome/114.0.0.0 Safari/537.36 OPR/89.0.4447.51"
193.178.169.166 - - [17/Dec/2023:09:06:17 +0300] "GET / HTTP/1.1" 301 162 "-" "Mozilla/5.0 (Windows NT 10.0; WOW64; x64) AppleWebKit/537.36 (KHTML, like Gecko) Chrome/114.0.0.0 Safari/537.36 OPR/89.0.4447.51"
45.138.16.168 - - [17/Dec/2023:09:07:37 +0300] "POST /auth/?register=yes HTTP/1.1" 301 162 "http://gcba.ru/auth/?register=yes" "Mozilla/5.0 (Windows NT 10.0; Win64; x64) AppleWebKit/537.36 (KHTML, like Gecko) Chrome/119.0.0.0 Safari/537.36"
45.138.16.168 - - [17/Dec/2023:09:07:38 +0300] "POST /auth/?forgot_password=yes HTTP/1.1" 301 162 "http://gcba.ru/auth/?register=yes" "Mozilla/5.0 (Windows NT 10.0; Win64; x64) AppleWebKit/537.36 (KHTML, like Gecko) Chrome/119.0.0.0 Safari/537.36"
193.178.169.166 - - [17/Dec/2023:09:07:40 +0300] "GET / HTTP/1.1" 301 162 "-" "Mozilla/5.0 (X11; Linux i686) AppleWebKit/537.36 (KHTML, like Gecko) Chrome/114.0.0.0 Safari/537.36 Vivaldi/5.3.2679.68"
94.228.169.107 - - [17/Dec/2023:09:20:03 +0300] "GET / HTTP/1.1" 301 162 "-" "Mozilla/5.0 (Macintosh; Intel Mac OS X 10_11_5) AppleWebKit/537.36 (KHTML, like Gecko) Chrome/50.0.2672.94 Safari/537.36"
94.228.169.107 - - [17/Dec/2023:09:20:23 +0300] "GET / HTTP/1.1" 301 162 "-" "Mozilla/5.0 (X11; Linux x86_64) AppleWebKit/537.36 (KHTML, like Gecko) Chrome/55.0.2897.65 Safari/537.36"
92.242.36.2 - - [17/Dec/2023:09:27:48 +0300] "GET /news/nalogi/platezhku-na-uplatu-ndfl-nuzhno-oformlyat-na-kazhdoe-obosoblennoe-podrazdelenie-organizatsii-kotorom HTTP/1.1" 301 162 "-" "Mozilla/5.0 (X11; Ubuntu; Linux x86_64; rv:82.0) Gecko/20100101 Firefox/82.0"
92.242.36.2 - - [17/Dec/2023:09:54:32 +0300] "GET /news/nalogi/platezhku-na-uplatu-ndfl-nuzhno-oformlyat-na-kazhdoe-obosoblennoe-podrazdelenie-organizatsii-kotorom HTTP/1.1" 301 162 "-" "Mozilla/5.0 (X11; Ubuntu; Linux x86_64; rv:82.0) Gecko/20100101 Firefox/82.0"
46.35.252.130 - - [17/Dec/2023:10:00:35 +0300] "GET / HTTP/1.0" 301 162 "http://gcba.ru/" "Mozilla/5.0 (Windows NT 6.1; Win64; x64) AppleWebKit/537.36 (KHTML, like Gecko) Chrome/103.0.5060.66 Safari/537.36"
185.190.42.200 - - [17/Dec/2023:10:00:49 +0300] "GET / HTTP/1.0" 301 162 "http://gcba.ru/" "Mozilla/5.0 (Windows NT 6.3; Win64; x64) AppleWebKit/537.36 (KHTML, like Gecko) Chrome/103.0.5060.66 Safari/537.36"
92.242.36.2 - - [17/Dec/2023:10:19:04 +0300] "GET /news/nalogi/platezhku-na-uplatu-ndfl-nuzhno-oformlyat-na-kazhdoe-obosoblennoe-podrazdelenie-organizatsii-kotorom HTTP/1.1" 301 162 "-" "Mozilla/5.0 (X11; Ubuntu; Linux x86_64; rv:82.0) Gecko/20100101 Firefox/82.0"
45.138.16.168 - - [17/Dec/2023:10:24:54 +0300] "POST /auth/?register=yes HTTP/1.1" 301 162 "http://gcba.ru/auth/?register=yes" "Mozilla/5.0 (Windows NT 10.0; Win64; x64) AppleWebKit/537.36 (KHTML, like Gecko) Chrome/119.0.0.0 Safari/537.36"
45.138.16.168 - - [17/Dec/2023:10:24:56 +0300] "POST /auth/?forgot_password=yes HTTP/1.1" 301 162 "http://gcba.ru/auth/?register=yes" "Mozilla/5.0 (Windows NT 10.0; Win64; x64) AppleWebKit/537.36 (KHTML, like Gecko) Chrome/119.0.0.0 Safari/537.36"
8.222.179.204 - - [17/Dec/2023:10:40:56 +0300] "GET / HTTP/1.0" 301 162 "http://gcba.ru/" "Mozilla/5.0 (Windows NT 6.2; Win64; x64) AppleWebKit/537.36 (KHTML, like Gecko) Chrome/103.0.0.0 Safari/537.36"
79.137.151.91 - - [17/Dec/2023:10:43:47 +0300] "GET /news/nalogi/platezhku-na-uplatu-ndfl-nuzhno-oformlyat-na-kazhdoe-obosoblennoe-podrazdelenie-organizatsii-kotorom HTTP/1.1" 301 162 "-" "Mozilla/5.0 (Windows NT 10.0; Win64; x64) AppleWebKit/537.36 (KHTML, like Gecko) Chrome/87.0.4280.141 Safari/537.36"
79.137.130.72 - - [17/Dec/2023:11:08:07 +0300] "GET /news/nalogi/platezhku-na-uplatu-ndfl-nuzhno-oformlyat-na-kazhdoe-obosoblennoe-podrazdelenie-organizatsii-kotorom HTTP/1.1" 301 162 "-" "Mozilla/5.0 (Windows NT 10.0; Win64; x64) AppleWebKit/537.36 (KHTML, like Gecko) Chrome/113.0.0.0 Safari/537.36"
45.138.16.168 - - [17/Dec/2023:11:47:04 +0300] "POST /auth/?register=yes HTTP/1.1" 301 162 "http://gcba.ru/auth/?register=yes" "Mozilla/5.0 (Windows NT 10.0; Win64; x64) AppleWebKit/537.36 (KHTML, like Gecko) Chrome/119.0.0.0 Safari/537.36"
45.138.16.168 - - [17/Dec/2023:11:47:06 +0300] "POST /auth/?forgot_password=yes HTTP/1.1" 301 162 "http://gcba.ru/auth/?register=yes" "Mozilla/5.0 (Windows NT 10.0; Win64; x64) AppleWebKit/537.36 (KHTML, like Gecko) Chrome/119.0.0.0 Safari/537.36"
94.25.174.45 - - [17/Dec/2023:12:04:23 +0300] "GET / HTTP/1.1" 301 162 "http://GCBA.RU" "Mozilla/5.0 (Windows NT 10.0; WOW64) AppleWebKit/537.36 (KHTML, like Gecko) Chrome/114.0.0.0 Safari/537.36 Vivaldi/5.3.2679.68"
17.241.227.154 - - [17/Dec/2023:12:17:16 +0300] "GET /robots.txt HTTP/1.1" 301 162 "-" "Mozilla/5.0 (Macintosh; Intel Mac OS X 10_15_5) AppleWebKit/605.1.15 (KHTML, like Gecko) Version/13.1.1 Safari/605.1.15 (Applebot/0.1; +http://www.apple.com/go/applebot)"
17.241.227.154 - - [17/Dec/2023:12:17:18 +0300] "GET /news/pravo/shtraf-za-nesvoevremennuyu-uplatu-ndfl-pri-kakikh-usloviyakh-nalogovyy-agent-mozhet-izbezhat-sanktsi/ HTTP/1.1" 301 162 "-" "Mozilla/5.0 (Macintosh; Intel Mac OS X 10_15_5) AppleWebKit/605.1.15 (KHTML, like Gecko) Version/13.1.1 Safari/605.1.15 (Applebot/0.1; +http://www.apple.com/go/applebot)"
94.228.169.107 - - [17/Dec/2023:12:30:21 +0300] "GET / HTTP/1.1" 301 162 "-" "Mozilla/5.0 (Macintosh; Intel Mac OS X 10.9; rv:45.0) Gecko/20100101 Firefox/45.0"
45.138.16.168 - - [17/Dec/2023:13:12:23 +0300] "POST /auth/?register=yes HTTP/1.1" 301 162 "http://gcba.ru/auth/?register=yes" "Mozilla/5.0 (Windows NT 10.0; Win64; x64) AppleWebKit/537.36 (KHTML, like Gecko) Chrome/119.0.0.0 Safari/537.36"
45.138.16.168 - - [17/Dec/2023:13:12:26 +0300] "POST /auth/?forgot_password=yes HTTP/1.1" 301 162 "http://gcba.ru/auth/?register=yes" "Mozilla/5.0 (Windows NT 10.0; Win64; x64) AppleWebKit/537.36 (KHTML, like Gecko) Chrome/119.0.0.0 Safari/537.36"
159.69.148.111 - - [17/Dec/2023:13:59:24 +0300] "GET / HTTP/1.0" 301 162 "http://gcba.ru/" "Mozilla/5.0 (Windows NT 10.0) AppleWebKit/537.36 (KHTML, like Gecko) Chrome/90.0.4430.85 Safari/537.36 Edg/90.0.818.46"
176.14.106.44 - - [17/Dec/2023:14:08:04 +0300] "GET / HTTP/1.1" 301 162 "-" "Go-http-client/1.1"
45.138.16.168 - - [17/Dec/2023:14:42:34 +0300] "POST /auth/?register=yes HTTP/1.1" 301 162 "http://gcba.ru/auth/?register=yes" "Mozilla/5.0 (Windows NT 10.0; Win64; x64) AppleWebKit/537.36 (KHTML, like Gecko) Chrome/119.0.0.0 Safari/537.36"
45.138.16.168 - - [17/Dec/2023:14:42:36 +0300] "POST /auth/?forgot_password=yes HTTP/1.1" 301 162 "http://gcba.ru/auth/?register=yes" "Mozilla/5.0 (Windows NT 10.0; Win64; x64) AppleWebKit/537.36 (KHTML, like Gecko) Chrome/119.0.0.0 Safari/537.36"
94.228.169.107 - - [17/Dec/2023:15:54:34 +0300] "GET / HTTP/1.1" 301 162 "-" "Mozilla/5.0 (Windows NT 6.2; WOW64; rv:49.0) Gecko/20100101 Firefox/49.0"
106.58.208.245 - - [17/Dec/2023:15:56:19 +0300] "GET /wp-login.php HTTP/1.1" 301 162 "-" "Apache-HttpClient/4.5.2 (Java/1.8.0_161)"
79.137.206.177 - - [17/Dec/2023:16:43:49 +0300] "GET / HTTP/1.1" 301 162 "-" "Mozilla/5.0 (Windows NT 10.0; Win64; x64) AppleWebKit/537.36 (KHTML, like Gecko) Chrome/54.0.2861.16 Safari/537.36"
41.0.52.234 - - [17/Dec/2023:17:07:36 +0300] "GET / HTTP/1.1" 301 162 "-" "Mozilla/5.0 (Windows NT 10.0; Win64; x64) AppleWebKit/537.36 (KHTML, like Gecko) Chrome/103.0.0.0 Safari/537.36 Edg/103.0.1264.71"
45.138.16.168 - - [17/Dec/2023:17:14:53 +0300] "POST /auth/?register=yes HTTP/1.1" 301 162 "http://gcba.ru/auth/?register=yes" "Mozilla/5.0 (Windows NT 10.0; Win64; x64) AppleWebKit/537.36 (KHTML, like Gecko) Chrome/119.0.0.0 Safari/537.36"
45.138.16.168 - - [17/Dec/2023:17:14:54 +0300] "POST /auth/?forgot_password=yes HTTP/1.1" 301 162 "http://gcba.ru/auth/?register=yes" "Mozilla/5.0 (Windows NT 10.0; Win64; x64) AppleWebKit/537.36 (KHTML, like Gecko) Chrome/119.0.0.0 Safari/537.36"
45.138.16.168 - - [17/Dec/2023:18:19:03 +0300] "POST /auth/?register=yes HTTP/1.1" 301 162 "http://gcba.ru/auth/?register=yes" "Mozilla/5.0 (Windows NT 10.0; Win64; x64) AppleWebKit/537.36 (KHTML, like Gecko) Chrome/119.0.0.0 Safari/537.36"
45.138.16.168 - - [17/Dec/2023:18:19:04 +0300] "POST /auth/?forgot_password=yes HTTP/1.1" 301 162 "http://gcba.ru/auth/?register=yes" "Mozilla/5.0 (Windows NT 10.0; Win64; x64) AppleWebKit/537.36 (KHTML, like Gecko) Chrome/119.0.0.0 Safari/537.36"
40.77.167.13 - - [17/Dec/2023:18:30:37 +0300] "GET /news/nalogi/novyy-spets-rezhim-avtomatizirovannaya-uproshchennaya-sistema-nalogooblozheniya HTTP/1.1" 301 162 "-" "Mozilla/5.0 AppleWebKit/537.36 (KHTML, like Gecko; compatible; bingbot/2.0; +http://www.bing.com/bingbot.htm) Chrome/116.0.1938.76 Safari/537.36"
193.178.169.166 - - [17/Dec/2023:19:13:02 +0300] "GET / HTTP/1.1" 301 162 "-" "Mozilla/5.0 (X11; Linux i686) AppleWebKit/537.36 (KHTML, like Gecko) Chrome/114.0.0.0 Safari/537.36 Vivaldi/5.3.2679.68"
94.228.169.107 - - [17/Dec/2023:19:18:25 +0300] "GET / HTTP/1.1" 301 162 "-" "Mozilla/5.0 (Macintosh; Intel Mac OS X 10_12_0) AppleWebKit/537.36 (KHTML, like Gecko) Chrome/51.0.2713.95 Safari/537.36"
45.146.167.56 - - [17/Dec/2023:19:19:03 +0300] "GET / HTTP/1.1" 301 162 "-" "Mozilla/5.0 (X11; Linux x86_64; rv:102.0) Gecko/20100101 Firefox/102.0_Cyberok"
45.138.16.168 - - [17/Dec/2023:19:27:48 +0300] "POST /auth/?register=yes HTTP/1.1" 301 162 "http://gcba.ru/auth/?register=yes" "Mozilla/5.0 (Windows NT 10.0; Win64; x64) AppleWebKit/537.36 (KHTML, like Gecko) Chrome/119.0.0.0 Safari/537.36"
45.138.16.168 - - [17/Dec/2023:19:27:49 +0300] "POST /auth/?forgot_password=yes HTTP/1.1" 301 162 "http://gcba.ru/auth/?register=yes" "Mozilla/5.0 (Windows NT 10.0; Win64; x64) AppleWebKit/537.36 (KHTML, like Gecko) Chrome/119.0.0.0 Safari/537.36"
202.40.179.70 - - [17/Dec/2023:19:38:18 +0300] "GET / HTTP/1.0" 301 162 "http://gcba.ru/" "Mozilla/5.0 (Windows NT 10.0; Win64; x64) AppleWebKit/537.36 (KHTML, like Gecko) Chrome/90.0.4430.86 Safari/537.36"
95.163.255.233 - - [17/Dec/2023:19:51:35 +0300] "GET /robots.txt HTTP/1.0" 301 162 "-" "Mozilla/5.0 (compatible; Linux x86_64; Mail.RU_Bot/2.0; +https://help.mail.ru/webmaster/indexing/robots)"
95.163.255.212 - - [17/Dec/2023:19:51:39 +0300] "GET / HTTP/1.1" 301 162 "-" "Mozilla/5.0 (compatible; Linux x86_64; Mail.RU_Bot/2.0; +https://help.mail.ru/webmaster/indexing/robots)"
45.138.16.168 - - [17/Dec/2023:20:42:18 +0300] "POST /auth/?register=yes HTTP/1.1" 301 162 "http://gcba.ru/auth/?register=yes" "Mozilla/5.0 (Windows NT 10.0; Win64; x64) AppleWebKit/537.36 (KHTML, like Gecko) Chrome/119.0.0.0 Safari/537.36"
45.138.16.168 - - [17/Dec/2023:20:42:20 +0300] "POST /auth/?forgot_password=yes HTTP/1.1" 301 162 "http://gcba.ru/auth/?register=yes" "Mozilla/5.0 (Windows NT 10.0; Win64; x64) AppleWebKit/537.36 (KHTML, like Gecko) Chrome/119.0.0.0 Safari/537.36"
45.146.167.56 - - [17/Dec/2023:20:59:07 +0300] "GET /bitrix/tools/composite_data.php HTTP/1.1" 301 162 "-" "Mozilla/5.0 (X11; Linux x86_64; rv:102.0) Gecko/20100101 Firefox/102.0_Cyberok"
45.146.167.56 - - [17/Dec/2023:20:59:07 +0300] "POST /bitrix/tools/vote/uf.php?attachId%5BMODULE_ID%5D=iblock&attachId%5BENTITY_TYPE%5D=CFileUploader&action=vote&sessid=46fe2a857fd3089fd2db6a4a20ce1bff&attachId%5BENTITY_ID%5D%5Bcopies%5D%5Bfixcve-2022-27228.jpg%5D=1&attachId%5BENTITY_ID%5D%5Bcopies%5D%5B..%2F.htaccess%5D=1 HTTP/1.1" 301 162 "-" "Mozilla/5.0 (X11; Linux x86_64; rv:102.0) Gecko/20100101 Firefox/102.0_Cyberok"
95.80.89.90 - - [17/Dec/2023:21:04:04 +0300] "GET / HTTP/1.0" 301 162 "http://gcba.ru/" "Mozilla/5.0 (Windows NT 10.0) AppleWebKit/537.36 (KHTML, like Gecko) Chrome/90.0.4430.85 Safari/537.36 Edg/90.0.818.46"
66.249.73.70 - - [17/Dec/2023:21:05:35 +0300] "GET /?kc=175/65R14-82Q-%E3%82%B0%E3%83%83%E3%83%89%E3%82%A4%E3%83%A4%E3%83%BC/%E3%82%A2%E3%82%A4%E3%82%B9%E3%83%8A%E3%83%93-6/NAVI6-%5B2%5D-%E2%96%A0-LEONIS-UC-14%E3%82%A4%E3%83%B3%E3%83%81-5.5J-PCD:100-%E7%A9%B4%E6%95%B0:4-inset:40-%E3%83%91%E3%83%BC%E3%83%AB%E3%83%96%E3%83%A9%E3%83%83%E3%82%AF/%E3%83%9F%E3%83%A9%E3%83%BC%E3%82%AB%E3%83%83%E3%83%88-Weds-pq44927p HTTP/1.1" 301 162 "-" "Mozilla/5.0 (Linux; Android 6.0.1; Nexus 5X Build/MMB29P) AppleWebKit/537.36 (KHTML, like Gecko) Chrome/120.0.6099.71 Mobile Safari/537.36 (compatible; Googlebot/2.1; +http://www.google.com/bot.html)"
31.42.6.125 - - [17/Dec/2023:21:06:16 +0300] "GET / HTTP/1.0" 301 162 "http://gcba.ru/" "Mozilla/5.0 (Windows NT 6.1) AppleWebKit/537.36 (KHTML, like Gecko) Chrome/90.0.4430.93 Safari/537.36"
167.160.171.144 - - [17/Dec/2023:21:18:11 +0300] "GET / HTTP/1.1" 301 162 "-" "Mozilla/5.0 (X11; Linux i686) AppleWebKit/537.36 (KHTML, like Gecko) Chrome/114.0.0.0 Safari/537.36 Vivaldi/5.3.2679.68"
104.37.135.145 - - [17/Dec/2023:21:28:59 +0300] "GET / HTTP/1.0" 301 162 "http://gcba.ru/" "Mozilla/5.0 (Windows NT 10.0; WOW64) AppleWebKit/537.36 (KHTML, like Gecko) Chrome/90.0.4430.85 Safari/537.36"
94.228.169.107 - - [17/Dec/2023:21:31:49 +0300] "GET / HTTP/1.1" 301 162 "-" "Mozilla/5.0 (Macintosh; Intel Mac OS X 10.10; rv:47.0) Gecko/20100101 Firefox/47.0"
45.138.16.168 - - [17/Dec/2023:21:59:55 +0300] "POST /auth/?register=yes HTTP/1.1" 301 162 "http://gcba.ru/auth/?register=yes" "Mozilla/5.0 (Windows NT 10.0; Win64; x64) AppleWebKit/537.36 (KHTML, like Gecko) Chrome/119.0.0.0 Safari/537.36"
45.138.16.168 - - [17/Dec/2023:21:59:57 +0300] "POST /auth/?forgot_password=yes HTTP/1.1" 301 162 "http://gcba.ru/auth/?register=yes" "Mozilla/5.0 (Windows NT 10.0; Win64; x64) AppleWebKit/537.36 (KHTML, like Gecko) Chrome/119.0.0.0 Safari/537.36"
103.191.58.22 - - [17/Dec/2023:22:30:13 +0300] "GET / HTTP/1.0" 301 162 "http://gcba.ru/" "Mozilla/5.0 (Windows NT 6.3) AppleWebKit/537.36 (KHTML, like Gecko) Chrome/90.0.4430.72 Safari/537.36"
94.228.169.107 - - [17/Dec/2023:22:45:24 +0300] "GET / HTTP/1.1" 301 162 "-" "Mozilla/5.0 (Macintosh; Intel Mac OS X 10.12; rv:47.0) Gecko/20100101 Firefox/47.0"
176.114.244.102 - - [17/Dec/2023:23:09:49 +0300] "GET / HTTP/1.0" 301 162 "http://gcba.ru/" "Mozilla/5.0 (Windows NT 10.0; Win64; x64) AppleWebKit/537.36 (KHTML, like Gecko) Chrome/90.0.4430.86 Safari/537.36"
45.138.16.168 - - [17/Dec/2023:23:21:41 +0300] "POST /auth/?register=yes HTTP/1.1" 301 162 "http://gcba.ru/auth/?register=yes" "Mozilla/5.0 (Windows NT 10.0; Win64; x64) AppleWebKit/537.36 (KHTML, like Gecko) Chrome/119.0.0.0 Safari/537.36"
45.138.16.168 - - [17/Dec/2023:23:21:43 +0300] "POST /auth/?forgot_password=yes HTTP/1.1" 301 162 "http://gcba.ru/auth/?register=yes" "Mozilla/5.0 (Windows NT 10.0; Win64; x64) AppleWebKit/537.36 (KHTML, like Gecko) Chrome/119.0.0.0 Safari/537.36"
119.82.251.250 - - [18/Dec/2023:00:28:31 +0300] "GET / HTTP/1.0" 301 162 "http://gcba.ru/" "Mozilla/5.0 (Windows NT 6.1; WOW64) AppleWebKit/537.36 (KHTML, like Gecko) Chrome/90.0.4430.72 Safari/537.36"
52.167.144.55 - - [18/Dec/2023:00:31:11 +0300] "GET /robots.txt HTTP/1.1" 301 162 "-" "Mozilla/5.0 AppleWebKit/537.36 (KHTML, like Gecko; compatible; bingbot/2.0; +http://www.bing.com/bingbot.htm) Chrome/116.0.1938.76 Safari/537.36"
157.55.39.8 - - [18/Dec/2023:00:31:21 +0300] "GET / HTTP/1.1" 301 162 "-" "Mozilla/5.0 AppleWebKit/537.36 (KHTML, like Gecko; compatible; bingbot/2.0; +http://www.bing.com/bingbot.htm) Chrome/116.0.1938.76 Safari/537.36"
45.138.16.168 - - [18/Dec/2023:00:49:23 +0300] "POST /auth/?register=yes HTTP/1.1" 301 162 "http://gcba.ru/auth/?register=yes" "Mozilla/5.0 (Windows NT 10.0; Win64; x64) AppleWebKit/537.36 (KHTML, like Gecko) Chrome/119.0.0.0 Safari/537.36"
45.138.16.168 - - [18/Dec/2023:00:49:26 +0300] "POST /auth/?forgot_password=yes HTTP/1.1" 301 162 "http://gcba.ru/auth/?register=yes" "Mozilla/5.0 (Windows NT 10.0; Win64; x64) AppleWebKit/537.36 (KHTML, like Gecko) Chrome/119.0.0.0 Safari/537.36"
120.234.203.171 - - [18/Dec/2023:01:13:46 +0300] "GET / HTTP/1.0" 301 162 "http://gcba.ru/" "Mozilla/5.0 (Windows NT 6.1; Win64; x64) AppleWebKit/537.36 (KHTML, like Gecko) Chrome/103.0.0.0 Safari/537.36"
42.113.221.71 - - [18/Dec/2023:01:18:08 +0300] "GET / HTTP/1.0" 301 162 "http://gcba.ru/" "Mozilla/5.0 (Windows NT 10.0) AppleWebKit/537.36 (KHTML, like Gecko) Chrome/90.0.4430.72 Safari/537.36"
45.146.167.56 - - [18/Dec/2023:01:45:02 +0300] "GET /bitrix/modules/main/include/prolog.php?micat=echo+base64_decode('cXdlcXdlcXdlcXdlcXdl')%3b&midog=echo+base64_decode('cXdlcXdlcXdlcXdlcXdl')%3b HTTP/1.1" 301 162 "-" "Mozilla/5.0 (X11; Linux x86_64; rv:102.0) Gecko/20100101 Firefox/102.0_Cyberok"
45.146.167.56 - - [18/Dec/2023:01:45:04 +0300] "GET /bitrix/tools/.session HTTP/1.1" 301 162 "-" "Mozilla/5.0 (X11; Linux x86_64; rv:102.0) Gecko/20100101 Firefox/102.0_Cyberok"
45.146.167.56 - - [18/Dec/2023:01:45:04 +0300] "GET /bitrix/tools/.sess HTTP/1.1" 301 162 "-" "Mozilla/5.0 (X11; Linux x86_64; rv:102.0) Gecko/20100101 Firefox/102.0_Cyberok"
159.69.148.111 - - [18/Dec/2023:01:46:08 +0300] "GET / HTTP/1.0" 301 162 "http://gcba.ru/" "Mozilla/5.0 (Windows NT 6.1; WOW64) AppleWebKit/537.36 (KHTML, like Gecko) Chrome/90.0.4430.93 Safari/537.36"
94.228.169.107 - - [18/Dec/2023:02:07:33 +0300] "GET / HTTP/1.1" 301 162 "-" "Mozilla/5.0 (Windows NT 6.1; WOW64; rv:50.0) Gecko/20100101 Firefox/50.0"
45.146.167.56 - - [18/Dec/2023:02:08:28 +0300] "GET /bitrix/modules/ldap/xqwntmba.php HTTP/1.1" 301 162 "-" "Mozilla/5.0 (X11; Linux x86_64; rv:102.0) Gecko/20100101 Firefox/102.0_Cyberok"
45.146.167.56 - - [18/Dec/2023:02:08:29 +0300] "GET /bitrix/modules/ldap/index.php HTTP/1.1" 301 162 "-" "Mozilla/5.0 (X11; Linux x86_64; rv:102.0) Gecko/20100101 Firefox/102.0_Cyberok"
45.146.167.56 - - [18/Dec/2023:02:10:06 +0300] "POST /bitrix/modules/main/include/prolog_after.php HTTP/1.1" 301 162 "-" "Mozilla/5.0 (X11; Linux x86_64; rv:102.0) Gecko/20100101 Firefox/102.0_Cyberok"
45.146.167.56 - - [18/Dec/2023:02:10:07 +0300] "GET /bitrix/admin/xvxlzi0x.php HTTP/1.1" 301 162 "-" "Mozilla/5.0 (X11; Linux x86_64; rv:102.0) Gecko/20100101 Firefox/102.0_Cyberok"
45.146.167.56 - - [18/Dec/2023:02:10:07 +0300] "POST / HTTP/1.1" 301 162 "-" "Mozilla/5.0 (X11; Linux x86_64; rv:102.0) Gecko/20100101 Firefox/102.0_Cyberok"
45.146.167.56 - - [18/Dec/2023:02:10:07 +0300] "POST /bitrix/modules/main/bx_root.php HTTP/1.1" 301 162 "-" "Mozilla/5.0 (X11; Linux x86_64; rv:102.0) Gecko/20100101 Firefox/102.0"
45.146.167.56 - - [18/Dec/2023:02:10:08 +0300] "GET /bitrix/admin/inputs.php HTTP/1.1" 301 162 "-" "Mozilla/5.0 (X11; Linux x86_64; rv:102.0) Gecko/20100101 Firefox/102.0_Cyberok"
45.146.167.56 - - [18/Dec/2023:02:10:08 +0300] "POST / HTTP/1.1" 301 162 "-" "Mozilla/5.0 (X11; Linux x86_64; rv:102.0) Gecko/20100101 Firefox/102.0"
45.146.167.56 - - [18/Dec/2023:02:10:11 +0300] "GET /bitrix/tools/kqajy0hh.php HTTP/1.1" 301 162 "-" "Mozilla/5.0 (X11; Linux x86_64; rv:102.0) Gecko/20100101 Firefox/102.0_Cyberok"
45.146.167.56 - - [18/Dec/2023:02:10:12 +0300] "GET /bitrix/tools/send_trait_imap.php HTTP/1.1" 301 162 "-" "Mozilla/5.0 (X11; Linux x86_64; rv:102.0) Gecko/20100101 Firefox/102.0_Cyberok"
45.146.167.56 - - [18/Dec/2023:02:10:12 +0300] "GET /bitrix/js/iblock/omoomdgf.php HTTP/1.1" 301 162 "-" "Mozilla/5.0 (X11; Linux x86_64; rv:102.0) Gecko/20100101 Firefox/102.0_Cyberok"
45.146.167.56 - - [18/Dec/2023:02:10:12 +0300] "GET /m6qmj7pk.php HTTP/1.1" 301 162 "-" "Mozilla/5.0 (X11; Linux x86_64; rv:102.0) Gecko/20100101 Firefox/102.0_Cyberok"
45.146.167.56 - - [18/Dec/2023:02:10:13 +0300] "GET /xmlrpcs.php HTTP/1.1" 301 162 "-" "Mozilla/5.0 (X11; Linux x86_64; rv:102.0) Gecko/20100101 Firefox/102.0_Cyberok"
45.146.167.56 - - [18/Dec/2023:02:10:13 +0300] "GET /bitrix/js/iblock/admin.php HTTP/1.1" 301 162 "-" "Mozilla/5.0 (X11; Linux x86_64; rv:102.0) Gecko/20100101 Firefox/102.0_Cyberok"
45.146.167.56 - - [18/Dec/2023:02:10:56 +0300] "GET /bitrix/components/bitrix/main.file.input/main.php HTTP/1.1" 301 162 "-" "Mozilla/5.0 (X11; Linux x86_64; rv:102.0) Gecko/20100101 Firefox/102.0_Cyberok"
45.146.167.56 - - [18/Dec/2023:02:10:57 +0300] "GET / HTTP/1.1" 301 162 "-" "Mozilla/5.0 (X11; Linux x86_64; rv:102.0) Gecko/20100101 Firefox/102.0_Cyberok"
45.146.167.56 - - [18/Dec/2023:02:10:57 +0300] "POST /bitrix/virtual_routes.php HTTP/1.1" 301 162 "-" "Mozilla/5.0 (X11; Linux x86_64; rv:102.0) Gecko/20100101 Firefox/102.0_Cyberok"
45.146.167.56 - - [18/Dec/2023:02:10:57 +0300] "GET /bitrix/activities/bitrix/setvariableactivity/lang/ru/8al3ewtp.php HTTP/1.1" 301 162 "-" "Mozilla/5.0 (X11; Linux x86_64; rv:102.0) Gecko/20100101 Firefox/102.0_Cyberok"
45.146.167.56 - - [18/Dec/2023:02:10:57 +0300] "POST / HTTP/1.1" 301 162 "-" "Mozilla/5.0 (X11; Linux x86_64; rv:102.0) Gecko/20100101 Firefox/102.0_Cyberok"
45.146.167.56 - - [18/Dec/2023:02:10:58 +0300] "GET /bitrix/activities/bitrix/setvariableactivity/lang/ru/index.php HTTP/1.1" 301 162 "-" "Mozilla/5.0 (X11; Linux x86_64; rv:102.0) Gecko/20100101 Firefox/102.0_Cyberok"
45.146.167.56 - - [18/Dec/2023:02:10:58 +0300] "GET /bitrix/src/app/px4apcez.php HTTP/1.1" 301 162 "-" "Mozilla/5.0 (X11; Linux x86_64; rv:102.0) Gecko/20100101 Firefox/102.0_Cyberok"
45.146.167.56 - - [18/Dec/2023:02:10:58 +0300] "GET /bitrix/tools/.cas.php HTTP/1.1" 301 162 "-" "Mozilla/5.0 (X11; Linux x86_64; rv:102.0) Gecko/20100101 Firefox/102.0_Cyberok"
45.146.167.56 - - [18/Dec/2023:02:10:58 +0300] "GET /bitrix/virtual_routes.php?state=MD10cmltJjE9cXdlcXdlcXdlcXdlcXdlYXNkJjI9YXNk HTTP/1.1" 301 162 "-" "Mozilla/5.0 (X11; Linux x86_64; rv:102.0) Gecko/20100101 Firefox/102.0_Cyberok"
45.146.167.56 - - [18/Dec/2023:02:10:59 +0300] "GET /bitrix/src/app/l.php HTTP/1.1" 301 162 "-" "Mozilla/5.0 (X11; Linux x86_64; rv:102.0) Gecko/20100101 Firefox/102.0_Cyberok"
45.146.167.56 - - [18/Dec/2023:02:10:59 +0300] "GET /bitrix/tools/.cas.tmp.php HTTP/1.1" 301 162 "-" "Mozilla/5.0 (X11; Linux x86_64; rv:102.0) Gecko/20100101 Firefox/102.0_Cyberok"
45.146.167.56 - - [18/Dec/2023:02:10:59 +0300] "GET /?state=MD10cmltJjE9cXdlcXdlcXdlcXdlcXdlYXNkJjI9YXNk HTTP/1.1" 301 162 "-" "Mozilla/5.0 (X11; Linux x86_64; rv:102.0) Gecko/20100101 Firefox/102.0_Cyberok"
45.138.16.168 - - [18/Dec/2023:02:24:13 +0300] "POST /auth/?register=yes HTTP/1.1" 301 162 "http://gcba.ru/auth/?register=yes" "Mozilla/5.0 (Windows NT 10.0; Win64; x64) AppleWebKit/537.36 (KHTML, like Gecko) Chrome/119.0.0.0 Safari/537.36"
45.138.16.168 - - [18/Dec/2023:02:24:15 +0300] "POST /auth/?forgot_password=yes HTTP/1.1" 301 162 "http://gcba.ru/auth/?register=yes" "Mozilla/5.0 (Windows NT 10.0; Win64; x64) AppleWebKit/537.36 (KHTML, like Gecko) Chrome/119.0.0.0 Safari/537.36"
94.25.174.25 - - [18/Dec/2023:02:26:55 +0300] "GET / HTTP/1.0" 301 162 "http://gcba.ru/" "Mozilla/5.0 (Windows NT 6.3; Win64; x64) AppleWebKit/537.36 (KHTML, like Gecko) Chrome/103.0.5060.53 Safari/537.36"
45.146.167.56 - - [18/Dec/2023:02:45:14 +0300] "GET /bitrix/tools/spread.php?state=MD10cmltJjE9cXdlcXdlcXdlcXdlcXdlYXNkJjI9YXNk HTTP/1.1" 301 162 "-" "Mozilla/5.0 (X11; Linux x86_64; rv:102.0) Gecko/20100101 Firefox/102.0_Cyberok"
45.146.167.56 - - [18/Dec/2023:02:45:14 +0300] "GET /bitrix/spread.php?state=MD10cmltJjE9cXdlcXdlcXdlcXdlcXdlYXNkJjI9YXNk HTTP/1.1" 301 162 "-" "Mozilla/5.0 (X11; Linux x86_64; rv:102.0) Gecko/20100101 Firefox/102.0_Cyberok"
45.146.167.56 - - [18/Dec/2023:02:45:14 +0300] "GET /bitrix/modules/main/spread.php?state=MD10cmltJjE9cXdlcXdlcXdlcXdlcXdlYXNkJjI9YXNk HTTP/1.1" 301 162 "-" "Mozilla/5.0 (X11; Linux x86_64; rv:102.0) Gecko/20100101 Firefox/102.0_Cyberok"
45.146.167.56 - - [18/Dec/2023:02:45:14 +0300] "GET /?state=MD10cmltJjE9cXdlcXdlcXdlcXdlcXdlYXNkJjI9YXNk HTTP/1.1" 301 162 "-" "Mozilla/5.0 (X11; Linux x86_64; rv:102.0) Gecko/20100101 Firefox/102.0_Cyberok"
77.60.181.93 - - [18/Dec/2023:02:48:27 +0300] "GET / HTTP/1.0" 301 162 "http://gcba.ru/" "Mozilla/5.0 (Windows NT 6.1) AppleWebKit/537.36 (KHTML, like Gecko) Chrome/90.0.4430.72 Safari/537.36"
192.241.144.222 - - [18/Dec/2023:02:56:35 +0300] "GET / HTTP/1.0" 301 162 "http://gcba.ru/" "Mozilla/5.0 (Windows NT 10.0; Win64; x64) AppleWebKit/537.36 (KHTML, like Gecko) Chrome/90.0.4430.85 Safari/537.36"
116.235.51.14 - - [18/Dec/2023:03:13:49 +0300] "GET / HTTP/1.0" 301 162 "http://gcba.ru/" "Mozilla/5.0 (Windows NT 6.1; ) AppleWebKit/537.36 (KHTML, like Gecko) Chrome/90.0.4430.72 Safari/537.36"
66.249.73.70 - - [18/Dec/2023:03:15:36 +0300] "GET /robots.txt HTTP/1.1" 301 162 "-" "Mozilla/5.0 (compatible; Googlebot/2.1; +http://www.google.com/bot.html)"
66.249.73.72 - - [18/Dec/2023:03:15:37 +0300] "GET / HTTP/1.1" 301 162 "-" "Mozilla/5.0 (Linux; Android 6.0.1; Nexus 5X Build/MMB29P) AppleWebKit/537.36 (KHTML, like Gecko) Chrome/120.0.6099.71 Mobile Safari/537.36 (compatible; Googlebot/2.1; +http://www.google.com/bot.html)"
165.232.76.90 - - [18/Dec/2023:03:20:07 +0300] "GET / HTTP/1.1" 301 162 "-" "Mozilla/5.0 (X11; Linux x86_64) AppleWebKit/537.36 (KHTML, like Gecko) Chrome/108.0.0.0 Safari/537.36"
5.227.8.101 - - [18/Dec/2023:03:30:30 +0300] "GET / HTTP/1.0" 301 162 "http://gcba.ru/" "Mozilla/5.0 (Windows NT 6.1) AppleWebKit/537.36 (KHTML, like Gecko) Chrome/103.0.5060.114 Safari/537.36"
86.137.86.139 - - [18/Dec/2023:03:53:37 +0300] "GET http://gcba.ru/ HTTP/1.0" 301 162 "http://gcba.ru/" "Mozilla/5.0 (Windows NT 10.0; Win64; x64) AppleWebKit/537.36 (KHTML, like Gecko) Chrome/103.0.5060.114 Safari/537.36"
45.138.16.168 - - [18/Dec/2023:03:59:34 +0300] "POST /auth/?register=yes HTTP/1.1" 301 162 "http://gcba.ru/auth/?register=yes" "Mozilla/5.0 (Windows NT 10.0; Win64; x64) AppleWebKit/537.36 (KHTML, like Gecko) Chrome/119.0.0.0 Safari/537.36"
45.138.16.168 - - [18/Dec/2023:03:59:36 +0300] "POST /auth/?forgot_password=yes HTTP/1.1" 301 162 "http://gcba.ru/auth/?register=yes" "Mozilla/5.0 (Windows NT 10.0; Win64; x64) AppleWebKit/537.36 (KHTML, like Gecko) Chrome/119.0.0.0 Safari/537.36"
216.244.66.235 - - [18/Dec/2023:04:26:44 +0300] "GET /robots.txt HTTP/1.1" 301 162 "-" "Mozilla/5.0 (compatible; DotBot/1.2; +https://opensiteexplorer.org/dotbot; help@moz.com)"
40.77.167.18 - - [18/Dec/2023:05:01:25 +0300] "GET /news/nalogi/oplata-nalogov-tretimi-litsami/ HTTP/1.1" 301 162 "-" "Mozilla/5.0 AppleWebKit/537.36 (KHTML, like Gecko; compatible; bingbot/2.0; +http://www.bing.com/bingbot.htm) Chrome/116.0.1938.76 Safari/537.36"
193.178.169.166 - - [18/Dec/2023:05:15:55 +0300] "GET / HTTP/1.1" 301 162 "-" "Mozilla/5.0 (X11; Linux i686; rv:114.0) Gecko/20100101 Firefox/114.0"
161.97.124.57 - - [18/Dec/2023:05:34:20 +0300] "GET / HTTP/1.1" 301 162 "http://gcba.ru/" "Mozilla/5.0 (Windows NT 10.0; WOW64; x64) AppleWebKit/537.36 (KHTML, like Gecko) Chrome/114.0.0.0 Safari/537.36 OPR/89.0.4447.51"
45.138.16.168 - - [18/Dec/2023:05:34:47 +0300] "POST /auth/?register=yes HTTP/1.1" 301 162 "http://gcba.ru/auth/?register=yes" "Mozilla/5.0 (Windows NT 10.0; Win64; x64) AppleWebKit/537.36 (KHTML, like Gecko) Chrome/119.0.0.0 Safari/537.36"
45.138.16.168 - - [18/Dec/2023:05:34:50 +0300] "POST /auth/?forgot_password=yes HTTP/1.1" 301 162 "http://gcba.ru/auth/?register=yes" "Mozilla/5.0 (Windows NT 10.0; Win64; x64) AppleWebKit/537.36 (KHTML, like Gecko) Chrome/119.0.0.0 Safari/537.36"
94.228.169.107 - - [18/Dec/2023:05:39:25 +0300] "GET / HTTP/1.1" 301 162 "-" "Mozilla/5.0 (Macintosh; Intel Mac OS X 10.11; rv:50.0) Gecko/20100101 Firefox/50.0"
95.108.213.141 - - [18/Dec/2023:06:27:21 +0300] "GET /robots.txt HTTP/1.1" 301 162 "-" "Mozilla/5.0 (compatible; YandexBot/3.0; +http://yandex.com/bots)"
213.180.203.170 - - [18/Dec/2023:06:27:22 +0300] "GET / HTTP/1.1" 301 162 "-" "Mozilla/5.0 (compatible; YandexBot/3.0; +http://yandex.com/bots)"
66.249.73.71 - - [18/Dec/2023:07:24:36 +0300] "GET / HTTP/1.1" 301 162 "-" "Mozilla/5.0 (compatible; Googlebot/2.1; +http://www.google.com/bot.html)"
94.228.169.107 - - [18/Dec/2023:07:41:35 +0300] "GET / HTTP/1.1" 301 162 "-" "Mozilla/5.0 (Windows NT 6.3; WOW64; rv:46.0) Gecko/20100101 Firefox/46.0"
92.49.165.243 - - [18/Dec/2023:07:45:03 +0300] "GET / HTTP/1.0" 301 162 "http://gcba.ru/" "Mozilla/5.0 (Windows NT 6.1; WOW64) AppleWebKit/537.36 (KHTML, like Gecko) Chrome/90.0.4430.93 Safari/537.36"
94.228.169.107 - - [18/Dec/2023:07:45:26 +0300] "GET / HTTP/1.1" 301 162 "-" "Mozilla/5.0 (Macintosh; Intel Mac OS X 10_9_1) AppleWebKit/537.36 (KHTML, like Gecko) Chrome/55.0.2911.20 Safari/537.36"
45.138.16.168 - - [18/Dec/2023:07:56:36 +0300] "POST /auth/?register=yes HTTP/1.1" 301 162 "http://gcba.ru/auth/?register=yes" "Mozilla/5.0 (Windows NT 10.0; Win64; x64) AppleWebKit/537.36 (KHTML, like Gecko) Chrome/119.0.0.0 Safari/537.36"
45.138.16.168 - - [18/Dec/2023:07:56:37 +0300] "POST /auth/?forgot_password=yes HTTP/1.1" 301 162 "http://gcba.ru/auth/?register=yes" "Mozilla/5.0 (Windows NT 10.0; Win64; x64) AppleWebKit/537.36 (KHTML, like Gecko) Chrome/119.0.0.0 Safari/537.36"
92.9.21.34 - - [18/Dec/2023:07:58:24 +0300] "GET / HTTP/1.0" 301 162 "http://gcba.ru/" "Mozilla/5.0 (Windows NT 10.0; Win64; x64) AppleWebKit/537.36 (KHTML, like Gecko) Chrome/90.0.4430.72 Safari/537.36 Edg/90.0.818.42"
216.244.66.235 - - [18/Dec/2023:08:16:52 +0300] "GET /robots.txt HTTP/1.1" 301 162 "-" "Mozilla/5.0 (compatible; DotBot/1.2; +https://opensiteexplorer.org/dotbot; help@moz.com)"
51.210.4.123 - - [18/Dec/2023:08:24:45 +0300] "GET / HTTP/1.0" 301 162 "http://gcba.ru/" "Mozilla/5.0 (Windows NT 10.0) AppleWebKit/537.36 (KHTML, like Gecko) Chrome/90.0.4430.85 Safari/537.36"
37.187.120.71 - - [18/Dec/2023:08:46:41 +0300] "GET / HTTP/1.0" 301 162 "http://gcba.ru/" "Mozilla/5.0 (Windows NT 6.2; Win64; x64) AppleWebKit/537.36 (KHTML, like Gecko) Chrome/90.0.4430.72 Safari/537.36"
45.138.16.168 - - [18/Dec/2023:09:02:11 +0300] "POST /auth/?register=yes HTTP/1.1" 301 162 "http://gcba.ru/auth/?register=yes" "Mozilla/5.0 (Windows NT 10.0; Win64; x64) AppleWebKit/537.36 (KHTML, like Gecko) Chrome/119.0.0.0 Safari/537.36"
45.138.16.168 - - [18/Dec/2023:09:02:13 +0300] "POST /auth/?forgot_password=yes HTTP/1.1" 301 162 "http://gcba.ru/auth/?register=yes" "Mozilla/5.0 (Windows NT 10.0; Win64; x64) AppleWebKit/537.36 (KHTML, like Gecko) Chrome/119.0.0.0 Safari/537.36"
98.162.25.23 - - [18/Dec/2023:09:05:31 +0300] "GET / HTTP/1.0" 301 162 "http://gcba.ru/" "Mozilla/5.0 (Windows NT 6.1; Win64; x64) AppleWebKit/537.36 (KHTML, like Gecko) Chrome/90.0.4430.93 Safari/537.36"
94.228.169.107 - - [18/Dec/2023:09:06:24 +0300] "GET / HTTP/1.1" 301 162 "-" "Mozilla/5.0 (Macintosh; Intel Mac OS X 10_8_1) AppleWebKit/537.36 (KHTML, like Gecko) Chrome/49.0.2637.47 Safari/537.36"
46.148.206.226 - - [18/Dec/2023:09:10:23 +0300] "GET / HTTP/1.0" 301 162 "http://gcba.ru/" "Mozilla/5.0 (Windows NT 6.1; Win64; x64) AppleWebKit/537.36 (KHTML, like Gecko) Chrome/103.0.0.0 Safari/537.36"
182.253.130.120 - - [18/Dec/2023:09:20:10 +0300] "GET / HTTP/1.1" 301 162 "-" "Mozilla/5.0 (Windows NT 6.1; Win64; x64; rv:73.0) Gecko/20100101 Firefox/73.0"
190.38.103.232 - - [18/Dec/2023:09:20:12 +0300] "GET / HTTP/1.1" 301 162 "-" "Mozilla/5.0 (Windows NT 6.1; Win64; x64; rv:73.0) Gecko/20100101 Firefox/73.0"
82.79.163.84 - - [18/Dec/2023:09:20:14 +0300] "GET / HTTP/1.1" 301 162 "-" "Mozilla/5.0 (Windows NT 6.1; Win64; x64; rv:73.0) Gecko/20100101 Firefox/73.0"
110.137.82.148 - - [18/Dec/2023:09:20:21 +0300] "GET / HTTP/1.1" 301 162 "-" "Mozilla/5.0 (Windows NT 6.1; Win64; x64; rv:73.0) Gecko/20100101 Firefox/73.0"
45.113.153.47 - - [18/Dec/2023:09:20:25 +0300] "GET / HTTP/1.1" 301 162 "-" "Mozilla/5.0 (Windows NT 6.1; Win64; x64; rv:73.0) Gecko/20100101 Firefox/73.0"
216.244.66.235 - - [18/Dec/2023:09:51:29 +0300] "GET /robots.txt HTTP/1.1" 301 162 "-" "Mozilla/5.0 (compatible; DotBot/1.2; +https://opensiteexplorer.org/dotbot; help@moz.com)"
45.138.16.168 - - [18/Dec/2023:10:13:27 +0300] "POST /auth/?register=yes HTTP/1.1" 301 162 "http://gcba.ru/auth/?register=yes" "Mozilla/5.0 (Windows NT 10.0; Win64; x64) AppleWebKit/537.36 (KHTML, like Gecko) Chrome/119.0.0.0 Safari/537.36"
45.138.16.168 - - [18/Dec/2023:10:13:29 +0300] "POST /auth/?forgot_password=yes HTTP/1.1" 301 162 "http://gcba.ru/auth/?register=yes" "Mozilla/5.0 (Windows NT 10.0; Win64; x64) AppleWebKit/537.36 (KHTML, like Gecko) Chrome/119.0.0.0 Safari/537.36"
8.222.179.139 - - [18/Dec/2023:10:34:05 +0300] "GET / HTTP/1.0" 301 162 "http://gcba.ru/" "Mozilla/5.0 (Windows NT 10.0; Win64; x64) AppleWebKit/537.36 (KHTML, like Gecko) Chrome/103.0.0.0 Safari/537.36"
66.249.73.72 - - [18/Dec/2023:10:36:46 +0300] "GET /?kc=175/65R14-82Q-%E3%82%B0%E3%83%83%E3%83%89%E3%82%A4%E3%83%A4%E3%83%BC/%E3%82%A2%E3%82%A4%E3%82%B9%E3%83%8A%E3%83%93-6/NAVI6-%5B2%5D-%E2%96%A0-LEONIS-UC-14%E3%82%A4%E3%83%B3%E3%83%81-5.5J-PCD:100-%E7%A9%B4%E6%95%B0:4-inset:40-%E3%83%91%E3%83%BC%E3%83%AB%E3%83%96%E3%83%A9%E3%83%83%E3%82%AF/%E3%83%9F%E3%83%A9%E3%83%BC%E3%82%AB%E3%83%83%E3%83%88-Weds-pq44927p HTTP/1.1" 301 162 "-" "Mozilla/5.0 (Linux; Android 6.0.1; Nexus 5X Build/MMB29P) AppleWebKit/537.36 (KHTML, like Gecko) Chrome/120.0.6099.71 Mobile Safari/537.36 (compatible; Googlebot/2.1; +http://www.google.com/bot.html)"
216.16.171.97 - - [18/Dec/2023:11:30:14 +0300] "GET / HTTP/1.0" 301 162 "http://gcba.ru/" "Mozilla/5.0 (Windows NT 6.1; WOW64) AppleWebKit/537.36 (KHTML, like Gecko) Chrome/90.0.4430.72 Safari/537.36"
45.138.16.168 - - [18/Dec/2023:11:32:00 +0300] "POST /auth/?register=yes HTTP/1.1" 301 162 "http://gcba.ru/auth/?register=yes" "Mozilla/5.0 (Windows NT 10.0; Win64; x64) AppleWebKit/537.36 (KHTML, like Gecko) Chrome/119.0.0.0 Safari/537.36"
45.138.16.168 - - [18/Dec/2023:11:32:02 +0300] "POST /auth/?forgot_password=yes HTTP/1.1" 301 162 "http://gcba.ru/auth/?register=yes" "Mozilla/5.0 (Windows NT 10.0; Win64; x64) AppleWebKit/537.36 (KHTML, like Gecko) Chrome/119.0.0.0 Safari/537.36"
