69.63.184.4 - - [04/Dec/2023:13:22:00 +0300] "GET /news/pravo/143164132-verkhovnyy-sud-zapretil-aresty-biznesmenov-po-ekonomicheskim-delam/ HTTP/1.1" 301 162 "-" "facebookexternalhit/1.1 (+http://www.facebook.com/externalhit_uatext.php)"
94.228.169.107 - - [04/Dec/2023:13:31:57 +0300] "GET / HTTP/1.1" 301 162 "-" "Mozilla/5.0 (Macintosh; Intel Mac OS X 10_11_0) AppleWebKit/537.36 (KHTML, like Gecko) Chrome/49.0.2646.42 Safari/537.36"
37.139.53.32 - - [04/Dec/2023:13:41:00 +0300] "GET / HTTP/1.0" 301 162 "http://gcba.ru/" "Mozilla/5.0 (Windows NT 6.1; Win64; x64) AppleWebKit/537.36 (KHTML, like Gecko) Chrome/103.0.5060.114 Safari/537.36"
212.170.108.196 - - [04/Dec/2023:13:52:24 +0300] "GET / HTTP/1.0" 301 162 "http://gcba.ru/" "Mozilla/5.0 (Windows NT 10.0; Win64; x64) AppleWebKit/537.36 (KHTML, like Gecko) Chrome/90.0.4430.85 Safari/537.36"
77.87.241.181 - - [04/Dec/2023:14:07:20 +0300] "GET / HTTP/1.0" 301 162 "http://gcba.ru/" "Mozilla/5.0 (Windows NT 10.0; WOW64) AppleWebKit/537.36 (KHTML, like Gecko) Chrome/90.0.4430.72 Safari/537.36"
46.138.93.241 - - [04/Dec/2023:14:56:30 +0300] "GET /news/nalogi/oplata-nalogov-tretimi-litsami/ HTTP/1.0" 301 162 "http://gcba.ru/news/nalogi/oplata-nalogov-tretimi-litsami/" "Mozilla/5.0 (Windows NT 6.3; Win64; x64) AppleWebKit/537.36 (KHTML, like Gecko) Chrome/103.0.0.0 Safari/537.36"
162.55.85.221 - - [04/Dec/2023:14:58:47 +0300] "GET /robots.txt HTTP/1.1" 301 162 "-" "Mozilla/5.0 (compatible; BLEXBot/1.0; +http://webmeup-crawler.com/)"
162.55.85.221 - - [04/Dec/2023:14:58:47 +0300] "GET / HTTP/1.1" 301 162 "-" "Mozilla/5.0 (compatible; BLEXBot/1.0; +http://webmeup-crawler.com/)"
45.138.16.168 - - [04/Dec/2023:15:17:20 +0300] "POST /auth/?register=yes HTTP/1.1" 301 162 "http://gcba.ru/auth/?register=yes" "Mozilla/5.0 (Windows NT 10.0; Win64; x64) AppleWebKit/537.36 (KHTML, like Gecko) Chrome/119.0.0.0 Safari/537.36"
45.138.16.168 - - [04/Dec/2023:15:17:24 +0300] "POST /auth/?forgot_password=yes HTTP/1.1" 301 162 "http://gcba.ru/auth/?register=yes" "Mozilla/5.0 (Windows NT 10.0; Win64; x64) AppleWebKit/537.36 (KHTML, like Gecko) Chrome/119.0.0.0 Safari/537.36"
199.244.88.220 - - [04/Dec/2023:15:17:46 +0300] "GET / HTTP/1.1" 301 162 "-" "Mozilla/5.0 (X11; Linux x86_64) AppleWebKit/537.36 (KHTML, like Gecko) Chrome/105.0.0.0 Safari/537.36"
176.115.79.195 - - [04/Dec/2023:15:52:11 +0300] "GET / HTTP/1.0" 301 162 "http://gcba.ru/" "Mozilla/5.0 (Windows NT 6.1; Win64; x64) AppleWebKit/537.36 (KHTML, like Gecko) Chrome/90.0.4430.85 Safari/537.36"
192.140.42.83 - - [04/Dec/2023:16:42:20 +0300] "GET / HTTP/1.0" 301 162 "http://gcba.ru/" "Mozilla/5.0 (Windows NT 6.1; ) AppleWebKit/537.36 (KHTML, like Gecko) Chrome/90.0.4430.85 Safari/537.36"
40.77.167.54 - - [04/Dec/2023:16:54:34 +0300] "GET /news/pravo/gruppa-deputatov-i-senatorov-vnesla-v-gosdumu-zakonoproekt-kotoryy-predusmatrivaet-do-desyati-let-li HTTP/1.1" 301 162 "-" "Mozilla/5.0 AppleWebKit/537.36 (KHTML, like Gecko; compatible; bingbot/2.0; +http://www.bing.com/bingbot.htm) Chrome/116.0.1938.76 Safari/537.36"
94.228.169.107 - - [04/Dec/2023:17:13:08 +0300] "GET / HTTP/1.1" 301 162 "-" "Mozilla/5.0 (Macintosh; Intel Mac OS X 10_10_0) AppleWebKit/537.36 (KHTML, like Gecko) Chrome/54.0.2846.91 Safari/537.36"
45.138.16.168 - - [04/Dec/2023:17:21:17 +0300] "POST /auth/?register=yes HTTP/1.1" 301 162 "http://gcba.ru/auth/?register=yes" "Mozilla/5.0 (Windows NT 10.0; Win64; x64) AppleWebKit/537.36 (KHTML, like Gecko) Chrome/119.0.0.0 Safari/537.36"
45.138.16.168 - - [04/Dec/2023:17:21:20 +0300] "POST /auth/?forgot_password=yes HTTP/1.1" 301 162 "http://gcba.ru/auth/?register=yes" "Mozilla/5.0 (Windows NT 10.0; Win64; x64) AppleWebKit/537.36 (KHTML, like Gecko) Chrome/119.0.0.0 Safari/537.36"
45.138.16.168 - - [04/Dec/2023:18:02:32 +0300] "POST /auth/?register=yes HTTP/1.1" 301 162 "http://gcba.ru/auth/?register=yes" "Mozilla/5.0 (Windows NT 10.0; Win64; x64) AppleWebKit/537.36 (KHTML, like Gecko) Chrome/119.0.0.0 Safari/537.36"
45.138.16.168 - - [04/Dec/2023:18:02:32 +0300] "POST /auth/?forgot_password=yes HTTP/1.1" 301 162 "http://gcba.ru/auth/?register=yes" "Mozilla/5.0 (Windows NT 10.0; Win64; x64) AppleWebKit/537.36 (KHTML, like Gecko) Chrome/119.0.0.0 Safari/537.36"
186.148.106.231 - - [04/Dec/2023:18:24:12 +0300] "GET / HTTP/1.0" 301 162 "http://gcba.ru/" "Mozilla/5.0 (Windows NT 6.1) AppleWebKit/537.36 (KHTML, like Gecko) Chrome/90.0.4430.93 Safari/537.36"
40.77.167.181 - - [04/Dec/2023:18:34:06 +0300] "GET /robots.txt HTTP/1.1" 301 162 "-" "Mozilla/5.0 AppleWebKit/537.36 (KHTML, like Gecko; compatible; bingbot/2.0; +http://www.bing.com/bingbot.htm) Chrome/116.0.1938.76 Safari/537.36"
52.167.144.163 - - [04/Dec/2023:18:34:12 +0300] "GET /news/metodologiya/nalogovye-proverki-v-2017-godu/ HTTP/1.1" 301 162 "-" "Mozilla/5.0 AppleWebKit/537.36 (KHTML, like Gecko; compatible; bingbot/2.0; +http://www.bing.com/bingbot.htm) Chrome/116.0.1938.76 Safari/537.36"
216.244.66.235 - - [04/Dec/2023:18:37:23 +0300] "GET /robots.txt HTTP/1.1" 301 162 "-" "Mozilla/5.0 (compatible; DotBot/1.2; +https://opensiteexplorer.org/dotbot; help@moz.com)"
45.146.167.56 - - [04/Dec/2023:19:09:41 +0300] "GET / HTTP/1.1" 301 162 "-" "Mozilla/5.0 (X11; Linux x86_64; rv:102.0) Gecko/20100101 Firefox/102.0_Cyberok"
103.237.87.40 - - [04/Dec/2023:19:11:30 +0300] "GET /.ftpconfig HTTP/1.1" 301 162 "-" "Mozilla/5.0 (Linux; Android 11; M2010J19SI) AppleWebKit/537.36 (KHTML, like Gecko) Chrome/109.0.0.0 Mobile Safari/537.36"
91.150.90.252 - - [04/Dec/2023:19:30:20 +0300] "GET / HTTP/1.0" 301 162 "http://gcba.ru/" "Mozilla/5.0 (Windows NT 6.1; Win64; x64) AppleWebKit/537.36 (KHTML, like Gecko) Chrome/90.0.4430.93 Safari/537.36"
45.138.16.168 - - [04/Dec/2023:19:33:30 +0300] "POST /auth/?register=yes HTTP/1.1" 301 162 "http://gcba.ru/auth/?register=yes" "Mozilla/5.0 (Windows NT 10.0; Win64; x64) AppleWebKit/537.36 (KHTML, like Gecko) Chrome/119.0.0.0 Safari/537.36"
45.138.16.168 - - [04/Dec/2023:19:33:30 +0300] "POST /auth/?forgot_password=yes HTTP/1.1" 301 162 "http://gcba.ru/auth/?register=yes" "Mozilla/5.0 (Windows NT 10.0; Win64; x64) AppleWebKit/537.36 (KHTML, like Gecko) Chrome/119.0.0.0 Safari/537.36"
203.124.53.122 - - [04/Dec/2023:20:03:31 +0300] "GET / HTTP/1.0" 301 162 "http://gcba.ru/" "Mozilla/5.0 (Windows NT 6.1; Win64; x64) AppleWebKit/537.36 (KHTML, like Gecko) Chrome/90.0.4430.72 Safari/537.36"
207.200.8.180 - - [04/Dec/2023:20:04:34 +0300] "GET / HTTP/1.1" 301 162 "-" "LightspeedSystemsCrawler Mozilla/5.0 (Windows; U; MSIE 9.0; Windows NT 9.0; en-US)"
94.228.169.107 - - [04/Dec/2023:20:06:18 +0300] "GET / HTTP/1.1" 301 162 "-" "Mozilla/5.0 (Macintosh; Intel Mac OS X 10.10; rv:46.0) Gecko/20100101 Firefox/46.0"
94.228.169.107 - - [04/Dec/2023:20:07:19 +0300] "GET / HTTP/1.1" 301 162 "-" "Mozilla/5.0 (compatible; MSIE 8.0; Windows NT 10.0; Win64; x64; Trident/4.0)"
95.216.22.119 - - [04/Dec/2023:20:21:49 +0300] "GET / HTTP/1.0" 301 162 "http://gcba.ru/" "Mozilla/5.0 (Windows NT 6.1) AppleWebKit/537.36 (KHTML, like Gecko) Chrome/90.0.4430.93 Safari/537.36"
94.159.143.57 - - [04/Dec/2023:20:24:56 +0300] "GET / HTTP/1.0" 301 162 "http://gcba.ru/" "Mozilla/5.0 (Windows NT 10.0; Win64; x64) AppleWebKit/537.36 (KHTML, like Gecko) Chrome/90.0.4430.85 Safari/537.36 Edg/90.0.818.49"
62.141.44.236 - - [04/Dec/2023:20:46:32 +0300] "GET / HTTP/1.1" 301 162 "-" "Mozilla/5.0 (Windows NT 10.0; Win64; x64) AppleWebKit/537.36 (KHTML, like Gecko) Chrome/91.0.4472.114 Safari/537.36 Edg/91.0.864.54"
94.228.169.107 - - [04/Dec/2023:20:51:56 +0300] "GET / HTTP/1.1" 301 162 "-" "Mozilla/5.0 (X11; Linux x86_64; rv:51.0) Gecko/20100101 Firefox/51.0"
45.146.167.56 - - [04/Dec/2023:21:00:19 +0300] "GET /bitrix/tools/composite_data.php HTTP/1.1" 301 162 "-" "Mozilla/5.0 (X11; Linux x86_64; rv:102.0) Gecko/20100101 Firefox/102.0_Cyberok"
45.146.167.56 - - [04/Dec/2023:21:00:19 +0300] "POST /bitrix/tools/vote/uf.php?attachId%5BMODULE_ID%5D=iblock&attachId%5BENTITY_TYPE%5D=CFileUploader&action=vote&sessid=bbdcc2746b5b03c0fbe1e679e32c7602&attachId%5BENTITY_ID%5D%5Bcopies%5D%5Bfixcve-2022-27228.jpg%5D=1&attachId%5BENTITY_ID%5D%5Bcopies%5D%5B..%2F.htaccess%5D=1 HTTP/1.1" 301 162 "-" "Mozilla/5.0 (X11; Linux x86_64; rv:102.0) Gecko/20100101 Firefox/102.0_Cyberok"
45.138.16.168 - - [04/Dec/2023:21:14:59 +0300] "POST /auth/?register=yes HTTP/1.1" 301 162 "http://gcba.ru/auth/?register=yes" "Mozilla/5.0 (Windows NT 10.0; Win64; x64) AppleWebKit/537.36 (KHTML, like Gecko) Chrome/119.0.0.0 Safari/537.36"
45.138.16.168 - - [04/Dec/2023:21:14:59 +0300] "POST /auth/?forgot_password=yes HTTP/1.1" 301 162 "http://gcba.ru/auth/?register=yes" "Mozilla/5.0 (Windows NT 10.0; Win64; x64) AppleWebKit/537.36 (KHTML, like Gecko) Chrome/119.0.0.0 Safari/537.36"
194.38.22.71 - - [04/Dec/2023:21:56:43 +0300] "GET /assets/global/plugins/plupload/examples/upload.php HTTP/1.1" 301 162 "-" "ALittle Client"
162.55.85.221 - - [04/Dec/2023:22:19:15 +0300] "GET /robots.txt HTTP/1.1" 301 162 "-" "Mozilla/5.0 (compatible; BLEXBot/1.0; +http://webmeup-crawler.com/)"
162.55.85.221 - - [04/Dec/2023:22:19:18 +0300] "GET /sitemap HTTP/1.1" 301 162 "-" "Mozilla/5.0 (compatible; BLEXBot/1.0; +http://webmeup-crawler.com/)"
162.55.85.221 - - [04/Dec/2023:22:19:28 +0300] "GET /sitemap.txt HTTP/1.1" 301 162 "-" "Mozilla/5.0 (compatible; BLEXBot/1.0; +http://webmeup-crawler.com/)"
20.120.74.197 - - [04/Dec/2023:22:32:15 +0300] "GET /robots.txt HTTP/1.1" 301 162 "-" "python-requests/2.27.1"
20.120.74.197 - - [04/Dec/2023:22:32:24 +0300] "HEAD /upload/iblock/6ed/6ed311f3c24543ada909c0a4f9674bff.jpg HTTP/1.1" 301 0 "-" "Mozilla/5.0 (Windows NT 10.0; Win64; x64) AppleWebKit/537.36 (KHTML, like Gecko) Chrome/76.0.3809.100 Safari/537.36"
47.180.63.37 - - [04/Dec/2023:22:45:46 +0300] "GET / HTTP/1.0" 301 162 "http://gcba.ru/" "Mozilla/5.0 (Windows NT 6.3; Win64; x64) AppleWebKit/537.36 (KHTML, like Gecko) Chrome/90.0.4430.72 Safari/537.36"
40.77.167.243 - - [04/Dec/2023:22:46:56 +0300] "GET /news/nalogi/fns-vnov-vzyalas-za-vzaimootnosheniya-s-samozanyatymi HTTP/1.1" 301 162 "-" "Mozilla/5.0 AppleWebKit/537.36 (KHTML, like Gecko; compatible; bingbot/2.0; +http://www.bing.com/bingbot.htm) Chrome/116.0.1938.76 Safari/537.36"
45.138.16.168 - - [04/Dec/2023:22:57:56 +0300] "POST /auth/?register=yes HTTP/1.1" 301 162 "http://gcba.ru/auth/?register=yes" "Mozilla/5.0 (Windows NT 10.0; Win64; x64) AppleWebKit/537.36 (KHTML, like Gecko) Chrome/119.0.0.0 Safari/537.36"
45.138.16.168 - - [04/Dec/2023:22:57:57 +0300] "POST /auth/?forgot_password=yes HTTP/1.1" 301 162 "http://gcba.ru/auth/?register=yes" "Mozilla/5.0 (Windows NT 10.0; Win64; x64) AppleWebKit/537.36 (KHTML, like Gecko) Chrome/119.0.0.0 Safari/537.36"
86.110.189.118 - - [04/Dec/2023:23:34:53 +0300] "GET / HTTP/1.0" 301 162 "http://gcba.ru/" "Mozilla/5.0 (Windows NT 6.1; Win64; x64) AppleWebKit/537.36 (KHTML, like Gecko) Chrome/90.0.4427.0 Safari/537.36"
217.113.194.23 - - [04/Dec/2023:23:56:09 +0300] "GET /robots.txt HTTP/1.1" 301 162 "-" "Mozilla/5.0 (compatible; Barkrowler/0.9; +https://babbar.tech/crawler)"
217.113.194.44 - - [04/Dec/2023:23:58:22 +0300] "GET /4/16/ HTTP/1.1" 301 162 "-" "Mozilla/5.0 (compatible; Barkrowler/0.9; +https://babbar.tech/crawler)"
67.201.33.10 - - [05/Dec/2023:00:02:13 +0300] "GET / HTTP/1.0" 301 162 "http://gcba.ru/" "Mozilla/5.0 (Windows NT 6.3; Win64; x64) AppleWebKit/537.36 (KHTML, like Gecko) Chrome/90.0.4430.85 Safari/537.36"
94.228.169.107 - - [05/Dec/2023:00:23:09 +0300] "GET / HTTP/1.1" 301 162 "-" "Mozilla/5.0 (Windows NT 6.1; Trident/7.0; rv:11.0) like Gecko"
20.120.74.197 - - [05/Dec/2023:00:31:20 +0300] "GET /robots.txt HTTP/1.1" 301 162 "-" "python-requests/2.27.1"
20.120.74.197 - - [05/Dec/2023:00:31:23 +0300] "HEAD /local/components/mb/social.links/templates/.default/images/fb.jpg HTTP/1.1" 301 0 "-" "Mozilla/5.0 (Windows NT 10.0; Win64; x64) AppleWebKit/537.36 (KHTML, like Gecko) Chrome/76.0.3809.100 Safari/537.36"
45.138.16.168 - - [05/Dec/2023:00:45:16 +0300] "POST /auth/?register=yes HTTP/1.1" 301 162 "http://gcba.ru/auth/?register=yes" "Mozilla/5.0 (Windows NT 10.0; Win64; x64) AppleWebKit/537.36 (KHTML, like Gecko) Chrome/119.0.0.0 Safari/537.36"
45.138.16.168 - - [05/Dec/2023:00:45:17 +0300] "POST /auth/?forgot_password=yes HTTP/1.1" 301 162 "http://gcba.ru/auth/?register=yes" "Mozilla/5.0 (Windows NT 10.0; Win64; x64) AppleWebKit/537.36 (KHTML, like Gecko) Chrome/119.0.0.0 Safari/537.36"
94.41.238.160 - - [05/Dec/2023:01:44:20 +0300] "GET / HTTP/1.0" 301 162 "http://gcba.ru/" "Mozilla/5.0 (Windows NT 6.1; Win64; x64) AppleWebKit/537.36 (KHTML, like Gecko) Chrome/103.0.0.0 Safari/537.36"
150.107.207.137 - - [05/Dec/2023:01:44:24 +0300] "GET / HTTP/1.0" 301 162 "http://gcba.ru/" "Mozilla/5.0 (Windows NT 6.1; ) AppleWebKit/537.36 (KHTML, like Gecko) Chrome/90.0.4430.72 Safari/537.36"
45.146.167.56 - - [05/Dec/2023:01:46:04 +0300] "GET /bitrix/modules/main/include/prolog.php?micat=echo+base64_decode('cXdlcXdlcXdlcXdlcXdl')%3b&midog=echo+base64_decode('cXdlcXdlcXdlcXdlcXdl')%3b HTTP/1.1" 301 162 "-" "Mozilla/5.0 (X11; Linux x86_64; rv:102.0) Gecko/20100101 Firefox/102.0_Cyberok"
45.146.167.56 - - [05/Dec/2023:01:46:06 +0300] "GET /bitrix/tools/.session HTTP/1.1" 301 162 "-" "Mozilla/5.0 (X11; Linux x86_64; rv:102.0) Gecko/20100101 Firefox/102.0_Cyberok"
45.146.167.56 - - [05/Dec/2023:01:46:07 +0300] "GET /bitrix/tools/.sess HTTP/1.1" 301 162 "-" "Mozilla/5.0 (X11; Linux x86_64; rv:102.0) Gecko/20100101 Firefox/102.0_Cyberok"
13.89.50.0 - - [05/Dec/2023:01:48:58 +0300] "GET /robots.txt HTTP/1.1" 301 162 "-" "Mozilla/5.0 (Windows NT 10.0; Win64; x64) AppleWebKit/537.36 (KHTML, like Gecko) Chrome/91.0.4472.114 Safari/537.36"
45.146.167.56 - - [05/Dec/2023:02:08:58 +0300] "GET /bitrix/modules/ldap/7fofqw5m.php HTTP/1.1" 301 162 "-" "Mozilla/5.0 (X11; Linux x86_64; rv:102.0) Gecko/20100101 Firefox/102.0_Cyberok"
45.146.167.56 - - [05/Dec/2023:02:08:59 +0300] "GET /bitrix/modules/ldap/index.php HTTP/1.1" 301 162 "-" "Mozilla/5.0 (X11; Linux x86_64; rv:102.0) Gecko/20100101 Firefox/102.0_Cyberok"
45.146.167.56 - - [05/Dec/2023:02:11:09 +0300] "GET /bitrix/admin/djzg5koi.php HTTP/1.1" 301 162 "-" "Mozilla/5.0 (X11; Linux x86_64; rv:102.0) Gecko/20100101 Firefox/102.0_Cyberok"
45.146.167.56 - - [05/Dec/2023:02:11:10 +0300] "GET /bitrix/admin/inputs.php HTTP/1.1" 301 162 "-" "Mozilla/5.0 (X11; Linux x86_64; rv:102.0) Gecko/20100101 Firefox/102.0_Cyberok"
45.146.167.56 - - [05/Dec/2023:02:11:10 +0300] "POST /bitrix/modules/main/bx_root.php HTTP/1.1" 301 162 "-" "Mozilla/5.0 (X11; Linux x86_64; rv:102.0) Gecko/20100101 Firefox/102.0"
45.146.167.56 - - [05/Dec/2023:02:11:11 +0300] "POST / HTTP/1.1" 301 162 "-" "Mozilla/5.0 (X11; Linux x86_64; rv:102.0) Gecko/20100101 Firefox/102.0"
45.146.167.56 - - [05/Dec/2023:02:11:11 +0300] "POST /bitrix/modules/main/include/prolog_after.php HTTP/1.1" 301 162 "-" "Mozilla/5.0 (X11; Linux x86_64; rv:102.0) Gecko/20100101 Firefox/102.0_Cyberok"
45.146.167.56 - - [05/Dec/2023:02:11:12 +0300] "POST / HTTP/1.1" 301 162 "-" "Mozilla/5.0 (X11; Linux x86_64; rv:102.0) Gecko/20100101 Firefox/102.0_Cyberok"
45.146.167.56 - - [05/Dec/2023:02:11:43 +0300] "GET /bitrix/activities/bitrix/setvariableactivity/lang/ru/0cgxbopa.php HTTP/1.1" 301 162 "-" "Mozilla/5.0 (X11; Linux x86_64; rv:102.0) Gecko/20100101 Firefox/102.0_Cyberok"
45.146.167.56 - - [05/Dec/2023:02:11:44 +0300] "GET /ag6u1cvo.php HTTP/1.1" 301 162 "-" "Mozilla/5.0 (X11; Linux x86_64; rv:102.0) Gecko/20100101 Firefox/102.0_Cyberok"
45.146.167.56 - - [05/Dec/2023:02:11:44 +0300] "GET /bitrix/activities/bitrix/setvariableactivity/lang/ru/index.php HTTP/1.1" 301 162 "-" "Mozilla/5.0 (X11; Linux x86_64; rv:102.0) Gecko/20100101 Firefox/102.0_Cyberok"
45.146.167.56 - - [05/Dec/2023:02:11:45 +0300] "GET /xmlrpcs.php HTTP/1.1" 301 162 "-" "Mozilla/5.0 (X11; Linux x86_64; rv:102.0) Gecko/20100101 Firefox/102.0_Cyberok"
45.146.167.56 - - [05/Dec/2023:02:11:56 +0300] "GET /bitrix/tools/zgxfpiox.php HTTP/1.1" 301 162 "-" "Mozilla/5.0 (X11; Linux x86_64; rv:102.0) Gecko/20100101 Firefox/102.0_Cyberok"
45.146.167.56 - - [05/Dec/2023:02:11:57 +0300] "GET /bitrix/tools/send_trait_imap.php HTTP/1.1" 301 162 "-" "Mozilla/5.0 (X11; Linux x86_64; rv:102.0) Gecko/20100101 Firefox/102.0_Cyberok"
45.146.167.56 - - [05/Dec/2023:02:12:09 +0300] "GET /bitrix/js/iblock/zi2jbn2b.php HTTP/1.1" 301 162 "-" "Mozilla/5.0 (X11; Linux x86_64; rv:102.0) Gecko/20100101 Firefox/102.0_Cyberok"
45.146.167.56 - - [05/Dec/2023:02:12:10 +0300] "GET /bitrix/js/iblock/admin.php HTTP/1.1" 301 162 "-" "Mozilla/5.0 (X11; Linux x86_64; rv:102.0) Gecko/20100101 Firefox/102.0_Cyberok"
45.146.167.56 - - [05/Dec/2023:02:12:10 +0300] "POST /bitrix/virtual_routes.php HTTP/1.1" 301 162 "-" "Mozilla/5.0 (X11; Linux x86_64; rv:102.0) Gecko/20100101 Firefox/102.0_Cyberok"
45.146.167.56 - - [05/Dec/2023:02:12:10 +0300] "GET /bitrix/components/bitrix/main.file.input/main.php HTTP/1.1" 301 162 "-" "Mozilla/5.0 (X11; Linux x86_64; rv:102.0) Gecko/20100101 Firefox/102.0_Cyberok"
45.146.167.56 - - [05/Dec/2023:02:12:11 +0300] "GET /bitrix/tools/.cas.php HTTP/1.1" 301 162 "-" "Mozilla/5.0 (X11; Linux x86_64; rv:102.0) Gecko/20100101 Firefox/102.0_Cyberok"
45.146.167.56 - - [05/Dec/2023:02:12:11 +0300] "GET / HTTP/1.1" 301 162 "-" "Mozilla/5.0 (X11; Linux x86_64; rv:102.0) Gecko/20100101 Firefox/102.0_Cyberok"
45.146.167.56 - - [05/Dec/2023:02:12:11 +0300] "GET /bitrix/src/app/ou7xle3i.php HTTP/1.1" 301 162 "-" "Mozilla/5.0 (X11; Linux x86_64; rv:102.0) Gecko/20100101 Firefox/102.0_Cyberok"
45.146.167.56 - - [05/Dec/2023:02:12:11 +0300] "GET /bitrix/virtual_routes.php?state=MD10cmltJjE9cXdlcXdlcXdlcXdlcXdlYXNkJjI9YXNk HTTP/1.1" 301 162 "-" "Mozilla/5.0 (X11; Linux x86_64; rv:102.0) Gecko/20100101 Firefox/102.0_Cyberok"
45.146.167.56 - - [05/Dec/2023:02:12:11 +0300] "POST / HTTP/1.1" 301 162 "-" "Mozilla/5.0 (X11; Linux x86_64; rv:102.0) Gecko/20100101 Firefox/102.0_Cyberok"
45.146.167.56 - - [05/Dec/2023:02:12:12 +0300] "GET /bitrix/tools/.cas.tmp.php HTTP/1.1" 301 162 "-" "Mozilla/5.0 (X11; Linux x86_64; rv:102.0) Gecko/20100101 Firefox/102.0_Cyberok"
45.146.167.56 - - [05/Dec/2023:02:12:12 +0300] "GET /?state=MD10cmltJjE9cXdlcXdlcXdlcXdlcXdlYXNkJjI9YXNk HTTP/1.1" 301 162 "-" "Mozilla/5.0 (X11; Linux x86_64; rv:102.0) Gecko/20100101 Firefox/102.0_Cyberok"
45.146.167.56 - - [05/Dec/2023:02:12:12 +0300] "GET /bitrix/src/app/l.php HTTP/1.1" 301 162 "-" "Mozilla/5.0 (X11; Linux x86_64; rv:102.0) Gecko/20100101 Firefox/102.0_Cyberok"
64.139.85.153 - - [05/Dec/2023:02:19:08 +0300] "GET / HTTP/1.0" 301 162 "http://gcba.ru/" "Mozilla/5.0 (Windows NT 6.1; ) AppleWebKit/537.36 (KHTML, like Gecko) Chrome/90.0.4430.85 Safari/537.36"
45.138.16.168 - - [05/Dec/2023:02:30:34 +0300] "POST /auth/?register=yes HTTP/1.1" 301 162 "http://gcba.ru/auth/?register=yes" "Mozilla/5.0 (Windows NT 10.0; Win64; x64) AppleWebKit/537.36 (KHTML, like Gecko) Chrome/119.0.0.0 Safari/537.36"
45.138.16.168 - - [05/Dec/2023:02:30:35 +0300] "POST /auth/?forgot_password=yes HTTP/1.1" 301 162 "http://gcba.ru/auth/?register=yes" "Mozilla/5.0 (Windows NT 10.0; Win64; x64) AppleWebKit/537.36 (KHTML, like Gecko) Chrome/119.0.0.0 Safari/537.36"
45.146.167.56 - - [05/Dec/2023:02:46:26 +0300] "GET /bitrix/tools/spread.php?state=MD10cmltJjE9cXdlcXdlcXdlcXdlcXdlYXNkJjI9YXNk HTTP/1.1" 301 162 "-" "Mozilla/5.0 (X11; Linux x86_64; rv:102.0) Gecko/20100101 Firefox/102.0_Cyberok"
45.146.167.56 - - [05/Dec/2023:02:46:26 +0300] "GET /bitrix/spread.php?state=MD10cmltJjE9cXdlcXdlcXdlcXdlcXdlYXNkJjI9YXNk HTTP/1.1" 301 162 "-" "Mozilla/5.0 (X11; Linux x86_64; rv:102.0) Gecko/20100101 Firefox/102.0_Cyberok"
45.146.167.56 - - [05/Dec/2023:02:46:27 +0300] "GET /bitrix/modules/main/spread.php?state=MD10cmltJjE9cXdlcXdlcXdlcXdlcXdlYXNkJjI9YXNk HTTP/1.1" 301 162 "-" "Mozilla/5.0 (X11; Linux x86_64; rv:102.0) Gecko/20100101 Firefox/102.0_Cyberok"
45.146.167.56 - - [05/Dec/2023:02:46:27 +0300] "GET /?state=MD10cmltJjE9cXdlcXdlcXdlcXdlcXdlYXNkJjI9YXNk HTTP/1.1" 301 162 "-" "Mozilla/5.0 (X11; Linux x86_64; rv:102.0) Gecko/20100101 Firefox/102.0_Cyberok"
20.120.74.197 - - [05/Dec/2023:02:56:23 +0300] "GET /robots.txt HTTP/1.1" 301 162 "-" "python-requests/2.27.1"
20.120.74.197 - - [05/Dec/2023:02:56:32 +0300] "HEAD /upload/iblock/3d4/3d412ae712b71f3787b436400a53b40b.jpg HTTP/1.1" 301 0 "-" "Mozilla/5.0 (Windows NT 10.0; Win64; x64) AppleWebKit/537.36 (KHTML, like Gecko) Chrome/76.0.3809.100 Safari/537.36"
187.102.26.79 - - [05/Dec/2023:03:43:31 +0300] "GET / HTTP/1.0" 301 162 "http://gcba.ru/" "Mozilla/5.0 (Windows NT 6.1; Win64; x64) AppleWebKit/537.36 (KHTML, like Gecko) Chrome/90.0.4430.85 Safari/537.36"
94.228.169.107 - - [05/Dec/2023:04:09:08 +0300] "GET / HTTP/1.1" 301 162 "-" "Mozilla/5.0 (Windows NT 10.0; Win64; x64; rv:48.0) Gecko/20100101 Firefox/48.0"
45.138.16.168 - - [05/Dec/2023:04:14:45 +0300] "POST /auth/?register=yes HTTP/1.1" 301 162 "http://gcba.ru/auth/?register=yes" "Mozilla/5.0 (Windows NT 10.0; Win64; x64) AppleWebKit/537.36 (KHTML, like Gecko) Chrome/119.0.0.0 Safari/537.36"
45.138.16.168 - - [05/Dec/2023:04:14:47 +0300] "POST /auth/?forgot_password=yes HTTP/1.1" 301 162 "http://gcba.ru/auth/?register=yes" "Mozilla/5.0 (Windows NT 10.0; Win64; x64) AppleWebKit/537.36 (KHTML, like Gecko) Chrome/119.0.0.0 Safari/537.36"
20.120.74.197 - - [05/Dec/2023:04:19:49 +0300] "GET /robots.txt HTTP/1.1" 301 162 "-" "python-requests/2.27.1"
20.120.74.197 - - [05/Dec/2023:04:20:01 +0300] "HEAD /upload/iblock/b5f/b5f7cb30331c7a389c55e5d2ece0a6cb.jpg HTTP/1.1" 301 0 "-" "Mozilla/5.0 (Windows NT 10.0; Win64; x64) AppleWebKit/537.36 (KHTML, like Gecko) Chrome/76.0.3809.100 Safari/537.36"
103.156.200.170 - - [05/Dec/2023:04:25:51 +0300] "GET / HTTP/1.0" 301 162 "http://gcba.ru/" "Mozilla/5.0 (Windows NT 10.0; WOW64) AppleWebKit/537.36 (KHTML, like Gecko) Chrome/90.0.4430.85 Safari/537.36"
31.43.203.100 - - [05/Dec/2023:04:42:43 +0300] "GET / HTTP/1.0" 301 162 "http://gcba.ru/" "Mozilla/5.0 (Windows NT 6.1; WOW64) AppleWebKit/537.36 (KHTML, like Gecko) Chrome/90.0.4430.72 Safari/537.36"
45.138.16.168 - - [05/Dec/2023:06:04:36 +0300] "POST /auth/?register=yes HTTP/1.1" 301 162 "http://gcba.ru/auth/?register=yes" "Mozilla/5.0 (Windows NT 10.0; Win64; x64) AppleWebKit/537.36 (KHTML, like Gecko) Chrome/119.0.0.0 Safari/537.36"
45.138.16.168 - - [05/Dec/2023:06:04:39 +0300] "POST /auth/?forgot_password=yes HTTP/1.1" 301 162 "http://gcba.ru/auth/?register=yes" "Mozilla/5.0 (Windows NT 10.0; Win64; x64) AppleWebKit/537.36 (KHTML, like Gecko) Chrome/119.0.0.0 Safari/537.36"
37.139.53.32 - - [05/Dec/2023:06:11:44 +0300] "GET / HTTP/1.0" 301 162 "http://gcba.ru/" "Mozilla/5.0 (Windows NT 10.0; WOW64) AppleWebKit/537.36 (KHTML, like Gecko) Chrome/103.0.0.0 Safari/537.36"
20.120.74.197 - - [05/Dec/2023:06:13:03 +0300] "GET /robots.txt HTTP/1.1" 301 162 "-" "python-requests/2.27.1"
20.120.74.197 - - [05/Dec/2023:06:13:12 +0300] "HEAD /upload/iblock/c49/c49ba01112552e4e85b84d5812d1e73c.jpg HTTP/1.1" 301 0 "-" "Mozilla/5.0 (Windows NT 10.0; Win64; x64) AppleWebKit/537.36 (KHTML, like Gecko) Chrome/76.0.3809.100 Safari/537.36"
20.120.74.197 - - [05/Dec/2023:06:22:23 +0300] "GET /robots.txt HTTP/1.1" 301 162 "-" "python-requests/2.27.1"
20.120.74.197 - - [05/Dec/2023:06:22:31 +0300] "HEAD /upload/iblock/e84/e840946a0c8da6f5247e8701de5ee6cd.jpg HTTP/1.1" 301 0 "-" "Mozilla/5.0 (Windows NT 10.0; Win64; x64) AppleWebKit/537.36 (KHTML, like Gecko) Chrome/76.0.3809.100 Safari/537.36"
103.26.176.63 - - [05/Dec/2023:06:24:57 +0300] "GET / HTTP/1.0" 301 162 "http://gcba.ru/" "Mozilla/5.0 (Windows NT 6.1) AppleWebKit/537.36 (KHTML, like Gecko) Chrome/90.0.4430.72 Safari/537.36"
178.23.189.67 - - [05/Dec/2023:06:30:50 +0300] "GET / HTTP/1.0" 301 162 "-" "Mozilla/5.0 (Windows NT 6.3; Win64; x64) AppleWebKit/537.36 (KHTML, like Gecko) Chrome/75.0.3770.100 Safari/537.36"
198.235.24.26 - - [05/Dec/2023:07:16:45 +0300] "GET / HTTP/1.1" 301 162 "-" "-"
20.120.74.197 - - [05/Dec/2023:07:26:46 +0300] "GET /robots.txt HTTP/1.1" 301 162 "-" "python-requests/2.27.1"
20.120.74.197 - - [05/Dec/2023:07:26:54 +0300] "HEAD /upload/iblock/95e/95ece4bf3acdee831339dfe61c63c7e1.jpg HTTP/1.1" 301 0 "-" "Mozilla/5.0 (Windows NT 10.0; Win64; x64) AppleWebKit/537.36 (KHTML, like Gecko) Chrome/76.0.3809.100 Safari/537.36"
94.228.169.107 - - [05/Dec/2023:07:37:08 +0300] "GET / HTTP/1.1" 301 162 "-" "Mozilla/5.0 (Windows NT 6.1; Win64; x64; rv:50.0) Gecko/20100101 Firefox/50.0"
94.247.241.70 - - [05/Dec/2023:07:46:10 +0300] "GET / HTTP/1.0" 301 162 "http://gcba.ru/" "Mozilla/5.0 (Windows NT 6.1; Win64; x64) AppleWebKit/537.36 (KHTML, like Gecko) Chrome/90.0.4430.93 Safari/537.36"
45.138.16.168 - - [05/Dec/2023:07:53:13 +0300] "POST /auth/?register=yes HTTP/1.1" 301 162 "http://gcba.ru/auth/?register=yes" "Mozilla/5.0 (Windows NT 10.0; Win64; x64) AppleWebKit/537.36 (KHTML, like Gecko) Chrome/119.0.0.0 Safari/537.36"
45.138.16.168 - - [05/Dec/2023:07:53:15 +0300] "POST /auth/?forgot_password=yes HTTP/1.1" 301 162 "http://gcba.ru/auth/?register=yes" "Mozilla/5.0 (Windows NT 10.0; Win64; x64) AppleWebKit/537.36 (KHTML, like Gecko) Chrome/119.0.0.0 Safari/537.36"
190.82.105.123 - - [05/Dec/2023:08:33:50 +0300] "GET / HTTP/1.0" 301 162 "http://gcba.ru/" "Mozilla/5.0 (Windows NT 6.1; WOW64) AppleWebKit/537.36 (KHTML, like Gecko) Chrome/90.0.4430.93 Safari/537.36"
20.120.74.197 - - [05/Dec/2023:09:40:32 +0300] "GET /robots.txt HTTP/1.1" 301 162 "-" "python-requests/2.27.1"
20.120.74.197 - - [05/Dec/2023:09:40:41 +0300] "HEAD /upload/iblock/1be/1be632235c9b1db47e6c28c7f50fefbe.jpg HTTP/1.1" 301 0 "-" "Mozilla/5.0 (Windows NT 10.0; Win64; x64) AppleWebKit/537.36 (KHTML, like Gecko) Chrome/76.0.3809.100 Safari/537.36"
45.138.16.168 - - [05/Dec/2023:09:46:39 +0300] "POST /auth/?register=yes HTTP/1.1" 301 162 "http://gcba.ru/auth/?register=yes" "Mozilla/5.0 (Windows NT 10.0; Win64; x64) AppleWebKit/537.36 (KHTML, like Gecko) Chrome/119.0.0.0 Safari/537.36"
45.138.16.168 - - [05/Dec/2023:09:46:42 +0300] "POST /auth/?forgot_password=yes HTTP/1.1" 301 162 "http://gcba.ru/auth/?register=yes" "Mozilla/5.0 (Windows NT 10.0; Win64; x64) AppleWebKit/537.36 (KHTML, like Gecko) Chrome/119.0.0.0 Safari/537.36"
95.79.152.14 - - [05/Dec/2023:10:06:04 +0300] "GET / HTTP/1.1" 301 162 "-" "Mozilla/5.0 (compatible; Googlebot/2.1; +http://www.google.com/bot.html)"
66.249.66.165 - - [05/Dec/2023:10:07:33 +0300] "GET /robots.txt HTTP/1.1" 301 162 "-" "Mozilla/5.0 (compatible; Googlebot/2.1; +http://www.google.com/bot.html)"
66.249.66.164 - - [05/Dec/2023:10:07:34 +0300] "GET /news/nalogi/rss/ HTTP/1.1" 301 162 "-" "Mozilla/5.0 (compatible; Googlebot/2.1; +http://www.google.com/bot.html)"
66.249.66.165 - - [05/Dec/2023:10:26:20 +0300] "GET /news/nalogi/rss/ HTTP/1.1" 301 162 "-" "Mozilla/5.0 (Linux; Android 6.0.1; Nexus 5X Build/MMB29P) AppleWebKit/537.36 (KHTML, like Gecko) Chrome/119.0.6045.123 Mobile Safari/537.36 (compatible; Googlebot/2.1; +http://www.google.com/bot.html)"
5.255.231.249 - - [05/Dec/2023:10:27:12 +0300] "GET /robots.txt HTTP/1.1" 301 162 "-" "Mozilla/5.0 (compatible; YandexBot/3.0; +http://yandex.com/bots)"
87.250.224.33 - - [05/Dec/2023:10:27:12 +0300] "GET / HTTP/1.1" 301 162 "-" "Mozilla/5.0 (compatible; YandexBot/3.0; +http://yandex.com/bots)"
213.180.203.186 - - [05/Dec/2023:10:29:20 +0300] "GET / HTTP/1.1" 301 162 "-" "Mozilla/5.0 (compatible; YandexBot/3.0; +http://yandex.com/bots)"
120.234.203.171 - - [05/Dec/2023:10:54:05 +0300] "GET / HTTP/1.0" 301 162 "http://gcba.ru/" "Mozilla/5.0 (Windows NT 6.3; WOW64) AppleWebKit/537.36 (KHTML, like Gecko) Chrome/103.0.5060.114 Safari/537.36"
94.228.169.107 - - [05/Dec/2023:11:05:58 +0300] "GET / HTTP/1.1" 301 162 "-" "Mozilla/5.0 (compatible; MSIE 8.0; Windows NT 6.2; Trident/4.0)"
95.143.8.182 - - [05/Dec/2023:11:18:59 +0300] "GET / HTTP/1.0" 301 162 "http://gcba.ru/" "Mozilla/5.0 (Windows NT 10.0; WOW64) AppleWebKit/537.36 (KHTML, like Gecko) Chrome/90.0.4400.8 Safari/537.36"
45.138.16.168 - - [05/Dec/2023:11:47:21 +0300] "POST /auth/?register=yes HTTP/1.1" 301 162 "http://gcba.ru/auth/?register=yes" "Mozilla/5.0 (Windows NT 10.0; Win64; x64) AppleWebKit/537.36 (KHTML, like Gecko) Chrome/119.0.0.0 Safari/537.36"
45.138.16.168 - - [05/Dec/2023:11:47:25 +0300] "POST /auth/?forgot_password=yes HTTP/1.1" 301 162 "http://gcba.ru/auth/?register=yes" "Mozilla/5.0 (Windows NT 10.0; Win64; x64) AppleWebKit/537.36 (KHTML, like Gecko) Chrome/119.0.0.0 Safari/537.36"
51.255.133.33 - - [05/Dec/2023:12:05:46 +0300] "GET / HTTP/1.1" 301 162 "-" "User-Agent: Mozilla/5.0 (Macintosh; Intel Mac OS X 10_12_6) AppleWebKit/537.36 (KHTML, like Gecko) Chrome/77.0.3865.90 Safari/537.36"
195.191.219.133 - - [05/Dec/2023:13:19:31 +0300] "GET /robots.txt HTTP/1.1" 301 162 "-" "Mozilla/5.0 (compatible; MJ12bot/v1.4.8; http://mj12bot.com/)"
195.191.219.133 - - [05/Dec/2023:13:19:33 +0300] "GET /news/metodologiya/nalogovye-proverki-v-2017-godu/ HTTP/1.1" 301 162 "-" "Mozilla/5.0 (compatible; MJ12bot/v1.4.8; http://mj12bot.com/)"
45.138.16.168 - - [05/Dec/2023:13:46:50 +0300] "POST /auth/?register=yes HTTP/1.1" 301 162 "http://gcba.ru/auth/?register=yes" "Mozilla/5.0 (Windows NT 10.0; Win64; x64) AppleWebKit/537.36 (KHTML, like Gecko) Chrome/119.0.0.0 Safari/537.36"
45.138.16.168 - - [05/Dec/2023:13:46:54 +0300] "POST /auth/?forgot_password=yes HTTP/1.1" 301 162 "http://gcba.ru/auth/?register=yes" "Mozilla/5.0 (Windows NT 10.0; Win64; x64) AppleWebKit/537.36 (KHTML, like Gecko) Chrome/119.0.0.0 Safari/537.36"
94.228.169.107 - - [05/Dec/2023:13:56:00 +0300] "GET / HTTP/1.1" 301 162 "-" "Mozilla/5.0 (Windows NT 6.1; WOW64; rv:49.0) Gecko/20100101 Firefox/49.0"
94.228.169.107 - - [05/Dec/2023:14:31:09 +0300] "GET / HTTP/1.1" 301 162 "-" "Mozilla/5.0 (Macintosh; Intel Mac OS X 10.12; rv:47.0) Gecko/20100101 Firefox/47.0"
94.228.169.107 - - [05/Dec/2023:15:52:20 +0300] "GET / HTTP/1.1" 301 162 "-" "Mozilla/5.0 (Windows NT 6.2; rv:47.0) Gecko/20100101 Firefox/47.0"
45.138.16.168 - - [05/Dec/2023:16:05:27 +0300] "POST /auth/?register=yes HTTP/1.1" 301 162 "http://gcba.ru/auth/?register=yes" "Mozilla/5.0 (Windows NT 10.0; Win64; x64) AppleWebKit/537.36 (KHTML, like Gecko) Chrome/119.0.0.0 Safari/537.36"
45.138.16.168 - - [05/Dec/2023:16:05:31 +0300] "POST /auth/?forgot_password=yes HTTP/1.1" 301 162 "http://gcba.ru/auth/?register=yes" "Mozilla/5.0 (Windows NT 10.0; Win64; x64) AppleWebKit/537.36 (KHTML, like Gecko) Chrome/119.0.0.0 Safari/537.36"
207.46.13.154 - - [05/Dec/2023:17:15:13 +0300] "GET /news/nalogi/svedeniya-v-ramkakh-vstrechnoy-proverki-vashu-nalogovuyu-taynu-ne-narushat HTTP/1.1" 301 162 "-" "Mozilla/5.0 AppleWebKit/537.36 (KHTML, like Gecko; compatible; bingbot/2.0; +http://www.bing.com/bingbot.htm) Chrome/116.0.1938.76 Safari/537.36"
94.228.169.107 - - [05/Dec/2023:18:01:08 +0300] "GET / HTTP/1.1" 301 162 "-" "Mozilla/5.0 (Windows NT 10.0; Win64; x64) AppleWebKit/537.36 (KHTML, like Gecko) Chrome/55.0.2911.75 Safari/537.36"
194.163.185.252 - - [05/Dec/2023:18:22:05 +0300] "GET / HTTP/1.1" 301 162 "http://gcba.ru" "Mozilla/5.0 (Windows NT 10.0; WOW64) AppleWebKit/537.36 (KHTML, like Gecko) Chrome/114.0.0.0 Safari/537.36 Vivaldi/5.3.2679.68"
45.138.16.168 - - [05/Dec/2023:18:38:59 +0300] "POST /auth/?register=yes HTTP/1.1" 301 162 "http://gcba.ru/auth/?register=yes" "Mozilla/5.0 (Windows NT 10.0; Win64; x64) AppleWebKit/537.36 (KHTML, like Gecko) Chrome/119.0.0.0 Safari/537.36"
45.138.16.168 - - [05/Dec/2023:18:39:00 +0300] "POST /auth/?forgot_password=yes HTTP/1.1" 301 162 "http://gcba.ru/auth/?register=yes" "Mozilla/5.0 (Windows NT 10.0; Win64; x64) AppleWebKit/537.36 (KHTML, like Gecko) Chrome/119.0.0.0 Safari/537.36"
5.252.118.211 - - [05/Dec/2023:18:56:15 +0300] "GET / HTTP/1.1" 301 162 "-" "Mozilla/5.0 (Windows NT 6.1; rv:49.0) Gecko/20100101 Firefox/49.0"
213.180.203.32 - - [05/Dec/2023:18:59:31 +0300] "GET /robots.txt HTTP/1.1" 301 162 "-" "Mozilla/5.0 (compatible; YandexBot/3.0; +http://yandex.com/bots)"
95.108.213.95 - - [05/Dec/2023:18:59:31 +0300] "GET / HTTP/1.1" 301 162 "-" "Mozilla/5.0 (compatible; YandexBot/3.0; +http://yandex.com/bots)"
5.255.231.23 - - [05/Dec/2023:19:01:02 +0300] "GET / HTTP/1.1" 301 162 "-" "Mozilla/5.0 (compatible; YandexBot/3.0; +http://yandex.com/bots)"
45.146.167.56 - - [05/Dec/2023:19:02:49 +0300] "GET / HTTP/1.1" 301 162 "-" "Mozilla/5.0 (X11; Linux x86_64; rv:102.0) Gecko/20100101 Firefox/102.0_Cyberok"
45.133.235.18 - - [05/Dec/2023:19:44:31 +0300] "GET / HTTP/1.1" 301 162 "-" "Mozilla/5.0 (Windows NT 10.0; WOW64; Rv:50.0) Gecko/20100101 Firefox/50.0"
40.77.167.33 - - [05/Dec/2023:19:47:38 +0300] "GET /news/nalogi/ekologicheskiy-sbor HTTP/1.1" 301 162 "-" "Mozilla/5.0 AppleWebKit/537.36 (KHTML, like Gecko; compatible; bingbot/2.0; +http://www.bing.com/bingbot.htm) Chrome/116.0.1938.76 Safari/537.36"
210.16.189.15 - - [05/Dec/2023:19:58:48 +0300] "GET /wp-login.php HTTP/1.1" 301 162 "-" "Apache-HttpClient/4.5.2 (Java/1.8.0_161)"
45.138.16.168 - - [05/Dec/2023:20:17:51 +0300] "POST /auth/?register=yes HTTP/1.1" 301 162 "http://gcba.ru/auth/?register=yes" "Mozilla/5.0 (Windows NT 10.0; Win64; x64) AppleWebKit/537.36 (KHTML, like Gecko) Chrome/119.0.0.0 Safari/537.36"
45.138.16.168 - - [05/Dec/2023:20:17:52 +0300] "POST /auth/?forgot_password=yes HTTP/1.1" 301 162 "http://gcba.ru/auth/?register=yes" "Mozilla/5.0 (Windows NT 10.0; Win64; x64) AppleWebKit/537.36 (KHTML, like Gecko) Chrome/119.0.0.0 Safari/537.36"
104.192.3.74 - - [05/Dec/2023:20:52:03 +0300] "GET / HTTP/1.1" 301 162 "http://gcba.ru" "Mozilla/4.0 (compatible; MSIE 7.0; Windows NT 5.1; .NET CLR 2.0.50727; .NET CLR 1.1.4322)"
43.155.89.190 - - [05/Dec/2023:20:55:50 +0300] "GET /wp-login.php HTTP/1.1" 301 162 "-" "Mozilla/5.0 (X11; Fedora; Linux x86_64; rv:94.0) Gecko/20100101 Firefox/95.0"
45.146.167.56 - - [05/Dec/2023:20:59:35 +0300] "GET /bitrix/tools/composite_data.php HTTP/1.1" 301 162 "-" "Mozilla/5.0 (X11; Linux x86_64; rv:102.0) Gecko/20100101 Firefox/102.0_Cyberok"
45.146.167.56 - - [05/Dec/2023:20:59:35 +0300] "POST /bitrix/tools/vote/uf.php?attachId%5BMODULE_ID%5D=iblock&attachId%5BENTITY_TYPE%5D=CFileUploader&action=vote&sessid=a91bf2c30209e90f423c0a6d470c05d1&attachId%5BENTITY_ID%5D%5Bcopies%5D%5Bfixcve-2022-27228.jpg%5D=1&attachId%5BENTITY_ID%5D%5Bcopies%5D%5B..%2F.htaccess%5D=1 HTTP/1.1" 301 162 "-" "Mozilla/5.0 (X11; Linux x86_64; rv:102.0) Gecko/20100101 Firefox/102.0_Cyberok"
94.228.169.107 - - [05/Dec/2023:21:37:07 +0300] "GET / HTTP/1.1" 301 162 "-" "Mozilla/5.0 (Windows NT 10.0; WOW64) AppleWebKit/537.36 (KHTML, like Gecko) Chrome/56.0.2933.31 Safari/537.36"
157.55.39.202 - - [05/Dec/2023:21:40:17 +0300] "GET /eng HTTP/1.1" 301 162 "-" "Mozilla/5.0 AppleWebKit/537.36 (KHTML, like Gecko; compatible; bingbot/2.0; +http://www.bing.com/bingbot.htm) Chrome/116.0.1938.76 Safari/537.36"
45.138.16.168 - - [05/Dec/2023:22:02:56 +0300] "POST /auth/?register=yes HTTP/1.1" 301 162 "http://gcba.ru/auth/?register=yes" "Mozilla/5.0 (Windows NT 10.0; Win64; x64) AppleWebKit/537.36 (KHTML, like Gecko) Chrome/119.0.0.0 Safari/537.36"
45.138.16.168 - - [05/Dec/2023:22:02:57 +0300] "POST /auth/?forgot_password=yes HTTP/1.1" 301 162 "http://gcba.ru/auth/?register=yes" "Mozilla/5.0 (Windows NT 10.0; Win64; x64) AppleWebKit/537.36 (KHTML, like Gecko) Chrome/119.0.0.0 Safari/537.36"
207.46.13.153 - - [05/Dec/2023:23:42:13 +0300] "GET /news/metodologiya/kak-skorrektirovat-schet-fakturu-vystavlennyy-do-1-iyulya-2021-goda HTTP/1.1" 301 162 "-" "Mozilla/5.0 AppleWebKit/537.36 (KHTML, like Gecko; compatible; bingbot/2.0; +http://www.bing.com/bingbot.htm) Chrome/116.0.1938.76 Safari/537.36"
45.138.16.168 - - [05/Dec/2023:23:56:59 +0300] "POST /auth/?register=yes HTTP/1.1" 301 162 "http://gcba.ru/auth/?register=yes" "Mozilla/5.0 (Windows NT 10.0; Win64; x64) AppleWebKit/537.36 (KHTML, like Gecko) Chrome/119.0.0.0 Safari/537.36"
45.138.16.168 - - [05/Dec/2023:23:57:01 +0300] "POST /auth/?forgot_password=yes HTTP/1.1" 301 162 "http://gcba.ru/auth/?register=yes" "Mozilla/5.0 (Windows NT 10.0; Win64; x64) AppleWebKit/537.36 (KHTML, like Gecko) Chrome/119.0.0.0 Safari/537.36"
202.97.173.152 - - [05/Dec/2023:23:57:07 +0300] "GET / HTTP/1.0" 301 162 "http://gcba.ru/" "Mozilla/5.0 (Windows NT 6.2; Win64; x64) AppleWebKit/537.36 (KHTML, like Gecko) Chrome/90.0.4430.93 Safari/537.36"
80.66.79.9 - - [06/Dec/2023:00:22:22 +0300] "GET / HTTP/1.1" 301 162 "https://soldaty-online.com/" "Opera/9.00 (Windows NT 4.0; U; en)"
80.66.79.9 - - [06/Dec/2023:00:22:22 +0300] "GET / HTTP/1.1" 301 162 "https://soldaty-online.com/" "Opera/9.00 (Windows NT 4.0; U; en)"
80.66.79.9 - - [06/Dec/2023:00:22:23 +0300] "GET / HTTP/1.1" 301 162 "https://soldaty-online.com/" "Opera/9.00 (Windows NT 4.0; U; en)"
95.189.96.43 - - [06/Dec/2023:00:26:32 +0300] "GET /index.php?action=viewforum HTTP/1.0" 301 162 "-" "Mozilla/5.0 (Windows NT 6.3; Win64; x64) AppleWebKit/537.36 (KHTML, like Gecko) Chrome/75.0.3770.100 Safari/537.36"
94.228.169.107 - - [06/Dec/2023:01:11:58 +0300] "GET / HTTP/1.1" 301 162 "-" "Mozilla/5.0 (Windows NT 6.3; Win64; x64; rv:50.0) Gecko/20100101 Firefox/50.0"
45.146.167.56 - - [06/Dec/2023:01:45:07 +0300] "GET /bitrix/modules/main/include/prolog.php?micat=echo+base64_decode('cXdlcXdlcXdlcXdlcXdl')%3b&midog=echo+base64_decode('cXdlcXdlcXdlcXdlcXdl')%3b HTTP/1.1" 301 162 "-" "Mozilla/5.0 (X11; Linux x86_64; rv:102.0) Gecko/20100101 Firefox/102.0_Cyberok"
45.146.167.56 - - [06/Dec/2023:01:45:08 +0300] "GET /bitrix/tools/.session HTTP/1.1" 301 162 "-" "Mozilla/5.0 (X11; Linux x86_64; rv:102.0) Gecko/20100101 Firefox/102.0_Cyberok"
45.146.167.56 - - [06/Dec/2023:01:45:09 +0300] "GET /bitrix/tools/.sess HTTP/1.1" 301 162 "-" "Mozilla/5.0 (X11; Linux x86_64; rv:102.0) Gecko/20100101 Firefox/102.0_Cyberok"
149.88.27.200 - - [06/Dec/2023:01:50:29 +0300] "GET / HTTP/1.0" 301 162 "http://gcba.ru/" "Mozilla/5.0 (Windows NT 10.0; Win64; x64) AppleWebKit/537.36 (KHTML, like Gecko) Chrome/103.0.0.0 Safari/537.36 Herring/95.1.8810.11"
45.138.16.168 - - [06/Dec/2023:01:50:38 +0300] "POST /auth/?register=yes HTTP/1.1" 301 162 "http://gcba.ru/auth/?register=yes" "Mozilla/5.0 (Windows NT 10.0; Win64; x64) AppleWebKit/537.36 (KHTML, like Gecko) Chrome/119.0.0.0 Safari/537.36"
45.138.16.168 - - [06/Dec/2023:01:50:40 +0300] "POST /auth/?forgot_password=yes HTTP/1.1" 301 162 "http://gcba.ru/auth/?register=yes" "Mozilla/5.0 (Windows NT 10.0; Win64; x64) AppleWebKit/537.36 (KHTML, like Gecko) Chrome/119.0.0.0 Safari/537.36"
45.146.167.56 - - [06/Dec/2023:02:08:24 +0300] "GET /bitrix/modules/ldap/7ylxn7tw.php HTTP/1.1" 301 162 "-" "Mozilla/5.0 (X11; Linux x86_64; rv:102.0) Gecko/20100101 Firefox/102.0_Cyberok"
45.146.167.56 - - [06/Dec/2023:02:08:25 +0300] "GET /bitrix/modules/ldap/index.php HTTP/1.1" 301 162 "-" "Mozilla/5.0 (X11; Linux x86_64; rv:102.0) Gecko/20100101 Firefox/102.0_Cyberok"
45.146.167.56 - - [06/Dec/2023:02:10:05 +0300] "GET /bitrix/admin/uqsi4qqi.php HTTP/1.1" 301 162 "-" "Mozilla/5.0 (X11; Linux x86_64; rv:102.0) Gecko/20100101 Firefox/102.0_Cyberok"
45.146.167.56 - - [06/Dec/2023:02:10:05 +0300] "POST /bitrix/modules/main/include/prolog_after.php HTTP/1.1" 301 162 "-" "Mozilla/5.0 (X11; Linux x86_64; rv:102.0) Gecko/20100101 Firefox/102.0_Cyberok"
45.146.167.56 - - [06/Dec/2023:02:10:06 +0300] "POST /bitrix/modules/main/bx_root.php HTTP/1.1" 301 162 "-" "Mozilla/5.0 (X11; Linux x86_64; rv:102.0) Gecko/20100101 Firefox/102.0"
45.146.167.56 - - [06/Dec/2023:02:10:06 +0300] "POST / HTTP/1.1" 301 162 "-" "Mozilla/5.0 (X11; Linux x86_64; rv:102.0) Gecko/20100101 Firefox/102.0_Cyberok"
45.146.167.56 - - [06/Dec/2023:02:10:06 +0300] "GET /bitrix/admin/inputs.php HTTP/1.1" 301 162 "-" "Mozilla/5.0 (X11; Linux x86_64; rv:102.0) Gecko/20100101 Firefox/102.0_Cyberok"
45.146.167.56 - - [06/Dec/2023:02:10:06 +0300] "POST / HTTP/1.1" 301 162 "-" "Mozilla/5.0 (X11; Linux x86_64; rv:102.0) Gecko/20100101 Firefox/102.0"
45.146.167.56 - - [06/Dec/2023:02:10:23 +0300] "GET /bitrix/activities/bitrix/setvariableactivity/lang/ru/kdm7e0im.php HTTP/1.1" 301 162 "-" "Mozilla/5.0 (X11; Linux x86_64; rv:102.0) Gecko/20100101 Firefox/102.0_Cyberok"
45.146.167.56 - - [06/Dec/2023:02:10:24 +0300] "GET /bitrix/activities/bitrix/setvariableactivity/lang/ru/index.php HTTP/1.1" 301 162 "-" "Mozilla/5.0 (X11; Linux x86_64; rv:102.0) Gecko/20100101 Firefox/102.0_Cyberok"
45.146.167.56 - - [06/Dec/2023:02:10:27 +0300] "GET /bitrix/tools/nt6n1ja7.php HTTP/1.1" 301 162 "-" "Mozilla/5.0 (X11; Linux x86_64; rv:102.0) Gecko/20100101 Firefox/102.0_Cyberok"
45.146.167.56 - - [06/Dec/2023:02:10:27 +0300] "GET /bitrix/tools/send_trait_imap.php HTTP/1.1" 301 162 "-" "Mozilla/5.0 (X11; Linux x86_64; rv:102.0) Gecko/20100101 Firefox/102.0_Cyberok"
45.146.167.56 - - [06/Dec/2023:02:10:51 +0300] "GET /bitrix/tools/.cas.php HTTP/1.1" 301 162 "-" "Mozilla/5.0 (X11; Linux x86_64; rv:102.0) Gecko/20100101 Firefox/102.0_Cyberok"
45.146.167.56 - - [06/Dec/2023:02:10:52 +0300] "GET /bitrix/tools/.cas.tmp.php HTTP/1.1" 301 162 "-" "Mozilla/5.0 (X11; Linux x86_64; rv:102.0) Gecko/20100101 Firefox/102.0_Cyberok"
45.146.167.56 - - [06/Dec/2023:02:10:58 +0300] "GET /bitrix/components/bitrix/main.file.input/main.php HTTP/1.1" 301 162 "-" "Mozilla/5.0 (X11; Linux x86_64; rv:102.0) Gecko/20100101 Firefox/102.0_Cyberok"
45.146.167.56 - - [06/Dec/2023:02:10:59 +0300] "GET / HTTP/1.1" 301 162 "-" "Mozilla/5.0 (X11; Linux x86_64; rv:102.0) Gecko/20100101 Firefox/102.0_Cyberok"
45.146.167.56 - - [06/Dec/2023:02:10:59 +0300] "GET /bitrix/js/iblock/jyudtdop.php HTTP/1.1" 301 162 "-" "Mozilla/5.0 (X11; Linux x86_64; rv:102.0) Gecko/20100101 Firefox/102.0_Cyberok"
45.146.167.56 - - [06/Dec/2023:02:11:00 +0300] "GET /bitrix/js/iblock/admin.php HTTP/1.1" 301 162 "-" "Mozilla/5.0 (X11; Linux x86_64; rv:102.0) Gecko/20100101 Firefox/102.0_Cyberok"
45.146.167.56 - - [06/Dec/2023:02:11:01 +0300] "GET /bitrix/virtual_routes.php?state=MD10cmltJjE9cXdlcXdlcXdlcXdlcXdlYXNkJjI9YXNk HTTP/1.1" 301 162 "-" "Mozilla/5.0 (X11; Linux x86_64; rv:102.0) Gecko/20100101 Firefox/102.0_Cyberok"
45.146.167.56 - - [06/Dec/2023:02:11:02 +0300] "GET /gtqba7fa.php HTTP/1.1" 301 162 "-" "Mozilla/5.0 (X11; Linux x86_64; rv:102.0) Gecko/20100101 Firefox/102.0_Cyberok"
45.146.167.56 - - [06/Dec/2023:02:11:02 +0300] "GET /?state=MD10cmltJjE9cXdlcXdlcXdlcXdlcXdlYXNkJjI9YXNk HTTP/1.1" 301 162 "-" "Mozilla/5.0 (X11; Linux x86_64; rv:102.0) Gecko/20100101 Firefox/102.0_Cyberok"
45.146.167.56 - - [06/Dec/2023:02:11:02 +0300] "GET /bitrix/src/app/aqktneby.php HTTP/1.1" 301 162 "-" "Mozilla/5.0 (X11; Linux x86_64; rv:102.0) Gecko/20100101 Firefox/102.0_Cyberok"
45.146.167.56 - - [06/Dec/2023:02:11:02 +0300] "POST /bitrix/virtual_routes.php HTTP/1.1" 301 162 "-" "Mozilla/5.0 (X11; Linux x86_64; rv:102.0) Gecko/20100101 Firefox/102.0_Cyberok"
45.146.167.56 - - [06/Dec/2023:02:11:02 +0300] "GET /xmlrpcs.php HTTP/1.1" 301 162 "-" "Mozilla/5.0 (X11; Linux x86_64; rv:102.0) Gecko/20100101 Firefox/102.0_Cyberok"
45.146.167.56 - - [06/Dec/2023:02:11:02 +0300] "GET /bitrix/src/app/l.php HTTP/1.1" 301 162 "-" "Mozilla/5.0 (X11; Linux x86_64; rv:102.0) Gecko/20100101 Firefox/102.0_Cyberok"
45.146.167.56 - - [06/Dec/2023:02:11:02 +0300] "POST / HTTP/1.1" 301 162 "-" "Mozilla/5.0 (X11; Linux x86_64; rv:102.0) Gecko/20100101 Firefox/102.0_Cyberok"
216.244.66.235 - - [06/Dec/2023:02:20:42 +0300] "GET /robots.txt HTTP/1.1" 301 162 "-" "Mozilla/5.0 (compatible; DotBot/1.2; +https://opensiteexplorer.org/dotbot; help@moz.com)"
66.249.79.5 - - [06/Dec/2023:02:33:27 +0300] "GET /news/nalogi/kak-izmenyatsya-nds-usn-envd-i-eskhn-v-2018-godu/ HTTP/1.1" 301 162 "-" "Mozilla/5.0 (Linux; Android 6.0.1; Nexus 5X Build/MMB29P) AppleWebKit/537.36 (KHTML, like Gecko) Chrome/119.0.6045.199 Mobile Safari/537.36 (compatible; Googlebot/2.1; +http://www.google.com/bot.html)"
45.146.167.56 - - [06/Dec/2023:02:45:49 +0300] "GET /bitrix/tools/spread.php?state=MD10cmltJjE9cXdlcXdlcXdlcXdlcXdlYXNkJjI9YXNk HTTP/1.1" 301 162 "-" "Mozilla/5.0 (X11; Linux x86_64; rv:102.0) Gecko/20100101 Firefox/102.0_Cyberok"
45.146.167.56 - - [06/Dec/2023:02:45:49 +0300] "GET /bitrix/spread.php?state=MD10cmltJjE9cXdlcXdlcXdlcXdlcXdlYXNkJjI9YXNk HTTP/1.1" 301 162 "-" "Mozilla/5.0 (X11; Linux x86_64; rv:102.0) Gecko/20100101 Firefox/102.0_Cyberok"
45.146.167.56 - - [06/Dec/2023:02:45:50 +0300] "GET /bitrix/modules/main/spread.php?state=MD10cmltJjE9cXdlcXdlcXdlcXdlcXdlYXNkJjI9YXNk HTTP/1.1" 301 162 "-" "Mozilla/5.0 (X11; Linux x86_64; rv:102.0) Gecko/20100101 Firefox/102.0_Cyberok"
45.146.167.56 - - [06/Dec/2023:02:45:50 +0300] "GET /?state=MD10cmltJjE9cXdlcXdlcXdlcXdlcXdlYXNkJjI9YXNk HTTP/1.1" 301 162 "-" "Mozilla/5.0 (X11; Linux x86_64; rv:102.0) Gecko/20100101 Firefox/102.0_Cyberok"
162.55.85.221 - - [06/Dec/2023:03:09:09 +0300] "GET /robots.txt HTTP/1.1" 301 162 "-" "Mozilla/5.0 (compatible; BLEXBot/1.0; +http://webmeup-crawler.com/)"
162.55.85.221 - - [06/Dec/2023:03:09:15 +0300] "GET /sitemap HTTP/1.1" 301 162 "-" "Mozilla/5.0 (compatible; BLEXBot/1.0; +http://webmeup-crawler.com/)"
162.55.85.221 - - [06/Dec/2023:03:09:35 +0300] "GET /sitemap.txt HTTP/1.1" 301 162 "-" "Mozilla/5.0 (compatible; BLEXBot/1.0; +http://webmeup-crawler.com/)"
157.55.39.10 - - [06/Dec/2023:03:19:12 +0300] "GET /eng/services/?section_id=14 HTTP/1.1" 301 162 "-" "Mozilla/5.0 AppleWebKit/537.36 (KHTML, like Gecko; compatible; bingbot/2.0; +http://www.bing.com/bingbot.htm) Chrome/116.0.1938.76 Safari/537.36"
45.138.16.168 - - [06/Dec/2023:03:55:04 +0300] "POST /auth/?register=yes HTTP/1.1" 301 162 "http://gcba.ru/auth/?register=yes" "Mozilla/5.0 (Windows NT 10.0; Win64; x64) AppleWebKit/537.36 (KHTML, like Gecko) Chrome/119.0.0.0 Safari/537.36"
45.138.16.168 - - [06/Dec/2023:03:55:07 +0300] "POST /auth/?forgot_password=yes HTTP/1.1" 301 162 "http://gcba.ru/auth/?register=yes" "Mozilla/5.0 (Windows NT 10.0; Win64; x64) AppleWebKit/537.36 (KHTML, like Gecko) Chrome/119.0.0.0 Safari/537.36"
109.107.176.19 - - [06/Dec/2023:04:13:16 +0300] "GET / HTTP/1.0" 301 162 "http://gcba.ru/" "Mozilla/5.0 (Windows NT 6.3; Win64; x64) AppleWebKit/537.36 (KHTML, like Gecko) Chrome/103.0.5060.114 Safari/537.36"
94.228.169.107 - - [06/Dec/2023:04:37:12 +0300] "GET / HTTP/1.1" 301 162 "-" "Mozilla/5.0 (Windows NT 6.3; rv:48.0) Gecko/20100101 Firefox/48.0"
79.137.206.177 - - [06/Dec/2023:04:37:12 +0300] "GET / HTTP/1.1" 301 162 "-" "Mozilla/5.0 (Macintosh; Intel Mac OS X 10.11; rv:51.0) Gecko/20100101 Firefox/51.0"
159.89.5.207 - - [06/Dec/2023:04:40:44 +0300] "GET / HTTP/1.1" 301 162 "-" "Mozilla/5.0 (X11; Linux x86_64) AppleWebKit/537.36 (KHTML, like Gecko) Chrome/108.0.0.0 Safari/537.36"
45.138.16.168 - - [06/Dec/2023:06:08:40 +0300] "POST /auth/?register=yes HTTP/1.1" 301 162 "http://gcba.ru/auth/?register=yes" "Mozilla/5.0 (Windows NT 10.0; Win64; x64) AppleWebKit/537.36 (KHTML, like Gecko) Chrome/119.0.0.0 Safari/537.36"
45.138.16.168 - - [06/Dec/2023:06:08:40 +0300] "POST /auth/?forgot_password=yes HTTP/1.1" 301 162 "http://gcba.ru/auth/?register=yes" "Mozilla/5.0 (Windows NT 10.0; Win64; x64) AppleWebKit/537.36 (KHTML, like Gecko) Chrome/119.0.0.0 Safari/537.36"
178.214.249.28 - - [06/Dec/2023:07:12:07 +0300] "GET / HTTP/1.1" 301 162 "https://yandex.ru/maps/" "Mozilla/5.0 (Windows NT 6.1; Win64; x64; rv:109.0) Gecko/20100101 Firefox/114.0"
45.138.16.168 - - [06/Dec/2023:07:52:22 +0300] "POST /auth/?register=yes HTTP/1.1" 301 162 "http://gcba.ru/auth/?register=yes" "Mozilla/5.0 (Windows NT 10.0; Win64; x64) AppleWebKit/537.36 (KHTML, like Gecko) Chrome/119.0.0.0 Safari/537.36"
45.138.16.168 - - [06/Dec/2023:07:52:25 +0300] "POST /auth/?forgot_password=yes HTTP/1.1" 301 162 "http://gcba.ru/auth/?register=yes" "Mozilla/5.0 (Windows NT 10.0; Win64; x64) AppleWebKit/537.36 (KHTML, like Gecko) Chrome/119.0.0.0 Safari/537.36"
94.228.169.107 - - [06/Dec/2023:08:00:02 +0300] "GET / HTTP/1.1" 301 162 "-" "Mozilla/5.0 (Windows NT 6.3; Win64; x64; rv:48.0) Gecko/20100101 Firefox/48.0"
79.106.34.2 - - [06/Dec/2023:08:07:31 +0300] "GET / HTTP/1.0" 301 162 "http://gcba.ru/" "Mozilla/5.0 (Windows NT 6.3; Win64; x64) AppleWebKit/537.36 (KHTML, like Gecko) Chrome/90.0.4430.93 Safari/537.36"
45.138.16.168 - - [06/Dec/2023:09:42:54 +0300] "POST /auth/?register=yes HTTP/1.1" 301 162 "http://gcba.ru/auth/?register=yes" "Mozilla/5.0 (Windows NT 10.0; Win64; x64) AppleWebKit/537.36 (KHTML, like Gecko) Chrome/119.0.0.0 Safari/537.36"
45.138.16.168 - - [06/Dec/2023:09:42:56 +0300] "POST /auth/?forgot_password=yes HTTP/1.1" 301 162 "http://gcba.ru/auth/?register=yes" "Mozilla/5.0 (Windows NT 10.0; Win64; x64) AppleWebKit/537.36 (KHTML, like Gecko) Chrome/119.0.0.0 Safari/537.36"
111.7.100.32 - - [06/Dec/2023:10:12:56 +0300] "GET / HTTP/1.1" 301 162 "-" "Mozilla/5.0 (Macintosh; Intel Mac OS X 10_15_7) AppleWebKit/537.36 (KHTML, like Gecko) Chrome/96.0.4664.110 Safari/537.36"
111.7.100.32 - - [06/Dec/2023:10:12:58 +0300] "GET / HTTP/1.1" 301 162 "-" "Mozilla/5.0 (Macintosh; Intel Mac OS X 11_0_0) AppleWebKit/537.36 (KHTML, like Gecko) Chrome/87.0.4280.88 Safari/537.36"
185.12.124.78 - - [06/Dec/2023:11:09:47 +0300] "GET / HTTP/1.1" 301 162 "GCBA.RU" "Mozilla/5.0 (compatible; BackupLand/1.0; https://go.backupland.com/; Domain check for viruses;)"
94.228.169.107 - - [06/Dec/2023:11:28:17 +0300] "GET / HTTP/1.1" 301 162 "-" "Mozilla/5.0 (Windows NT 6.3; Win64; x64) AppleWebKit/537.36 (KHTML, like Gecko) Chrome/52.0.2778.7 Safari/537.36"
94.25.174.251 - - [06/Dec/2023:11:32:14 +0300] "GET / HTTP/1.1" 301 162 "http://GCBA.RU" "Mozilla/5.0 (Windows NT 10.0; Win64; x64) AppleWebKit/537.36 (KHTML, like Gecko) Chrome/114.0.0.0 Safari/537.36"
45.138.16.168 - - [06/Dec/2023:11:41:56 +0300] "POST /auth/?register=yes HTTP/1.1" 301 162 "http://gcba.ru/auth/?register=yes" "Mozilla/5.0 (Windows NT 10.0; Win64; x64) AppleWebKit/537.36 (KHTML, like Gecko) Chrome/119.0.0.0 Safari/537.36"
