45.146.167.56 - - [08/Dec/2023:01:41:36 +0300] "GET /bitrix/tools/.sess HTTP/1.1" 301 162 "-" "Mozilla/5.0 (X11; Linux x86_64; rv:102.0) Gecko/20100101 Firefox/102.0_Cyberok"
45.146.167.56 - - [08/Dec/2023:01:41:37 +0300] "GET /bitrix/tools/.session HTTP/1.1" 301 162 "-" "Mozilla/5.0 (X11; Linux x86_64; rv:102.0) Gecko/20100101 Firefox/102.0_Cyberok"
117.253.154.139 - - [08/Dec/2023:01:41:41 +0300] "GET / HTTP/1.0" 301 162 "http://gcba.ru/" "Mozilla/5.0 (Windows NT 6.1; Win64; x64) AppleWebKit/537.36 (KHTML, like Gecko) Chrome/90.0.4430.85 Safari/537.36"
66.249.66.164 - - [08/Dec/2023:01:56:57 +0300] "GET /robots.txt HTTP/1.1" 301 162 "-" "Mozilla/5.0 (compatible; Googlebot/2.1; +http://www.google.com/bot.html)"
66.249.66.164 - - [08/Dec/2023:01:56:58 +0300] "GET /services/?SECTION_ID=7 HTTP/1.1" 301 162 "-" "Mozilla/5.0 (Linux; Android 6.0.1; Nexus 5X Build/MMB29P) AppleWebKit/537.36 (KHTML, like Gecko) Chrome/120.0.6099.62 Mobile Safari/537.36 (compatible; Googlebot/2.1; +http://www.google.com/bot.html)"
45.146.167.56 - - [08/Dec/2023:02:04:54 +0300] "GET /bitrix/modules/ldap/mitxcgvs.php HTTP/1.1" 301 162 "-" "Mozilla/5.0 (X11; Linux x86_64; rv:102.0) Gecko/20100101 Firefox/102.0_Cyberok"
45.146.167.56 - - [08/Dec/2023:02:04:55 +0300] "GET /bitrix/modules/ldap/index.php HTTP/1.1" 301 162 "-" "Mozilla/5.0 (X11; Linux x86_64; rv:102.0) Gecko/20100101 Firefox/102.0_Cyberok"
45.146.167.56 - - [08/Dec/2023:02:06:26 +0300] "POST /bitrix/modules/main/include/prolog_after.php HTTP/1.1" 301 162 "-" "Mozilla/5.0 (X11; Linux x86_64; rv:102.0) Gecko/20100101 Firefox/102.0_Cyberok"
45.146.167.56 - - [08/Dec/2023:02:06:26 +0300] "POST / HTTP/1.1" 301 162 "-" "Mozilla/5.0 (X11; Linux x86_64; rv:102.0) Gecko/20100101 Firefox/102.0_Cyberok"
45.146.167.56 - - [08/Dec/2023:02:06:27 +0300] "GET /bitrix/admin/6yvoxbxu.php HTTP/1.1" 301 162 "-" "Mozilla/5.0 (X11; Linux x86_64; rv:102.0) Gecko/20100101 Firefox/102.0_Cyberok"
45.146.167.56 - - [08/Dec/2023:02:06:27 +0300] "GET /bitrix/admin/inputs.php HTTP/1.1" 301 162 "-" "Mozilla/5.0 (X11; Linux x86_64; rv:102.0) Gecko/20100101 Firefox/102.0_Cyberok"
45.146.167.56 - - [08/Dec/2023:02:06:28 +0300] "POST /bitrix/modules/main/bx_root.php HTTP/1.1" 301 162 "-" "Mozilla/5.0 (X11; Linux x86_64; rv:102.0) Gecko/20100101 Firefox/102.0"
45.146.167.56 - - [08/Dec/2023:02:06:28 +0300] "POST / HTTP/1.1" 301 162 "-" "Mozilla/5.0 (X11; Linux x86_64; rv:102.0) Gecko/20100101 Firefox/102.0"
45.146.167.56 - - [08/Dec/2023:02:06:51 +0300] "GET /bitrix/activities/bitrix/setvariableactivity/lang/ru/91paxutg.php HTTP/1.1" 301 162 "-" "Mozilla/5.0 (X11; Linux x86_64; rv:102.0) Gecko/20100101 Firefox/102.0_Cyberok"
45.146.167.56 - - [08/Dec/2023:02:06:52 +0300] "GET /bitrix/activities/bitrix/setvariableactivity/lang/ru/index.php HTTP/1.1" 301 162 "-" "Mozilla/5.0 (X11; Linux x86_64; rv:102.0) Gecko/20100101 Firefox/102.0_Cyberok"
45.146.167.56 - - [08/Dec/2023:02:06:53 +0300] "GET /iodyhjup.php HTTP/1.1" 301 162 "-" "Mozilla/5.0 (X11; Linux x86_64; rv:102.0) Gecko/20100101 Firefox/102.0_Cyberok"
45.146.167.56 - - [08/Dec/2023:02:06:54 +0300] "GET /xmlrpcs.php HTTP/1.1" 301 162 "-" "Mozilla/5.0 (X11; Linux x86_64; rv:102.0) Gecko/20100101 Firefox/102.0_Cyberok"
45.146.167.56 - - [08/Dec/2023:02:06:55 +0300] "GET /bitrix/src/app/ctnc3skg.php HTTP/1.1" 301 162 "-" "Mozilla/5.0 (X11; Linux x86_64; rv:102.0) Gecko/20100101 Firefox/102.0_Cyberok"
45.146.167.56 - - [08/Dec/2023:02:06:56 +0300] "GET /bitrix/src/app/l.php HTTP/1.1" 301 162 "-" "Mozilla/5.0 (X11; Linux x86_64; rv:102.0) Gecko/20100101 Firefox/102.0_Cyberok"
45.146.167.56 - - [08/Dec/2023:02:07:09 +0300] "GET /bitrix/components/bitrix/main.file.input/main.php HTTP/1.1" 301 162 "-" "Mozilla/5.0 (X11; Linux x86_64; rv:102.0) Gecko/20100101 Firefox/102.0_Cyberok"
45.146.167.56 - - [08/Dec/2023:02:07:10 +0300] "GET / HTTP/1.1" 301 162 "-" "Mozilla/5.0 (X11; Linux x86_64; rv:102.0) Gecko/20100101 Firefox/102.0_Cyberok"
45.146.167.56 - - [08/Dec/2023:02:07:10 +0300] "GET /bitrix/js/iblock/legc43ox.php HTTP/1.1" 301 162 "-" "Mozilla/5.0 (X11; Linux x86_64; rv:102.0) Gecko/20100101 Firefox/102.0_Cyberok"
45.146.167.56 - - [08/Dec/2023:02:07:10 +0300] "GET /bitrix/tools/hejy4rvc.php HTTP/1.1" 301 162 "-" "Mozilla/5.0 (X11; Linux x86_64; rv:102.0) Gecko/20100101 Firefox/102.0_Cyberok"
45.146.167.56 - - [08/Dec/2023:02:07:10 +0300] "GET /bitrix/tools/.cas.php HTTP/1.1" 301 162 "-" "Mozilla/5.0 (X11; Linux x86_64; rv:102.0) Gecko/20100101 Firefox/102.0_Cyberok"
45.146.167.56 - - [08/Dec/2023:02:07:10 +0300] "GET /bitrix/virtual_routes.php?state=MD10cmltJjE9cXdlcXdlcXdlcXdlcXdlYXNkJjI9YXNk HTTP/1.1" 301 162 "-" "Mozilla/5.0 (X11; Linux x86_64; rv:102.0) Gecko/20100101 Firefox/102.0_Cyberok"
45.146.167.56 - - [08/Dec/2023:02:07:10 +0300] "POST /bitrix/virtual_routes.php HTTP/1.1" 301 162 "-" "Mozilla/5.0 (X11; Linux x86_64; rv:102.0) Gecko/20100101 Firefox/102.0_Cyberok"
45.146.167.56 - - [08/Dec/2023:02:07:11 +0300] "GET /bitrix/tools/send_trait_imap.php HTTP/1.1" 301 162 "-" "Mozilla/5.0 (X11; Linux x86_64; rv:102.0) Gecko/20100101 Firefox/102.0_Cyberok"
45.146.167.56 - - [08/Dec/2023:02:07:11 +0300] "GET /bitrix/js/iblock/admin.php HTTP/1.1" 301 162 "-" "Mozilla/5.0 (X11; Linux x86_64; rv:102.0) Gecko/20100101 Firefox/102.0_Cyberok"
45.146.167.56 - - [08/Dec/2023:02:07:11 +0300] "GET /bitrix/tools/.cas.tmp.php HTTP/1.1" 301 162 "-" "Mozilla/5.0 (X11; Linux x86_64; rv:102.0) Gecko/20100101 Firefox/102.0_Cyberok"
45.146.167.56 - - [08/Dec/2023:02:07:11 +0300] "GET /?state=MD10cmltJjE9cXdlcXdlcXdlcXdlcXdlYXNkJjI9YXNk HTTP/1.1" 301 162 "-" "Mozilla/5.0 (X11; Linux x86_64; rv:102.0) Gecko/20100101 Firefox/102.0_Cyberok"
45.146.167.56 - - [08/Dec/2023:02:07:11 +0300] "POST / HTTP/1.1" 301 162 "-" "Mozilla/5.0 (X11; Linux x86_64; rv:102.0) Gecko/20100101 Firefox/102.0_Cyberok"
78.153.140.218 - - [08/Dec/2023:02:13:10 +0300] "GET /.env HTTP/1.1" 301 162 "-" "Mozilla/5.0 (X11; Linux x86_64) AppleWebKit/537.36 (KHTML, like Gecko) Chrome/81.0.4044.129 Safari/537.36"
94.228.169.107 - - [08/Dec/2023:02:32:20 +0300] "GET / HTTP/1.1" 301 162 "-" "Mozilla/5.0 (Macintosh; Intel Mac OS X 10_11_4) AppleWebKit/537.36 (KHTML, like Gecko) Chrome/56.0.2940.11 Safari/537.36"
188.240.182.46 - - [08/Dec/2023:02:38:57 +0300] "GET / HTTP/1.0" 301 162 "http://gcba.ru/" "Mozilla/5.0 (Windows NT 10.0; Win64; x64) AppleWebKit/537.36 (KHTML, like Gecko) Chrome/90.0.4430.85 Safari/537.36 Edg/90.0.818.49"
45.146.167.56 - - [08/Dec/2023:02:41:46 +0300] "GET /bitrix/tools/spread.php?state=MD10cmltJjE9cXdlcXdlcXdlcXdlcXdlYXNkJjI9YXNk HTTP/1.1" 301 162 "-" "Mozilla/5.0 (X11; Linux x86_64; rv:102.0) Gecko/20100101 Firefox/102.0_Cyberok"
45.146.167.56 - - [08/Dec/2023:02:41:47 +0300] "GET /bitrix/spread.php?state=MD10cmltJjE9cXdlcXdlcXdlcXdlcXdlYXNkJjI9YXNk HTTP/1.1" 301 162 "-" "Mozilla/5.0 (X11; Linux x86_64; rv:102.0) Gecko/20100101 Firefox/102.0_Cyberok"
45.146.167.56 - - [08/Dec/2023:02:41:48 +0300] "GET /bitrix/modules/main/spread.php?state=MD10cmltJjE9cXdlcXdlcXdlcXdlcXdlYXNkJjI9YXNk HTTP/1.1" 301 162 "-" "Mozilla/5.0 (X11; Linux x86_64; rv:102.0) Gecko/20100101 Firefox/102.0_Cyberok"
45.146.167.56 - - [08/Dec/2023:02:41:49 +0300] "GET /?state=MD10cmltJjE9cXdlcXdlcXdlcXdlcXdlYXNkJjI9YXNk HTTP/1.1" 301 162 "-" "Mozilla/5.0 (X11; Linux x86_64; rv:102.0) Gecko/20100101 Firefox/102.0_Cyberok"
95.79.152.14 - - [08/Dec/2023:02:53:43 +0300] "GET / HTTP/1.1" 301 162 "-" "Mozilla/5.0 (compatible; Googlebot/2.1; +http://www.google.com/bot.html)"
45.138.16.168 - - [08/Dec/2023:03:02:01 +0300] "POST /auth/?register=yes HTTP/1.1" 301 162 "http://gcba.ru/auth/?register=yes" "Mozilla/5.0 (Windows NT 10.0; Win64; x64) AppleWebKit/537.36 (KHTML, like Gecko) Chrome/119.0.0.0 Safari/537.36"
45.138.16.168 - - [08/Dec/2023:03:02:04 +0300] "POST /auth/?forgot_password=yes HTTP/1.1" 301 162 "http://gcba.ru/auth/?register=yes" "Mozilla/5.0 (Windows NT 10.0; Win64; x64) AppleWebKit/537.36 (KHTML, like Gecko) Chrome/119.0.0.0 Safari/537.36"
51.254.199.11 - - [08/Dec/2023:03:28:53 +0300] "GET / HTTP/1.1" 301 162 "-" "Mozilla/5.0 (Windows NT 10.0; Win64; x64) AppleWebKit/537.36 (KHTML, like Gecko) Chrome/118.0.0.0 Safari/537.36 Edg/118.0.2088.46"
159.65.83.136 - - [08/Dec/2023:04:39:24 +0300] "GET / HTTP/1.1" 301 162 "-" "Mozilla/5.0 (X11; Linux x86_64) AppleWebKit/537.36 (KHTML, like Gecko) Chrome/108.0.0.0 Safari/537.36"
174.64.199.79 - - [08/Dec/2023:05:18:05 +0300] "GET / HTTP/1.0" 301 162 "http://gcba.ru/" "Mozilla/5.0 (Windows NT 6.1; Win64; x64) AppleWebKit/537.36 (KHTML, like Gecko) Chrome/90.0.4430.93 Safari/537.36"
95.214.55.187 - - [08/Dec/2023:05:24:39 +0300] "GET / HTTP/1.1" 301 162 "-" "Mozilla/5.0 (Windows NT 10.0; Win64; x64) AppleWebKit/537.36 (KHTML, like Gecko) Chrome/90.0.4430.85 Safari/537.36"
45.138.16.168 - - [08/Dec/2023:05:26:02 +0300] "POST /auth/?register=yes HTTP/1.1" 301 162 "http://gcba.ru/auth/?register=yes" "Mozilla/5.0 (Windows NT 10.0; Win64; x64) AppleWebKit/537.36 (KHTML, like Gecko) Chrome/119.0.0.0 Safari/537.36"
45.138.16.168 - - [08/Dec/2023:05:26:04 +0300] "POST /auth/?forgot_password=yes HTTP/1.1" 301 162 "http://gcba.ru/auth/?register=yes" "Mozilla/5.0 (Windows NT 10.0; Win64; x64) AppleWebKit/537.36 (KHTML, like Gecko) Chrome/119.0.0.0 Safari/537.36"
176.111.174.153 - - [08/Dec/2023:05:31:44 +0300] "GET / HTTP/1.0" 301 162 "http://gcba.ru/" "Mozilla/5.0 (Windows NT 6.1) AppleWebKit/537.36 (KHTML, like Gecko) Chrome/103.0.0.0 Safari/537.36"
52.167.144.19 - - [08/Dec/2023:05:50:52 +0300] "GET / HTTP/1.1" 301 162 "-" "Mozilla/5.0 AppleWebKit/537.36 (KHTML, like Gecko; compatible; bingbot/2.0; +http://www.bing.com/bingbot.htm) Chrome/116.0.1938.76 Safari/537.36"
94.228.169.107 - - [08/Dec/2023:05:58:18 +0300] "GET / HTTP/1.1" 301 162 "-" "Mozilla/5.0 (Windows NT 6.1) AppleWebKit/537.36 (KHTML, like Gecko) Chrome/55.0.2917.23 Safari/537.36"
112.78.138.163 - - [08/Dec/2023:06:13:34 +0300] "GET / HTTP/1.0" 301 162 "http://gcba.ru/" "Mozilla/5.0 (Windows NT 10.0; Win64; x64) AppleWebKit/537.36 (KHTML, like Gecko) Chrome/90.0.4430.72 Safari/537.36 Edg/90.0.818.39"
159.69.148.111 - - [08/Dec/2023:06:41:45 +0300] "GET / HTTP/1.0" 301 162 "http://gcba.ru/" "Mozilla/5.0 (Windows NT 6.2; Win64; x64) AppleWebKit/537.36 (KHTML, like Gecko) Chrome/90.0.4430.72 Safari/537.36"
45.138.16.168 - - [08/Dec/2023:06:54:38 +0300] "POST /auth/?register=yes HTTP/1.1" 301 162 "http://gcba.ru/auth/?register=yes" "Mozilla/5.0 (Windows NT 10.0; Win64; x64) AppleWebKit/537.36 (KHTML, like Gecko) Chrome/119.0.0.0 Safari/537.36"
45.138.16.168 - - [08/Dec/2023:06:54:39 +0300] "POST /auth/?forgot_password=yes HTTP/1.1" 301 162 "http://gcba.ru/auth/?register=yes" "Mozilla/5.0 (Windows NT 10.0; Win64; x64) AppleWebKit/537.36 (KHTML, like Gecko) Chrome/119.0.0.0 Safari/537.36"
103.108.229.24 - - [08/Dec/2023:07:45:32 +0300] "GET / HTTP/1.0" 301 162 "http://gcba.ru/" "Mozilla/5.0 (Windows NT 10.0) AppleWebKit/537.36 (KHTML, like Gecko) Chrome/103.0.0.0 Safari/537.36"
94.25.171.202 - - [08/Dec/2023:08:29:39 +0300] "GET / HTTP/1.1" 301 162 "http://GCBA.RU" "Mozilla/5.0 (Windows NT 10.0; WOW64; x64) AppleWebKit/537.36 (KHTML, like Gecko) Chrome/114.0.0.0 Safari/537.36 OPR/89.0.4447.51"
45.138.16.168 - - [08/Dec/2023:08:30:03 +0300] "POST /auth/?register=yes HTTP/1.1" 301 162 "http://gcba.ru/auth/?register=yes" "Mozilla/5.0 (Windows NT 10.0; Win64; x64) AppleWebKit/537.36 (KHTML, like Gecko) Chrome/119.0.0.0 Safari/537.36"
45.138.16.168 - - [08/Dec/2023:08:30:04 +0300] "POST /auth/?forgot_password=yes HTTP/1.1" 301 162 "http://gcba.ru/auth/?register=yes" "Mozilla/5.0 (Windows NT 10.0; Win64; x64) AppleWebKit/537.36 (KHTML, like Gecko) Chrome/119.0.0.0 Safari/537.36"
5.42.65.19 - - [08/Dec/2023:09:07:19 +0300] "GET / HTTP/1.0" 301 162 "http://gcba.ru/" "Mozilla/5.0 (Windows NT 10.0; Win64; x64) AppleWebKit/537.36 (KHTML, like Gecko) Chrome/103.0.0.0 Safari/537.36"
94.228.169.107 - - [08/Dec/2023:09:21:51 +0300] "GET / HTTP/1.1" 301 162 "-" "Mozilla/5.0 (Macintosh; Intel Mac OS X 10.9; rv:51.0) Gecko/20100101 Firefox/51.0"
192.252.208.67 - - [08/Dec/2023:09:26:52 +0300] "GET / HTTP/1.0" 301 162 "http://gcba.ru/" "Mozilla/5.0 (Windows NT 6.3; Win64; x64) AppleWebKit/537.36 (KHTML, like Gecko) Chrome/90.0.4430.72 Safari/537.36"
149.102.238.160 - - [08/Dec/2023:10:03:26 +0300] "GET / HTTP/1.0" 301 162 "http://gcba.ru/" "Mozilla/5.0 (Windows NT 6.3; WOW64) AppleWebKit/537.36 (KHTML, like Gecko) Chrome/103.0.5060.114 Safari/537.36"
45.138.16.168 - - [08/Dec/2023:10:07:33 +0300] "POST /auth/?register=yes HTTP/1.1" 301 162 "http://gcba.ru/auth/?register=yes" "Mozilla/5.0 (Windows NT 10.0; Win64; x64) AppleWebKit/537.36 (KHTML, like Gecko) Chrome/119.0.0.0 Safari/537.36"
45.138.16.168 - - [08/Dec/2023:10:07:35 +0300] "POST /auth/?forgot_password=yes HTTP/1.1" 301 162 "http://gcba.ru/auth/?register=yes" "Mozilla/5.0 (Windows NT 10.0; Win64; x64) AppleWebKit/537.36 (KHTML, like Gecko) Chrome/119.0.0.0 Safari/537.36"
124.107.36.198 - - [08/Dec/2023:11:17:22 +0300] "GET / HTTP/1.0" 301 162 "http://gcba.ru/" "Mozilla/5.0 (Windows NT 6.1; Win64; x64) AppleWebKit/537.36 (KHTML, like Gecko) Chrome/90.0.4430.85 Safari/537.36 Edg/90.0.818.49"
46.34.44.210 - - [08/Dec/2023:11:19:47 +0300] "GET / HTTP/1.1" 301 162 "-" "Mozilla/5.0 (X11; Fedora; Linux x86_64; rv:85.0) Gecko/20100101 Firefox/85.0"
154.202.121.161 - - [08/Dec/2023:11:45:10 +0300] "GET / HTTP/1.1" 301 162 "-" "Mozilla/5.0 (Windows NT 10.0; Win64; x64) AppleWebKit/537.36 (KHTML, like Gecko) Chrome/114.0.0.0 YaBrowser/22.7.0 Yowser/2.5 Safari/537.36"
66.249.66.163 - - [08/Dec/2023:11:46:00 +0300] "GET /services/?SECTION_ID=7 HTTP/1.1" 301 162 "-" "Mozilla/5.0 (Linux; Android 6.0.1; Nexus 5X Build/MMB29P) AppleWebKit/537.36 (KHTML, like Gecko) Chrome/120.0.6099.62 Mobile Safari/537.36 (compatible; Googlebot/2.1; +http://www.google.com/bot.html)"
45.138.16.168 - - [08/Dec/2023:11:46:22 +0300] "POST /auth/?register=yes HTTP/1.1" 301 162 "http://gcba.ru/auth/?register=yes" "Mozilla/5.0 (Windows NT 10.0; Win64; x64) AppleWebKit/537.36 (KHTML, like Gecko) Chrome/119.0.0.0 Safari/537.36"
45.138.16.168 - - [08/Dec/2023:11:46:25 +0300] "POST /auth/?forgot_password=yes HTTP/1.1" 301 162 "http://gcba.ru/auth/?register=yes" "Mozilla/5.0 (Windows NT 10.0; Win64; x64) AppleWebKit/537.36 (KHTML, like Gecko) Chrome/119.0.0.0 Safari/537.36"
143.137.148.112 - - [08/Dec/2023:12:01:23 +0300] "GET / HTTP/1.0" 301 162 "http://gcba.ru/" "Mozilla/5.0 (Windows NT 10.0) AppleWebKit/537.36 (KHTML, like Gecko) Chrome/90.0.4430.85 Safari/537.36 Edg/90.0.818.46"
94.228.169.107 - - [08/Dec/2023:12:55:08 +0300] "GET / HTTP/1.1" 301 162 "-" "Mozilla/5.0 (Macintosh; Intel Mac OS X 10_12_1) AppleWebKit/537.36 (KHTML, like Gecko) Chrome/54.0.2873.56 Safari/537.36"
185.12.124.78 - - [08/Dec/2023:13:26:11 +0300] "GET / HTTP/1.1" 301 162 "GCBA.RU" "Mozilla/5.0 (compatible; BackupLand/1.0; https://go.backupland.com/; Domain check for viruses;)"
45.138.16.168 - - [08/Dec/2023:13:29:25 +0300] "POST /auth/?register=yes HTTP/1.1" 301 162 "http://gcba.ru/auth/?register=yes" "Mozilla/5.0 (Windows NT 10.0; Win64; x64) AppleWebKit/537.36 (KHTML, like Gecko) Chrome/119.0.0.0 Safari/537.36"
45.138.16.168 - - [08/Dec/2023:13:29:28 +0300] "POST /auth/?forgot_password=yes HTTP/1.1" 301 162 "http://gcba.ru/auth/?register=yes" "Mozilla/5.0 (Windows NT 10.0; Win64; x64) AppleWebKit/537.36 (KHTML, like Gecko) Chrome/119.0.0.0 Safari/537.36"
177.135.83.244 - - [08/Dec/2023:13:48:39 +0300] "GET / HTTP/1.0" 301 162 "http://gcba.ru/" "Mozilla/5.0 (Windows NT 10.0; Win64; x64) AppleWebKit/537.36 (KHTML, like Gecko) Chrome/90.0.4430.72 Safari/537.36 Edg/90.0.818.39"
94.228.169.107 - - [08/Dec/2023:14:24:39 +0300] "GET / HTTP/1.1" 301 162 "-" "Mozilla/5.0 (Macintosh; Intel Mac OS X 10.11; rv:47.0) Gecko/20100101 Firefox/47.0"
20.120.74.197 - - [08/Dec/2023:15:16:41 +0300] "GET /robots.txt HTTP/1.1" 301 162 "-" "python-requests/2.27.1"
20.120.74.197 - - [08/Dec/2023:15:17:06 +0300] "GET /services/?section_id=5&pagen_1=3 HTTP/1.1" 301 162 "-" "Mozilla/5.0 (Windows NT 10.0; Win64; x64) AppleWebKit/537.36 (KHTML, like Gecko) Chrome/76.0.3809.100 Safari/537.36"
45.138.16.168 - - [08/Dec/2023:15:17:46 +0300] "POST /auth/?register=yes HTTP/1.1" 301 162 "http://gcba.ru/auth/?register=yes" "Mozilla/5.0 (Windows NT 10.0; Win64; x64) AppleWebKit/537.36 (KHTML, like Gecko) Chrome/119.0.0.0 Safari/537.36"
45.138.16.168 - - [08/Dec/2023:15:17:50 +0300] "POST /auth/?forgot_password=yes HTTP/1.1" 301 162 "http://gcba.ru/auth/?register=yes" "Mozilla/5.0 (Windows NT 10.0; Win64; x64) AppleWebKit/537.36 (KHTML, like Gecko) Chrome/119.0.0.0 Safari/537.36"
142.166.131.50 - - [08/Dec/2023:15:24:26 +0300] "GET / HTTP/1.0" 301 162 "http://gcba.ru/" "Mozilla/5.0 (Windows NT 6.2; Win64; x64) AppleWebKit/537.36 (KHTML, like Gecko) Chrome/90.0.4430.93 Safari/537.36"
194.38.22.71 - - [08/Dec/2023:15:46:16 +0300] "GET /admin/assets/plugins/plupload/examples/upload.php HTTP/1.1" 301 162 "-" "ALittle Client"
66.249.66.163 - - [08/Dec/2023:15:52:04 +0300] "GET /news/nalogi/lgoty-po-nalogu-na-imushchestvo/ HTTP/1.1" 301 162 "-" "Mozilla/5.0 (Linux; Android 6.0.1; Nexus 5X Build/MMB29P) AppleWebKit/537.36 (KHTML, like Gecko) Chrome/120.0.6099.62 Mobile Safari/537.36 (compatible; Googlebot/2.1; +http://www.google.com/bot.html)"
94.103.95.141 - - [08/Dec/2023:16:01:30 +0300] "GET / HTTP/1.0" 301 162 "http://gcba.ru/" "Mozilla/5.0 (Windows NT 10.0; Win64; x64) AppleWebKit/537.36 (KHTML, like Gecko) Chrome/103.0.5060.53 Safari/537.36"
40.77.167.26 - - [08/Dec/2023:16:24:18 +0300] "GET /news/nalogi/ekologicheskiy-sbor HTTP/1.1" 301 162 "-" "Mozilla/5.0 AppleWebKit/537.36 (KHTML, like Gecko; compatible; bingbot/2.0; +http://www.bing.com/bingbot.htm) Chrome/116.0.1938.76 Safari/537.36"
94.228.169.107 - - [08/Dec/2023:16:29:03 +0300] "GET / HTTP/1.1" 301 162 "-" "Mozilla/5.0 (X11; Linux x86_64) AppleWebKit/537.36 (KHTML, like Gecko) Chrome/50.0.2685.39 Safari/537.36"
45.138.16.168 - - [08/Dec/2023:17:10:05 +0300] "POST /auth/?register=yes HTTP/1.1" 301 162 "http://gcba.ru/auth/?register=yes" "Mozilla/5.0 (Windows NT 10.0; Win64; x64) AppleWebKit/537.36 (KHTML, like Gecko) Chrome/119.0.0.0 Safari/537.36"
45.138.16.168 - - [08/Dec/2023:17:10:10 +0300] "POST /auth/?forgot_password=yes HTTP/1.1" 301 162 "http://gcba.ru/auth/?register=yes" "Mozilla/5.0 (Windows NT 10.0; Win64; x64) AppleWebKit/537.36 (KHTML, like Gecko) Chrome/119.0.0.0 Safari/537.36"
94.228.169.107 - - [08/Dec/2023:17:15:35 +0300] "GET / HTTP/1.1" 301 162 "-" "Mozilla/5.0 (Macintosh; Intel Mac OS X 10.8; rv:46.0) Gecko/20100101 Firefox/46.0"
183.194.93.138 - - [08/Dec/2023:17:43:37 +0300] "GET / HTTP/1.0" 301 162 "http://gcba.ru/" "Mozilla/5.0 (Windows NT 6.1; WOW64) AppleWebKit/537.36 (KHTML, like Gecko) Chrome/90.0.4430.72 Safari/537.36"
66.249.66.165 - - [08/Dec/2023:18:48:30 +0300] "GET /news/nalogi/kak-izmenyatsya-nds-usn-envd-i-eskhn-v-2018-godu/ HTTP/1.1" 301 162 "-" "Mozilla/5.0 (Linux; Android 6.0.1; Nexus 5X Build/MMB29P) AppleWebKit/537.36 (KHTML, like Gecko) Chrome/120.0.6099.62 Mobile Safari/537.36 (compatible; Googlebot/2.1; +http://www.google.com/bot.html)"
45.138.16.168 - - [08/Dec/2023:18:51:23 +0300] "POST /auth/?register=yes HTTP/1.1" 301 162 "http://gcba.ru/auth/?register=yes" "Mozilla/5.0 (Windows NT 10.0; Win64; x64) AppleWebKit/537.36 (KHTML, like Gecko) Chrome/119.0.0.0 Safari/537.36"
45.138.16.168 - - [08/Dec/2023:18:51:24 +0300] "POST /auth/?forgot_password=yes HTTP/1.1" 301 162 "http://gcba.ru/auth/?register=yes" "Mozilla/5.0 (Windows NT 10.0; Win64; x64) AppleWebKit/537.36 (KHTML, like Gecko) Chrome/119.0.0.0 Safari/537.36"
45.146.167.56 - - [08/Dec/2023:18:56:24 +0300] "GET / HTTP/1.1" 301 162 "-" "Mozilla/5.0 (X11; Linux x86_64; rv:102.0) Gecko/20100101 Firefox/102.0_Cyberok"
94.228.169.107 - - [08/Dec/2023:20:00:19 +0300] "GET / HTTP/1.1" 301 162 "-" "Mozilla/5.0 (X11; Linux i686 on x86_64; rv:49.0) Gecko/20100101 Firefox/49.0"
45.138.16.168 - - [08/Dec/2023:20:25:44 +0300] "POST /auth/?register=yes HTTP/1.1" 301 162 "http://gcba.ru/auth/?register=yes" "Mozilla/5.0 (Windows NT 10.0; Win64; x64) AppleWebKit/537.36 (KHTML, like Gecko) Chrome/119.0.0.0 Safari/537.36"
45.138.16.168 - - [08/Dec/2023:20:25:45 +0300] "POST /auth/?forgot_password=yes HTTP/1.1" 301 162 "http://gcba.ru/auth/?register=yes" "Mozilla/5.0 (Windows NT 10.0; Win64; x64) AppleWebKit/537.36 (KHTML, like Gecko) Chrome/119.0.0.0 Safari/537.36"
46.173.35.229 - - [08/Dec/2023:20:36:07 +0300] "GET / HTTP/1.0" 301 162 "http://gcba.ru/" "Mozilla/5.0 (Windows NT 6.3; Win64; x64) AppleWebKit/537.36 (KHTML, like Gecko) Chrome/90.0.4430.85 Safari/537.36"
5.199.169.54 - - [08/Dec/2023:20:36:19 +0300] "GET / HTTP/1.0" 301 162 "http://gcba.ru/" "Mozilla/5.0 (Windows NT 6.3; Win64; x64) AppleWebKit/537.36 (KHTML, like Gecko) Chrome/103.0.5060.66 Safari/537.36"
94.228.169.107 - - [08/Dec/2023:20:59:48 +0300] "GET / HTTP/1.1" 301 162 "-" "Mozilla/5.0 (Macintosh; Intel Mac OS X 10_9_0) AppleWebKit/537.36 (KHTML, like Gecko) Chrome/54.0.2875.75 Safari/537.36"
45.146.167.56 - - [08/Dec/2023:21:14:53 +0300] "GET /bitrix/tools/composite_data.php HTTP/1.1" 301 162 "-" "Mozilla/5.0 (X11; Linux x86_64; rv:102.0) Gecko/20100101 Firefox/102.0_Cyberok"
45.146.167.56 - - [08/Dec/2023:21:14:53 +0300] "POST /bitrix/tools/vote/uf.php?attachId%5BMODULE_ID%5D=iblock&attachId%5BENTITY_TYPE%5D=CFileUploader&action=vote&sessid=388a7736bcf56aa98611a278cd6f8c7f&attachId%5BENTITY_ID%5D%5Bcopies%5D%5Bfixcve-2022-27228.jpg%5D=1&attachId%5BENTITY_ID%5D%5Bcopies%5D%5B..%2F.htaccess%5D=1 HTTP/1.1" 301 162 "-" "Mozilla/5.0 (X11; Linux x86_64; rv:102.0) Gecko/20100101 Firefox/102.0_Cyberok"
45.138.16.168 - - [08/Dec/2023:21:52:45 +0300] "POST /auth/?register=yes HTTP/1.1" 301 162 "http://gcba.ru/auth/?register=yes" "Mozilla/5.0 (Windows NT 10.0; Win64; x64) AppleWebKit/537.36 (KHTML, like Gecko) Chrome/119.0.0.0 Safari/537.36"
45.138.16.168 - - [08/Dec/2023:21:52:46 +0300] "POST /auth/?forgot_password=yes HTTP/1.1" 301 162 "http://gcba.ru/auth/?register=yes" "Mozilla/5.0 (Windows NT 10.0; Win64; x64) AppleWebKit/537.36 (KHTML, like Gecko) Chrome/119.0.0.0 Safari/537.36"
45.138.16.168 - - [08/Dec/2023:23:11:47 +0300] "POST /auth/?register=yes HTTP/1.1" 301 162 "http://gcba.ru/auth/?register=yes" "Mozilla/5.0 (Windows NT 10.0; Win64; x64) AppleWebKit/537.36 (KHTML, like Gecko) Chrome/119.0.0.0 Safari/537.36"
45.138.16.168 - - [08/Dec/2023:23:11:50 +0300] "POST /auth/?forgot_password=yes HTTP/1.1" 301 162 "http://gcba.ru/auth/?register=yes" "Mozilla/5.0 (Windows NT 10.0; Win64; x64) AppleWebKit/537.36 (KHTML, like Gecko) Chrome/119.0.0.0 Safari/537.36"
94.228.169.107 - - [08/Dec/2023:23:33:54 +0300] "GET / HTTP/1.1" 301 162 "-" "Mozilla/5.0 (Macintosh; Intel Mac OS X 10.10; rv:51.0) Gecko/20100101 Firefox/51.0"
79.137.206.177 - - [08/Dec/2023:23:40:26 +0300] "GET / HTTP/1.1" 301 162 "-" "Mozilla/5.0 (Macintosh; Intel Mac OS X 10.12; rv:49.0) Gecko/20100101 Firefox/49.0"
45.138.16.168 - - [09/Dec/2023:00:40:57 +0300] "POST /auth/?register=yes HTTP/1.1" 301 162 "http://gcba.ru/auth/?register=yes" "Mozilla/5.0 (Windows NT 10.0; Win64; x64) AppleWebKit/537.36 (KHTML, like Gecko) Chrome/119.0.0.0 Safari/537.36"
45.138.16.168 - - [09/Dec/2023:00:40:59 +0300] "POST /auth/?forgot_password=yes HTTP/1.1" 301 162 "http://gcba.ru/auth/?register=yes" "Mozilla/5.0 (Windows NT 10.0; Win64; x64) AppleWebKit/537.36 (KHTML, like Gecko) Chrome/119.0.0.0 Safari/537.36"
45.146.167.56 - - [09/Dec/2023:01:46:08 +0300] "GET /bitrix/modules/main/include/prolog.php?micat=echo+base64_decode('cXdlcXdlcXdlcXdlcXdl')%3b&midog=echo+base64_decode('cXdlcXdlcXdlcXdlcXdl')%3b HTTP/1.1" 301 162 "-" "Mozilla/5.0 (X11; Linux x86_64; rv:102.0) Gecko/20100101 Firefox/102.0_Cyberok"
45.146.167.56 - - [09/Dec/2023:01:46:10 +0300] "GET /bitrix/tools/.session HTTP/1.1" 301 162 "-" "Mozilla/5.0 (X11; Linux x86_64; rv:102.0) Gecko/20100101 Firefox/102.0_Cyberok"
45.146.167.56 - - [09/Dec/2023:01:46:11 +0300] "GET /bitrix/tools/.sess HTTP/1.1" 301 162 "-" "Mozilla/5.0 (X11; Linux x86_64; rv:102.0) Gecko/20100101 Firefox/102.0_Cyberok"
94.228.169.107 - - [09/Dec/2023:01:55:49 +0300] "GET / HTTP/1.1" 301 162 "-" "Mozilla/5.0 (X11; Ubuntu; Linux x86_64; rv:46.0) Gecko/20100101 Firefox/46.0"
45.138.16.168 - - [09/Dec/2023:02:07:26 +0300] "POST /auth/?register=yes HTTP/1.1" 301 162 "http://gcba.ru/auth/?register=yes" "Mozilla/5.0 (Windows NT 10.0; Win64; x64) AppleWebKit/537.36 (KHTML, like Gecko) Chrome/119.0.0.0 Safari/537.36"
45.138.16.168 - - [09/Dec/2023:02:07:29 +0300] "POST /auth/?forgot_password=yes HTTP/1.1" 301 162 "http://gcba.ru/auth/?register=yes" "Mozilla/5.0 (Windows NT 10.0; Win64; x64) AppleWebKit/537.36 (KHTML, like Gecko) Chrome/119.0.0.0 Safari/537.36"
45.146.167.56 - - [09/Dec/2023:02:09:30 +0300] "GET /bitrix/modules/ldap/5f2h1oaz.php HTTP/1.1" 301 162 "-" "Mozilla/5.0 (X11; Linux x86_64; rv:102.0) Gecko/20100101 Firefox/102.0_Cyberok"
45.146.167.56 - - [09/Dec/2023:02:09:31 +0300] "GET /bitrix/modules/ldap/index.php HTTP/1.1" 301 162 "-" "Mozilla/5.0 (X11; Linux x86_64; rv:102.0) Gecko/20100101 Firefox/102.0_Cyberok"
45.146.167.56 - - [09/Dec/2023:02:10:46 +0300] "GET /bitrix/admin/0dvwc5xq.php HTTP/1.1" 301 162 "-" "Mozilla/5.0 (X11; Linux x86_64; rv:102.0) Gecko/20100101 Firefox/102.0_Cyberok"
45.146.167.56 - - [09/Dec/2023:02:10:46 +0300] "POST /bitrix/modules/main/include/prolog_after.php HTTP/1.1" 301 162 "-" "Mozilla/5.0 (X11; Linux x86_64; rv:102.0) Gecko/20100101 Firefox/102.0_Cyberok"
45.146.167.56 - - [09/Dec/2023:02:10:46 +0300] "POST /bitrix/modules/main/bx_root.php HTTP/1.1" 301 162 "-" "Mozilla/5.0 (X11; Linux x86_64; rv:102.0) Gecko/20100101 Firefox/102.0"
45.146.167.56 - - [09/Dec/2023:02:10:46 +0300] "GET /bitrix/admin/inputs.php HTTP/1.1" 301 162 "-" "Mozilla/5.0 (X11; Linux x86_64; rv:102.0) Gecko/20100101 Firefox/102.0_Cyberok"
45.146.167.56 - - [09/Dec/2023:02:10:46 +0300] "POST / HTTP/1.1" 301 162 "-" "Mozilla/5.0 (X11; Linux x86_64; rv:102.0) Gecko/20100101 Firefox/102.0_Cyberok"
45.146.167.56 - - [09/Dec/2023:02:10:46 +0300] "POST / HTTP/1.1" 301 162 "-" "Mozilla/5.0 (X11; Linux x86_64; rv:102.0) Gecko/20100101 Firefox/102.0"
45.146.167.56 - - [09/Dec/2023:02:10:51 +0300] "GET /vcbzx5yu.php HTTP/1.1" 301 162 "-" "Mozilla/5.0 (X11; Linux x86_64; rv:102.0) Gecko/20100101 Firefox/102.0_Cyberok"
45.146.167.56 - - [09/Dec/2023:02:10:51 +0300] "GET /xmlrpcs.php HTTP/1.1" 301 162 "-" "Mozilla/5.0 (X11; Linux x86_64; rv:102.0) Gecko/20100101 Firefox/102.0_Cyberok"
45.146.167.56 - - [09/Dec/2023:02:10:52 +0300] "GET /bitrix/js/iblock/qzn6nhiu.php HTTP/1.1" 301 162 "-" "Mozilla/5.0 (X11; Linux x86_64; rv:102.0) Gecko/20100101 Firefox/102.0_Cyberok"
45.146.167.56 - - [09/Dec/2023:02:10:52 +0300] "GET /bitrix/js/iblock/admin.php HTTP/1.1" 301 162 "-" "Mozilla/5.0 (X11; Linux x86_64; rv:102.0) Gecko/20100101 Firefox/102.0_Cyberok"
45.146.167.56 - - [09/Dec/2023:02:11:08 +0300] "GET /bitrix/src/app/etz4oglt.php HTTP/1.1" 301 162 "-" "Mozilla/5.0 (X11; Linux x86_64; rv:102.0) Gecko/20100101 Firefox/102.0_Cyberok"
45.146.167.56 - - [09/Dec/2023:02:11:09 +0300] "GET /bitrix/src/app/l.php HTTP/1.1" 301 162 "-" "Mozilla/5.0 (X11; Linux x86_64; rv:102.0) Gecko/20100101 Firefox/102.0_Cyberok"
45.146.167.56 - - [09/Dec/2023:02:11:23 +0300] "GET /bitrix/components/bitrix/main.file.input/main.php HTTP/1.1" 301 162 "-" "Mozilla/5.0 (X11; Linux x86_64; rv:102.0) Gecko/20100101 Firefox/102.0_Cyberok"
45.146.167.56 - - [09/Dec/2023:02:11:24 +0300] "GET / HTTP/1.1" 301 162 "-" "Mozilla/5.0 (X11; Linux x86_64; rv:102.0) Gecko/20100101 Firefox/102.0_Cyberok"
45.146.167.56 - - [09/Dec/2023:02:11:26 +0300] "GET /bitrix/activities/bitrix/setvariableactivity/lang/ru/k5u9cydx.php HTTP/1.1" 301 162 "-" "Mozilla/5.0 (X11; Linux x86_64; rv:102.0) Gecko/20100101 Firefox/102.0_Cyberok"
45.146.167.56 - - [09/Dec/2023:02:11:26 +0300] "GET /bitrix/tools/.cas.php HTTP/1.1" 301 162 "-" "Mozilla/5.0 (X11; Linux x86_64; rv:102.0) Gecko/20100101 Firefox/102.0_Cyberok"
45.146.167.56 - - [09/Dec/2023:02:11:26 +0300] "POST /bitrix/virtual_routes.php HTTP/1.1" 301 162 "-" "Mozilla/5.0 (X11; Linux x86_64; rv:102.0) Gecko/20100101 Firefox/102.0_Cyberok"
45.146.167.56 - - [09/Dec/2023:02:11:27 +0300] "GET /bitrix/tools/5tve2ni5.php HTTP/1.1" 301 162 "-" "Mozilla/5.0 (X11; Linux x86_64; rv:102.0) Gecko/20100101 Firefox/102.0_Cyberok"
45.146.167.56 - - [09/Dec/2023:02:11:27 +0300] "GET /bitrix/virtual_routes.php?state=MD10cmltJjE9cXdlcXdlcXdlcXdlcXdlYXNkJjI9YXNk HTTP/1.1" 301 162 "-" "Mozilla/5.0 (X11; Linux x86_64; rv:102.0) Gecko/20100101 Firefox/102.0_Cyberok"
45.146.167.56 - - [09/Dec/2023:02:11:27 +0300] "GET /bitrix/tools/.cas.tmp.php HTTP/1.1" 301 162 "-" "Mozilla/5.0 (X11; Linux x86_64; rv:102.0) Gecko/20100101 Firefox/102.0_Cyberok"
45.146.167.56 - - [09/Dec/2023:02:11:27 +0300] "GET /bitrix/activities/bitrix/setvariableactivity/lang/ru/index.php HTTP/1.1" 301 162 "-" "Mozilla/5.0 (X11; Linux x86_64; rv:102.0) Gecko/20100101 Firefox/102.0_Cyberok"
45.146.167.56 - - [09/Dec/2023:02:11:27 +0300] "POST / HTTP/1.1" 301 162 "-" "Mozilla/5.0 (X11; Linux x86_64; rv:102.0) Gecko/20100101 Firefox/102.0_Cyberok"
45.146.167.56 - - [09/Dec/2023:02:11:28 +0300] "GET /bitrix/tools/send_trait_imap.php HTTP/1.1" 301 162 "-" "Mozilla/5.0 (X11; Linux x86_64; rv:102.0) Gecko/20100101 Firefox/102.0_Cyberok"
45.146.167.56 - - [09/Dec/2023:02:11:28 +0300] "GET /?state=MD10cmltJjE9cXdlcXdlcXdlcXdlcXdlYXNkJjI9YXNk HTTP/1.1" 301 162 "-" "Mozilla/5.0 (X11; Linux x86_64; rv:102.0) Gecko/20100101 Firefox/102.0_Cyberok"
45.146.167.56 - - [09/Dec/2023:02:46:48 +0300] "GET /bitrix/tools/spread.php?state=MD10cmltJjE9cXdlcXdlcXdlcXdlcXdlYXNkJjI9YXNk HTTP/1.1" 301 162 "-" "Mozilla/5.0 (X11; Linux x86_64; rv:102.0) Gecko/20100101 Firefox/102.0_Cyberok"
45.146.167.56 - - [09/Dec/2023:02:46:49 +0300] "GET /bitrix/spread.php?state=MD10cmltJjE9cXdlcXdlcXdlcXdlcXdlYXNkJjI9YXNk HTTP/1.1" 301 162 "-" "Mozilla/5.0 (X11; Linux x86_64; rv:102.0) Gecko/20100101 Firefox/102.0_Cyberok"
45.146.167.56 - - [09/Dec/2023:02:46:49 +0300] "GET /bitrix/modules/main/spread.php?state=MD10cmltJjE9cXdlcXdlcXdlcXdlcXdlYXNkJjI9YXNk HTTP/1.1" 301 162 "-" "Mozilla/5.0 (X11; Linux x86_64; rv:102.0) Gecko/20100101 Firefox/102.0_Cyberok"
45.146.167.56 - - [09/Dec/2023:02:46:49 +0300] "GET /?state=MD10cmltJjE9cXdlcXdlcXdlcXdlcXdlYXNkJjI9YXNk HTTP/1.1" 301 162 "-" "Mozilla/5.0 (X11; Linux x86_64; rv:102.0) Gecko/20100101 Firefox/102.0_Cyberok"
94.228.169.107 - - [09/Dec/2023:03:01:25 +0300] "GET / HTTP/1.1" 301 162 "-" "Mozilla/5.0 (X11; Linux i686; rv:49.0) Gecko/20100101 Firefox/49.0"
94.228.169.107 - - [09/Dec/2023:03:04:22 +0300] "GET / HTTP/1.1" 301 162 "-" "Mozilla/5.0 (Windows NT 6.2; Win64; x64; rv:46.0) Gecko/20100101 Firefox/46.0"
94.228.169.107 - - [09/Dec/2023:03:06:38 +0300] "GET / HTTP/1.1" 301 162 "-" "Mozilla/5.0 (Macintosh; Intel Mac OS X 10_12_0) AppleWebKit/537.36 (KHTML, like Gecko) Chrome/51.0.2742.13 Safari/537.36"
45.138.16.168 - - [09/Dec/2023:03:39:36 +0300] "POST /auth/?register=yes HTTP/1.1" 301 162 "http://gcba.ru/auth/?register=yes" "Mozilla/5.0 (Windows NT 10.0; Win64; x64) AppleWebKit/537.36 (KHTML, like Gecko) Chrome/119.0.0.0 Safari/537.36"
45.138.16.168 - - [09/Dec/2023:03:39:54 +0300] "POST /auth/?forgot_password=yes HTTP/1.1" 301 162 "http://gcba.ru/auth/?register=yes" "Mozilla/5.0 (Windows NT 10.0; Win64; x64) AppleWebKit/537.36 (KHTML, like Gecko) Chrome/119.0.0.0 Safari/537.36"
66.249.66.163 - - [09/Dec/2023:03:53:07 +0300] "GET /robots.txt HTTP/1.1" 301 162 "-" "Mozilla/5.0 (compatible; Googlebot/2.1; +http://www.google.com/bot.html)"
66.249.66.165 - - [09/Dec/2023:03:53:07 +0300] "GET /news/nalogi/lgoty-po-nalogu-na-imushchestvo/ HTTP/1.1" 301 162 "-" "Mozilla/5.0 (Linux; Android 6.0.1; Nexus 5X Build/MMB29P) AppleWebKit/537.36 (KHTML, like Gecko) Chrome/120.0.6099.62 Mobile Safari/537.36 (compatible; Googlebot/2.1; +http://www.google.com/bot.html)"
66.249.66.165 - - [09/Dec/2023:04:38:07 +0300] "GET /news/nalogi/kak-izmenyatsya-nds-usn-envd-i-eskhn-v-2018-godu/ HTTP/1.1" 301 162 "-" "Mozilla/5.0 (Linux; Android 6.0.1; Nexus 5X Build/MMB29P) AppleWebKit/537.36 (KHTML, like Gecko) Chrome/120.0.6099.62 Mobile Safari/537.36 (compatible; Googlebot/2.1; +http://www.google.com/bot.html)"
222.73.129.15 - - [09/Dec/2023:05:10:42 +0300] "GET /wp-login.php HTTP/1.1" 301 162 "-" "Apache-HttpClient/4.5.2 (Java/1.8.0_351)"
45.138.16.168 - - [09/Dec/2023:05:18:33 +0300] "POST /auth/?register=yes HTTP/1.1" 301 162 "http://gcba.ru/auth/?register=yes" "Mozilla/5.0 (Windows NT 10.0; Win64; x64) AppleWebKit/537.36 (KHTML, like Gecko) Chrome/119.0.0.0 Safari/537.36"
45.138.16.168 - - [09/Dec/2023:05:18:35 +0300] "POST /auth/?forgot_password=yes HTTP/1.1" 301 162 "http://gcba.ru/auth/?register=yes" "Mozilla/5.0 (Windows NT 10.0; Win64; x64) AppleWebKit/537.36 (KHTML, like Gecko) Chrome/119.0.0.0 Safari/537.36"
45.138.16.168 - - [09/Dec/2023:06:10:28 +0300] "POST /auth/?register=yes HTTP/1.1" 301 162 "http://gcba.ru/auth/?register=yes" "Mozilla/5.0 (Windows NT 10.0; Win64; x64) AppleWebKit/537.36 (KHTML, like Gecko) Chrome/119.0.0.0 Safari/537.36"
45.138.16.168 - - [09/Dec/2023:06:10:29 +0300] "POST /auth/?forgot_password=yes HTTP/1.1" 301 162 "http://gcba.ru/auth/?register=yes" "Mozilla/5.0 (Windows NT 10.0; Win64; x64) AppleWebKit/537.36 (KHTML, like Gecko) Chrome/119.0.0.0 Safari/537.36"
162.55.85.221 - - [09/Dec/2023:06:27:11 +0300] "GET /robots.txt HTTP/1.1" 301 162 "-" "Mozilla/5.0 (compatible; BLEXBot/1.0; +http://webmeup-crawler.com/)"
162.55.85.221 - - [09/Dec/2023:06:27:18 +0300] "GET /sitemap HTTP/1.1" 301 162 "-" "Mozilla/5.0 (compatible; BLEXBot/1.0; +http://webmeup-crawler.com/)"
162.55.85.221 - - [09/Dec/2023:06:27:37 +0300] "GET /sitemap.txt HTTP/1.1" 301 162 "-" "Mozilla/5.0 (compatible; BLEXBot/1.0; +http://webmeup-crawler.com/)"
94.228.169.107 - - [09/Dec/2023:06:31:31 +0300] "GET / HTTP/1.1" 301 162 "-" "Mozilla/5.0 (Windows NT 6.3) AppleWebKit/537.36 (KHTML, like Gecko) Chrome/53.0.2810.77 Safari/537.36"
83.222.3.43 - - [09/Dec/2023:06:54:38 +0300] "GET / HTTP/1.1" 301 162 "-" "Mozilla/5.0 (X11; Linux x86_64) AppleWebKit/537.36 (KHTML, like Gecko) Chrome/93.0.4577.82 Safari/537.36"
15.235.15.135 - - [09/Dec/2023:06:56:09 +0300] "GET / HTTP/1.1" 301 162 "-" "-"
45.138.16.168 - - [09/Dec/2023:07:11:29 +0300] "POST /auth/?register=yes HTTP/1.1" 301 162 "http://gcba.ru/auth/?register=yes" "Mozilla/5.0 (Windows NT 10.0; Win64; x64) AppleWebKit/537.36 (KHTML, like Gecko) Chrome/119.0.0.0 Safari/537.36"
45.138.16.168 - - [09/Dec/2023:07:11:30 +0300] "POST /auth/?forgot_password=yes HTTP/1.1" 301 162 "http://gcba.ru/auth/?register=yes" "Mozilla/5.0 (Windows NT 10.0; Win64; x64) AppleWebKit/537.36 (KHTML, like Gecko) Chrome/119.0.0.0 Safari/537.36"
84.255.249.62 - - [09/Dec/2023:07:50:13 +0300] "GET / HTTP/1.1" 301 162 "-" "Mozilla/5.0 (Windows NT 10.0; Win64; x64) AppleWebKit/537.36 (KHTML, like Gecko) Chrome/118.0.0.0 Safari/537.36"
195.191.219.132 - - [09/Dec/2023:08:02:53 +0300] "GET /robots.txt HTTP/1.1" 301 162 "-" "Mozilla/5.0 (compatible; MJ12bot/v1.4.8; http://mj12bot.com/)"
195.191.219.132 - - [09/Dec/2023:08:02:56 +0300] "GET / HTTP/1.1" 301 162 "-" "Mozilla/5.0 (compatible; MJ12bot/v1.4.8; http://mj12bot.com/)"
45.138.16.168 - - [09/Dec/2023:08:21:01 +0300] "POST /auth/?register=yes HTTP/1.1" 301 162 "http://gcba.ru/auth/?register=yes" "Mozilla/5.0 (Windows NT 10.0; Win64; x64) AppleWebKit/537.36 (KHTML, like Gecko) Chrome/119.0.0.0 Safari/537.36"
45.138.16.168 - - [09/Dec/2023:08:21:02 +0300] "POST /auth/?forgot_password=yes HTTP/1.1" 301 162 "http://gcba.ru/auth/?register=yes" "Mozilla/5.0 (Windows NT 10.0; Win64; x64) AppleWebKit/537.36 (KHTML, like Gecko) Chrome/119.0.0.0 Safari/537.36"
194.187.176.116 - - [09/Dec/2023:08:37:07 +0300] "GET / HTTP/1.1" 301 162 "-" "Mozilla/5.0 (Windows NT 10.0; Win64; x64; rv:65.0) Gecko/20100101 Firefox/65.0"
198.235.24.19 - - [09/Dec/2023:09:22:22 +0300] "GET / HTTP/1.1" 301 162 "-" "-"
45.138.16.168 - - [09/Dec/2023:09:37:53 +0300] "POST /auth/?register=yes HTTP/1.1" 301 162 "http://gcba.ru/auth/?register=yes" "Mozilla/5.0 (Windows NT 10.0; Win64; x64) AppleWebKit/537.36 (KHTML, like Gecko) Chrome/119.0.0.0 Safari/537.36"
45.138.16.168 - - [09/Dec/2023:09:37:56 +0300] "POST /auth/?forgot_password=yes HTTP/1.1" 301 162 "http://gcba.ru/auth/?register=yes" "Mozilla/5.0 (Windows NT 10.0; Win64; x64) AppleWebKit/537.36 (KHTML, like Gecko) Chrome/119.0.0.0 Safari/537.36"
17.241.227.40 - - [09/Dec/2023:09:52:43 +0300] "GET /robots.txt HTTP/1.1" 301 162 "-" "Mozilla/5.0 (Macintosh; Intel Mac OS X 10_15_5) AppleWebKit/605.1.15 (KHTML, like Gecko) Version/13.1.1 Safari/605.1.15 (Applebot/0.1; +http://www.apple.com/go/applebot)"
17.241.227.40 - - [09/Dec/2023:09:52:44 +0300] "GET /services/?SECTION_ID=5 HTTP/1.1" 301 162 "-" "Mozilla/5.0 (Macintosh; Intel Mac OS X 10_15_5) AppleWebKit/605.1.15 (KHTML, like Gecko) Version/13.1.1 Safari/605.1.15 (Applebot/0.1; +http://www.apple.com/go/applebot)"
94.228.169.107 - - [09/Dec/2023:10:00:22 +0300] "GET / HTTP/1.1" 301 162 "-" "Mozilla/5.0 (Windows NT 5.1; Win64; x64) AppleWebKit/537.36 (KHTML, like Gecko) Chrome/50.0.2665.14 Safari/537.36"
45.138.16.168 - - [09/Dec/2023:10:59:23 +0300] "POST /auth/?register=yes HTTP/1.1" 301 162 "http://gcba.ru/auth/?register=yes" "Mozilla/5.0 (Windows NT 10.0; Win64; x64) AppleWebKit/537.36 (KHTML, like Gecko) Chrome/119.0.0.0 Safari/537.36"
45.138.16.168 - - [09/Dec/2023:10:59:26 +0300] "POST /auth/?forgot_password=yes HTTP/1.1" 301 162 "http://gcba.ru/auth/?register=yes" "Mozilla/5.0 (Windows NT 10.0; Win64; x64) AppleWebKit/537.36 (KHTML, like Gecko) Chrome/119.0.0.0 Safari/537.36"
45.138.16.168 - - [09/Dec/2023:12:28:11 +0300] "POST /auth/?register=yes HTTP/1.1" 301 162 "http://gcba.ru/auth/?register=yes" "Mozilla/5.0 (Windows NT 10.0; Win64; x64) AppleWebKit/537.36 (KHTML, like Gecko) Chrome/119.0.0.0 Safari/537.36"
45.138.16.168 - - [09/Dec/2023:12:28:14 +0300] "POST /auth/?forgot_password=yes HTTP/1.1" 301 162 "http://gcba.ru/auth/?register=yes" "Mozilla/5.0 (Windows NT 10.0; Win64; x64) AppleWebKit/537.36 (KHTML, like Gecko) Chrome/119.0.0.0 Safari/537.36"
20.120.74.197 - - [09/Dec/2023:12:54:28 +0300] "GET /robots.txt HTTP/1.1" 301 162 "-" "python-requests/2.27.1"
20.120.74.197 - - [09/Dec/2023:12:54:46 +0300] "GET / HTTP/1.1" 301 162 "-" "Mozilla/5.0 (Windows NT 10.0; Win64; x64) AppleWebKit/537.36 (KHTML, like Gecko) Chrome/76.0.3809.100 Safari/537.36"
94.228.169.107 - - [09/Dec/2023:13:23:54 +0300] "GET / HTTP/1.1" 301 162 "-" "Mozilla/5.0 (Macintosh; Intel Mac OS X 10.8; rv:49.0) Gecko/20100101 Firefox/49.0"
45.138.16.168 - - [09/Dec/2023:14:02:06 +0300] "POST /auth/?register=yes HTTP/1.1" 301 162 "http://gcba.ru/auth/?register=yes" "Mozilla/5.0 (Windows NT 10.0; Win64; x64) AppleWebKit/537.36 (KHTML, like Gecko) Chrome/119.0.0.0 Safari/537.36"
45.138.16.168 - - [09/Dec/2023:14:02:08 +0300] "POST /auth/?forgot_password=yes HTTP/1.1" 301 162 "http://gcba.ru/auth/?register=yes" "Mozilla/5.0 (Windows NT 10.0; Win64; x64) AppleWebKit/537.36 (KHTML, like Gecko) Chrome/119.0.0.0 Safari/537.36"
185.228.194.206 - - [09/Dec/2023:14:18:29 +0300] "GET /bitrix/redirect.php?event1=click_to_call&event2=&event3=&goto=https://www.lfpro.co.uk/externallink.aspx?redirect=https://ariston-master.ru/ HTTP/1.1" 301 162 "-" "Mozilla/5.0 (Windows NT 10.0; WOW64; x64) AppleWebKit/537.36 (KHTML, like Gecko) Chrome/114.0.0.0 Safari/537.36 OPR/89.0.4447.51"
185.228.194.206 - - [09/Dec/2023:14:18:31 +0300] "GET /bitrix/redirect.php?event1=click_to_call&event2=&event3=&goto=https://pro-remont-holodilnikov.ru HTTP/1.1" 301 162 "-" "Mozilla/5.0 (Windows NT 10.0; WOW64; x64) AppleWebKit/537.36 (KHTML, like Gecko) Chrome/114.0.0.0 Safari/537.36 OPR/89.0.4447.51"
185.228.194.206 - - [09/Dec/2023:14:18:40 +0300] "GET /bitrix/redirect.php?event1=click_to_call&event2=&event3=&goto=https://pro-remont-holodilnikov.ru HTTP/1.1" 301 162 "-" "Mozilla/5.0 (Windows NT 10.0; WOW64; x64) AppleWebKit/537.36 (KHTML, like Gecko) Chrome/114.0.0.0 Safari/537.36 OPR/89.0.4447.51"
143.198.34.99 - - [09/Dec/2023:14:35:15 +0300] "GET / HTTP/1.1" 301 162 "-" "Mozilla/5.0 (X11; Linux x86_64) AppleWebKit/537.36 (KHTML, like Gecko) Chrome/108.0.0.0 Safari/537.36"
40.77.167.181 - - [09/Dec/2023:14:58:47 +0300] "GET /robots.txt HTTP/1.1" 301 162 "-" "Mozilla/5.0 AppleWebKit/537.36 (KHTML, like Gecko; compatible; bingbot/2.0; +http://www.bing.com/bingbot.htm) Chrome/116.0.1938.76 Safari/537.36"
157.55.39.200 - - [09/Dec/2023:14:58:58 +0300] "GET / HTTP/1.1" 301 162 "-" "Mozilla/5.0 AppleWebKit/537.36 (KHTML, like Gecko; compatible; bingbot/2.0; +http://www.bing.com/bingbot.htm) Chrome/116.0.1938.76 Safari/537.36"
17.241.219.198 - - [09/Dec/2023:15:39:29 +0300] "GET /news/nalogi/ekologicheskiy-sbor/ HTTP/1.1" 301 162 "-" "Mozilla/5.0 (Macintosh; Intel Mac OS X 10_15_5) AppleWebKit/605.1.15 (KHTML, like Gecko) Version/13.1.1 Safari/605.1.15 (Applebot/0.1; +http://www.apple.com/go/applebot)"
45.138.16.168 - - [09/Dec/2023:15:46:15 +0300] "POST /auth/?register=yes HTTP/1.1" 301 162 "http://gcba.ru/auth/?register=yes" "Mozilla/5.0 (Windows NT 10.0; Win64; x64) AppleWebKit/537.36 (KHTML, like Gecko) Chrome/119.0.0.0 Safari/537.36"
45.138.16.168 - - [09/Dec/2023:15:46:18 +0300] "POST /auth/?forgot_password=yes HTTP/1.1" 301 162 "http://gcba.ru/auth/?register=yes" "Mozilla/5.0 (Windows NT 10.0; Win64; x64) AppleWebKit/537.36 (KHTML, like Gecko) Chrome/119.0.0.0 Safari/537.36"
207.46.13.125 - - [09/Dec/2023:15:52:14 +0300] "GET /upload/iblock/788/788ef0047cdef712c166dfa0ccb7f658.jpg HTTP/1.1" 301 162 "-" "Mozilla/5.0 AppleWebKit/537.36 (KHTML, like Gecko; compatible; bingbot/2.0; +http://www.bing.com/bingbot.htm) Chrome/116.0.1938.76 Safari/537.36"
94.228.169.107 - - [09/Dec/2023:16:49:09 +0300] "GET / HTTP/1.1" 301 162 "-" "Mozilla/5.0 (Macintosh; Intel Mac OS X 10_10_4) AppleWebKit/537.36 (KHTML, like Gecko) Chrome/55.0.2886.17 Safari/537.36"
45.138.16.168 - - [09/Dec/2023:17:26:55 +0300] "POST /auth/?register=yes HTTP/1.1" 301 162 "http://gcba.ru/auth/?register=yes" "Mozilla/5.0 (Windows NT 10.0; Win64; x64) AppleWebKit/537.36 (KHTML, like Gecko) Chrome/119.0.0.0 Safari/537.36"
45.138.16.168 - - [09/Dec/2023:17:26:58 +0300] "POST /auth/?forgot_password=yes HTTP/1.1" 301 162 "http://gcba.ru/auth/?register=yes" "Mozilla/5.0 (Windows NT 10.0; Win64; x64) AppleWebKit/537.36 (KHTML, like Gecko) Chrome/119.0.0.0 Safari/537.36"
79.137.206.177 - - [09/Dec/2023:18:24:28 +0300] "GET / HTTP/1.1" 301 162 "-" "Mozilla/5.0 (X11; Linux i686 on x86_64) AppleWebKit/537.36 (KHTML, like Gecko) Chrome/51.0.2725.85 Safari/537.36"
94.228.169.107 - - [09/Dec/2023:18:32:22 +0300] "GET / HTTP/1.1" 301 162 "-" "Mozilla/5.0 (Windows NT 5.1; WOW64) AppleWebKit/537.36 (KHTML, like Gecko) Chrome/50.0.2685.47 Safari/537.36"
45.138.16.168 - - [09/Dec/2023:18:36:32 +0300] "POST /auth/?register=yes HTTP/1.1" 301 162 "http://gcba.ru/auth/?register=yes" "Mozilla/5.0 (Windows NT 10.0; Win64; x64) AppleWebKit/537.36 (KHTML, like Gecko) Chrome/119.0.0.0 Safari/537.36"
45.138.16.168 - - [09/Dec/2023:18:36:33 +0300] "POST /auth/?forgot_password=yes HTTP/1.1" 301 162 "http://gcba.ru/auth/?register=yes" "Mozilla/5.0 (Windows NT 10.0; Win64; x64) AppleWebKit/537.36 (KHTML, like Gecko) Chrome/119.0.0.0 Safari/537.36"
45.146.167.56 - - [09/Dec/2023:19:01:10 +0300] "GET / HTTP/1.1" 301 162 "-" "Mozilla/5.0 (X11; Linux x86_64; rv:102.0) Gecko/20100101 Firefox/102.0_Cyberok"
45.138.16.168 - - [09/Dec/2023:19:36:55 +0300] "POST /auth/?register=yes HTTP/1.1" 301 162 "http://gcba.ru/auth/?register=yes" "Mozilla/5.0 (Windows NT 10.0; Win64; x64) AppleWebKit/537.36 (KHTML, like Gecko) Chrome/119.0.0.0 Safari/537.36"
45.138.16.168 - - [09/Dec/2023:19:36:57 +0300] "POST /auth/?forgot_password=yes HTTP/1.1" 301 162 "http://gcba.ru/auth/?register=yes" "Mozilla/5.0 (Windows NT 10.0; Win64; x64) AppleWebKit/537.36 (KHTML, like Gecko) Chrome/119.0.0.0 Safari/537.36"
20.120.74.197 - - [09/Dec/2023:20:10:15 +0300] "GET /robots.txt HTTP/1.1" 301 162 "-" "python-requests/2.27.1"
20.120.74.197 - - [09/Dec/2023:20:10:38 +0300] "GET / HTTP/1.1" 301 162 "-" "Mozilla/5.0 (Windows NT 10.0; Win64; x64) AppleWebKit/537.36 (KHTML, like Gecko) Chrome/76.0.3809.100 Safari/537.36"
94.228.169.107 - - [09/Dec/2023:20:33:55 +0300] "GET / HTTP/1.1" 301 162 "-" "Mozilla/5.0 (Macintosh; Intel Mac OS X 10_12_1) AppleWebKit/537.36 (KHTML, like Gecko) Chrome/56.0.2945.41 Safari/537.36"
45.138.16.168 - - [09/Dec/2023:20:45:20 +0300] "POST /auth/?register=yes HTTP/1.1" 301 162 "http://gcba.ru/auth/?register=yes" "Mozilla/5.0 (Windows NT 10.0; Win64; x64) AppleWebKit/537.36 (KHTML, like Gecko) Chrome/119.0.0.0 Safari/537.36"
45.138.16.168 - - [09/Dec/2023:20:45:22 +0300] "POST /auth/?forgot_password=yes HTTP/1.1" 301 162 "http://gcba.ru/auth/?register=yes" "Mozilla/5.0 (Windows NT 10.0; Win64; x64) AppleWebKit/537.36 (KHTML, like Gecko) Chrome/119.0.0.0 Safari/537.36"
45.146.167.56 - - [09/Dec/2023:20:56:13 +0300] "GET /bitrix/tools/composite_data.php HTTP/1.1" 301 162 "-" "Mozilla/5.0 (X11; Linux x86_64; rv:102.0) Gecko/20100101 Firefox/102.0_Cyberok"
45.146.167.56 - - [09/Dec/2023:20:56:13 +0300] "POST /bitrix/tools/vote/uf.php?attachId%5BMODULE_ID%5D=iblock&attachId%5BENTITY_TYPE%5D=CFileUploader&action=vote&sessid=039bcfbaf53fa71d3fb03f75a8ee045f&attachId%5BENTITY_ID%5D%5Bcopies%5D%5Bfixcve-2022-27228.jpg%5D=1&attachId%5BENTITY_ID%5D%5Bcopies%5D%5B..%2F.htaccess%5D=1 HTTP/1.1" 301 162 "-" "Mozilla/5.0 (X11; Linux x86_64; rv:102.0) Gecko/20100101 Firefox/102.0_Cyberok"
45.138.16.168 - - [09/Dec/2023:22:01:33 +0300] "POST /auth/?register=yes HTTP/1.1" 301 162 "http://gcba.ru/auth/?register=yes" "Mozilla/5.0 (Windows NT 10.0; Win64; x64) AppleWebKit/537.36 (KHTML, like Gecko) Chrome/119.0.0.0 Safari/537.36"
45.138.16.168 - - [09/Dec/2023:22:01:35 +0300] "POST /auth/?forgot_password=yes HTTP/1.1" 301 162 "http://gcba.ru/auth/?register=yes" "Mozilla/5.0 (Windows NT 10.0; Win64; x64) AppleWebKit/537.36 (KHTML, like Gecko) Chrome/119.0.0.0 Safari/537.36"
217.113.194.1 - - [09/Dec/2023:22:45:11 +0300] "GET /robots.txt HTTP/1.1" 301 162 "-" "Mozilla/5.0 (compatible; Barkrowler/0.9; +https://babbar.tech/crawler)"
217.113.194.60 - - [09/Dec/2023:22:45:24 +0300] "GET /news/metodologiya/ HTTP/1.1" 301 162 "-" "Mozilla/5.0 (compatible; Barkrowler/0.9; +https://babbar.tech/crawler)"
217.113.194.38 - - [09/Dec/2023:22:45:37 +0300] "GET /news/?PAGEN_1=3 HTTP/1.1" 301 162 "-" "Mozilla/5.0 (compatible; Barkrowler/0.9; +https://babbar.tech/crawler)"
217.113.194.33 - - [09/Dec/2023:22:45:49 +0300] "GET /eng/services/?SECTION_ID=14 HTTP/1.1" 301 162 "-" "Mozilla/5.0 (compatible; Barkrowler/0.9; +https://babbar.tech/crawler)"
217.113.194.45 - - [09/Dec/2023:22:46:02 +0300] "GET /news/nalogi/?PAGEN_1=2 HTTP/1.1" 301 162 "-" "Mozilla/5.0 (compatible; Barkrowler/0.9; +https://babbar.tech/crawler)"
217.113.194.29 - - [09/Dec/2023:22:46:14 +0300] "GET /eng/services/?SECTION_ID=16 HTTP/1.1" 301 162 "-" "Mozilla/5.0 (compatible; Barkrowler/0.9; +https://babbar.tech/crawler)"
217.113.194.42 - - [09/Dec/2023:22:46:28 +0300] "GET /news/nalogi/rss?PAGEN_1=3 HTTP/1.1" 301 162 "-" "Mozilla/5.0 (compatible; Barkrowler/0.9; +https://babbar.tech/crawler)"
217.113.194.16 - - [09/Dec/2023:22:46:39 +0300] "GET /news/nalogi/chto-to-pro-nalogi/ HTTP/1.1" 301 162 "-" "Mozilla/5.0 (compatible; Barkrowler/0.9; +https://babbar.tech/crawler)"
217.113.194.3 - - [09/Dec/2023:22:46:51 +0300] "GET /news/nalogi/ekologicheskiy-sbor/ HTTP/1.1" 301 162 "-" "Mozilla/5.0 (compatible; Barkrowler/0.9; +https://babbar.tech/crawler)"
217.113.194.1 - - [09/Dec/2023:22:47:02 +0300] "GET /news/nalogi/izmeneniya-2017-goda/ HTTP/1.1" 301 162 "-" "Mozilla/5.0 (compatible; Barkrowler/0.9; +https://babbar.tech/crawler)"
217.113.194.3 - - [09/Dec/2023:22:47:13 +0300] "GET /news/nalogi/oplata-nalogov-tretimi-litsami/ HTTP/1.1" 301 162 "-" "Mozilla/5.0 (compatible; Barkrowler/0.9; +https://babbar.tech/crawler)"
217.113.194.34 - - [09/Dec/2023:22:47:24 +0300] "GET /news/nalogi/novye-lgoty-po-uplate-gosudarstvennykh-poshlin/ HTTP/1.1" 301 162 "-" "Mozilla/5.0 (compatible; Barkrowler/0.9; +https://babbar.tech/crawler)"
217.113.194.62 - - [09/Dec/2023:22:47:36 +0300] "GET /news/pravo/vstrechnaya-proverka-ogranicheniya-po-srokam-khraneniya-dokumentov/ HTTP/1.1" 301 162 "-" "Mozilla/5.0 (compatible; Barkrowler/0.9; +https://babbar.tech/crawler)"
217.113.194.30 - - [09/Dec/2023:22:47:47 +0300] "GET /news/nalogi/izmenen-poryadok-formirovaniya-rezerva-po-somnitelnym-dolgam/ HTTP/1.1" 301 162 "-" "Mozilla/5.0 (compatible; Barkrowler/0.9; +https://babbar.tech/crawler)"
217.113.194.46 - - [09/Dec/2023:22:47:58 +0300] "GET /news/metodologiya/s-1-fevralya-2017-goda-v-rossii-menyayutsya-pravila-torgovli/ HTTP/1.1" 301 162 "-" "Mozilla/5.0 (compatible; Barkrowler/0.9; +https://babbar.tech/crawler)"
217.113.194.11 - - [09/Dec/2023:22:48:09 +0300] "GET /news/nalogi/s-1-yanvarya-2017-goda-vnosyatsya-izmeneniya-pri-ischislenii-nds/ HTTP/1.1" 301 162 "-" "Mozilla/5.0 (compatible; Barkrowler/0.9; +https://babbar.tech/crawler)"
217.113.194.63 - - [09/Dec/2023:22:48:21 +0300] "GET /news/pravo/143164132-verkhovnyy-sud-zapretil-aresty-biznesmenov-po-ekonomicheskim-delam/ HTTP/1.1" 301 162 "-" "Mozilla/5.0 (compatible; Barkrowler/0.9; +https://babbar.tech/crawler)"
217.113.194.30 - - [09/Dec/2023:22:48:32 +0300] "GET /news/nalogi/predostavlenie-sotsialnogo-nalogovogo-vycheta-u-rabotodatelya-do-okonchaniya-nalogovogo-perioda/ HTTP/1.1" 301 162 "-" "Mozilla/5.0 (compatible; Barkrowler/0.9; +https://babbar.tech/crawler)"
217.113.194.41 - - [09/Dec/2023:22:48:42 +0300] "GET /news/nalogi/s-1-yanvarya-2017-goda-vstupayut-v-silu-novye-polozheniya-napravlennye-na-sovershenstvovanie-nalogov/ HTTP/1.1" 301 162 "-" "Mozilla/5.0 (compatible; Barkrowler/0.9; +https://babbar.tech/crawler)"
