138.199.63.118 - - [18/Dec/2023:11:38:16 +0300] "GET / HTTP/1.0" 301 162 "http://gcba.ru/" "Mozilla/5.0 (Windows NT 10.0; Win64; x64) AppleWebKit/537.36 (KHTML, like Gecko) Chrome/58.0.3029.110 Safari/537.36 Edge/16.16299"
75.3.235.254 - - [18/Dec/2023:11:42:37 +0300] "GET / HTTP/1.0" 301 162 "http://gcba.ru/" "Mozilla/5.0 (Windows NT 6.1; Win64; x64) AppleWebKit/537.36 (KHTML, like Gecko) Chrome/90.0.4430.93 Safari/537.36"
13.58.218.5 - - [18/Dec/2023:12:04:09 +0300] "GET /.well-known/acme-challenge/qJYxYweUHVFqCOsHvK8KhzZnO-Tw_FEAT7RVnWhST84 HTTP/1.1" 301 162 "-" "Mozilla/5.0 (compatible; Let's Encrypt validation server; +https://www.letsencrypt.org)"
23.178.112.200 - - [18/Dec/2023:12:04:09 +0300] "GET /.well-known/acme-challenge/qJYxYweUHVFqCOsHvK8KhzZnO-Tw_FEAT7RVnWhST84 HTTP/1.1" 301 162 "-" "Mozilla/5.0 (compatible; Let's Encrypt validation server; +https://www.letsencrypt.org)"
54.191.228.111 - - [18/Dec/2023:12:04:09 +0300] "GET /.well-known/acme-challenge/qJYxYweUHVFqCOsHvK8KhzZnO-Tw_FEAT7RVnWhST84 HTTP/1.1" 301 162 "-" "Mozilla/5.0 (compatible; Let's Encrypt validation server; +https://www.letsencrypt.org)"
159.203.94.228 - - [18/Dec/2023:12:04:30 +0300] "GET / HTTP/1.1" 301 162 "-" "-"
159.203.94.228 - - [18/Dec/2023:12:04:30 +0300] "GET / HTTP/1.1" 301 162 "-" "Mozilla/5.0 (Linux; Android 6.0; HTC One M9 Build/MRA815642) AppleWebKit/537.36 (KHTML, like Gecko) Chrome/52.0.1509.98 Mobile Safari/537.3"
159.203.94.228 - - [18/Dec/2023:12:04:30 +0300] "GET /.vscode/sftp.json HTTP/1.1" 301 162 "-" "Go-http-client/1.1"
159.203.94.228 - - [18/Dec/2023:12:04:30 +0300] "GET /about HTTP/1.1" 301 162 "-" "Go-http-client/1.1"
159.203.94.228 - - [18/Dec/2023:12:04:31 +0300] "GET /debug/default/view?panel=config HTTP/1.1" 301 162 "-" "Go-http-client/1.1"
159.203.94.228 - - [18/Dec/2023:12:04:31 +0300] "GET /v2/_catalog HTTP/1.1" 301 162 "-" "Go-http-client/1.1"
159.203.94.228 - - [18/Dec/2023:12:04:31 +0300] "GET /ecp/Current/exporttool/microsoft.exchange.ediscovery.exporttool.application HTTP/1.1" 301 162 "-" "Go-http-client/1.1"
159.203.94.228 - - [18/Dec/2023:12:04:32 +0300] "GET /server-status HTTP/1.1" 301 162 "-" "Go-http-client/1.1"
159.203.94.228 - - [18/Dec/2023:12:04:32 +0300] "GET /login.action HTTP/1.1" 301 162 "-" "Go-http-client/1.1"
159.203.94.228 - - [18/Dec/2023:12:04:32 +0300] "GET /_all_dbs HTTP/1.1" 301 162 "-" "Mozilla/5.0 (l9scan/2.0.034323e2133323e2335323e29383; +https://leakix.net)"
159.203.94.228 - - [18/Dec/2023:12:04:32 +0300] "GET /.DS_Store HTTP/1.1" 301 162 "-" "Go-http-client/1.1"
159.203.94.228 - - [18/Dec/2023:12:04:33 +0300] "GET /.env HTTP/1.1" 301 162 "-" "Go-http-client/1.1"
159.203.94.228 - - [18/Dec/2023:12:04:33 +0300] "GET /.git/config HTTP/1.1" 301 162 "-" "Go-http-client/1.1"
159.203.94.228 - - [18/Dec/2023:12:04:33 +0300] "GET /s/034323e2133323e2335323e29383/_/;/META-INF/maven/com.atlassian.jira/jira-webapp-dist/pom.properties HTTP/1.1" 301 162 "-" "Go-http-client/1.1"
159.203.94.228 - - [18/Dec/2023:12:04:33 +0300] "GET /config.json HTTP/1.1" 301 162 "-" "Go-http-client/1.1"
159.203.94.228 - - [18/Dec/2023:12:04:34 +0300] "GET /telescope/requests HTTP/1.1" 301 162 "-" "Go-http-client/1.1"
159.203.94.228 - - [18/Dec/2023:12:04:34 +0300] "GET /?rest_route=/wp/v2/users/ HTTP/1.1" 301 162 "-" "Go-http-client/1.1"
76.171.186.162 - - [18/Dec/2023:12:06:26 +0300] "GET / HTTP/1.0" 301 162 "http://gcba.ru/" "Mozilla/5.0 (Windows NT 10.0) AppleWebKit/537.36 (KHTML, like Gecko) Chrome/90.0.4430.72 Safari/537.36"
94.228.169.107 - - [18/Dec/2023:12:34:30 +0300] "GET / HTTP/1.1" 301 162 "-" "Mozilla/5.0 (X11; Linux i686; rv:46.0) Gecko/20100101 Firefox/46.0"
5.164.29.116 - - [18/Dec/2023:12:43:34 +0300] "GET / HTTP/1.1" 301 162 "-" "Mozilla/5.0 (Windows NT 10.0; Win64; x64) AppleWebKit/537.36 (KHTML, like Gecko) Chrome/112.0.0.0 Safari/537.36 (scanner.ducks.party)"
60.176.45.110 - - [18/Dec/2023:12:47:25 +0300] "GET / HTTP/1.0" 301 162 "http://gcba.ru/" "Mozilla/5.0 (Windows NT 10.0; Win64; x64) AppleWebKit/537.36 (KHTML, like Gecko) Chrome/90.0.4430.72 Safari/537.36 Edg/90.0.818.39"
45.138.16.168 - - [18/Dec/2023:12:56:01 +0300] "POST /auth/?register=yes HTTP/1.1" 301 162 "http://gcba.ru/auth/?register=yes" "Mozilla/5.0 (Windows NT 10.0; Win64; x64) AppleWebKit/537.36 (KHTML, like Gecko) Chrome/119.0.0.0 Safari/537.36"
45.138.16.168 - - [18/Dec/2023:12:56:04 +0300] "POST /auth/?forgot_password=yes HTTP/1.1" 301 162 "http://gcba.ru/auth/?register=yes" "Mozilla/5.0 (Windows NT 10.0; Win64; x64) AppleWebKit/537.36 (KHTML, like Gecko) Chrome/119.0.0.0 Safari/537.36"
172.121.203.162 - - [18/Dec/2023:13:11:44 +0300] "GET / HTTP/1.1" 301 162 "-" "Mozilla/5.0 (X11; Linux x86_64) AppleWebKit/537.36 (KHTML, like Gecko) Chrome/104.0.5112.79 Safari/537.36"
45.138.16.168 - - [18/Dec/2023:14:27:15 +0300] "POST /auth/?register=yes HTTP/1.1" 301 162 "http://gcba.ru/auth/?register=yes" "Mozilla/5.0 (Windows NT 10.0; Win64; x64) AppleWebKit/537.36 (KHTML, like Gecko) Chrome/119.0.0.0 Safari/537.36"
45.138.16.168 - - [18/Dec/2023:14:27:17 +0300] "POST /auth/?forgot_password=yes HTTP/1.1" 301 162 "http://gcba.ru/auth/?register=yes" "Mozilla/5.0 (Windows NT 10.0; Win64; x64) AppleWebKit/537.36 (KHTML, like Gecko) Chrome/119.0.0.0 Safari/537.36"
94.25.173.70 - - [18/Dec/2023:15:03:05 +0300] "GET / HTTP/1.1" 301 162 "http://GCBA.RU" "Mozilla/5.0 (X11; Linux x86_64) AppleWebKit/537.36 (KHTML, like Gecko) Chrome/114.0.0.0 Safari/537.36 OPR/89.0.4447.51"
193.178.169.166 - - [18/Dec/2023:15:17:41 +0300] "GET / HTTP/1.1" 301 162 "-" "Mozilla/5.0 (X11; Linux i686; rv:114.0) Gecko/20100101 Firefox/114.0"
95.25.121.222 - - [18/Dec/2023:15:41:03 +0300] "GET / HTTP/1.1" 301 162 "-" "Mozilla/5.0 (Windows NT 6.1; WOW64) AppleWebKit/537.36 (KHTML, like Gecko) Chrome/105.0.0.0 Safari/537.36"
45.138.16.168 - - [18/Dec/2023:16:00:42 +0300] "POST /auth/?register=yes HTTP/1.1" 301 162 "http://gcba.ru/auth/?register=yes" "Mozilla/5.0 (Windows NT 10.0; Win64; x64) AppleWebKit/537.36 (KHTML, like Gecko) Chrome/119.0.0.0 Safari/537.36"
45.138.16.168 - - [18/Dec/2023:16:00:44 +0300] "POST /auth/?forgot_password=yes HTTP/1.1" 301 162 "http://gcba.ru/auth/?register=yes" "Mozilla/5.0 (Windows NT 10.0; Win64; x64) AppleWebKit/537.36 (KHTML, like Gecko) Chrome/119.0.0.0 Safari/537.36"
94.228.169.107 - - [18/Dec/2023:16:06:21 +0300] "GET / HTTP/1.1" 301 162 "-" "Mozilla/5.0 (Windows NT 6.3; Win64; x64) AppleWebKit/537.36 (KHTML, like Gecko) Chrome/53.0.2834.32 Safari/537.36"
45.138.16.168 - - [18/Dec/2023:17:47:41 +0300] "POST /auth/?register=yes HTTP/1.1" 301 162 "http://gcba.ru/auth/?register=yes" "Mozilla/5.0 (Windows NT 10.0; Win64; x64) AppleWebKit/537.36 (KHTML, like Gecko) Chrome/119.0.0.0 Safari/537.36"
45.138.16.168 - - [18/Dec/2023:17:47:44 +0300] "POST /auth/?forgot_password=yes HTTP/1.1" 301 162 "http://gcba.ru/auth/?register=yes" "Mozilla/5.0 (Windows NT 10.0; Win64; x64) AppleWebKit/537.36 (KHTML, like Gecko) Chrome/119.0.0.0 Safari/537.36"
207.46.13.154 - - [18/Dec/2023:17:51:43 +0300] "GET /news/metodologiya/otchetnost-pfr HTTP/1.1" 301 162 "-" "Mozilla/5.0 AppleWebKit/537.36 (KHTML, like Gecko; compatible; bingbot/2.0; +http://www.bing.com/bingbot.htm) Chrome/116.0.1938.76 Safari/537.36"
66.249.66.165 - - [18/Dec/2023:18:00:36 +0300] "GET /services/?SECTION_ID=5 HTTP/1.1" 301 162 "-" "Mozilla/5.0 (Linux; Android 6.0.1; Nexus 5X Build/MMB29P) AppleWebKit/537.36 (KHTML, like Gecko) Chrome/120.0.6099.71 Mobile Safari/537.36 (compatible; Googlebot/2.1; +http://www.google.com/bot.html)"
66.249.66.165 - - [18/Dec/2023:18:02:37 +0300] "GET / HTTP/1.1" 301 162 "-" "Mozilla/5.0 (Linux; Android 6.0.1; Nexus 5X Build/MMB29P) AppleWebKit/537.36 (KHTML, like Gecko) Chrome/120.0.6099.71 Mobile Safari/537.36 (compatible; Googlebot/2.1; +http://www.google.com/bot.html)"
198.199.86.210 - - [18/Dec/2023:18:10:09 +0300] "GET /.env HTTP/1.1" 301 162 "-" "python-requests/2.27.1"
198.199.86.210 - - [18/Dec/2023:18:10:10 +0300] "GET /.env HTTP/1.1" 301 162 "-" "python-requests/2.27.1"
198.199.86.210 - - [18/Dec/2023:18:10:11 +0300] "GET /vendor/phpunit/phpunit/src/Util/PHP/eval-stdin.php HTTP/1.1" 301 162 "-" "python-requests/2.27.1"
66.249.66.164 - - [18/Dec/2023:18:32:39 +0300] "GET / HTTP/1.1" 301 162 "-" "Mozilla/5.0 (Linux; Android 6.0.1; Nexus 5X Build/MMB29P) AppleWebKit/537.36 (KHTML, like Gecko) Chrome/120.0.6099.71 Mobile Safari/537.36 (compatible; Googlebot/2.1; +http://www.google.com/bot.html)"
45.138.16.168 - - [18/Dec/2023:18:36:18 +0300] "POST /auth/?register=yes HTTP/1.1" 301 162 "http://gcba.ru/auth/?register=yes" "Mozilla/5.0 (Windows NT 10.0; Win64; x64) AppleWebKit/537.36 (KHTML, like Gecko) Chrome/119.0.0.0 Safari/537.36"
45.138.16.168 - - [18/Dec/2023:18:36:18 +0300] "POST /auth/?forgot_password=yes HTTP/1.1" 301 162 "http://gcba.ru/auth/?register=yes" "Mozilla/5.0 (Windows NT 10.0; Win64; x64) AppleWebKit/537.36 (KHTML, like Gecko) Chrome/119.0.0.0 Safari/537.36"
66.249.66.163 - - [18/Dec/2023:18:55:38 +0300] "GET /services/?SECTION_ID=5 HTTP/1.1" 301 162 "-" "Mozilla/5.0 (Linux; Android 6.0.1; Nexus 5X Build/MMB29P) AppleWebKit/537.36 (KHTML, like Gecko) Chrome/120.0.6099.71 Mobile Safari/537.36 (compatible; Googlebot/2.1; +http://www.google.com/bot.html)"
143.198.168.33 - - [18/Dec/2023:19:05:56 +0300] "GET /wp-content/plugins/mw-wp-form/css/admin-common.css HTTP/1.1" 301 162 "-" "Mozilla/5.0 (Linux; Android 10; Redmi Note 8 Pro) AppleWebKit/537.36 (KHTML, like Gecko) Chrome/91.0.4472.120 Mobile Safari/537.36"
45.146.167.56 - - [18/Dec/2023:19:10:33 +0300] "GET / HTTP/1.1" 301 162 "-" "Mozilla/5.0 (X11; Linux x86_64; rv:102.0) Gecko/20100101 Firefox/102.0_Cyberok"
94.228.169.107 - - [18/Dec/2023:19:35:26 +0300] "GET / HTTP/1.1" 301 162 "-" "Mozilla/5.0 (Macintosh; Intel Mac OS X 10.9; rv:46.0) Gecko/20100101 Firefox/46.0"
45.138.16.168 - - [18/Dec/2023:19:45:36 +0300] "POST /auth/?register=yes HTTP/1.1" 301 162 "http://gcba.ru/auth/?register=yes" "Mozilla/5.0 (Windows NT 10.0; Win64; x64) AppleWebKit/537.36 (KHTML, like Gecko) Chrome/119.0.0.0 Safari/537.36"
45.138.16.168 - - [18/Dec/2023:19:45:38 +0300] "POST /auth/?forgot_password=yes HTTP/1.1" 301 162 "http://gcba.ru/auth/?register=yes" "Mozilla/5.0 (Windows NT 10.0; Win64; x64) AppleWebKit/537.36 (KHTML, like Gecko) Chrome/119.0.0.0 Safari/537.36"
31.173.20.213 - - [18/Dec/2023:20:26:06 +0300] "GET / HTTP/1.1" 301 162 "-" "Mozilla/5.0 (Windows NT 10.0; WOW64) AppleWebKit/537.36 (KHTML, like Gecko) Chrome/117.0.0.0 Safari/537.36"
45.146.167.56 - - [18/Dec/2023:20:50:28 +0300] "GET /bitrix/tools/composite_data.php HTTP/1.1" 301 162 "-" "Mozilla/5.0 (X11; Linux x86_64; rv:102.0) Gecko/20100101 Firefox/102.0_Cyberok"
45.146.167.56 - - [18/Dec/2023:20:50:28 +0300] "POST /bitrix/tools/vote/uf.php?attachId%5BMODULE_ID%5D=iblock&attachId%5BENTITY_TYPE%5D=CFileUploader&action=vote&sessid=10650c76cf32cd27b0bb748d57d47776&attachId%5BENTITY_ID%5D%5Bcopies%5D%5Bfixcve-2022-27228.jpg%5D=1&attachId%5BENTITY_ID%5D%5Bcopies%5D%5B..%2F.htaccess%5D=1 HTTP/1.1" 301 162 "-" "Mozilla/5.0 (X11; Linux x86_64; rv:102.0) Gecko/20100101 Firefox/102.0_Cyberok"
45.138.16.168 - - [18/Dec/2023:21:00:57 +0300] "POST /auth/?register=yes HTTP/1.1" 301 162 "http://gcba.ru/auth/?register=yes" "Mozilla/5.0 (Windows NT 10.0; Win64; x64) AppleWebKit/537.36 (KHTML, like Gecko) Chrome/119.0.0.0 Safari/537.36"
45.138.16.168 - - [18/Dec/2023:21:01:00 +0300] "POST /auth/?forgot_password=yes HTTP/1.1" 301 162 "http://gcba.ru/auth/?register=yes" "Mozilla/5.0 (Windows NT 10.0; Win64; x64) AppleWebKit/537.36 (KHTML, like Gecko) Chrome/119.0.0.0 Safari/537.36"
176.96.243.100 - - [18/Dec/2023:21:08:18 +0300] "GET /wp-login.php HTTP/1.1" 301 162 "-" "Mozilla/5.0 (X11; Fedora; Linux x86_64; rv:94.0) Gecko/20100101 Firefox/95.0"
207.46.13.150 - - [18/Dec/2023:21:09:03 +0300] "GET / HTTP/1.1" 301 162 "-" "Mozilla/5.0 AppleWebKit/537.36 (KHTML, like Gecko; compatible; bingbot/2.0; +http://www.bing.com/bingbot.htm) Chrome/116.0.1938.76 Safari/537.36"
216.244.66.235 - - [18/Dec/2023:21:35:48 +0300] "GET /robots.txt HTTP/1.1" 301 162 "-" "Mozilla/5.0 (compatible; DotBot/1.2; +https://opensiteexplorer.org/dotbot; help@moz.com)"
45.138.16.168 - - [18/Dec/2023:22:25:16 +0300] "POST /auth/?register=yes HTTP/1.1" 301 162 "http://gcba.ru/auth/?register=yes" "Mozilla/5.0 (Windows NT 10.0; Win64; x64) AppleWebKit/537.36 (KHTML, like Gecko) Chrome/119.0.0.0 Safari/537.36"
45.138.16.168 - - [18/Dec/2023:22:25:19 +0300] "POST /auth/?forgot_password=yes HTTP/1.1" 301 162 "http://gcba.ru/auth/?register=yes" "Mozilla/5.0 (Windows NT 10.0; Win64; x64) AppleWebKit/537.36 (KHTML, like Gecko) Chrome/119.0.0.0 Safari/537.36"
157.55.39.9 - - [18/Dec/2023:22:58:33 +0300] "GET / HTTP/1.1" 301 162 "-" "Mozilla/5.0 AppleWebKit/537.36 (KHTML, like Gecko; compatible; bingbot/2.0; +http://www.bing.com/bingbot.htm) Chrome/116.0.1938.76 Safari/537.36"
94.228.169.107 - - [18/Dec/2023:23:04:16 +0300] "GET / HTTP/1.1" 301 162 "-" "Mozilla/5.0 (Windows NT 10.0; Win64; x64) AppleWebKit/537.36 (KHTML, like Gecko) Chrome/51.0.2717.16 Safari/537.36"
45.138.16.168 - - [18/Dec/2023:23:47:36 +0300] "POST /auth/?register=yes HTTP/1.1" 301 162 "http://gcba.ru/auth/?register=yes" "Mozilla/5.0 (Windows NT 10.0; Win64; x64) AppleWebKit/537.36 (KHTML, like Gecko) Chrome/119.0.0.0 Safari/537.36"
45.138.16.168 - - [18/Dec/2023:23:47:38 +0300] "POST /auth/?forgot_password=yes HTTP/1.1" 301 162 "http://gcba.ru/auth/?register=yes" "Mozilla/5.0 (Windows NT 10.0; Win64; x64) AppleWebKit/537.36 (KHTML, like Gecko) Chrome/119.0.0.0 Safari/537.36"
62.109.24.243 - - [19/Dec/2023:00:06:08 +0300] "GET / HTTP/1.1" 301 162 "-" "Safari/537.36"
62.109.24.243 - - [19/Dec/2023:00:08:50 +0300] "GET /bitrix/js/ui/design-tokens/dist/ui.design-tokens.min.css?167968532622029 HTTP/1.1" 301 162 "-" "Safari/537.36"
62.109.24.243 - - [19/Dec/2023:00:08:52 +0300] "GET /bitrix/js/ui/fonts/opensans/ui.font.opensans.min.css?16796853182320 HTTP/1.1" 301 162 "-" "Safari/537.36"
62.109.24.243 - - [19/Dec/2023:00:08:57 +0300] "GET /bitrix/js/main/popup/dist/main.popup.bundle.min.css?168786249826598 HTTP/1.1" 301 162 "-" "Safari/537.36"
62.109.24.243 - - [19/Dec/2023:00:08:58 +0300] "GET /bitrix/cache/css/s1/main_bag/page_47cad98692383c0f8f010940655d286e/page_47cad98692383c0f8f010940655d286e_v1.css?16952207555996 HTTP/1.1" 301 162 "-" "Safari/537.36"
62.109.24.243 - - [19/Dec/2023:00:09:00 +0300] "GET /bitrix/cache/css/s1/main_bag/template_9d52521c87094ee55caf54768b22c9a2/template_9d52521c87094ee55caf54768b22c9a2_v1.css?169522075511991 HTTP/1.1" 301 162 "-" "Safari/537.36"
62.109.24.243 - - [19/Dec/2023:00:09:05 +0300] "GET /upload/iblock/6d5/6d53866f44af6f2faf9753e4c4ba5d42.jpg HTTP/1.1" 301 162 "-" "Safari/537.36"
62.109.24.243 - - [19/Dec/2023:00:09:05 +0300] "GET /upload/iblock/235/235f60854d4c8053baf1e37354cb3a04.jpg HTTP/1.1" 301 162 "-" "Safari/537.36"
62.109.24.243 - - [19/Dec/2023:00:09:06 +0300] "GET /upload/iblock/3d4/3d412ae712b71f3787b436400a53b40b.jpg HTTP/1.1" 301 162 "-" "Safari/537.36"
62.109.24.243 - - [19/Dec/2023:00:09:12 +0300] "GET /upload/iblock/4bc/4bcf35629f620696d205b37a2c78cbeb.jpg HTTP/1.1" 301 162 "-" "Safari/537.36"
62.109.24.243 - - [19/Dec/2023:00:09:13 +0300] "GET /upload/iblock/732/7323e8b56c0daca58571b1493349ed01.jpg HTTP/1.1" 301 162 "-" "Safari/537.36"
62.109.24.243 - - [19/Dec/2023:00:09:16 +0300] "GET /upload/iblock/1be/1be632235c9b1db47e6c28c7f50fefbe.jpg HTTP/1.1" 301 162 "-" "Safari/537.36"
62.109.24.243 - - [19/Dec/2023:00:09:17 +0300] "GET /upload/iblock/d14/d14564b80978c4cafd1a9917f50074a7.jpg HTTP/1.1" 301 162 "-" "Safari/537.36"
62.109.24.243 - - [19/Dec/2023:00:09:18 +0300] "GET /upload/iblock/6ed/6ed311f3c24543ada909c0a4f9674bff.jpg HTTP/1.1" 301 162 "-" "Safari/537.36"
62.109.24.243 - - [19/Dec/2023:00:09:18 +0300] "GET /upload/iblock/aa4/aa41b210d40dab924a5bab0b25573215.jpg HTTP/1.1" 301 162 "-" "Safari/537.36"
62.109.24.243 - - [19/Dec/2023:00:09:19 +0300] "GET /upload/iblock/e91/e916d9aa1aca5d2e6275aad3c24033d8.jpg HTTP/1.1" 301 162 "-" "Safari/537.36"
62.109.24.243 - - [19/Dec/2023:00:09:22 +0300] "GET /upload/iblock/644/6446a2b0ca06deedf5d88592fba47ce0.jpg HTTP/1.1" 301 162 "-" "Safari/537.36"
62.109.24.243 - - [19/Dec/2023:00:09:22 +0300] "GET /upload/iblock/95e/95ece4bf3acdee831339dfe61c63c7e1.jpg HTTP/1.1" 301 162 "-" "Safari/537.36"
62.109.24.243 - - [19/Dec/2023:00:09:22 +0300] "GET /upload/iblock/e84/e840946a0c8da6f5247e8701de5ee6cd.jpg HTTP/1.1" 301 162 "-" "Safari/537.36"
62.109.24.243 - - [19/Dec/2023:00:09:26 +0300] "GET /upload/iblock/7b0/7b074f693d818b9d8016f6e6234b06c2.jpg HTTP/1.1" 301 162 "-" "Safari/537.36"
62.109.24.243 - - [19/Dec/2023:00:09:27 +0300] "GET /upload/iblock/b5f/b5f7cb30331c7a389c55e5d2ece0a6cb.jpg HTTP/1.1" 301 162 "-" "Safari/537.36"
62.109.24.243 - - [19/Dec/2023:00:09:30 +0300] "GET /upload/iblock/333/333a9b2534d6480a12f9fbfed879897a.jpg HTTP/1.1" 301 162 "-" "Safari/537.36"
62.109.24.243 - - [19/Dec/2023:00:09:35 +0300] "GET /upload/iblock/69d/69d9f3ecdbff594b9dad863687011507.jpg HTTP/1.1" 301 162 "-" "Safari/537.36"
62.109.24.243 - - [19/Dec/2023:00:09:37 +0300] "GET /upload/iblock/788/788ef0047cdef712c166dfa0ccb7f658.jpg HTTP/1.1" 301 162 "-" "Safari/537.36"
62.109.24.243 - - [19/Dec/2023:00:09:38 +0300] "GET /upload/iblock/c1d/c1d4d0eb6d0f19e9f49d998cf87ffb91.jpg HTTP/1.1" 301 162 "-" "Safari/537.36"
62.109.24.243 - - [19/Dec/2023:00:09:43 +0300] "GET /upload/iblock/e1f/e1f80c46aad3b783257b76f1a8bd9b2a.jpg HTTP/1.1" 301 162 "-" "Safari/537.36"
62.109.24.243 - - [19/Dec/2023:00:09:44 +0300] "GET /upload/iblock/c49/c49ba01112552e4e85b84d5812d1e73c.jpg HTTP/1.1" 301 162 "-" "Safari/537.36"
62.109.24.243 - - [19/Dec/2023:00:09:45 +0300] "GET /upload/iblock/170/1704d6d9c9682b471f768eaa3572260c.jpg HTTP/1.1" 301 162 "-" "Safari/537.36"
62.109.24.243 - - [19/Dec/2023:00:09:46 +0300] "GET /upload/iblock/a8e/a8ec5bcf0bcff7e328e2c36feee71d01.jpg HTTP/1.1" 301 162 "-" "Safari/537.36"
62.109.24.243 - - [19/Dec/2023:00:09:46 +0300] "GET /local/components/mb/social.links/templates/.default/images/vk.jpg HTTP/1.1" 301 162 "-" "Safari/537.36"
62.109.24.243 - - [19/Dec/2023:00:09:56 +0300] "GET /local/components/mb/social.links/templates/.default/images/fb.jpg HTTP/1.1" 301 162 "-" "Safari/537.36"
62.109.24.243 - - [19/Dec/2023:00:09:56 +0300] "GET /local/templates/main_bag/favicon.ico HTTP/1.1" 301 162 "-" "Safari/537.36"
62.109.24.243 - - [19/Dec/2023:00:09:57 +0300] "GET /bitrix/js/main/core/core.min.js?1694596898220181 HTTP/1.1" 301 162 "-" "Safari/537.36"
62.109.24.243 - - [19/Dec/2023:00:09:58 +0300] "GET /bitrix/cache/js/s1/main_bag/kernel_main/kernel_main_v1.js?1695220768155755 HTTP/1.1" 301 162 "-" "Safari/537.36"
62.109.24.243 - - [19/Dec/2023:00:09:58 +0300] "GET /bitrix/js/ui/dexie/dist/dexie3.bundle.min.js?167968532088295 HTTP/1.1" 301 162 "-" "Safari/537.36"
62.109.24.243 - - [19/Dec/2023:00:10:01 +0300] "GET /bitrix/js/main/core/core_ls.min.js?16796846117365 HTTP/1.1" 301 162 "-" "Safari/537.36"
62.109.24.243 - - [19/Dec/2023:00:10:02 +0300] "GET /bitrix/js/main/core/core_frame_cache.min.js?169459689811210 HTTP/1.1" 301 162 "-" "Safari/537.36"
62.109.24.243 - - [19/Dec/2023:00:10:03 +0300] "GET /bitrix/js/main/jquery/jquery-1.12.4.min.js?167968529797163 HTTP/1.1" 301 162 "-" "Safari/537.36"
62.109.24.243 - - [19/Dec/2023:00:10:04 +0300] "GET /bitrix/js/main/popup/dist/main.popup.bundle.min.js?168786249665670 HTTP/1.1" 301 162 "-" "Safari/537.36"
62.109.24.243 - - [19/Dec/2023:00:10:06 +0300] "GET /bitrix/cache/js/s1/main_bag/template_240e992f8c2b1ec529a4c7cc929bb9c8/template_240e992f8c2b1ec529a4c7cc929bb9c8_v1.js?16952207556145 HTTP/1.1" 301 162 "-" "Safari/537.36"
62.109.24.243 - - [19/Dec/2023:00:10:08 +0300] "GET /bitrix/cache/js/s1/main_bag/page_66baa42c274e4ff36817e09b6bc5942a/page_66baa42c274e4ff36817e09b6bc5942a_v1.js?169522075543780 HTTP/1.1" 301 162 "-" "Safari/537.36"
62.109.24.243 - - [19/Dec/2023:00:10:11 +0300] "GET /js/plugins.js HTTP/1.1" 301 162 "-" "Safari/537.36"
62.109.24.243 - - [19/Dec/2023:00:10:11 +0300] "GET /js/script.js HTTP/1.1" 301 162 "-" "Safari/537.36"
185.180.143.146 - - [19/Dec/2023:00:38:28 +0300] "GET / HTTP/1.1" 301 162 "-" "Mozilla/5.0 (Windows NT 10.0; WOW64) AppleWebKit/537.36 (KHTML, like Gecko) Chrome/66.0.3359.117 Safari/537.36"
45.138.16.168 - - [19/Dec/2023:01:19:00 +0300] "POST /auth/?register=yes HTTP/1.1" 301 162 "http://gcba.ru/auth/?register=yes" "Mozilla/5.0 (Windows NT 10.0; Win64; x64) AppleWebKit/537.36 (KHTML, like Gecko) Chrome/119.0.0.0 Safari/537.36"
45.138.16.168 - - [19/Dec/2023:01:19:02 +0300] "POST /auth/?forgot_password=yes HTTP/1.1" 301 162 "http://gcba.ru/auth/?register=yes" "Mozilla/5.0 (Windows NT 10.0; Win64; x64) AppleWebKit/537.36 (KHTML, like Gecko) Chrome/119.0.0.0 Safari/537.36"
45.146.167.56 - - [19/Dec/2023:01:45:53 +0300] "GET /bitrix/modules/main/include/prolog.php?micat=echo+base64_decode('cXdlcXdlcXdlcXdlcXdl')%3b&midog=echo+base64_decode('cXdlcXdlcXdlcXdlcXdl')%3b HTTP/1.1" 301 162 "-" "Mozilla/5.0 (X11; Linux x86_64; rv:102.0) Gecko/20100101 Firefox/102.0_Cyberok"
45.146.167.56 - - [19/Dec/2023:01:45:55 +0300] "GET /bitrix/tools/.sess HTTP/1.1" 301 162 "-" "Mozilla/5.0 (X11; Linux x86_64; rv:102.0) Gecko/20100101 Firefox/102.0_Cyberok"
45.146.167.56 - - [19/Dec/2023:01:45:55 +0300] "GET /bitrix/tools/.session HTTP/1.1" 301 162 "-" "Mozilla/5.0 (X11; Linux x86_64; rv:102.0) Gecko/20100101 Firefox/102.0_Cyberok"
45.146.167.56 - - [19/Dec/2023:02:08:41 +0300] "GET /bitrix/modules/ldap/6c127rf5.php HTTP/1.1" 301 162 "-" "Mozilla/5.0 (X11; Linux x86_64; rv:102.0) Gecko/20100101 Firefox/102.0_Cyberok"
45.146.167.56 - - [19/Dec/2023:02:08:42 +0300] "GET /bitrix/modules/ldap/index.php HTTP/1.1" 301 162 "-" "Mozilla/5.0 (X11; Linux x86_64; rv:102.0) Gecko/20100101 Firefox/102.0_Cyberok"
45.146.167.56 - - [19/Dec/2023:02:11:16 +0300] "POST /bitrix/modules/main/bx_root.php HTTP/1.1" 301 162 "-" "Mozilla/5.0 (X11; Linux x86_64; rv:102.0) Gecko/20100101 Firefox/102.0"
45.146.167.56 - - [19/Dec/2023:02:11:17 +0300] "POST /bitrix/modules/main/include/prolog_after.php HTTP/1.1" 301 162 "-" "Mozilla/5.0 (X11; Linux x86_64; rv:102.0) Gecko/20100101 Firefox/102.0_Cyberok"
45.146.167.56 - - [19/Dec/2023:02:11:17 +0300] "POST / HTTP/1.1" 301 162 "-" "Mozilla/5.0 (X11; Linux x86_64; rv:102.0) Gecko/20100101 Firefox/102.0"
45.146.167.56 - - [19/Dec/2023:02:11:18 +0300] "GET /bitrix/admin/nbnepq7j.php HTTP/1.1" 301 162 "-" "Mozilla/5.0 (X11; Linux x86_64; rv:102.0) Gecko/20100101 Firefox/102.0_Cyberok"
45.146.167.56 - - [19/Dec/2023:02:11:18 +0300] "POST / HTTP/1.1" 301 162 "-" "Mozilla/5.0 (X11; Linux x86_64; rv:102.0) Gecko/20100101 Firefox/102.0_Cyberok"
45.146.167.56 - - [19/Dec/2023:02:11:19 +0300] "GET /bitrix/admin/inputs.php HTTP/1.1" 301 162 "-" "Mozilla/5.0 (X11; Linux x86_64; rv:102.0) Gecko/20100101 Firefox/102.0_Cyberok"
45.146.167.56 - - [19/Dec/2023:02:11:50 +0300] "GET /hogj2ywl.php HTTP/1.1" 301 162 "-" "Mozilla/5.0 (X11; Linux x86_64; rv:102.0) Gecko/20100101 Firefox/102.0_Cyberok"
45.146.167.56 - - [19/Dec/2023:02:11:51 +0300] "GET /xmlrpcs.php HTTP/1.1" 301 162 "-" "Mozilla/5.0 (X11; Linux x86_64; rv:102.0) Gecko/20100101 Firefox/102.0_Cyberok"
45.146.167.56 - - [19/Dec/2023:02:12:39 +0300] "GET /bitrix/js/iblock/1umdxxyq.php HTTP/1.1" 301 162 "-" "Mozilla/5.0 (X11; Linux x86_64; rv:102.0) Gecko/20100101 Firefox/102.0_Cyberok"
45.146.167.56 - - [19/Dec/2023:02:12:39 +0300] "GET /bitrix/js/iblock/admin.php HTTP/1.1" 301 162 "-" "Mozilla/5.0 (X11; Linux x86_64; rv:102.0) Gecko/20100101 Firefox/102.0_Cyberok"
45.146.167.56 - - [19/Dec/2023:02:12:51 +0300] "GET /bitrix/components/bitrix/main.file.input/main.php HTTP/1.1" 301 162 "-" "Mozilla/5.0 (X11; Linux x86_64; rv:102.0) Gecko/20100101 Firefox/102.0_Cyberok"
45.146.167.56 - - [19/Dec/2023:02:12:51 +0300] "GET / HTTP/1.1" 301 162 "-" "Mozilla/5.0 (X11; Linux x86_64; rv:102.0) Gecko/20100101 Firefox/102.0_Cyberok"
45.146.167.56 - - [19/Dec/2023:02:13:50 +0300] "GET /bitrix/src/app/bni2q1zv.php HTTP/1.1" 301 162 "-" "Mozilla/5.0 (X11; Linux x86_64; rv:102.0) Gecko/20100101 Firefox/102.0_Cyberok"
45.146.167.56 - - [19/Dec/2023:02:13:50 +0300] "POST /bitrix/virtual_routes.php HTTP/1.1" 301 162 "-" "Mozilla/5.0 (X11; Linux x86_64; rv:102.0) Gecko/20100101 Firefox/102.0_Cyberok"
45.146.167.56 - - [19/Dec/2023:02:13:51 +0300] "GET /bitrix/tools/g5kwqgqs.php HTTP/1.1" 301 162 "-" "Mozilla/5.0 (X11; Linux x86_64; rv:102.0) Gecko/20100101 Firefox/102.0_Cyberok"
45.146.167.56 - - [19/Dec/2023:02:13:51 +0300] "GET /bitrix/tools/.cas.php HTTP/1.1" 301 162 "-" "Mozilla/5.0 (X11; Linux x86_64; rv:102.0) Gecko/20100101 Firefox/102.0_Cyberok"
45.146.167.56 - - [19/Dec/2023:02:13:51 +0300] "GET /bitrix/activities/bitrix/setvariableactivity/lang/ru/iqilfy7f.php HTTP/1.1" 301 162 "-" "Mozilla/5.0 (X11; Linux x86_64; rv:102.0) Gecko/20100101 Firefox/102.0_Cyberok"
45.146.167.56 - - [19/Dec/2023:02:13:51 +0300] "GET /bitrix/virtual_routes.php?state=MD10cmltJjE9cXdlcXdlcXdlcXdlcXdlYXNkJjI9YXNk HTTP/1.1" 301 162 "-" "Mozilla/5.0 (X11; Linux x86_64; rv:102.0) Gecko/20100101 Firefox/102.0_Cyberok"
45.146.167.56 - - [19/Dec/2023:02:13:51 +0300] "GET /bitrix/src/app/l.php HTTP/1.1" 301 162 "-" "Mozilla/5.0 (X11; Linux x86_64; rv:102.0) Gecko/20100101 Firefox/102.0_Cyberok"
45.146.167.56 - - [19/Dec/2023:02:13:51 +0300] "POST / HTTP/1.1" 301 162 "-" "Mozilla/5.0 (X11; Linux x86_64; rv:102.0) Gecko/20100101 Firefox/102.0_Cyberok"
45.146.167.56 - - [19/Dec/2023:02:13:52 +0300] "GET /bitrix/tools/send_trait_imap.php HTTP/1.1" 301 162 "-" "Mozilla/5.0 (X11; Linux x86_64; rv:102.0) Gecko/20100101 Firefox/102.0_Cyberok"
45.146.167.56 - - [19/Dec/2023:02:13:52 +0300] "GET /bitrix/tools/.cas.tmp.php HTTP/1.1" 301 162 "-" "Mozilla/5.0 (X11; Linux x86_64; rv:102.0) Gecko/20100101 Firefox/102.0_Cyberok"
45.146.167.56 - - [19/Dec/2023:02:13:52 +0300] "GET /bitrix/activities/bitrix/setvariableactivity/lang/ru/index.php HTTP/1.1" 301 162 "-" "Mozilla/5.0 (X11; Linux x86_64; rv:102.0) Gecko/20100101 Firefox/102.0_Cyberok"
45.146.167.56 - - [19/Dec/2023:02:13:52 +0300] "GET /?state=MD10cmltJjE9cXdlcXdlcXdlcXdlcXdlYXNkJjI9YXNk HTTP/1.1" 301 162 "-" "Mozilla/5.0 (X11; Linux x86_64; rv:102.0) Gecko/20100101 Firefox/102.0_Cyberok"
185.12.124.78 - - [19/Dec/2023:02:23:37 +0300] "GET / HTTP/1.1" 301 162 "GCBA.RU" "Mozilla/5.0 (compatible; BackupLand/1.0; https://go.backupland.com/; Domain check for viruses;)"
207.46.13.141 - - [19/Dec/2023:02:25:06 +0300] "GET /upload/iblock/788/788ef0047cdef712c166dfa0ccb7f658.jpg HTTP/1.1" 301 162 "-" "Mozilla/5.0 AppleWebKit/537.36 (KHTML, like Gecko; compatible; bingbot/2.0; +http://www.bing.com/bingbot.htm) Chrome/116.0.1938.76 Safari/537.36"
94.228.169.107 - - [19/Dec/2023:02:35:24 +0300] "GET / HTTP/1.1" 301 162 "-" "Mozilla/5.0 (Macintosh; Intel Mac OS X 10_10_3) AppleWebKit/537.36 (KHTML, like Gecko) Chrome/55.0.2887.83 Safari/537.36"
45.146.167.56 - - [19/Dec/2023:02:50:32 +0300] "GET /bitrix/tools/spread.php?state=MD10cmltJjE9cXdlcXdlcXdlcXdlcXdlYXNkJjI9YXNk HTTP/1.1" 301 162 "-" "Mozilla/5.0 (X11; Linux x86_64; rv:102.0) Gecko/20100101 Firefox/102.0_Cyberok"
45.146.167.56 - - [19/Dec/2023:02:50:33 +0300] "GET /bitrix/spread.php?state=MD10cmltJjE9cXdlcXdlcXdlcXdlcXdlYXNkJjI9YXNk HTTP/1.1" 301 162 "-" "Mozilla/5.0 (X11; Linux x86_64; rv:102.0) Gecko/20100101 Firefox/102.0_Cyberok"
45.146.167.56 - - [19/Dec/2023:02:50:34 +0300] "GET /bitrix/modules/main/spread.php?state=MD10cmltJjE9cXdlcXdlcXdlcXdlcXdlYXNkJjI9YXNk HTTP/1.1" 301 162 "-" "Mozilla/5.0 (X11; Linux x86_64; rv:102.0) Gecko/20100101 Firefox/102.0_Cyberok"
45.146.167.56 - - [19/Dec/2023:02:50:35 +0300] "GET /?state=MD10cmltJjE9cXdlcXdlcXdlcXdlcXdlYXNkJjI9YXNk HTTP/1.1" 301 162 "-" "Mozilla/5.0 (X11; Linux x86_64; rv:102.0) Gecko/20100101 Firefox/102.0_Cyberok"
45.138.16.168 - - [19/Dec/2023:02:53:59 +0300] "POST /auth/?register=yes HTTP/1.1" 301 162 "http://gcba.ru/auth/?register=yes" "Mozilla/5.0 (Windows NT 10.0; Win64; x64) AppleWebKit/537.36 (KHTML, like Gecko) Chrome/119.0.0.0 Safari/537.36"
45.138.16.168 - - [19/Dec/2023:02:54:04 +0300] "POST /auth/?forgot_password=yes HTTP/1.1" 301 162 "http://gcba.ru/auth/?register=yes" "Mozilla/5.0 (Windows NT 10.0; Win64; x64) AppleWebKit/537.36 (KHTML, like Gecko) Chrome/119.0.0.0 Safari/537.36"
91.92.244.36 - - [19/Dec/2023:03:11:18 +0300] "GET /.env HTTP/1.1" 301 162 "-" "Mozilla/5.0 (Linux; U; Android 4.4.2; en-US; HM NOTE 1W Build/KOT49H) AppleWebKit/534.30 (KHTML, like Gecko) Version/4.0 UCBrowser/11.0.5.850 U3/0.8.0 Mobile Safari/534.30"
91.92.244.36 - - [19/Dec/2023:03:12:33 +0300] "POST / HTTP/1.1" 301 162 "-" "Mozilla/5.0 (Linux; U; Android 4.4.2; en-US; HM NOTE 1W Build/KOT49H) AppleWebKit/534.30 (KHTML, like Gecko) Version/4.0 UCBrowser/11.0.5.850 U3/0.8.0 Mobile Safari/534.30"
91.92.244.36 - - [19/Dec/2023:03:16:18 +0300] "GET /vendor/phpunit/phpunit/src/Util/PHP/eval-stdin.php HTTP/1.1" 301 162 "-" "python-requests/2.25.1"
93.124.103.232 - - [19/Dec/2023:03:19:03 +0300] "GET / HTTP/1.0" 301 162 "-" "Mozilla/5.0 (Windows NT 6.3; Win64; x64) AppleWebKit/537.36 (KHTML, like Gecko) Chrome/75.0.3770.100 Safari/537.36"
5.42.65.19 - - [19/Dec/2023:03:33:53 +0300] "GET / HTTP/1.0" 301 162 "http://gcba.ru/" "Mozilla/5.0 (Windows NT 6.1; Win64; x64) AppleWebKit/537.36 (KHTML, like Gecko) Chrome/103.0.0.0 Safari/537.36"
5.252.118.211 - - [19/Dec/2023:03:53:25 +0300] "GET / HTTP/1.1" 301 162 "-" "Mozilla/5.0 (Macintosh; Intel Mac OS X 10.9; rv:45.0) Gecko/20100101 Firefox/45.0"
66.249.66.165 - - [19/Dec/2023:04:55:41 +0300] "GET /robots.txt HTTP/1.1" 301 162 "-" "Mozilla/5.0 (compatible; Googlebot/2.1; +http://www.google.com/bot.html)"
66.249.66.163 - - [19/Dec/2023:04:55:42 +0300] "GET / HTTP/1.1" 301 162 "-" "Mozilla/5.0 (compatible; Googlebot/2.1; +http://www.google.com/bot.html)"
95.26.142.118 - - [19/Dec/2023:05:13:54 +0300] "GET / HTTP/1.0" 301 162 "http://gcba.ru/" "Mozilla/5.0 (Windows NT 6.1; WOW64) AppleWebKit/537.36 (KHTML, like Gecko) Chrome/103.0.0.0 Safari/537.36"
45.138.16.168 - - [19/Dec/2023:05:30:37 +0300] "POST /auth/?register=yes HTTP/1.1" 301 162 "http://gcba.ru/auth/?register=yes" "Mozilla/5.0 (Windows NT 10.0; Win64; x64) AppleWebKit/537.36 (KHTML, like Gecko) Chrome/119.0.0.0 Safari/537.36"
45.138.16.168 - - [19/Dec/2023:05:30:37 +0300] "POST /auth/?forgot_password=yes HTTP/1.1" 301 162 "http://gcba.ru/auth/?register=yes" "Mozilla/5.0 (Windows NT 10.0; Win64; x64) AppleWebKit/537.36 (KHTML, like Gecko) Chrome/119.0.0.0 Safari/537.36"
66.249.66.163 - - [19/Dec/2023:05:51:41 +0300] "GET /news/nalogi/szv-stazh-spetsifika-zapolneniya/ HTTP/1.1" 301 162 "-" "Mozilla/5.0 (Linux; Android 6.0.1; Nexus 5X Build/MMB29P) AppleWebKit/537.36 (KHTML, like Gecko) Chrome/120.0.6099.71 Mobile Safari/537.36 (compatible; Googlebot/2.1; +http://www.google.com/bot.html)"
94.228.169.107 - - [19/Dec/2023:06:00:02 +0300] "GET / HTTP/1.1" 301 162 "-" "Mozilla/5.0 (Macintosh; Intel Mac OS X 10.11; rv:47.0) Gecko/20100101 Firefox/47.0"
45.138.16.168 - - [19/Dec/2023:06:27:27 +0300] "POST /auth/?register=yes HTTP/1.1" 301 162 "http://gcba.ru/auth/?register=yes" "Mozilla/5.0 (Windows NT 10.0; Win64; x64) AppleWebKit/537.36 (KHTML, like Gecko) Chrome/119.0.0.0 Safari/537.36"
45.138.16.168 - - [19/Dec/2023:06:27:27 +0300] "POST /auth/?forgot_password=yes HTTP/1.1" 301 162 "http://gcba.ru/auth/?register=yes" "Mozilla/5.0 (Windows NT 10.0; Win64; x64) AppleWebKit/537.36 (KHTML, like Gecko) Chrome/119.0.0.0 Safari/537.36"
172.233.144.151 - - [19/Dec/2023:06:50:51 +0300] "GET /news/metodologiya/rss/ HTTP/1.0" 301 162 "-" "-"
194.38.22.71 - - [19/Dec/2023:07:15:52 +0300] "GET /admin/assets/global/plugins/plupload/examples/upload.php HTTP/1.1" 301 162 "-" "ALittle Client"
194.38.22.71 - - [19/Dec/2023:07:15:52 +0300] "GET /public/assets/plupload/examples/upload.php HTTP/1.1" 301 162 "-" "ALittle Client"
194.38.22.71 - - [19/Dec/2023:07:15:58 +0300] "GET /assets/lib/plupload/examples/upload.php HTTP/1.1" 301 162 "-" "ALittle Client"
45.138.16.168 - - [19/Dec/2023:07:21:41 +0300] "POST /auth/?register=yes HTTP/1.1" 301 162 "http://gcba.ru/auth/?register=yes" "Mozilla/5.0 (Windows NT 10.0; Win64; x64) AppleWebKit/537.36 (KHTML, like Gecko) Chrome/119.0.0.0 Safari/537.36"
45.138.16.168 - - [19/Dec/2023:07:21:41 +0300] "POST /auth/?forgot_password=yes HTTP/1.1" 301 162 "http://gcba.ru/auth/?register=yes" "Mozilla/5.0 (Windows NT 10.0; Win64; x64) AppleWebKit/537.36 (KHTML, like Gecko) Chrome/119.0.0.0 Safari/537.36"
188.120.251.252 - - [19/Dec/2023:07:31:58 +0300] "GET / HTTP/1.1" 301 162 "-" "Mozilla/5.0 (compatible; Googlebot/2.1; +http://www.google.com/bot.html)"
82.147.85.79 - - [19/Dec/2023:07:40:06 +0300] "GET / HTTP/1.0" 301 162 "http://gcba.ru/" "Mozilla/5.0 (Windows NT 6.1; WOW64) AppleWebKit/537.36 (KHTML, like Gecko) Chrome/103.0.0.0 Safari/537.36"
216.244.66.235 - - [19/Dec/2023:07:50:10 +0300] "GET /robots.txt HTTP/1.1" 301 162 "-" "Mozilla/5.0 (compatible; DotBot/1.2; +https://opensiteexplorer.org/dotbot; help@moz.com)"
45.138.16.168 - - [19/Dec/2023:08:19:10 +0300] "POST /auth/?register=yes HTTP/1.1" 301 162 "http://gcba.ru/auth/?register=yes" "Mozilla/5.0 (Windows NT 10.0; Win64; x64) AppleWebKit/537.36 (KHTML, like Gecko) Chrome/119.0.0.0 Safari/537.36"
45.138.16.168 - - [19/Dec/2023:08:19:10 +0300] "POST /auth/?forgot_password=yes HTTP/1.1" 301 162 "http://gcba.ru/auth/?register=yes" "Mozilla/5.0 (Windows NT 10.0; Win64; x64) AppleWebKit/537.36 (KHTML, like Gecko) Chrome/119.0.0.0 Safari/537.36"
79.137.206.177 - - [19/Dec/2023:08:37:42 +0300] "GET / HTTP/1.1" 301 162 "-" "Mozilla/5.0 (Windows NT 10.0; WOW64) AppleWebKit/537.36 (KHTML, like Gecko) Chrome/54.0.2843.93 Safari/537.36"
94.228.169.107 - - [19/Dec/2023:08:54:38 +0300] "GET / HTTP/1.1" 301 162 "-" "Mozilla/5.0 (Windows NT 6.3; WOW64) AppleWebKit/537.36 (KHTML, like Gecko) Chrome/49.0.2633.86 Safari/537.36"
95.163.36.5 - - [19/Dec/2023:08:54:48 +0300] "GET /robots.txt HTTP/1.1" 301 162 "-" "Mozilla/5.0 (compatible; Linux x86_64; Mail.RU_Bot/Robots/2.0; +https://help.mail.ru/webmaster/indexing/robots)"
95.163.255.119 - - [19/Dec/2023:08:54:48 +0300] "GET /news/nalogi/platezhku-na-uplatu-ndfl-nuzhno-oformlyat-na-kazhdoe-obosoblennoe-podrazdelenie-organizatsii-kotorom HTTP/1.1" 301 162 "-" "Mozilla/5.0 (compatible; Linux x86_64; Mail.RU_Bot/Fast/2.0; +https://help.mail.ru/webmaster/indexing/robots)"
94.228.169.107 - - [19/Dec/2023:09:01:52 +0300] "GET / HTTP/1.1" 301 162 "-" "Mozilla/5.0 (Macintosh; Intel Mac OS X 10.10; rv:49.0) Gecko/20100101 Firefox/49.0"
94.228.169.107 - - [19/Dec/2023:09:02:58 +0300] "GET / HTTP/1.1" 301 162 "-" "Mozilla/5.0 (Windows NT 6.2; WOW64) AppleWebKit/537.36 (KHTML, like Gecko) Chrome/56.0.2966.0 Safari/537.36"
95.163.255.127 - - [19/Dec/2023:09:19:12 +0300] "GET /news/nalogi/platezhku-na-uplatu-ndfl-nuzhno-oformlyat-na-kazhdoe-obosoblennoe-podrazdelenie-organizatsii-kotorom HTTP/1.1" 301 162 "-" "Mozilla/5.0 (compatible; Linux x86_64; Mail.RU_Bot/Fast/2.0; +https://help.mail.ru/webmaster/indexing/robots)"
45.138.16.168 - - [19/Dec/2023:09:19:15 +0300] "POST /auth/?register=yes HTTP/1.1" 301 162 "http://gcba.ru/auth/?register=yes" "Mozilla/5.0 (Windows NT 10.0; Win64; x64) AppleWebKit/537.36 (KHTML, like Gecko) Chrome/119.0.0.0 Safari/537.36"
45.138.16.168 - - [19/Dec/2023:09:19:15 +0300] "POST /auth/?forgot_password=yes HTTP/1.1" 301 162 "http://gcba.ru/auth/?register=yes" "Mozilla/5.0 (Windows NT 10.0; Win64; x64) AppleWebKit/537.36 (KHTML, like Gecko) Chrome/119.0.0.0 Safari/537.36"
94.228.169.107 - - [19/Dec/2023:09:29:21 +0300] "GET / HTTP/1.1" 301 162 "-" "Mozilla/5.0 (X11; Ubuntu; Linux i686) AppleWebKit/537.36 (KHTML, like Gecko) Chrome/52.0.2772.82 Safari/537.36"
137.74.224.82 - - [19/Dec/2023:09:31:01 +0300] "GET /bitrix/admin/index.php HTTP/1.1" 301 162 "-" "Mozilla/5.0 (Windows NT 6.1) AppleWebKit/537.36 (KHTML, like Gecko) Chrome/45.0.2454.85 Safari/537.36 OPR/32.0.1948.45"
137.74.224.82 - - [19/Dec/2023:09:31:02 +0300] "POST /bitrix/admin/?login=yes HTTP/1.0" 301 162 "-" "Mozilla/5.0 (Windows NT 6.1) AppleWebKit/537.36 (KHTML, like Gecko) Chrome/45.0.2454.85 Safari/537.36 OPR/32.0.1948.45"
94.228.169.107 - - [19/Dec/2023:09:31:25 +0300] "GET / HTTP/1.1" 301 162 "-" "Mozilla/5.0 (X11; Ubuntu; Linux i686 on x86_64) AppleWebKit/537.36 (KHTML, like Gecko) Chrome/51.0.2732.82 Safari/537.36"
185.163.47.48 - - [19/Dec/2023:09:35:04 +0300] "GET /bitrix/admin/index.php HTTP/1.1" 301 162 "-" "Mozilla/5.0 (Windows NT 6.1) AppleWebKit/537.36 (KHTML, like Gecko) Chrome/45.0.2454.85 Safari/537.36 OPR/32.0.1948.45"
185.163.47.48 - - [19/Dec/2023:09:35:05 +0300] "POST /bitrix/admin/?login=yes HTTP/1.0" 301 162 "-" "Mozilla/5.0 (Windows NT 6.1) AppleWebKit/537.36 (KHTML, like Gecko) Chrome/45.0.2454.85 Safari/537.36 OPR/32.0.1948.45"
80.66.79.162 - - [19/Dec/2023:09:40:17 +0300] "GET / HTTP/1.0" 301 162 "http://gcba.ru/" "Mozilla/5.0 (Windows NT 10.0; WOW64) AppleWebKit/537.36 (KHTML, like Gecko) Chrome/45.0.2454.101 Safari/537.36"
183.56.249.160 - - [19/Dec/2023:09:40:26 +0300] "GET /wp-login.php HTTP/1.1" 301 162 "-" "Apache-HttpClient/4.5.2 (Java/1.8.0_161)"
95.163.36.11 - - [19/Dec/2023:09:42:45 +0300] "GET /news/nalogi/platezhku-na-uplatu-ndfl-nuzhno-oformlyat-na-kazhdoe-obosoblennoe-podrazdelenie-organizatsii-kotorom HTTP/1.1" 301 162 "-" "Mozilla/5.0 (compatible; Linux x86_64; Mail.RU_Bot/Fast/2.0; +https://help.mail.ru/webmaster/indexing/robots)"
92.242.36.2 - - [19/Dec/2023:10:07:49 +0300] "GET /news/nalogi/platezhku-na-uplatu-ndfl-nuzhno-oformlyat-na-kazhdoe-obosoblennoe-podrazdelenie-organizatsii-kotorom HTTP/1.1" 301 162 "-" "Mozilla/5.0 (X11; Ubuntu; Linux x86_64; rv:82.0) Gecko/20100101 Firefox/82.0"
45.138.16.168 - - [19/Dec/2023:10:23:11 +0300] "POST /auth/?register=yes HTTP/1.1" 301 162 "http://gcba.ru/auth/?register=yes" "Mozilla/5.0 (Windows NT 10.0; Win64; x64) AppleWebKit/537.36 (KHTML, like Gecko) Chrome/119.0.0.0 Safari/537.36"
45.138.16.168 - - [19/Dec/2023:10:23:11 +0300] "POST /auth/?forgot_password=yes HTTP/1.1" 301 162 "http://gcba.ru/auth/?register=yes" "Mozilla/5.0 (Windows NT 10.0; Win64; x64) AppleWebKit/537.36 (KHTML, like Gecko) Chrome/119.0.0.0 Safari/537.36"
92.242.36.2 - - [19/Dec/2023:10:35:13 +0300] "GET /news/nalogi/platezhku-na-uplatu-ndfl-nuzhno-oformlyat-na-kazhdoe-obosoblennoe-podrazdelenie-organizatsii-kotorom HTTP/1.1" 301 162 "-" "Mozilla/5.0 (X11; Ubuntu; Linux x86_64; rv:82.0) Gecko/20100101 Firefox/82.0"
45.140.167.229 - - [19/Dec/2023:10:40:26 +0300] "GET /bitrix/admin/index.php HTTP/1.1" 301 162 "-" "Mozilla/5.0 (Windows NT 6.1) AppleWebKit/537.36 (KHTML, like Gecko) Chrome/45.0.2454.85 Safari/537.36 OPR/32.0.1948.45"
45.140.167.229 - - [19/Dec/2023:10:40:27 +0300] "POST /bitrix/admin/?login=yes HTTP/1.0" 301 162 "-" "Mozilla/5.0 (Windows NT 6.1) AppleWebKit/537.36 (KHTML, like Gecko) Chrome/45.0.2454.85 Safari/537.36 OPR/32.0.1948.45"
91.92.240.127 - - [19/Dec/2023:10:41:27 +0300] "GET /wp-content/plugins/backup-backup/readme.txt HTTP/1.1" 301 162 "-" "Mozilla/5.0 (Windows NT 10.0; Win64; x64) AppleWebKit/537.36 (KHTML, like Gecko) Chrome/90.0.4430.85 Safari/537.36"
92.242.36.2 - - [19/Dec/2023:11:00:48 +0300] "GET /news/nalogi/platezhku-na-uplatu-ndfl-nuzhno-oformlyat-na-kazhdoe-obosoblennoe-podrazdelenie-organizatsii-kotorom HTTP/1.1" 301 162 "-" "Mozilla/5.0 (X11; Ubuntu; Linux x86_64; rv:82.0) Gecko/20100101 Firefox/82.0"
45.138.16.168 - - [19/Dec/2023:11:25:37 +0300] "POST /auth/?register=yes HTTP/1.1" 301 162 "http://gcba.ru/auth/?register=yes" "Mozilla/5.0 (Windows NT 10.0; Win64; x64) AppleWebKit/537.36 (KHTML, like Gecko) Chrome/119.0.0.0 Safari/537.36"
45.138.16.168 - - [19/Dec/2023:11:25:37 +0300] "POST /auth/?forgot_password=yes HTTP/1.1" 301 162 "http://gcba.ru/auth/?register=yes" "Mozilla/5.0 (Windows NT 10.0; Win64; x64) AppleWebKit/537.36 (KHTML, like Gecko) Chrome/119.0.0.0 Safari/537.36"
66.249.66.165 - - [19/Dec/2023:11:27:42 +0300] "GET /news/nalogi/rss/ HTTP/1.1" 301 162 "-" "Mozilla/5.0 (compatible; Googlebot/2.1; +http://www.google.com/bot.html)"
79.137.151.232 - - [19/Dec/2023:11:31:58 +0300] "GET /news/nalogi/platezhku-na-uplatu-ndfl-nuzhno-oformlyat-na-kazhdoe-obosoblennoe-podrazdelenie-organizatsii-kotorom HTTP/1.1" 301 162 "-" "Mozilla/5.0 (Windows NT 10.0; Win64; x64) AppleWebKit/537.36 (KHTML, like Gecko) Chrome/88.0.4324.150 Safari/537.36"
79.137.151.243 - - [19/Dec/2023:11:56:09 +0300] "GET /news/nalogi/platezhku-na-uplatu-ndfl-nuzhno-oformlyat-na-kazhdoe-obosoblennoe-podrazdelenie-organizatsii-kotorom HTTP/1.1" 301 162 "-" "Mozilla/5.0 (Windows NT 10.0; Win64; x64) AppleWebKit/537.36 (KHTML, like Gecko) Chrome/74.0.3729.169 Safari/537.36"
66.249.66.163 - - [19/Dec/2023:12:03:08 +0300] "GET /news/nalogi/rss/ HTTP/1.1" 301 162 "-" "Mozilla/5.0 (Linux; Android 6.0.1; Nexus 5X Build/MMB29P) AppleWebKit/537.36 (KHTML, like Gecko) Chrome/120.0.6099.71 Mobile Safari/537.36 (compatible; Googlebot/2.1; +http://www.google.com/bot.html)"
137.74.224.82 - - [19/Dec/2023:12:15:22 +0300] "GET /bitrix/admin/index.php HTTP/1.1" 301 162 "-" "Mozilla/5.0 (Windows NT 6.1) AppleWebKit/537.36 (KHTML, like Gecko) Chrome/45.0.2454.85 Safari/537.36 OPR/32.0.1948.45"
137.74.224.82 - - [19/Dec/2023:12:15:23 +0300] "POST /bitrix/admin/?login=yes HTTP/1.0" 301 162 "-" "Mozilla/5.0 (Windows NT 6.1) AppleWebKit/537.36 (KHTML, like Gecko) Chrome/45.0.2454.85 Safari/537.36 OPR/32.0.1948.45"
45.138.16.168 - - [19/Dec/2023:12:28:18 +0300] "POST /auth/?register=yes HTTP/1.1" 301 162 "http://gcba.ru/auth/?register=yes" "Mozilla/5.0 (Windows NT 10.0; Win64; x64) AppleWebKit/537.36 (KHTML, like Gecko) Chrome/119.0.0.0 Safari/537.36"
45.138.16.168 - - [19/Dec/2023:12:28:18 +0300] "POST /auth/?forgot_password=yes HTTP/1.1" 301 162 "http://gcba.ru/auth/?register=yes" "Mozilla/5.0 (Windows NT 10.0; Win64; x64) AppleWebKit/537.36 (KHTML, like Gecko) Chrome/119.0.0.0 Safari/537.36"
185.163.47.48 - - [19/Dec/2023:12:39:20 +0300] "GET /bitrix/admin/index.php HTTP/1.1" 301 162 "-" "Mozilla/5.0 (Windows NT 6.1) AppleWebKit/537.36 (KHTML, like Gecko) Chrome/45.0.2454.85 Safari/537.36 OPR/32.0.1948.45"
185.163.47.48 - - [19/Dec/2023:12:39:22 +0300] "POST /bitrix/admin/?login=yes HTTP/1.0" 301 162 "-" "Mozilla/5.0 (Windows NT 6.1) AppleWebKit/537.36 (KHTML, like Gecko) Chrome/45.0.2454.85 Safari/537.36 OPR/32.0.1948.45"
138.199.63.91 - - [19/Dec/2023:12:52:05 +0300] "GET /?success=8eddfcf9d1101a48f641f6942f564358 HTTP/1.0" 301 162 "http://gcba.ru/?success=8eddfcf9d1101a48f641f6942f564358" "Mozilla/5.0 (Windows NT 10.0; Win64; x64) AppleWebKit/537.36 (KHTML, like Gecko) Chrome/103.0.5060.66 Safari/537.36"
94.228.169.107 - - [19/Dec/2023:12:55:22 +0300] "GET / HTTP/1.1" 301 162 "-" "Mozilla/5.0 (Windows NT 6.2; Win64; x64; rv:46.0) Gecko/20100101 Firefox/46.0"
45.138.16.168 - - [19/Dec/2023:13:29:32 +0300] "POST /auth/?register=yes HTTP/1.1" 301 162 "http://gcba.ru/auth/?register=yes" "Mozilla/5.0 (Windows NT 10.0; Win64; x64) AppleWebKit/537.36 (KHTML, like Gecko) Chrome/119.0.0.0 Safari/537.36"
45.138.16.168 - - [19/Dec/2023:13:29:32 +0300] "POST /auth/?forgot_password=yes HTTP/1.1" 301 162 "http://gcba.ru/auth/?register=yes" "Mozilla/5.0 (Windows NT 10.0; Win64; x64) AppleWebKit/537.36 (KHTML, like Gecko) Chrome/119.0.0.0 Safari/537.36"
137.74.224.82 - - [19/Dec/2023:14:04:42 +0300] "GET /bitrix/admin/index.php HTTP/1.1" 301 162 "-" "Mozilla/5.0 (Windows NT 6.1) AppleWebKit/537.36 (KHTML, like Gecko) Chrome/45.0.2454.85 Safari/537.36 OPR/32.0.1948.45"
137.74.224.82 - - [19/Dec/2023:14:04:52 +0300] "POST /bitrix/admin/?login=yes HTTP/1.0" 301 162 "-" "Mozilla/5.0 (Windows NT 6.1) AppleWebKit/537.36 (KHTML, like Gecko) Chrome/45.0.2454.85 Safari/537.36 OPR/32.0.1948.45"
45.138.16.168 - - [19/Dec/2023:14:33:09 +0300] "POST /auth/?register=yes HTTP/1.1" 301 162 "http://gcba.ru/auth/?register=yes" "Mozilla/5.0 (Windows NT 10.0; Win64; x64) AppleWebKit/537.36 (KHTML, like Gecko) Chrome/119.0.0.0 Safari/537.36"
45.138.16.168 - - [19/Dec/2023:14:33:09 +0300] "POST /auth/?forgot_password=yes HTTP/1.1" 301 162 "http://gcba.ru/auth/?register=yes" "Mozilla/5.0 (Windows NT 10.0; Win64; x64) AppleWebKit/537.36 (KHTML, like Gecko) Chrome/119.0.0.0 Safari/537.36"
185.163.47.48 - - [19/Dec/2023:14:47:08 +0300] "GET /bitrix/admin/index.php HTTP/1.1" 301 162 "-" "Mozilla/5.0 (Windows NT 6.1) AppleWebKit/537.36 (KHTML, like Gecko) Chrome/45.0.2454.85 Safari/537.36 OPR/32.0.1948.45"
185.163.47.48 - - [19/Dec/2023:14:47:09 +0300] "POST /bitrix/admin/?login=yes HTTP/1.0" 301 162 "-" "Mozilla/5.0 (Windows NT 6.1) AppleWebKit/537.36 (KHTML, like Gecko) Chrome/45.0.2454.85 Safari/537.36 OPR/32.0.1948.45"
45.138.16.168 - - [19/Dec/2023:15:34:54 +0300] "POST /auth/?register=yes HTTP/1.1" 301 162 "http://gcba.ru/auth/?register=yes" "Mozilla/5.0 (Windows NT 10.0; Win64; x64) AppleWebKit/537.36 (KHTML, like Gecko) Chrome/119.0.0.0 Safari/537.36"
45.138.16.168 - - [19/Dec/2023:15:34:54 +0300] "POST /auth/?forgot_password=yes HTTP/1.1" 301 162 "http://gcba.ru/auth/?register=yes" "Mozilla/5.0 (Windows NT 10.0; Win64; x64) AppleWebKit/537.36 (KHTML, like Gecko) Chrome/119.0.0.0 Safari/537.36"
94.228.169.107 - - [19/Dec/2023:15:42:57 +0300] "GET / HTTP/1.1" 301 162 "-" "Mozilla/5.0 (Macintosh; Intel Mac OS X 10.10; rv:51.0) Gecko/20100101 Firefox/51.0"
137.74.224.82 - - [19/Dec/2023:16:03:09 +0300] "GET /bitrix/admin/index.php HTTP/1.1" 301 162 "-" "Mozilla/5.0 (Windows NT 6.1) AppleWebKit/537.36 (KHTML, like Gecko) Chrome/45.0.2454.85 Safari/537.36 OPR/32.0.1948.45"
137.74.224.82 - - [19/Dec/2023:16:03:10 +0300] "POST /bitrix/admin/?login=yes HTTP/1.0" 301 162 "-" "Mozilla/5.0 (Windows NT 6.1) AppleWebKit/537.36 (KHTML, like Gecko) Chrome/45.0.2454.85 Safari/537.36 OPR/32.0.1948.45"
54.191.213.94 - - [19/Dec/2023:16:23:01 +0300] "GET / HTTP/1.1" 301 162 "-" "Mozilla/5.0 (X11; Linux x86_64) AppleWebKit/537.36 (KHTML, like Gecko) Chrome/83.0.4103.97 Safari/537.36"
54.213.205.142 - - [19/Dec/2023:16:23:34 +0300] "GET /favicon.ico HTTP/1.1" 301 162 "-" "Mozilla/5.0 (X11; Linux x86_64) AppleWebKit/537.36 (KHTML, like Gecko) Chrome/83.0.4103.97 Safari/537.36"
54.213.205.142 - - [19/Dec/2023:16:23:37 +0300] "GET / HTTP/1.1" 301 162 "-" "Mozilla/5.0 (X11; Linux x86_64) AppleWebKit/537.36 (KHTML, like Gecko) Chrome/83.0.4103.97 Safari/537.36"
94.228.169.107 - - [19/Dec/2023:16:32:39 +0300] "GET / HTTP/1.1" 301 162 "-" "Mozilla/5.0 (Macintosh; Intel Mac OS X 10.10; rv:45.0) Gecko/20100101 Firefox/45.0"
45.138.16.168 - - [19/Dec/2023:16:37:10 +0300] "POST /auth/?register=yes HTTP/1.1" 301 162 "http://gcba.ru/auth/?register=yes" "Mozilla/5.0 (Windows NT 10.0; Win64; x64) AppleWebKit/537.36 (KHTML, like Gecko) Chrome/119.0.0.0 Safari/537.36"
45.138.16.168 - - [19/Dec/2023:16:37:10 +0300] "POST /auth/?forgot_password=yes HTTP/1.1" 301 162 "http://gcba.ru/auth/?register=yes" "Mozilla/5.0 (Windows NT 10.0; Win64; x64) AppleWebKit/537.36 (KHTML, like Gecko) Chrome/119.0.0.0 Safari/537.36"
185.163.47.48 - - [19/Dec/2023:16:54:36 +0300] "GET /bitrix/admin/index.php HTTP/1.1" 301 162 "-" "Mozilla/5.0 (Windows NT 6.1) AppleWebKit/537.36 (KHTML, like Gecko) Chrome/45.0.2454.85 Safari/537.36 OPR/32.0.1948.45"
185.163.47.48 - - [19/Dec/2023:16:54:38 +0300] "POST /bitrix/admin/?login=yes HTTP/1.0" 301 162 "-" "Mozilla/5.0 (Windows NT 6.1) AppleWebKit/537.36 (KHTML, like Gecko) Chrome/45.0.2454.85 Safari/537.36 OPR/32.0.1948.45"
66.249.66.164 - - [19/Dec/2023:17:03:07 +0300] "GET /news/nalogi/ekologicheskiy-sbor/ HTTP/1.1" 301 162 "-" "Mozilla/5.0 (Linux; Android 6.0.1; Nexus 5X Build/MMB29P) AppleWebKit/537.36 (KHTML, like Gecko) Chrome/120.0.6099.71 Mobile Safari/537.36 (compatible; Googlebot/2.1; +http://www.google.com/bot.html)"
45.140.167.229 - - [19/Dec/2023:17:05:34 +0300] "GET /bitrix/admin/index.php HTTP/1.1" 301 162 "-" "Mozilla/5.0 (Windows NT 6.1) AppleWebKit/537.36 (KHTML, like Gecko) Chrome/45.0.2454.85 Safari/537.36 OPR/32.0.1948.45"
45.140.167.229 - - [19/Dec/2023:17:05:35 +0300] "POST /bitrix/admin/?login=yes HTTP/1.0" 301 162 "-" "Mozilla/5.0 (Windows NT 6.1) AppleWebKit/537.36 (KHTML, like Gecko) Chrome/45.0.2454.85 Safari/537.36 OPR/32.0.1948.45"
45.138.16.168 - - [19/Dec/2023:17:19:21 +0300] "POST /auth/?register=yes HTTP/1.1" 301 162 "http://gcba.ru/auth/?register=yes" "Mozilla/5.0 (Windows NT 10.0; Win64; x64) AppleWebKit/537.36 (KHTML, like Gecko) Chrome/119.0.0.0 Safari/537.36"
45.138.16.168 - - [19/Dec/2023:17:19:21 +0300] "POST /auth/?forgot_password=yes HTTP/1.1" 301 162 "http://gcba.ru/auth/?register=yes" "Mozilla/5.0 (Windows NT 10.0; Win64; x64) AppleWebKit/537.36 (KHTML, like Gecko) Chrome/119.0.0.0 Safari/537.36"
95.143.190.169 - - [19/Dec/2023:17:39:02 +0300] "GET / HTTP/1.0" 301 162 "http://gcba.ru/" "Mozilla/5.0 (Windows NT 6.1; Win64; x64) AppleWebKit/537.36 (KHTML, like Gecko) Chrome/103.0.0.0 Safari/537.36"
213.171.8.14 - - [19/Dec/2023:17:53:32 +0300] "GET / HTTP/1.1" 301 162 "-" "Mozilla/5.0 (Macintosh; Intel Mac OS X 10_15_7) AppleWebKit/537.36 (KHTML, like Gecko) Chrome/104.0.5112.79 Safari/537.36"
137.74.224.82 - - [19/Dec/2023:17:55:05 +0300] "GET /bitrix/admin/index.php HTTP/1.1" 301 162 "-" "Mozilla/5.0 (Windows NT 6.1) AppleWebKit/537.36 (KHTML, like Gecko) Chrome/45.0.2454.85 Safari/537.36 OPR/32.0.1948.45"
137.74.224.82 - - [19/Dec/2023:17:55:06 +0300] "POST /bitrix/admin/?login=yes HTTP/1.0" 301 162 "-" "Mozilla/5.0 (Windows NT 6.1) AppleWebKit/537.36 (KHTML, like Gecko) Chrome/45.0.2454.85 Safari/537.36 OPR/32.0.1948.45"
40.77.167.35 - - [19/Dec/2023:18:00:12 +0300] "GET /services/?section_id=5 HTTP/1.1" 301 162 "-" "Mozilla/5.0 AppleWebKit/537.36 (KHTML, like Gecko; compatible; bingbot/2.0; +http://www.bing.com/bingbot.htm) Chrome/116.0.1938.76 Safari/537.36"
37.19.217.105 - - [19/Dec/2023:18:17:57 +0300] "GET / HTTP/1.1" 301 162 "-" "Mozilla/5.0 (X11; Linux x86_64) AppleWebKit/537.36 (KHTML, like Gecko) Chrome/114.0.0.0 Safari/537.36"
