95.217.114.179 - - [05/Sep/2024:17:13:31 +0300] "GET /news/nalogi/esli-predoplata-i-otgruzka-tovara-proiskhodyat-v-techenie-pyati-dney-to-schet-faktura-na-predoplatu-/ HTTP/1.1" 301 162 "-" "Mozilla/5.0 (compatible; BLEXBot/1.0; +http://webmeup-crawler.com/)"
95.217.114.179 - - [05/Sep/2024:17:13:33 +0300] "GET /news/nalogi/fns-vnov-vzyalas-za-vzaimootnosheniya-s-samozanyatymi/ HTTP/1.1" 301 162 "-" "Mozilla/5.0 (compatible; BLEXBot/1.0; +http://webmeup-crawler.com/)"
95.217.114.179 - - [05/Sep/2024:17:13:35 +0300] "GET /news/nalogi/izmeneniya-2017-goda/ HTTP/1.1" 301 162 "-" "Mozilla/5.0 (compatible; BLEXBot/1.0; +http://webmeup-crawler.com/)"
95.217.114.179 - - [05/Sep/2024:17:13:37 +0300] "GET /news/nalogi/izmeneniya-po-ischislenii-naloga-na-dobychu-poleznykh-iskopaemykh-/ HTTP/1.1" 301 162 "-" "Mozilla/5.0 (compatible; BLEXBot/1.0; +http://webmeup-crawler.com/)"
95.217.114.179 - - [05/Sep/2024:17:13:40 +0300] "GET /news/nalogi/kak-izmenyatsya-nds-usn-envd-i-eskhn-v-2018-godu?PAGEN_1=2 HTTP/1.1" 301 162 "-" "Mozilla/5.0 (compatible; BLEXBot/1.0; +http://webmeup-crawler.com/)"
95.217.114.179 - - [05/Sep/2024:17:13:49 +0300] "GET /news/nalogi/lgoty-po-nalogu-na-imushchestvo/ HTTP/1.1" 301 162 "-" "Mozilla/5.0 (compatible; BLEXBot/1.0; +http://webmeup-crawler.com/)"
95.217.114.179 - - [05/Sep/2024:17:13:51 +0300] "GET /news/nalogi/novye-lgoty-po-uplate-gosudarstvennykh-poshlin/ HTTP/1.1" 301 162 "-" "Mozilla/5.0 (compatible; BLEXBot/1.0; +http://webmeup-crawler.com/)"
95.217.114.179 - - [05/Sep/2024:17:13:53 +0300] "GET /news/nalogi/platezhku-na-uplatu-ndfl-nuzhno-oformlyat-na-kazhdoe-obosoblennoe-podrazdelenie-organizatsii-kotorom/ HTTP/1.1" 301 162 "-" "Mozilla/5.0 (compatible; BLEXBot/1.0; +http://webmeup-crawler.com/)"
95.217.114.179 - - [05/Sep/2024:17:13:55 +0300] "GET /news/nalogi/rss?PAGEN_1=2 HTTP/1.1" 301 162 "-" "Mozilla/5.0 (compatible; BLEXBot/1.0; +http://webmeup-crawler.com/)"
95.217.114.179 - - [05/Sep/2024:17:13:58 +0300] "GET /news/nalogi/rss?PAGEN_1=3 HTTP/1.1" 301 162 "-" "Mozilla/5.0 (compatible; BLEXBot/1.0; +http://webmeup-crawler.com/)"
95.217.114.179 - - [05/Sep/2024:17:14:00 +0300] "GET /news/nalogi/szv-stazh-spetsifika-zapolneniya/ HTTP/1.1" 301 162 "-" "Mozilla/5.0 (compatible; BLEXBot/1.0; +http://webmeup-crawler.com/)"
95.217.114.179 - - [05/Sep/2024:17:14:06 +0300] "GET /news/pravo/ HTTP/1.1" 301 162 "-" "Mozilla/5.0 (compatible; BLEXBot/1.0; +http://webmeup-crawler.com/)"
95.217.114.179 - - [05/Sep/2024:17:14:08 +0300] "GET /news/pravo/doverennostm-na-sdachu-otchetnosti/ HTTP/1.1" 301 162 "-" "Mozilla/5.0 (compatible; BLEXBot/1.0; +http://webmeup-crawler.com/)"
95.217.114.179 - - [05/Sep/2024:17:14:10 +0300] "GET /news/pravo/gruppa-deputatov-i-senatorov-vnesla-v-gosdumu-zakonoproekt-kotoryy-predusmatrivaet-do-desyati-let-li/ HTTP/1.1" 301 162 "-" "Mozilla/5.0 (compatible; BLEXBot/1.0; +http://webmeup-crawler.com/)"
95.217.114.179 - - [05/Sep/2024:17:14:12 +0300] "GET /news/pravo/po-dolgam-firmy-budet-platit-ee-khozyain/ HTTP/1.1" 301 162 "-" "Mozilla/5.0 (compatible; BLEXBot/1.0; +http://webmeup-crawler.com/)"
95.217.114.179 - - [05/Sep/2024:17:14:32 +0300] "GET /news/pravo/rss/ HTTP/1.1" 301 162 "-" "Mozilla/5.0 (compatible; BLEXBot/1.0; +http://webmeup-crawler.com/)"
95.217.114.179 - - [05/Sep/2024:17:14:35 +0300] "GET /news/pravo/rss?PAGEN_1=2 HTTP/1.1" 301 162 "-" "Mozilla/5.0 (compatible; BLEXBot/1.0; +http://webmeup-crawler.com/)"
95.217.114.179 - - [05/Sep/2024:17:14:38 +0300] "GET /news/pravo/shtraf-za-nesvoevremennuyu-uplatu-ndfl-pri-kakikh-usloviyakh-nalogovyy-agent-mozhet-izbezhat-sanktsi?PAGEN_1=2 HTTP/1.1" 301 162 "-" "Mozilla/5.0 (compatible; BLEXBot/1.0; +http://webmeup-crawler.com/)"
95.217.114.179 - - [05/Sep/2024:17:14:41 +0300] "GET /news/pravo/sud-priznal-pravomernym-otkaz-v-vychete-nds-iz-za-togo-chto-schet-faktura-byl-podpisan-faksimile-esl/ HTTP/1.1" 301 162 "-" "Mozilla/5.0 (compatible; BLEXBot/1.0; +http://webmeup-crawler.com/)"
95.217.114.179 - - [05/Sep/2024:17:14:43 +0300] "GET /news/pravo/uznay-svoy-inn-/ HTTP/1.1" 301 162 "-" "Mozilla/5.0 (compatible; BLEXBot/1.0; +http://webmeup-crawler.com/)"
95.217.114.179 - - [05/Sep/2024:17:14:46 +0300] "GET /news/rss?PAGEN_1=2 HTTP/1.1" 301 162 "-" "Mozilla/5.0 (compatible; BLEXBot/1.0; +http://webmeup-crawler.com/)"
95.217.114.179 - - [05/Sep/2024:17:15:07 +0300] "GET /services/?SECTION_ID=10 HTTP/1.1" 301 162 "-" "Mozilla/5.0 (compatible; BLEXBot/1.0; +http://webmeup-crawler.com/)"
95.217.114.179 - - [05/Sep/2024:17:15:10 +0300] "GET /services/?SECTION_ID=11 HTTP/1.1" 301 162 "-" "Mozilla/5.0 (compatible; BLEXBot/1.0; +http://webmeup-crawler.com/)"
95.217.114.179 - - [05/Sep/2024:17:15:12 +0300] "GET /services/?SECTION_ID=12 HTTP/1.1" 301 162 "-" "Mozilla/5.0 (compatible; BLEXBot/1.0; +http://webmeup-crawler.com/)"
95.217.114.179 - - [05/Sep/2024:17:15:14 +0300] "GET /services/?SECTION_ID=7 HTTP/1.1" 301 162 "-" "Mozilla/5.0 (compatible; BLEXBot/1.0; +http://webmeup-crawler.com/)"
95.217.114.179 - - [05/Sep/2024:17:15:17 +0300] "GET /services/?SECTION_ID=8 HTTP/1.1" 301 162 "-" "Mozilla/5.0 (compatible; BLEXBot/1.0; +http://webmeup-crawler.com/)"
95.217.114.179 - - [05/Sep/2024:17:15:23 +0300] "GET /services/?SECTION_ID=9 HTTP/1.1" 301 162 "-" "Mozilla/5.0 (compatible; BLEXBot/1.0; +http://webmeup-crawler.com/)"
40.77.167.181 - - [05/Sep/2024:17:18:39 +0300] "GET /robots.txt HTTP/1.1" 301 162 "-" "Mozilla/5.0 AppleWebKit/537.36 (KHTML, like Gecko; compatible; bingbot/2.0; +http://www.bing.com/bingbot.htm) Chrome/116.0.1938.76 Safari/537.36"
40.77.167.7 - - [05/Sep/2024:17:18:47 +0300] "GET /eng/services/?section_id=13 HTTP/1.1" 301 162 "-" "Mozilla/5.0 AppleWebKit/537.36 (KHTML, like Gecko; compatible; bingbot/2.0; +http://www.bing.com/bingbot.htm) Chrome/116.0.1938.76 Safari/537.36"
38.180.50.219 - - [05/Sep/2024:17:41:08 +0300] "HEAD /server.zip HTTP/1.1" 301 0 "-" "Mozilla/5.0 (Windows NT 10.0; Win64; x64) AppleWebKit/537.36 (KHTML, like Gecko) Chrome/101.0.4951.67 Safari/537.36"
185.209.31.7 - - [05/Sep/2024:18:11:42 +0300] "GET / HTTP/1.0" 301 162 "-" "Mozilla/5.0 (Windows NT 6.3; Win64; x64) AppleWebKit/537.36 (KHTML, like Gecko) Chrome/75.0.3770.100 Safari/537.36"
46.226.166.50 - - [05/Sep/2024:18:50:03 +0300] "GET / HTTP/1.1" 301 162 "-" "Mozilla/5.0 (Windows NT 6.2; Win64; x64) AppleWebKit/537.36 (KHTML, like Gecko) Chrome/50.0.2693.16 Safari/537.36"
89.110.65.103 - - [05/Sep/2024:19:15:34 +0300] "GET / HTTP/1.0" 301 162 "http://gcba.ru/" "Mozilla/5.0 (Windows NT 10.0.0; Win64; x64; ) AppleWebKit/537.36 (KHTML, like Gecko) Chrome/124.0.6367.78 Chrome/124.0.6367.78 Not-A.Brand/99  Safari/537.36"
38.180.50.219 - - [05/Sep/2024:19:17:17 +0300] "HEAD /core.zip HTTP/1.1" 301 0 "-" "Mozilla/5.0 (Windows NT 10.0; Win64; x64) AppleWebKit/537.36 (KHTML, like Gecko) Chrome/101.0.4951.67 Safari/537.36"
46.226.166.50 - - [05/Sep/2024:19:21:53 +0300] "GET / HTTP/1.1" 301 162 "-" "Mozilla/5.0 (Macintosh; Intel Mac OS X 10.8; rv:46.0) Gecko/20100101 Firefox/46.0"
195.2.71.197 - - [05/Sep/2024:19:45:02 +0300] "GET / HTTP/1.0" 301 162 "http://gcba.ru/" "Mozilla/5.0 (Windows NT 10.0; Win64; x64) AppleWebKit/537.36 (KHTML, like Gecko) Chrome/120.0.0.0 Iron Safari/537.36"
45.141.78.254 - - [05/Sep/2024:20:12:08 +0300] "GET /news/metodologiya HTTP/1.1" 301 162 "-" "Mozilla/5.0 (keys-so-bot)"
137.220.58.118 - - [05/Sep/2024:20:29:36 +0300] "HEAD /wordpress HTTP/1.1" 301 0 "-" "Mozilla/5.0 (Windows NT 10.0; Win64; x64) AppleWebKit/537.36 (KHTML, like Gecko) Chrome/74.0.3729.169 Safari/537.36"
137.220.58.118 - - [05/Sep/2024:20:29:37 +0300] "HEAD / HTTP/1.1" 301 0 "-" "Mozilla/5.0 (Windows NT 10.0; Win64; x64) AppleWebKit/537.36 (KHTML, like Gecko) Chrome/74.0.3729.169 Safari/537.36"
137.220.58.118 - - [05/Sep/2024:20:29:37 +0300] "HEAD /wp HTTP/1.1" 301 0 "-" "Mozilla/5.0 (Windows NT 10.0; Win64; x64) AppleWebKit/537.36 (KHTML, like Gecko) Chrome/74.0.3729.169 Safari/537.36"
137.220.58.118 - - [05/Sep/2024:20:29:37 +0300] "HEAD /bc HTTP/1.1" 301 0 "-" "Mozilla/5.0 (Windows NT 10.0; Win64; x64) AppleWebKit/537.36 (KHTML, like Gecko) Chrome/74.0.3729.169 Safari/537.36"
137.220.58.118 - - [05/Sep/2024:20:29:38 +0300] "HEAD /bk HTTP/1.1" 301 0 "-" "Mozilla/5.0 (Windows NT 10.0; Win64; x64) AppleWebKit/537.36 (KHTML, like Gecko) Chrome/74.0.3729.169 Safari/537.36"
137.220.58.118 - - [05/Sep/2024:20:29:40 +0300] "HEAD /backup HTTP/1.1" 301 0 "-" "Mozilla/5.0 (Windows NT 10.0; Win64; x64) AppleWebKit/537.36 (KHTML, like Gecko) Chrome/74.0.3729.169 Safari/537.36"
137.220.58.118 - - [05/Sep/2024:20:29:40 +0300] "HEAD /old HTTP/1.1" 301 0 "-" "Mozilla/5.0 (Windows NT 10.0; Win64; x64) AppleWebKit/537.36 (KHTML, like Gecko) Chrome/74.0.3729.169 Safari/537.36"
137.220.58.118 - - [05/Sep/2024:20:29:40 +0300] "HEAD /new HTTP/1.1" 301 0 "-" "Mozilla/5.0 (Windows NT 10.0; Win64; x64) AppleWebKit/537.36 (KHTML, like Gecko) Chrome/74.0.3729.169 Safari/537.36"
137.220.58.118 - - [05/Sep/2024:20:29:41 +0300] "HEAD /main HTTP/1.1" 301 0 "-" "Mozilla/5.0 (Windows NT 10.0; Win64; x64) AppleWebKit/537.36 (KHTML, like Gecko) Chrome/74.0.3729.169 Safari/537.36"
137.220.58.118 - - [05/Sep/2024:20:29:42 +0300] "HEAD /home HTTP/1.1" 301 0 "-" "Mozilla/5.0 (Windows NT 10.0; Win64; x64) AppleWebKit/537.36 (KHTML, like Gecko) Chrome/74.0.3729.169 Safari/537.36"
2.59.238.119 - - [05/Sep/2024:20:32:29 +0300] "GET / HTTP/1.1" 301 162 "-" "curl/7.54.0"
38.180.50.219 - - [05/Sep/2024:20:50:53 +0300] "HEAD /private.zip HTTP/1.1" 301 0 "-" "Mozilla/5.0 (Windows NT 10.0; Win64; x64) AppleWebKit/537.36 (KHTML, like Gecko) Chrome/101.0.4951.67 Safari/537.36"
52.167.144.21 - - [05/Sep/2024:21:26:24 +0300] "GET /eng HTTP/1.1" 301 162 "-" "Mozilla/5.0 AppleWebKit/537.36 (KHTML, like Gecko; compatible; bingbot/2.0; +http://www.bing.com/bingbot.htm) Chrome/116.0.1938.76 Safari/537.36"
194.38.20.13 - - [05/Sep/2024:21:26:46 +0300] "GET /assets/fileupload/server/php/index.php?file=tf2rghf.jpg HTTP/1.1" 301 162 "-" "ALittle Client"
38.180.50.219 - - [05/Sep/2024:22:24:11 +0300] "HEAD /config.zip HTTP/1.1" 301 0 "-" "Mozilla/5.0 (Windows NT 10.0; Win64; x64) AppleWebKit/537.36 (KHTML, like Gecko) Chrome/101.0.4951.67 Safari/537.36"
46.226.166.50 - - [05/Sep/2024:22:27:04 +0300] "GET / HTTP/1.1" 301 162 "-" "Mozilla/5.0 (Windows NT 5.1; WOW64) AppleWebKit/537.36 (KHTML, like Gecko) Chrome/54.0.2842.26 Safari/537.36"
185.12.124.78 - - [05/Sep/2024:22:27:49 +0300] "GET / HTTP/1.1" 301 162 "GCBA.RU" "Mozilla/5.0 (compatible; BackupLand/1.0; https://go.backupland.com/; Domain check for viruses;)"
66.249.66.36 - - [05/Sep/2024:23:41:34 +0300] "GET /robots.txt HTTP/1.1" 301 162 "-" "Mozilla/5.0 (compatible; Googlebot/2.1; +http://www.google.com/bot.html)"
66.249.66.37 - - [05/Sep/2024:23:41:34 +0300] "GET / HTTP/1.1" 301 162 "-" "Mozilla/5.0 (Linux; Android 6.0.1; Nexus 5X Build/MMB29P) AppleWebKit/537.36 (KHTML, like Gecko) Chrome/128.0.6613.113 Mobile Safari/537.36 (compatible; Googlebot/2.1; +http://www.google.com/bot.html)"
66.249.66.36 - - [05/Sep/2024:23:41:49 +0300] "GET / HTTP/1.1" 301 162 "-" "Mozilla/5.0 (Linux; Android 6.0.1; Nexus 5X Build/MMB29P) AppleWebKit/537.36 (KHTML, like Gecko) Chrome/99.0.4844.84 Mobile Safari/537.36 (compatible; Googlebot/2.1; +http://www.google.com/bot.html)"
66.249.66.35 - - [05/Sep/2024:23:41:51 +0300] "GET / HTTP/1.1" 301 162 "-" "Mozilla/5.0 (compatible; Googlebot/2.1; +http://www.google.com/bot.html)"
93.100.159.142 - - [05/Sep/2024:23:42:06 +0300] "GET / HTTP/1.0" 301 162 "-" "Mozilla/5.0 (Windows NT 10.0; Win64; x64) AppleWebKit/537.36 (KHTML, like Gecko) Chrome/118.0.0.0 Safari/537.36"
54.189.78.117 - - [05/Sep/2024:23:45:15 +0300] "GET /bitrix/js/ui/dexie/dist/dexie3.bundle.min.js HTTP/1.1" 301 162 "-" "Mozilla/5.0 (Linux; Android 9; JSN-AL00a Build/HONORJSN-AL00a; wv) AppleWebKit/537.36 (KHTML, like Gecko) Version/4.0 Chrome/66.0.3359.126 MQQBrowser/6.2 TBS/044807 Mobile Safari/537.36 MMWEBID/1961 MicroMessenger/7.0.6.1460(0x27000634) Process/tools NetType/WIFI Language/zh_CN"
54.189.78.117 - - [05/Sep/2024:23:45:15 +0300] "GET //ajax.googleapis.com/ajax/libs/jqueryui/1.11.4/jquery-ui.min.js HTTP/1.1" 301 162 "-" "Mozilla/5.0 (Windows NT 6.1; rv:21.0) Gecko/20130401 Firefox/21.0"
54.189.78.117 - - [05/Sep/2024:23:45:15 +0300] "GET /bitrix/js/main/core/core.min.js HTTP/1.1" 301 162 "-" "Mozilla/5.0 (X11; U; Linux i686; en-US; rv:1.9.0.11) Gecko/2009060309 Ubuntu/9.10 (karmic) Firefox/3.0.11"
54.189.78.117 - - [05/Sep/2024:23:45:15 +0300] "GET /local/templates/main_bag/template_styles.cs HTTP/1.1" 301 162 "-" "Mozilla/5.0 (Windows NT 6.1; Win64; x64) AppleWebKit/537.36 (KHTML, like Gecko) Chrome/76.0.3809.100 Safari/537.36"
54.189.78.117 - - [05/Sep/2024:23:45:15 +0300] "GET /bitrix/js/main/polyfill/promise/js/promise.js HTTP/1.1" 301 162 "-" "Opera/9.80 (Windows NT 6.0) Presto/2.12.388 Version/12.14"
54.189.78.117 - - [05/Sep/2024:23:45:15 +0300] "GET /bitrix/cache/js/s1/main_bag/template_240e992f8c2b1ec529a4c7cc929bb9c8/template_240e992f8c2b1ec529a4c7cc929bb9c8_v1.js HTTP/1.1" 301 162 "-" "Mozilla/5.0 (Windows NT 10.0; Win64; x64) AppleWebKit/537.36 (KHTML, like Gecko) Chrome/69.0.3497.100 Safari/537.36"
38.180.50.219 - - [05/Sep/2024:23:56:53 +0300] "HEAD /configs.zip HTTP/1.1" 301 0 "-" "Mozilla/5.0 (Windows NT 10.0; Win64; x64) AppleWebKit/537.36 (KHTML, like Gecko) Chrome/101.0.4951.67 Safari/537.36"
114.119.130.167 - - [06/Sep/2024:01:15:34 +0300] "GET /robots.txt HTTP/1.1" 301 162 "-" "Mozilla/5.0 (compatible;PetalBot;+https://webmaster.petalsearch.com/site/petalbot)"
38.180.50.219 - - [06/Sep/2024:01:32:10 +0300] "HEAD /php.zip HTTP/1.1" 301 0 "-" "Mozilla/5.0 (Windows NT 10.0; Win64; x64) AppleWebKit/537.36 (KHTML, like Gecko) Chrome/101.0.4951.67 Safari/537.36"
66.249.66.35 - - [06/Sep/2024:01:40:22 +0300] "GET / HTTP/1.1" 301 162 "-" "Mozilla/5.0 (Linux; Android 6.0.1; Nexus 5X Build/MMB29P) AppleWebKit/537.36 (KHTML, like Gecko) Chrome/128.0.6613.113 Mobile Safari/537.36 (compatible; Googlebot/2.1; +http://www.google.com/bot.html)"
46.226.166.50 - - [06/Sep/2024:01:51:01 +0300] "GET / HTTP/1.1" 301 162 "-" "Mozilla/5.0 (Macintosh; Intel Mac OS X 10_8_1) AppleWebKit/537.36 (KHTML, like Gecko) Chrome/56.0.2950.6 Safari/537.36"
194.38.23.16 - - [06/Sep/2024:02:19:52 +0300] "GET /theme/assets/upload_image.php HTTP/1.1" 301 162 "-" "ALittle Client"
62.122.184.194 - - [06/Sep/2024:02:59:42 +0300] "GET / HTTP/1.0" 301 162 "http://gcba.ru/" "Mozilla/5.0 (Windows NT 10.0; Win64; x64) AppleWebKit/537.36 (KHTML, like Gecko) Chrome/120.0.0.0 Safari/537.36"
38.180.50.219 - - [06/Sep/2024:03:03:51 +0300] "HEAD /export.zip HTTP/1.1" 301 0 "-" "Mozilla/5.0 (Windows NT 10.0; Win64; x64) AppleWebKit/537.36 (KHTML, like Gecko) Chrome/101.0.4951.67 Safari/537.36"
198.235.24.121 - - [06/Sep/2024:03:21:46 +0300] "GET / HTTP/1.1" 301 162 "-" "Expanse, a Palo Alto Networks company, searches across the global IPv4 space multiple times per day to identify customers' presences on the Internet. If you would like to be excluded from our scans, please send IP addresses/domains to: scaninfo@paloaltonetworks.com"
46.226.166.50 - - [06/Sep/2024:03:36:02 +0300] "GET / HTTP/1.1" 301 162 "-" "Mozilla/5.0 (X11; Ubuntu; Linux i686) AppleWebKit/537.36 (KHTML, like Gecko) Chrome/52.0.2763.69 Safari/537.36"
140.245.32.212 - - [06/Sep/2024:03:37:45 +0300] "GET /.env HTTP/1.1" 301 162 "-" "Mozilla/5.0 (Linux; U; Android 4.4.2; en-US; HM NOTE 1W Build/KOT49H) AppleWebKit/534.30 (KHTML, like Gecko) Version/4.0 UCBrowser/11.0.5.850 U3/0.8.0 Mobile Safari/534.30"
140.245.32.212 - - [06/Sep/2024:03:37:46 +0300] "POST / HTTP/1.1" 301 162 "-" "Mozilla/5.0 (Linux; U; Android 4.4.2; en-US; HM NOTE 1W Build/KOT49H) AppleWebKit/534.30 (KHTML, like Gecko) Version/4.0 UCBrowser/11.0.5.850 U3/0.8.0 Mobile Safari/534.30"
140.245.32.212 - - [06/Sep/2024:03:37:48 +0300] "GET /vendor/phpunit/phpunit/src/Util/PHP/eval-stdin.php HTTP/1.1" 301 162 "-" "python-requests/2.32.3"
38.180.50.219 - - [06/Sep/2024:04:34:33 +0300] "HEAD /adminweb.zip HTTP/1.1" 301 0 "-" "Mozilla/5.0 (Windows NT 10.0; Win64; x64) AppleWebKit/537.36 (KHTML, like Gecko) Chrome/101.0.4951.67 Safari/537.36"
46.226.166.50 - - [06/Sep/2024:05:15:04 +0300] "GET / HTTP/1.1" 301 162 "-" "Mozilla/5.0 (Windows NT 6.2; Win64; x64; Trident/7.0; rv:11.0) like Gecko"
23.94.174.160 - - [06/Sep/2024:05:26:11 +0300] "GET /news/metodologiya/rss/ HTTP/1.1" 301 162 "-" "-"
46.226.166.50 - - [06/Sep/2024:05:35:14 +0300] "GET / HTTP/1.1" 301 162 "-" "Mozilla/5.0 (X11; Ubuntu; Linux i686) AppleWebKit/537.36 (KHTML, like Gecko) Chrome/52.0.2779.91 Safari/537.36"
185.210.180.123 - - [06/Sep/2024:05:52:28 +0300] "GET / HTTP/1.0" 301 162 "http://gcba.ru/" "Mozilla/5.0 (Windows NT 6.3; Win64; x64) AppleWebKit/537.36 (KHTML, like Gecko) Chrome/109.0.0.0 Safari/537.36"
38.180.50.219 - - [06/Sep/2024:06:04:44 +0300] "HEAD /adminuser.zip HTTP/1.1" 301 0 "-" "Mozilla/5.0 (Windows NT 10.0; Win64; x64) AppleWebKit/537.36 (KHTML, like Gecko) Chrome/101.0.4951.67 Safari/537.36"
91.132.92.160 - - [06/Sep/2024:07:10:34 +0300] "GET / HTTP/1.1" 301 162 "-" "User-Agent: Mozilla/5.0 (Windows NT 10.0; WOW64) AppleWebKit/537.36 (KHTML, like Gecko) Chrome/76.0.3809.132 YaBrowser/19.9.3.314 Yowser/2.5 Safari/537.36"
120.244.24.138 - - [06/Sep/2024:07:30:24 +0300] "GET / HTTP/1.1" 301 162 "http://gcba.ru/" "Mozilla/5.0 (Windows NT 6.1; WOW64) AppleWebKit/537.36 (KHTML, like Gecko) Chrome/50.0.2661.102 Safari/537.36"
38.180.50.219 - - [06/Sep/2024:07:34:52 +0300] "HEAD /adminfiles.zip HTTP/1.1" 301 0 "-" "Mozilla/5.0 (Windows NT 10.0; Win64; x64) AppleWebKit/537.36 (KHTML, like Gecko) Chrome/101.0.4951.67 Safari/537.36"
34.69.102.4 - - [06/Sep/2024:08:28:33 +0300] "GET / HTTP/1.1" 301 162 "-" "Mozilla/5.0 (Windows NT 10.0; Win64; x64) AppleWebKit/537.36 (KHTML, like Gecko) Chrome/123.0.0.0 Safari/537.36"
46.226.166.50 - - [06/Sep/2024:08:37:58 +0300] "GET / HTTP/1.1" 301 162 "-" "Mozilla/5.0 (compatible; MSIE 8.0; Windows NT 6.1; WOW64; Trident/4.0)"
46.226.166.50 - - [06/Sep/2024:08:40:37 +0300] "GET /bitrix/admin/index.php?login=yes HTTP/1.1" 301 162 "-" "Mozilla/5.0 (Macintosh; Intel Mac OS X 10.12; rv:46.0) Gecko/20100101 Firefox/46.0"
195.191.219.132 - - [06/Sep/2024:08:55:41 +0300] "GET /robots.txt HTTP/1.1" 301 162 "-" "Mozilla/5.0 (compatible; MJ12bot/v1.4.8; http://mj12bot.com/)"
195.191.219.132 - - [06/Sep/2024:08:55:44 +0300] "GET / HTTP/1.1" 301 162 "-" "Mozilla/5.0 (compatible; MJ12bot/v1.4.8; http://mj12bot.com/)"
38.180.50.219 - - [06/Sep/2024:09:08:20 +0300] "HEAD /wwwroot.zip HTTP/1.1" 301 0 "-" "Mozilla/5.0 (Windows NT 10.0; Win64; x64) AppleWebKit/537.36 (KHTML, like Gecko) Chrome/101.0.4951.67 Safari/537.36"
42.236.101.225 - - [06/Sep/2024:09:23:57 +0300] "GET / HTTP/1.1" 301 162 "http://gcba.ru/" "Mozilla/5.0 (Windows NT 6.1; WOW64) AppleWebKit/537.36 (KHTML, like Gecko) Chrome/50.0.2661.102 Safari/537.36; 360Spider"
38.180.50.219 - - [06/Sep/2024:10:41:37 +0300] "HEAD /full.zip HTTP/1.1" 301 0 "-" "Mozilla/5.0 (Windows NT 10.0; Win64; x64) AppleWebKit/537.36 (KHTML, like Gecko) Chrome/101.0.4951.67 Safari/537.36"
183.56.195.106 - - [06/Sep/2024:11:11:48 +0300] "GET /wp-login.php HTTP/1.1" 301 162 "-" "Apache-HttpClient/4.5.2 (Java/1.8.0_161)"
183.56.195.106 - - [06/Sep/2024:11:11:53 +0300] "GET /?author=1 HTTP/1.1" 301 162 "-" "Apache-HttpClient/4.5.2 (Java/1.8.0_161)"
183.56.195.106 - - [06/Sep/2024:11:11:54 +0300] "GET /?author=2 HTTP/1.1" 301 162 "-" "Apache-HttpClient/4.5.2 (Java/1.8.0_161)"
183.56.195.106 - - [06/Sep/2024:11:11:54 +0300] "GET /?author=3 HTTP/1.1" 301 162 "-" "Apache-HttpClient/4.5.2 (Java/1.8.0_161)"
183.56.195.106 - - [06/Sep/2024:11:11:55 +0300] "GET /?author=4 HTTP/1.1" 301 162 "-" "Apache-HttpClient/4.5.2 (Java/1.8.0_161)"
183.56.195.106 - - [06/Sep/2024:11:11:56 +0300] "GET /?author=5 HTTP/1.1" 301 162 "-" "Apache-HttpClient/4.5.2 (Java/1.8.0_161)"
183.56.195.106 - - [06/Sep/2024:11:11:56 +0300] "GET /?author=6 HTTP/1.1" 301 162 "-" "Apache-HttpClient/4.5.2 (Java/1.8.0_161)"
183.56.195.106 - - [06/Sep/2024:11:11:57 +0300] "GET /?author=7 HTTP/1.1" 301 162 "-" "Apache-HttpClient/4.5.2 (Java/1.8.0_161)"
183.56.195.106 - - [06/Sep/2024:11:11:57 +0300] "GET /?author=8 HTTP/1.1" 301 162 "-" "Apache-HttpClient/4.5.2 (Java/1.8.0_161)"
183.56.195.106 - - [06/Sep/2024:11:11:58 +0300] "GET /?author=9 HTTP/1.1" 301 162 "-" "Apache-HttpClient/4.5.2 (Java/1.8.0_161)"
183.56.195.106 - - [06/Sep/2024:11:11:59 +0300] "GET /?author=10 HTTP/1.1" 301 162 "-" "Apache-HttpClient/4.5.2 (Java/1.8.0_161)"
183.56.195.106 - - [06/Sep/2024:11:11:59 +0300] "GET /?author=11 HTTP/1.1" 301 162 "-" "Apache-HttpClient/4.5.2 (Java/1.8.0_161)"
183.56.195.106 - - [06/Sep/2024:11:12:00 +0300] "GET /?author=12 HTTP/1.1" 301 162 "-" "Apache-HttpClient/4.5.2 (Java/1.8.0_161)"
183.56.195.106 - - [06/Sep/2024:11:12:01 +0300] "GET /?author=13 HTTP/1.1" 301 162 "-" "Apache-HttpClient/4.5.2 (Java/1.8.0_161)"
183.56.195.106 - - [06/Sep/2024:11:12:01 +0300] "GET /?author=14 HTTP/1.1" 301 162 "-" "Apache-HttpClient/4.5.2 (Java/1.8.0_161)"
183.56.195.106 - - [06/Sep/2024:11:12:02 +0300] "GET /?author=15 HTTP/1.1" 301 162 "-" "Apache-HttpClient/4.5.2 (Java/1.8.0_161)"
183.56.195.106 - - [06/Sep/2024:11:12:03 +0300] "GET /?author=16 HTTP/1.1" 301 162 "-" "Apache-HttpClient/4.5.2 (Java/1.8.0_161)"
183.56.195.106 - - [06/Sep/2024:11:12:03 +0300] "GET /?author=17 HTTP/1.1" 301 162 "-" "Apache-HttpClient/4.5.2 (Java/1.8.0_161)"
183.56.195.106 - - [06/Sep/2024:11:12:04 +0300] "GET /?author=18 HTTP/1.1" 301 162 "-" "Apache-HttpClient/4.5.2 (Java/1.8.0_161)"
183.56.195.106 - - [06/Sep/2024:11:12:04 +0300] "GET /?author=19 HTTP/1.1" 301 162 "-" "Apache-HttpClient/4.5.2 (Java/1.8.0_161)"
183.56.195.106 - - [06/Sep/2024:11:12:05 +0300] "GET /?author=20 HTTP/1.1" 301 162 "-" "Apache-HttpClient/4.5.2 (Java/1.8.0_161)"
46.226.166.50 - - [06/Sep/2024:12:06:00 +0300] "GET / HTTP/1.1" 301 162 "-" "Mozilla/5.0 (Macintosh; Intel Mac OS X 10.11; rv:46.0) Gecko/20100101 Firefox/46.0"
38.180.50.219 - - [06/Sep/2024:12:20:29 +0300] "HEAD /c.zip HTTP/1.1" 301 0 "-" "Mozilla/5.0 (Windows NT 10.0; Win64; x64) AppleWebKit/537.36 (KHTML, like Gecko) Chrome/101.0.4951.67 Safari/537.36"
46.226.166.50 - - [06/Sep/2024:12:31:55 +0300] "GET / HTTP/1.1" 301 162 "-" "Mozilla/5.0 (compatible; MSIE 10.0; Windows NT 5.1; Trident/6.0)"
104.131.49.165 - - [06/Sep/2024:12:40:40 +0300] "GET / HTTP/1.1" 301 162 "-" "Mozilla/5.0 (Macintosh; Intel Mac OS X 10_15_7) AppleWebKit/537.36 (KHTML, like Gecko) Chrome/124.0.0.0 Safari/537.36"
188.143.169.41 - - [06/Sep/2024:12:46:35 +0300] "GET / HTTP/1.1" 301 162 "-" "Mozilla/5.0 X11; Ubuntu; Linux x86_64; rv:126.0 Gecko/20100101 Firefox/126.0"
66.249.66.36 - - [06/Sep/2024:13:19:04 +0300] "GET / HTTP/1.1" 301 162 "-" "Mozilla/5.0 (Linux; Android 6.0.1; Nexus 5X Build/MMB29P) AppleWebKit/537.36 (KHTML, like Gecko) Chrome/128.0.6613.113 Mobile Safari/537.36 (compatible; Googlebot/2.1; +http://www.google.com/bot.html)"
104.152.52.67 - - [06/Sep/2024:13:20:27 +0300] "GET / HTTP/1.1" 301 162 "-" "curl/7.61.1"
38.180.50.219 - - [06/Sep/2024:13:54:51 +0300] "HEAD /cb.zip HTTP/1.1" 301 0 "-" "Mozilla/5.0 (Windows NT 10.0; Win64; x64) AppleWebKit/537.36 (KHTML, like Gecko) Chrome/101.0.4951.67 Safari/537.36"
62.109.24.243 - - [06/Sep/2024:15:10:26 +0300] "GET / HTTP/1.1" 301 162 "-" "Safari/537.36"
62.109.24.243 - - [06/Sep/2024:15:12:34 +0300] "GET /bitrix/js/ui/design-tokens/dist/ui.design-tokens.min.css?170790634422911 HTTP/1.1" 301 162 "-" "Safari/537.36"
62.109.24.243 - - [06/Sep/2024:15:12:34 +0300] "GET /bitrix/js/ui/fonts/opensans/ui.font.opensans.min.css?16796853182320 HTTP/1.1" 301 162 "-" "Safari/537.36"
62.109.24.243 - - [06/Sep/2024:15:12:35 +0300] "GET /bitrix/js/main/popup/dist/main.popup.bundle.min.css?168786249826598 HTTP/1.1" 301 162 "-" "Safari/537.36"
62.109.24.243 - - [06/Sep/2024:15:12:36 +0300] "GET /bitrix/cache/css/s1/main_bag/page_47cad98692383c0f8f010940655d286e/page_47cad98692383c0f8f010940655d286e_v1.css?17254515615996 HTTP/1.1" 301 162 "-" "Safari/537.36"
62.109.24.243 - - [06/Sep/2024:15:12:36 +0300] "GET /bitrix/cache/css/s1/main_bag/template_9d52521c87094ee55caf54768b22c9a2/template_9d52521c87094ee55caf54768b22c9a2_v1.css?172545156111991 HTTP/1.1" 301 162 "-" "Safari/537.36"
62.109.24.243 - - [06/Sep/2024:15:12:37 +0300] "GET /upload/iblock/391/3910443d97500b0b4f026e3d6d740ee4.jpg HTTP/1.1" 301 162 "-" "Safari/537.36"
62.109.24.243 - - [06/Sep/2024:15:12:37 +0300] "GET /upload/iblock/6d5/6d53866f44af6f2faf9753e4c4ba5d42.jpg HTTP/1.1" 301 162 "-" "Safari/537.36"
62.109.24.243 - - [06/Sep/2024:15:12:39 +0300] "GET /upload/iblock/235/235f60854d4c8053baf1e37354cb3a04.jpg HTTP/1.1" 301 162 "-" "Safari/537.36"
62.109.24.243 - - [06/Sep/2024:15:12:42 +0300] "GET /upload/iblock/3d4/3d412ae712b71f3787b436400a53b40b.jpg HTTP/1.1" 301 162 "-" "Safari/537.36"
62.109.24.243 - - [06/Sep/2024:15:12:43 +0300] "GET /upload/iblock/4bc/4bcf35629f620696d205b37a2c78cbeb.jpg HTTP/1.1" 301 162 "-" "Safari/537.36"
62.109.24.243 - - [06/Sep/2024:15:12:45 +0300] "GET /upload/iblock/732/7323e8b56c0daca58571b1493349ed01.jpg HTTP/1.1" 301 162 "-" "Safari/537.36"
62.109.24.243 - - [06/Sep/2024:15:12:45 +0300] "GET /upload/iblock/8e5/8e5aa0d46e3060e9bd3eb26bd72c35d4.jpg HTTP/1.1" 301 162 "-" "Safari/537.36"
62.109.24.243 - - [06/Sep/2024:15:12:46 +0300] "GET /upload/iblock/1be/1be632235c9b1db47e6c28c7f50fefbe.jpg HTTP/1.1" 301 162 "-" "Safari/537.36"
62.109.24.243 - - [06/Sep/2024:15:12:46 +0300] "GET /upload/iblock/d14/d14564b80978c4cafd1a9917f50074a7.jpg HTTP/1.1" 301 162 "-" "Safari/537.36"
62.109.24.243 - - [06/Sep/2024:15:12:47 +0300] "GET /upload/iblock/6ed/6ed311f3c24543ada909c0a4f9674bff.jpg HTTP/1.1" 301 162 "-" "Safari/537.36"
62.109.24.243 - - [06/Sep/2024:15:12:48 +0300] "GET /upload/iblock/aa4/aa41b210d40dab924a5bab0b25573215.jpg HTTP/1.1" 301 162 "-" "Safari/537.36"
62.109.24.243 - - [06/Sep/2024:15:12:48 +0300] "GET /upload/iblock/e91/e916d9aa1aca5d2e6275aad3c24033d8.jpg HTTP/1.1" 301 162 "-" "Safari/537.36"
62.109.24.243 - - [06/Sep/2024:15:12:50 +0300] "GET /upload/iblock/644/6446a2b0ca06deedf5d88592fba47ce0.jpg HTTP/1.1" 301 162 "-" "Safari/537.36"
62.109.24.243 - - [06/Sep/2024:15:12:50 +0300] "GET /upload/iblock/95e/95ece4bf3acdee831339dfe61c63c7e1.jpg HTTP/1.1" 301 162 "-" "Safari/537.36"
62.109.24.243 - - [06/Sep/2024:15:12:50 +0300] "GET /upload/iblock/e84/e840946a0c8da6f5247e8701de5ee6cd.jpg HTTP/1.1" 301 162 "-" "Safari/537.36"
62.109.24.243 - - [06/Sep/2024:15:12:50 +0300] "GET /upload/iblock/7b0/7b074f693d818b9d8016f6e6234b06c2.jpg HTTP/1.1" 301 162 "-" "Safari/537.36"
62.109.24.243 - - [06/Sep/2024:15:12:51 +0300] "GET /upload/iblock/b5f/b5f7cb30331c7a389c55e5d2ece0a6cb.jpg HTTP/1.1" 301 162 "-" "Safari/537.36"
62.109.24.243 - - [06/Sep/2024:15:12:51 +0300] "GET /upload/iblock/333/333a9b2534d6480a12f9fbfed879897a.jpg HTTP/1.1" 301 162 "-" "Safari/537.36"
62.109.24.243 - - [06/Sep/2024:15:12:51 +0300] "GET /upload/iblock/69d/69d9f3ecdbff594b9dad863687011507.jpg HTTP/1.1" 301 162 "-" "Safari/537.36"
62.109.24.243 - - [06/Sep/2024:15:12:52 +0300] "GET /upload/iblock/788/788ef0047cdef712c166dfa0ccb7f658.jpg HTTP/1.1" 301 162 "-" "Safari/537.36"
62.109.24.243 - - [06/Sep/2024:15:12:52 +0300] "GET /upload/iblock/c1d/c1d4d0eb6d0f19e9f49d998cf87ffb91.jpg HTTP/1.1" 301 162 "-" "Safari/537.36"
62.109.24.243 - - [06/Sep/2024:15:12:52 +0300] "GET /upload/iblock/e1f/e1f80c46aad3b783257b76f1a8bd9b2a.jpg HTTP/1.1" 301 162 "-" "Safari/537.36"
62.109.24.243 - - [06/Sep/2024:15:12:52 +0300] "GET /upload/iblock/c49/c49ba01112552e4e85b84d5812d1e73c.jpg HTTP/1.1" 301 162 "-" "Safari/537.36"
62.109.24.243 - - [06/Sep/2024:15:12:53 +0300] "GET /upload/iblock/170/1704d6d9c9682b471f768eaa3572260c.jpg HTTP/1.1" 301 162 "-" "Safari/537.36"
62.109.24.243 - - [06/Sep/2024:15:12:54 +0300] "GET /upload/iblock/a8e/a8ec5bcf0bcff7e328e2c36feee71d01.jpg HTTP/1.1" 301 162 "-" "Safari/537.36"
62.109.24.243 - - [06/Sep/2024:15:12:54 +0300] "GET /local/components/mb/social.links/templates/.default/images/vk.jpg HTTP/1.1" 301 162 "-" "Safari/537.36"
62.109.24.243 - - [06/Sep/2024:15:12:54 +0300] "GET /local/components/mb/social.links/templates/.default/images/fb.jpg HTTP/1.1" 301 162 "-" "Safari/537.36"
62.109.24.243 - - [06/Sep/2024:15:12:55 +0300] "GET /local/templates/main_bag/favicon.ico HTTP/1.1" 301 162 "-" "Safari/537.36"
62.109.24.243 - - [06/Sep/2024:15:12:55 +0300] "GET /bitrix/js/main/core/core.min.js?1707906884223197 HTTP/1.1" 301 162 "-" "Safari/537.36"
62.109.24.243 - - [06/Sep/2024:15:12:56 +0300] "GET /bitrix/cache/js/s1/main_bag/kernel_main/kernel_main_v1.js?1725609740155753 HTTP/1.1" 301 162 "-" "Safari/537.36"
62.109.24.243 - - [06/Sep/2024:15:12:56 +0300] "GET /bitrix/js/ui/dexie/dist/dexie3.bundle.min.js?170790625888274 HTTP/1.1" 301 162 "-" "Safari/537.36"
62.109.24.243 - - [06/Sep/2024:15:12:56 +0300] "GET /bitrix/js/main/core/core_ls.min.js?16796846117365 HTTP/1.1" 301 162 "-" "Safari/537.36"
62.109.24.243 - - [06/Sep/2024:15:12:57 +0300] "GET /bitrix/js/main/core/core_frame_cache.min.js?170790681511210 HTTP/1.1" 301 162 "-" "Safari/537.36"
62.109.24.243 - - [06/Sep/2024:15:12:58 +0300] "GET /bitrix/js/main/jquery/jquery-1.12.4.min.js?167968529797163 HTTP/1.1" 301 162 "-" "Safari/537.36"
62.109.24.243 - - [06/Sep/2024:15:12:59 +0300] "GET /bitrix/js/main/popup/dist/main.popup.bundle.min.js?170790681565824 HTTP/1.1" 301 162 "-" "Safari/537.36"
62.109.24.243 - - [06/Sep/2024:15:12:59 +0300] "GET /bitrix/cache/js/s1/main_bag/template_240e992f8c2b1ec529a4c7cc929bb9c8/template_240e992f8c2b1ec529a4c7cc929bb9c8_v1.js?17254515616145 HTTP/1.1" 301 162 "-" "Safari/537.36"
62.109.24.243 - - [06/Sep/2024:15:12:59 +0300] "GET /bitrix/cache/js/s1/main_bag/page_66baa42c274e4ff36817e09b6bc5942a/page_66baa42c274e4ff36817e09b6bc5942a_v1.js?172545156143780 HTTP/1.1" 301 162 "-" "Safari/537.36"
62.109.24.243 - - [06/Sep/2024:15:12:59 +0300] "GET /js/plugins.js HTTP/1.1" 301 162 "-" "Safari/537.36"
62.109.24.243 - - [06/Sep/2024:15:12:59 +0300] "GET /js/script.js HTTP/1.1" 301 162 "-" "Safari/537.36"
46.226.166.50 - - [06/Sep/2024:15:15:24 +0300] "GET / HTTP/1.1" 301 162 "-" "Mozilla/5.0 (Macintosh; Intel Mac OS X 10.8; rv:49.0) Gecko/20100101 Firefox/49.0"
38.180.50.219 - - [06/Sep/2024:15:28:49 +0300] "HEAD /cba.zip HTTP/1.1" 301 0 "-" "Mozilla/5.0 (Windows NT 10.0; Win64; x64) AppleWebKit/537.36 (KHTML, like Gecko) Chrome/101.0.4951.67 Safari/537.36"
46.226.166.50 - - [06/Sep/2024:15:31:00 +0300] "GET / HTTP/1.1" 301 162 "-" "Mozilla/5.0 (compatible; MSIE 8.0; Windows NT 10.0; Trident/4.0)"
46.226.166.50 - - [06/Sep/2024:18:58:03 +0300] "GET / HTTP/1.1" 301 162 "-" "Mozilla/5.0 (Macintosh; Intel Mac OS X 10_8_7) AppleWebKit/537.36 (KHTML, like Gecko) Chrome/49.0.2623.85 Safari/537.36"
185.173.38.157 - - [06/Sep/2024:20:14:36 +0300] "GET / HTTP/1.0" 301 162 "http://gcba.ru/" "Mozilla/5.0 (Windows NT 10.0.0; Win64; x64; ) AppleWebKit/537.36 (KHTML, like Gecko) Chrome/124.0.6367.93 Chrome/124.0.6367.93 Not-A.Brand/99  Safari/537.36"
154.47.30.168 - - [06/Sep/2024:21:01:13 +0300] "GET /news/nalogi/oplata-nalogov-tretimi-litsami/ HTTP/1.0" 301 162 "http://gcba.ru/news/nalogi/oplata-nalogov-tretimi-litsami/" "Mozilla/5.0 (Windows NT 10.0; WOW64) AppleWebKit/537.36 (KHTML, like Gecko) Chrome/103.0.5060.114 Safari/537.36"
193.31.101.24 - - [06/Sep/2024:22:13:11 +0300] "GET / HTTP/1.1" 301 162 "-" "Mozilla/5.0 (Windows NT 11.0; Win64; x64) AppleWebKit/537.36 (KHTML, like Gecko) Chrome/126.0.6478.127 Safari/537.36"
46.226.166.50 - - [06/Sep/2024:22:23:59 +0300] "GET / HTTP/1.1" 301 162 "-" "Mozilla/5.0 (Windows NT 10.0; Win64; x64) AppleWebKit/537.36 (KHTML, like Gecko) Chrome/49.0.2655.16 Safari/537.36"
40.77.167.152 - - [06/Sep/2024:22:44:09 +0300] "GET /services/?section_id=6&pagen_1=2 HTTP/1.1" 301 162 "-" "Mozilla/5.0 AppleWebKit/537.36 (KHTML, like Gecko; compatible; bingbot/2.0; +http://www.bing.com/bingbot.htm) Chrome/116.0.1938.76 Safari/537.36"
35.85.216.233 - - [06/Sep/2024:23:12:00 +0300] "GET / HTTP/1.1" 301 162 "-" "Mozilla/5.0 (iPhone; CPU iPhone OS 14_4 like Mac OS X) AppleWebKit/605.1.15 (KHTML, like Gecko) Version/15.4 Mobile/15E148 Safari/604.1"
185.12.251.124 - - [06/Sep/2024:23:31:13 +0300] "GET /robots.txt HTTP/1.1" 301 162 "-" "Mozilla/5.0 (Windows NT 10.0; Win64; x64) AppleWebKit/537.36 (KHTML, like Gecko) Chrome/120.0.0.0 Safari/537.36 Viewer/99.9.8853.8"
192.36.198.80 - - [06/Sep/2024:23:31:13 +0300] "GET / HTTP/1.1" 301 162 "-" "Mozilla/5.0 (Windows NT 10.0; Win64; x64) AppleWebKit/537.36 (KHTML, like Gecko) Chrome/120.0.0.0 Safari/537.36 Viewer/99.9.8853.8"
40.77.167.21 - - [07/Sep/2024:01:33:07 +0300] "GET /services/?section_id=9 HTTP/1.1" 301 162 "-" "Mozilla/5.0 AppleWebKit/537.36 (KHTML, like Gecko; compatible; bingbot/2.0; +http://www.bing.com/bingbot.htm) Chrome/116.0.1938.76 Safari/537.36"
46.226.166.50 - - [07/Sep/2024:01:47:52 +0300] "GET / HTTP/1.1" 301 162 "-" "Mozilla/5.0 (Macintosh; Intel Mac OS X 10.10; rv:49.0) Gecko/20100101 Firefox/49.0"
143.198.28.158 - - [07/Sep/2024:03:51:36 +0300] "GET / HTTP/1.1" 301 162 "-" "Mozilla/5.0 (Windows NT 10.0; Win64; x64) AppleWebKit/537.36 (KHTML, like Gecko) Chrome/126.0.0.0 Safari/537.36"
37.19.217.86 - - [07/Sep/2024:04:01:44 +0300] "GET / HTTP/1.0" 301 162 "http://gcba.ru/" "Mozilla/5.0 (Windows NT 10.0.0; Win64; x64; ) AppleWebKit/537.36 (KHTML, like Gecko) Chrome/124.0.6367.91 Chrome/124.0.6367.91 Not-A.Brand/99  Safari/537.36"
38.180.50.219 - - [07/Sep/2024:04:05:08 +0300] "HEAD /html.zip HTTP/1.1" 301 0 "-" "Mozilla/5.0 (Windows NT 10.0; Win64; x64) AppleWebKit/537.36 (KHTML, like Gecko) Chrome/101.0.4951.67 Safari/537.36"
89.108.107.51 - - [07/Sep/2024:04:32:36 +0300] "GET / HTTP/1.1" 301 162 "-" "Mozilla/5.0 (Windows NT 10.0; Win64; x64) AppleWebKit/537.36 (KHTML, like Gecko) Chrome/80.0.3987.87 Safari/537.36"
89.108.107.51 - - [07/Sep/2024:04:32:37 +0300] "GET / HTTP/1.1" 301 162 "-" "Mozilla/5.0 (Windows NT 10.0; Win64; x64) AppleWebKit/537.36 (KHTML, like Gecko) Chrome/80.0.3987.87 Safari/537.36"
89.108.107.51 - - [07/Sep/2024:04:32:40 +0300] "GET / HTTP/1.1" 301 162 "-" "Mozilla/5.0 (Windows NT 10.0; Win64; x64) AppleWebKit/537.36 (KHTML, like Gecko) Chrome/80.0.3987.87 Safari/537.36"
46.226.166.50 - - [07/Sep/2024:05:16:12 +0300] "GET / HTTP/1.1" 301 162 "-" "Mozilla/5.0 (Windows NT 10.0; WOW64; rv:49.0) Gecko/20100101 Firefox/49.0"
38.180.50.219 - - [07/Sep/2024:05:51:31 +0300] "HEAD /htdocs.zip HTTP/1.1" 301 0 "-" "Mozilla/5.0 (Windows NT 10.0; Win64; x64) AppleWebKit/537.36 (KHTML, like Gecko) Chrome/101.0.4951.67 Safari/537.36"
113.82.139.16 - - [07/Sep/2024:06:21:52 +0300] "GET / HTTP/1.1" 301 162 "http://gcba.ru/" "Mozilla/5.0 (Windows NT 6.1; WOW64) AppleWebKit/537.36 (KHTML, like Gecko) Chrome/50.0.2661.102 Safari/537.36"
114.119.129.237 - - [07/Sep/2024:06:23:56 +0300] "GET /robots.txt HTTP/1.1" 301 162 "-" "Mozilla/5.0 (compatible;PetalBot;+https://webmaster.petalsearch.com/site/petalbot)"
40.77.167.15 - - [07/Sep/2024:07:12:10 +0300] "GET /eng/services/?section_id=16 HTTP/1.1" 301 162 "-" "Mozilla/5.0 AppleWebKit/537.36 (KHTML, like Gecko; compatible; bingbot/2.0; +http://www.bing.com/bingbot.htm) Chrome/116.0.1938.76 Safari/537.36"
38.180.50.219 - - [07/Sep/2024:07:32:38 +0300] "HEAD /web.zip HTTP/1.1" 301 0 "-" "Mozilla/5.0 (Windows NT 10.0; Win64; x64) AppleWebKit/537.36 (KHTML, like Gecko) Chrome/101.0.4951.67 Safari/537.36"
194.9.56.102 - - [07/Sep/2024:08:01:22 +0300] "GET /wp-login.php HTTP/1.1" 301 162 "-" "Mozilla/5.0 (X11; Fedora; Linux x86_64; rv:94.0) Gecko/20100101 Firefox/95.0"
46.226.166.50 - - [07/Sep/2024:08:37:53 +0300] "GET / HTTP/1.1" 301 162 "-" "Mozilla/5.0 (compatible; MSIE 9.0; Windows NT 5.1; Trident/5.0)"
38.180.50.219 - - [07/Sep/2024:09:04:44 +0300] "HEAD /webapps.zip HTTP/1.1" 301 0 "-" "Mozilla/5.0 (Windows NT 10.0; Win64; x64) AppleWebKit/537.36 (KHTML, like Gecko) Chrome/101.0.4951.67 Safari/537.36"
154.47.30.168 - - [07/Sep/2024:09:17:00 +0300] "GET /news/nalogi/oplata-nalogov-tretimi-litsami/ HTTP/1.0" 301 162 "http://gcba.ru/news/nalogi/oplata-nalogov-tretimi-litsami/" "Mozilla/5.0 (Windows NT 6.1) AppleWebKit/537.36 (KHTML, like Gecko) Chrome/103.0.5060.114 Safari/537.36"
38.180.50.219 - - [07/Sep/2024:10:38:27 +0300] "HEAD /public.zip HTTP/1.1" 301 0 "-" "Mozilla/5.0 (Windows NT 10.0; Win64; x64) AppleWebKit/537.36 (KHTML, like Gecko) Chrome/101.0.4951.67 Safari/537.36"
46.226.166.50 - - [07/Sep/2024:12:01:39 +0300] "GET / HTTP/1.1" 301 162 "-" "Mozilla/5.0 (Macintosh; Intel Mac OS X 10.10; rv:49.0) Gecko/20100101 Firefox/49.0"
38.180.50.219 - - [07/Sep/2024:12:13:02 +0300] "HEAD /uploads.zip HTTP/1.1" 301 0 "-" "Mozilla/5.0 (Windows NT 10.0; Win64; x64) AppleWebKit/537.36 (KHTML, like Gecko) Chrome/101.0.4951.67 Safari/537.36"
38.180.50.219 - - [07/Sep/2024:13:46:17 +0300] "HEAD /website.zip HTTP/1.1" 301 0 "-" "Mozilla/5.0 (Windows NT 10.0; Win64; x64) AppleWebKit/537.36 (KHTML, like Gecko) Chrome/101.0.4951.67 Safari/537.36"
194.38.23.16 - - [07/Sep/2024:13:53:03 +0300] "GET /public/assets/upload_image.php HTTP/1.1" 301 162 "-" "ALittle Client"
46.226.166.50 - - [07/Sep/2024:14:22:49 +0300] "GET /bitrix/admin/index.php?login=yes HTTP/1.1" 301 162 "-" "Mozilla/5.0 (X11; Ubuntu; Linux x86_64) AppleWebKit/537.36 (KHTML, like Gecko) Chrome/53.0.2815.76 Safari/537.36"
194.38.20.13 - - [07/Sep/2024:14:53:33 +0300] "GET /assets/plugins/fileupload/server/php/index.php?file=tf2rghf.jpg HTTP/1.1" 301 162 "-" "ALittle Client"
38.180.50.219 - - [07/Sep/2024:15:19:01 +0300] "HEAD /bin.zip HTTP/1.1" 301 0 "-" "Mozilla/5.0 (Windows NT 10.0; Win64; x64) AppleWebKit/537.36 (KHTML, like Gecko) Chrome/101.0.4951.67 Safari/537.36"
46.226.166.50 - - [07/Sep/2024:15:25:52 +0300] "GET / HTTP/1.1" 301 162 "-" "Mozilla/5.0 (X11; Linux i686) AppleWebKit/537.36 (KHTML, like Gecko) Chrome/56.0.2958.40 Safari/537.36"
212.193.117.245 - - [07/Sep/2024:15:41:56 +0300] "GET /robots.txt HTTP/1.1" 301 162 "" "Mozilla/5.0 (compatible; statdom.ru/Bot; +http://statdom.ru/bot.html)"
212.193.117.245 - - [07/Sep/2024:15:42:04 +0300] "GET / HTTP/1.1" 301 162 "" "Mozilla/5.0 (compatible; statdom.ru/Bot; +http://statdom.ru/bot.html)"
38.180.50.219 - - [07/Sep/2024:16:51:44 +0300] "HEAD /bak.zip HTTP/1.1" 301 0 "-" "Mozilla/5.0 (Windows NT 10.0; Win64; x64) AppleWebKit/537.36 (KHTML, like Gecko) Chrome/101.0.4951.67 Safari/537.36"
46.226.166.50 - - [07/Sep/2024:16:54:27 +0300] "GET / HTTP/1.1" 301 162 "-" "Mozilla/5.0 (Windows NT 10.0; Win64; x64; rv:51.0) Gecko/20100101 Firefox/51.0"
185.244.181.45 - - [07/Sep/2024:17:32:09 +0300] "GET / HTTP/1.0" 301 162 "http://gcba.ru/" "Mozilla/5.0 (Windows NT 15.0.0; Win64; x64; ) AppleWebKit/537.36 (KHTML, like Gecko) Chrome/124.0.6367.119 Chrome/124.0.6367.119 Not-A.Brand/99  Safari/537.36"
185.244.181.177 - - [07/Sep/2024:18:10:40 +0300] "GET / HTTP/1.0" 301 162 "http://gcba.ru/" "Mozilla/5.0 (Windows NT 10.0.0; Win64; x64; ) AppleWebKit/537.36 (KHTML, like Gecko) Chrome/124.0.6367.93 Chrome/124.0.6367.93 Not-A.Brand/99  Safari/537.36"
38.180.50.219 - - [07/Sep/2024:18:27:28 +0300] "HEAD /Release.zip HTTP/1.1" 301 0 "-" "Mozilla/5.0 (Windows NT 10.0; Win64; x64) AppleWebKit/537.36 (KHTML, like Gecko) Chrome/101.0.4951.67 Safari/537.36"
46.226.166.50 - - [07/Sep/2024:18:49:03 +0300] "GET / HTTP/1.1" 301 162 "-" "Mozilla/5.0 (Windows NT 5.1; Trident/7.0; rv:11.0) like Gecko"
46.226.166.50 - - [07/Sep/2024:19:19:15 +0300] "GET / HTTP/1.1" 301 162 "-" "Mozilla/5.0 (Macintosh; Intel Mac OS X 10_12_0) AppleWebKit/537.36 (KHTML, like Gecko) Chrome/56.0.2933.96 Safari/537.36"
46.226.166.50 - - [07/Sep/2024:19:45:41 +0300] "GET / HTTP/1.1" 301 162 "-" "Mozilla/5.0 (X11; Linux x86_64; rv:46.0) Gecko/20100101 Firefox/46.0"
87.236.176.252 - - [07/Sep/2024:19:48:16 +0300] "GET / HTTP/1.1" 301 162 "-" "Mozilla/5.0 (compatible; InternetMeasurement/1.0; +https://internet-measurement.com/)"
38.180.50.219 - - [07/Sep/2024:20:02:35 +0300] "HEAD /bbb.zip HTTP/1.1" 301 0 "-" "Mozilla/5.0 (Windows NT 10.0; Win64; x64) AppleWebKit/537.36 (KHTML, like Gecko) Chrome/101.0.4951.67 Safari/537.36"
216.244.66.235 - - [07/Sep/2024:20:57:47 +0300] "GET /robots.txt HTTP/1.1" 301 162 "-" "Mozilla/5.0 (compatible; DotBot/1.2; +https://opensiteexplorer.org/dotbot; help@moz.com)"
38.180.50.219 - - [07/Sep/2024:21:37:41 +0300] "HEAD /bac.zip HTTP/1.1" 301 0 "-" "Mozilla/5.0 (Windows NT 10.0; Win64; x64) AppleWebKit/537.36 (KHTML, like Gecko) Chrome/101.0.4951.67 Safari/537.36"
46.226.166.50 - - [07/Sep/2024:22:16:06 +0300] "GET / HTTP/1.1" 301 162 "-" "Mozilla/5.0 (Windows NT 6.1; WOW64; rv:45.0) Gecko/20100101 Firefox/45.0"
85.192.41.110 - - [07/Sep/2024:23:11:43 +0300] "GET /.env HTTP/1.1" 301 162 "-" "Mozilla/5.0 (Linux; U; Android 4.4.2; en-US; HM NOTE 1W Build/KOT49H) AppleWebKit/534.30 (KHTML, like Gecko) Version/4.0 UCBrowser/11.0.5.850 U3/0.8.0 Mobile Safari/534.30"
85.192.41.110 - - [07/Sep/2024:23:11:44 +0300] "POST / HTTP/1.1" 301 162 "-" "Mozilla/5.0 (Linux; U; Android 4.4.2; en-US; HM NOTE 1W Build/KOT49H) AppleWebKit/534.30 (KHTML, like Gecko) Version/4.0 UCBrowser/11.0.5.850 U3/0.8.0 Mobile Safari/534.30"
85.192.41.110 - - [07/Sep/2024:23:11:48 +0300] "GET /vendor/phpunit/phpunit/src/Util/PHP/eval-stdin.php HTTP/1.1" 301 162 "-" "python-requests/2.25.1"
38.180.50.219 - - [07/Sep/2024:23:12:21 +0300] "HEAD /back.zip HTTP/1.1" 301 0 "-" "Mozilla/5.0 (Windows NT 10.0; Win64; x64) AppleWebKit/537.36 (KHTML, like Gecko) Chrome/101.0.4951.67 Safari/537.36"
216.244.66.235 - - [07/Sep/2024:23:40:01 +0300] "GET /robots.txt HTTP/1.1" 301 162 "-" "Mozilla/5.0 (compatible; DotBot/1.2; +https://opensiteexplorer.org/dotbot; help@moz.com)"
97.183.83.117 - - [07/Sep/2024:23:45:32 +0300] "GET / HTTP/1.0" 301 162 "http://gcba.ru/" "Mozilla/5.0 (Windows NT 10.0.0; Win64; x64; ) AppleWebKit/537.36 (KHTML, like Gecko) Chrome/124.0.6367.93 Chrome/124.0.6367.93 Not-A.Brand/99  Safari/537.36"
91.219.148.241 - - [08/Sep/2024:00:38:09 +0300] "GET / HTTP/1.0" 301 162 "http://gcba.ru/" "Mozilla/5.0 (Windows NT 6.1) AppleWebKit/537.36 (KHTML, like Gecko) Chrome/103.0.5060.114 Safari/537.36"
38.180.50.219 - - [08/Sep/2024:00:46:00 +0300] "HEAD /sss.zip HTTP/1.1" 301 0 "-" "Mozilla/5.0 (Windows NT 10.0; Win64; x64) AppleWebKit/537.36 (KHTML, like Gecko) Chrome/101.0.4951.67 Safari/537.36"
37.212.90.37 - - [08/Sep/2024:00:58:11 +0300] "GET / HTTP/1.0" 301 162 "-" "Mozilla/5.0 (Windows NT 6.3; Win64; x64) AppleWebKit/537.36 (KHTML, like Gecko) Chrome/75.0.3770.100 Safari/537.36"
216.244.66.235 - - [08/Sep/2024:01:27:37 +0300] "GET /robots.txt HTTP/1.1" 301 162 "-" "Mozilla/5.0 (compatible; DotBot/1.2; +https://opensiteexplorer.org/dotbot; help@moz.com)"
62.141.44.236 - - [08/Sep/2024:01:37:58 +0300] "GET / HTTP/1.1" 301 162 "-" "Mozilla/5.0 (Windows NT 10.0; Win64; x64) AppleWebKit/537.36 (KHTML, like Gecko) Chrome/91.0.4472.114 Safari/537.36 Edg/91.0.864.54"
46.226.166.50 - - [08/Sep/2024:01:43:01 +0300] "GET / HTTP/1.1" 301 162 "-" "Mozilla/5.0 (X11; Linux x86_64; rv:47.0) Gecko/20100101 Firefox/47.0"
185.12.124.78 - - [08/Sep/2024:02:15:09 +0300] "GET / HTTP/1.1" 301 162 "GCBA.RU" "Mozilla/5.0 (compatible; BackupLand/1.0; https://go.backupland.com/; Domain check for viruses;)"
38.180.50.219 - - [08/Sep/2024:02:18:03 +0300] "HEAD /aaa.zip HTTP/1.1" 301 0 "-" "Mozilla/5.0 (Windows NT 10.0; Win64; x64) AppleWebKit/537.36 (KHTML, like Gecko) Chrome/101.0.4951.67 Safari/537.36"
46.148.206.226 - - [08/Sep/2024:02:22:07 +0300] "GET / HTTP/1.0" 301 162 "http://gcba.ru/" "Mozilla/5.0 (Windows NT 10.0.0; Win64; x64; ) AppleWebKit/537.36 (KHTML, like Gecko) Chrome/124.0.6367.60 Chrome/124.0.6367.60 Not-A.Brand/99  Safari/537.36"
38.180.50.219 - - [08/Sep/2024:03:49:12 +0300] "HEAD /zzz.zip HTTP/1.1" 301 0 "-" "Mozilla/5.0 (Windows NT 10.0; Win64; x64) AppleWebKit/537.36 (KHTML, like Gecko) Chrome/101.0.4951.67 Safari/537.36"
216.244.66.235 - - [08/Sep/2024:04:11:21 +0300] "GET /robots.txt HTTP/1.1" 301 162 "-" "Mozilla/5.0 (compatible; DotBot/1.2; +https://opensiteexplorer.org/dotbot; help@moz.com)"
216.244.66.235 - - [08/Sep/2024:05:04:21 +0300] "GET /robots.txt HTTP/1.1" 301 162 "-" "Mozilla/5.0 (compatible; DotBot/1.2; +https://opensiteexplorer.org/dotbot; help@moz.com)"
46.226.166.50 - - [08/Sep/2024:05:07:06 +0300] "GET / HTTP/1.1" 301 162 "-" "Mozilla/5.0 (Windows NT 5.1) AppleWebKit/537.36 (KHTML, like Gecko) Chrome/56.0.2976.1 Safari/537.36"
38.180.50.219 - - [08/Sep/2024:05:26:32 +0300] "HEAD /%D0%B0%D1%80%D1%85%D0%B8%D0%B2.zip HTTP/1.1" 301 0 "-" "Mozilla/5.0 (Windows NT 10.0; Win64; x64) AppleWebKit/537.36 (KHTML, like Gecko) Chrome/101.0.4951.67 Safari/537.36"
83.97.73.239 - - [08/Sep/2024:06:57:51 +0300] "GET / HTTP/1.0" 301 162 "http://gcba.ru/" "Mozilla/5.0 (Windows NT 10.0; Win64; x64) AppleWebKit/537.36 (KHTML, like Gecko) Chrome/115.0.0.0 Safari/537.36"
38.180.50.219 - - [08/Sep/2024:06:57:53 +0300] "HEAD /pub.zip HTTP/1.1" 301 0 "-" "Mozilla/5.0 (Windows NT 10.0; Win64; x64) AppleWebKit/537.36 (KHTML, like Gecko) Chrome/101.0.4951.67 Safari/537.36"
85.193.65.155 - - [08/Sep/2024:07:27:38 +0300] "GET / HTTP/1.0" 301 162 "http://gcba.ru/" "Mozilla/5.0 (Windows NT 6.1; Win64; x64) AppleWebKit/537.36 (KHTML, like Gecko) Chrome/109.0.5414.120 Safari/537.36"
208.100.26.243 - - [08/Sep/2024:07:55:38 +0300] "HEAD /core/misc/drupal.js HTTP/1.1" 301 0 "-" "Mozilla/5.0 (Windows NT 10.0; rv:65.0) Gecko/20100101 Firefox/65.0"
198.235.24.186 - - [08/Sep/2024:08:08:24 +0300] "GET / HTTP/1.1" 301 162 "-" "-"
38.180.50.219 - - [08/Sep/2024:08:29:25 +0300] "HEAD /rezerv.zip HTTP/1.1" 301 0 "-" "Mozilla/5.0 (Windows NT 10.0; Win64; x64) AppleWebKit/537.36 (KHTML, like Gecko) Chrome/101.0.4951.67 Safari/537.36"
46.226.166.50 - - [08/Sep/2024:08:32:00 +0300] "GET / HTTP/1.1" 301 162 "-" "Mozilla/5.0 (Macintosh; Intel Mac OS X 10.12; rv:46.0) Gecko/20100101 Firefox/46.0"
38.180.50.219 - - [08/Sep/2024:10:07:20 +0300] "HEAD /%D0%B1%D0%B5%D0%BA%D0%B0%D0%BF.zip HTTP/1.1" 301 0 "-" "Mozilla/5.0 (Windows NT 10.0; Win64; x64) AppleWebKit/537.36 (KHTML, like Gecko) Chrome/101.0.4951.67 Safari/537.36"
46.226.166.50 - - [08/Sep/2024:10:50:48 +0300] "GET / HTTP/1.1" 301 162 "-" "Mozilla/5.0 (X11; Linux i686 on x86_64) AppleWebKit/537.36 (KHTML, like Gecko) Chrome/53.0.2807.81 Safari/537.36"
38.180.50.219 - - [08/Sep/2024:11:45:14 +0300] "HEAD /%D0%B1%D0%B5%D0%BA.zip HTTP/1.1" 301 0 "-" "Mozilla/5.0 (Windows NT 10.0; Win64; x64) AppleWebKit/537.36 (KHTML, like Gecko) Chrome/101.0.4951.67 Safari/537.36"
46.226.166.50 - - [08/Sep/2024:12:00:02 +0300] "GET / HTTP/1.1" 301 162 "-" "Mozilla/5.0 (Windows NT 5.1) AppleWebKit/537.36 (KHTML, like Gecko) Chrome/51.0.2718.12 Safari/537.36"
136.243.228.194 - - [08/Sep/2024:12:58:06 +0300] "GET / HTTP/1.1" 301 162 "-" "Mozilla/5.0 (compatible; DataForSeoBot/1.0; +https://dataforseo.com/dataforseo-bot)"
38.180.50.219 - - [08/Sep/2024:13:19:19 +0300] "HEAD /gcba.rar HTTP/1.1" 301 0 "-" "Mozilla/5.0 (Windows NT 10.0; Win64; x64) AppleWebKit/537.36 (KHTML, like Gecko) Chrome/101.0.4951.67 Safari/537.36"
114.119.139.25 - - [08/Sep/2024:13:25:54 +0300] "GET /robots.txt HTTP/1.1" 301 162 "-" "Mozilla/5.0 (compatible;PetalBot;+https://webmaster.petalsearch.com/site/petalbot)"
46.226.166.50 - - [08/Sep/2024:13:54:48 +0300] "GET / HTTP/1.1" 301 162 "-" "Mozilla/5.0 (X11; Linux i686 on x86_64) AppleWebKit/537.36 (KHTML, like Gecko) Chrome/53.0.2823.73 Safari/537.36"
38.180.50.219 - - [08/Sep/2024:14:53:44 +0300] "HEAD /gcba.ru.rar HTTP/1.1" 301 0 "-" "Mozilla/5.0 (Windows NT 10.0; Win64; x64) AppleWebKit/537.36 (KHTML, like Gecko) Chrome/101.0.4951.67 Safari/537.36"
46.226.166.50 - - [08/Sep/2024:15:31:11 +0300] "GET / HTTP/1.1" 301 162 "-" "Mozilla/5.0 (Macintosh; Intel Mac OS X 10.8; rv:45.0) Gecko/20100101 Firefox/45.0"
38.180.50.219 - - [08/Sep/2024:16:27:46 +0300] "HEAD /gcbaru.rar HTTP/1.1" 301 0 "-" "Mozilla/5.0 (Windows NT 10.0; Win64; x64) AppleWebKit/537.36 (KHTML, like Gecko) Chrome/101.0.4951.67 Safari/537.36"
78.153.140.223 - - [08/Sep/2024:16:33:15 +0300] "GET /.env HTTP/1.1" 301 162 "-" "Mozilla/5.0 (Windows NT 6.1; rv:12.0) Gecko/20120403211507 Firefox/14.0.1"
78.153.140.223 - - [08/Sep/2024:16:33:16 +0300] "GET /.env.example HTTP/1.1" 301 162 "-" "Mozilla/5.0 (Windows NT 6.1; Win64; x64) AppleWebKit/537.36 (KHTML, like Gecko) Chrome/46.0.2490.80 Safari/537.36"
78.153.140.223 - - [08/Sep/2024:16:33:16 +0300] "GET /.env.prod HTTP/1.1" 301 162 "-" "Opera/9.80 (Windows NT 5.1; U; zh-cn) Presto/2.2.15 Version/10.00"
78.153.140.223 - - [08/Sep/2024:16:33:16 +0300] "GET /.env.bak HTTP/1.1" 301 162 "-" "Mozilla/4.0 (compatible; MSIE 8.0; Windows NT 6.0; Trident/4.0; BTRS124342; SLCC1; .NET CLR 2.0.50727; Media Center PC 5.0; .NET CLR 3.5.30729; .NET CLR 3.0.30618; WinNT-EVU 03.12.2009; .NET4.0C; SRS_IT_E8790571B276585534AD99; .NET CLR 1.1.4322)"
69.16.147.120 - - [08/Sep/2024:16:47:51 +0300] "GET / HTTP/1.0" 301 162 "http://gcba.ru/" "Mozilla/5.0 (Windows NT 10.0.0; Win64; x64; ) AppleWebKit/537.36 (KHTML, like Gecko) Chrome/124.0.6367.91 Chrome/124.0.6367.91 Not-A.Brand/99  Safari/537.36"
38.180.50.219 - - [08/Sep/2024:18:01:12 +0300] "HEAD /public_html.rar HTTP/1.1" 301 0 "-" "Mozilla/5.0 (Windows NT 10.0; Win64; x64) AppleWebKit/537.36 (KHTML, like Gecko) Chrome/101.0.4951.67 Safari/537.36"
120.229.113.225 - - [08/Sep/2024:18:06:45 +0300] "GET / HTTP/1.1" 301 162 "http://gcba.ru/" "Mozilla/5.0 (Windows NT 6.1; WOW64) AppleWebKit/537.36 (KHTML, like Gecko) Chrome/50.0.2661.102 Safari/537.36"
46.226.166.50 - - [08/Sep/2024:18:45:10 +0300] "GET / HTTP/1.1" 301 162 "-" "Mozilla/5.0 (Macintosh; Intel Mac OS X 10_9_1) AppleWebKit/537.36 (KHTML, like Gecko) Chrome/53.0.2800.56 Safari/537.36"
46.226.166.50 - - [08/Sep/2024:18:49:16 +0300] "GET /bitrix/admin/index.php?login=yes HTTP/1.1" 301 162 "-" "Mozilla/5.0 (X11; Ubuntu; Linux x86_64) AppleWebKit/537.36 (KHTML, like Gecko) Chrome/53.0.2834.76 Safari/537.36"
