[Wed Feb 07 14:22:28.503255 2024] [proxy_fcgi:error] [pid 21720] [client 37.221.67.107:60000] AH01068: Got bogus version 112, referer: https://gcba.ru/
[Wed Feb 07 15:42:46.072820 2024] [proxy_fcgi:error] [pid 29738] [client 5.252.118.211:33654] AH01068: Got bogus version 95
[Wed Feb 07 20:46:09.025722 2024] [proxy_fcgi:error] [pid 29738] [client 51.38.191.226:40908] AH01068: Got bogus version 112, referer: https://gcba.ru/
[Wed Feb 07 22:19:43.008285 2024] [proxy_fcgi:error] [pid 13977] [client 72.214.70.164:43084] AH01068: Got bogus version 112, referer: https://gcba.ru/
[Wed Feb 07 22:36:10.564977 2024] [proxy_fcgi:error] [pid 29738] [client 92.8.153.203:43466] AH01068: Got bogus version 112, referer: https://gcba.ru/
[Wed Feb 07 23:13:07.374652 2024] [proxy_fcgi:error] [pid 17319] [client 50.21.176.199:44388] AH01068: Got bogus version 112, referer: https://gcba.ru/
[Thu Feb 08 00:35:47.024009 2024] [proxy_fcgi:error] [pid 17319] [client 69.62.228.184:46410] AH01068: Got bogus version 112, referer: https://gcba.ru/
[Thu Feb 08 03:07:15.973126 2024] [proxy_fcgi:error] [pid 29740] [client 94.196.104.176:50082] AH01068: Got bogus version 112, referer: https://gcba.ru/
[Thu Feb 08 04:16:20.937046 2024] [proxy_fcgi:error] [pid 17319] [client 104.200.135.46:51978] AH01068: Got bogus version 112, referer: https://gcba.ru/
[Thu Feb 08 04:51:15.541645 2024] [proxy_fcgi:error] [pid 29548] [client 5.182.87.46:52804] AH01068: Got bogus version 95
[Thu Feb 08 12:26:31.839813 2024] [proxy_fcgi:error] [pid 29741] [client 79.137.206.177:35516] AH01068: Got bogus version 95
[Thu Feb 08 14:28:08.939770 2024] [proxy_fcgi:error] [pid 29740] (70007)The timeout specified has expired: [client 217.148.140.145:38514] AH01075: Error dispatching request to :, referer: https://gcba.ru/
[Thu Feb 08 15:12:21.940020 2024] [proxy_fcgi:error] [pid 29738] (70007)The timeout specified has expired: [client 80.80.195.170:39508] AH01075: Error dispatching request to :, referer: https://gcba.ru/
[Thu Feb 08 19:34:54.424161 2024] [proxy_fcgi:error] [pid 29740] (70007)The timeout specified has expired: [client 66.249.66.38:45624] AH01075: Error dispatching request to :
[Thu Feb 08 20:23:33.882844 2024] [proxy_fcgi:error] [pid 29738] [client 5.182.87.46:46826] AH01068: Got bogus version 95
[Fri Feb 09 00:33:01.759866 2024] [proxy_fcgi:error] [pid 29741] [client 80.235.6.165:52642] AH01068: Got bogus version 112, referer: https://gcba.ru/
[Fri Feb 09 04:35:43.225721 2024] [proxy_fcgi:error] [pid 29740] [client 5.252.118.211:58618] AH01068: Got bogus version 95
[Fri Feb 09 05:45:19.470247 2024] [proxy_fcgi:error] [pid 13977] [client 94.228.169.107:60260] AH01068: Got bogus version 32, referer: https://gcba.ru/
[Fri Feb 09 08:02:08.634670 2024] [access_compat:error] [pid 13977] [client 94.228.169.107:35314] AH01797: client denied by server configuration: /var/www/vhosts/gcba.ru/httpdocs/bitrix/modules/main/admin/restore.php
[Fri Feb 09 08:02:10.523621 2024] [access_compat:error] [pid 29740] [client 94.228.169.107:35316] AH01797: client denied by server configuration: /var/www/vhosts/gcba.ru/httpdocs/bitrix/modules/main/admin/restore.php
[Fri Feb 09 11:29:20.283094 2024] [proxy_fcgi:error] [pid 29548] [client 67.20.132.97:39910] AH01068: Got bogus version 112, referer: https://gcba.ru/
[Fri Feb 09 11:40:07.864582 2024] [proxy_fcgi:error] [pid 7691] [client 99.46.137.50:40130] AH01068: Got bogus version 112, referer: https://gcba.ru/
[Fri Feb 09 13:56:55.144456 2024] [proxy_fcgi:error] [pid 29740] [client 5.252.118.211:42402] AH01068: Got bogus version 95
[Fri Feb 09 14:23:46.652537 2024] [proxy_fcgi:error] [pid 29548] (70007)The timeout specified has expired: [client 185.191.171.9:42754] AH01075: Error dispatching request to :
[Fri Feb 09 16:30:31.682168 2024] [proxy_fcgi:error] [pid 29738] [client 54.70.16.124:44346] AH01068: Got bogus version 51
[Fri Feb 09 18:16:58.531955 2024] [proxy_fcgi:error] [pid 7691] (70007)The timeout specified has expired: [client 66.249.66.39:45668] AH01075: Error dispatching request to :, referer: https://gcba.ru/services/?SECTION_ID=6
[Fri Feb 09 19:21:01.481433 2024] [proxy_fcgi:error] [pid 17319] (70007)The timeout specified has expired: [client 192.99.14.159:46530] AH01075: Error dispatching request to :
[Fri Feb 09 21:51:18.679669 2024] [proxy_fcgi:error] [pid 29741] [client 5.182.87.46:48622] AH01068: Got bogus version 95
[Fri Feb 09 23:41:25.855542 2024] [proxy_fcgi:error] [pid 29548] [client 82.165.88.6:50680] AH01068: Got bogus version 112, referer: https://gcba.ru/
[Fri Feb 09 23:52:10.555116 2024] [proxy_fcgi:error] [pid 29740] [client 82.223.71.148:50812] AH01068: Got bogus version 112, referer: https://gcba.ru/
[Sat Feb 10 11:19:36.640866 2024] [proxy_fcgi:error] [pid 17319] [client 79.137.206.177:60670] AH01068: Got bogus version 32, referer: https://gcba.ru/95f33f6732e3.php
[Sat Feb 10 12:18:10.337898 2024] [proxy_fcgi:error] [pid 29740] (70007)The timeout specified has expired: [client 66.249.66.39:33110] AH01075: Error dispatching request to :, referer: https://gcba.ru/news/metodologiya/vozvrat-pereplaty-vznosov-v-pfr/
[Sat Feb 10 20:16:18.901352 2024] [proxy_fcgi:error] [pid 13977] [client 5.252.118.211:39240] AH01068: Got bogus version 95
[Sat Feb 10 20:37:06.624498 2024] [proxy_fcgi:error] [pid 29548] [client 79.137.206.177:39474] AH01068: Got bogus version 32, referer: https://gcba.ru/
[Sun Feb 11 00:59:58.967250 2024] [proxy_fcgi:error] [pid 7691] (70007)The timeout specified has expired: [client 45.15.19.163:42726] AH01075: Error dispatching request to :, referer: https://gcba.ru/
[Sun Feb 11 01:33:22.522814 2024] [proxy_fcgi:error] [pid 29741] [client 84.17.43.34:43050] AH01068: Got bogus version 112, referer: https://gcba.ru/
[Sun Feb 11 11:14:07.785470 2024] [proxy_fcgi:error] [pid 29738] [client 91.108.240.52:49926] AH01068: Got bogus version 95
[Sun Feb 11 13:17:37.327496 2024] [proxy_fcgi:error] [pid 13977] [client 93.185.105.28:51332] AH01068: Got bogus version 51, referer: https://gcba.ru/
[Sun Feb 11 16:30:12.526279 2024] [proxy_fcgi:error] [pid 29738] [client 94.228.169.107:53368] AH01068: Got bogus version 32, referer: https://gcba.ru/
[Mon Feb 12 09:57:39.788345 2024] [proxy_fcgi:error] [pid 29741] [client 91.108.240.52:43110] AH01068: Got bogus version 95
[Mon Feb 12 16:44:44.449810 2024] [proxy_fcgi:error] [pid 17319] [client 94.228.169.107:51650] AH01068: Got bogus version 32, referer: https://gcba.ru/
[Mon Feb 12 17:59:23.705355 2024] [proxy_fcgi:error] [pid 13977] [client 5.182.87.46:53186] AH01068: Got bogus version 95
[Tue Feb 13 01:46:08.614529 2024] [proxy_fcgi:error] [pid 7691] (70007)The timeout specified has expired: [client 212.193.117.245:34724] AH01075: Error dispatching request to :
[Tue Feb 13 01:47:51.764948 2024] [proxy_fcgi:error] [pid 17319] (70007)The timeout specified has expired: [client 212.193.117.245:34764] AH01075: Error dispatching request to :
[Tue Feb 13 01:49:19.049252 2024] [proxy_fcgi:error] [pid 29741] (70007)The timeout specified has expired: [client 212.193.117.245:34796] AH01075: Error dispatching request to :
[Tue Feb 13 01:51:34.298954 2024] [proxy_fcgi:error] [pid 29548] [client 5.182.87.46:34876] AH01068: Got bogus version 95
[Tue Feb 13 12:39:58.225551 2024] [proxy_fcgi:error] [pid 17319] (70007)The timeout specified has expired: [client 176.67.84.118:48918] AH01075: Error dispatching request to :, referer: https://gcba.ru/
[Tue Feb 13 12:51:19.855636 2024] [proxy_fcgi:error] [pid 29740] (70007)The timeout specified has expired: [client 66.249.79.5:49166] AH01075: Error dispatching request to :
[Tue Feb 13 17:09:07.189082 2024] [proxy_fcgi:error] [pid 29738] [client 94.23.252.219:54654] AH01068: Got bogus version 112, referer: https://gcba.ru/
[Tue Feb 13 17:37:31.195411 2024] [proxy_fcgi:error] [pid 29738] (70007)The timeout specified has expired: [client 66.249.69.139:55392] AH01075: Error dispatching request to :
[Tue Feb 13 17:44:01.803300 2024] [proxy_fcgi:error] [pid 29741] [client 45.146.167.56:55572] AH01068: Got bogus version 51
[Tue Feb 13 17:46:08.638362 2024] [proxy_fcgi:error] [pid 29738] (70007)The timeout specified has expired: [client 45.144.30.205:55608] AH01075: Error dispatching request to :, referer: https://gcba.ru/
[Tue Feb 13 19:19:27.324235 2024] [proxy_fcgi:error] [pid 29738] [client 64.113.125.222:57528] AH01068: Got bogus version 112, referer: https://gcba.ru/
[Tue Feb 13 20:32:07.925301 2024] [proxy_fcgi:error] [pid 29548] (70007)The timeout specified has expired: [client 66.249.69.139:59126] AH01075: Error dispatching request to :
[Wed Feb 14 13:13:42.631723 2024] [proxy_fcgi:error] [pid 29741] [client 95.32.199.37:52050] AH01068: Got bogus version 60, referer: https://gcba.ru/bitrix/admin/event_log.php?set_filter=Y&find_type=audit_type_id&find_audit_type[]=SECURITY_VIRUS&find_audit_type[]=SECURITY_FILTER_SQL&find_audit_type[]=SECURITY_FILTER_XSS&find_audit_type[]=SECURITY_FILTER_XSS2&find_audit_type[]=SECURITY_FILTER_PHP&find_audit_type[]=SECURITY_REDIRECT&find_audit_type[]=SECURITY_HOST_RESTRICTION&mod=security&lang=ru
[Wed Feb 14 13:14:18.161535 2024] [proxy_fcgi:error] [pid 29738] [client 95.32.199.37:52072] AH01068: Got bogus version 143, referer: https://gcba.ru/bitrix/admin/security_ddos.php?lang=ru
[Wed Feb 14 13:17:16.055118 2024] [proxy_fcgi:error] [pid 5924] [client 95.32.199.37:52178] AH01068: Got bogus version 54, referer: https://gcba.ru/bitrix/admin/security_ddos.php?lang=ru
[Wed Feb 14 13:17:26.943250 2024] [proxy_fcgi:error] [pid 5965] [client 95.32.199.37:52180] AH01068: Got bogus version 54, referer: https://gcba.ru/bitrix/admin/security_ddos.php?lang=ru
[Wed Feb 14 13:17:33.681197 2024] [proxy_fcgi:error] [pid 29741] [client 95.32.199.37:52184] AH01068: Got bogus version 116, referer: https://gcba.ru/bitrix/admin/security_ddos.php?lang=ru
[Wed Feb 14 13:17:37.090347 2024] [core:error] [pid 5962] (36)File name too long: [client 52.18.210.64:52208] AH00036: access to /index........................................................................................................................................................................................................................................................................................................................................................................................................................................................................................................................................................................................................................php failed (filesystem path '/var/www/vhosts/gcba.ru/httpdocs/index........................................................................................................................................................................................................................................................................................................................................................................................................................................................................................................................................................................................................................php')
[Wed Feb 14 13:17:37.343748 2024] [access_compat:error] [pid 29738] [client 52.18.210.64:52220] AH01797: client denied by server configuration: /var/www/vhosts/gcba.ru/httpdocs/bitrix/php_interface/dbconn.php~
[Wed Feb 14 13:17:37.345439 2024] [access_compat:error] [pid 5962] [client 52.18.210.64:52225] AH01797: client denied by server configuration: /var/www/vhosts/gcba.ru/httpdocs/bitrix/modules/updater.log
[Wed Feb 14 13:17:37.597643 2024] [access_compat:error] [pid 5924] [client 52.18.210.64:52240] AH01797: client denied by server configuration: /var/www/vhosts/gcba.ru/httpdocs/bitrix/modules/main/tools/access_dialog.php
[Wed Feb 14 13:17:37.956935 2024] [authz_core:error] [pid 5965] [client 52.18.210.64:52250] AH01630: client denied by server configuration: /var/www/vhosts/gcba.ru/httpdocs/.htaccess
[Wed Feb 14 13:17:37.956221 2024] [cgi:error] [pid 7691] [client 52.18.210.64:52246] script not found or unable to stat: /var/www/cgi-bin/cgi_wrapper/php
[Wed Feb 14 13:17:37.957088 2024] [authz_core:error] [pid 29741] [client 52.18.210.64:52248] AH01630: client denied by server configuration: /var/www/vhosts/gcba.ru/httpdocs/bitrix/.htpasswd
[Wed Feb 14 13:17:40.116982 2024] [autoindex:error] [pid 6123] [client 52.18.210.64:52266] AH01276: Cannot serve directory /var/www/vhosts/gcba.ru/httpdocs/bitrix/tmp/: No matching DirectoryIndex (index.php,index.html) found, and server-generated directory index forbidden by Options directive
[Wed Feb 14 13:17:40.118798 2024] [access_compat:error] [pid 5965] [client 52.18.210.64:52264] AH01797: client denied by server configuration: /var/www/vhosts/gcba.ru/httpdocs/bitrix/php_interface/dbconn.php.orig
[Wed Feb 14 13:17:40.596146 2024] [authz_core:error] [pid 6145] [client 52.18.210.64:52276] AH01630: client denied by server configuration: /var/www/vhosts/gcba.ru/httpdocs/.htpasswd
[Wed Feb 14 13:17:40.671639 2024] [access_compat:error] [pid 6123] [client 52.18.210.64:52284] AH01797: client denied by server configuration: /var/www/vhosts/gcba.ru/httpdocs/bitrix/php_interface/dbconn.php.bak
[Wed Feb 14 13:17:40.729807 2024] [access_compat:error] [pid 5965] [client 52.18.210.64:52286] AH01797: client denied by server configuration: /var/www/vhosts/gcba.ru/httpdocs/upload/
[Wed Feb 14 13:17:40.827354 2024] [access_compat:error] [pid 6145] [client 52.18.210.64:52294] AH01797: client denied by server configuration: /var/www/vhosts/gcba.ru/httpdocs/bitrix/php_interface/dbconn.php.save
[Wed Feb 14 13:17:40.910842 2024] [access_compat:error] [pid 5924] [client 52.18.210.64:52298] AH01797: client denied by server configuration: /var/www/vhosts/gcba.ru/httpdocs/bitrix/php_interface/dbconn.php.old
[Wed Feb 14 13:17:41.020810 2024] [access_compat:error] [pid 5688] [client 52.18.210.64:52302] AH01797: client denied by server configuration: /var/www/vhosts/gcba.ru/httpdocs/bitrix/php_interface/dbconn.php.txt
[Wed Feb 14 13:17:41.098404 2024] [access_compat:error] [pid 6145] [client 52.18.210.64:52308] AH01797: client denied by server configuration: /var/www/vhosts/gcba.ru/httpdocs/bitrix/php_interface/dbconn.php.swp
[Wed Feb 14 13:26:27.038157 2024] [proxy_fcgi:error] [pid 6123] (104)Connection reset by peer: [client 95.32.199.37:53100] AH01075: Error dispatching request to :, referer: https://gcba.ru/bitrix/admin/update_system.php?refresh=Y&lang=ru
[Wed Feb 14 13:27:56.597487 2024] [proxy_fcgi:error] [pid 5962] [client 95.32.199.37:53134] AH01068: Got bogus version 208, referer: https://gcba.ru/bitrix/admin/security_scanner.php?lang=ru
[Wed Feb 14 13:28:13.204412 2024] [proxy_fcgi:error] [pid 5965] [client 95.32.199.37:53140] AH01068: Got bogus version 208, referer: https://gcba.ru/?bitrix_include_areas=Y
[Wed Feb 14 13:28:43.426822 2024] [proxy_fcgi:error] [pid 6145] [client 95.32.199.37:53148] AH01068: Got bogus version 34, referer: https://gcba.ru/?bitrix_include_areas=Y
[Wed Feb 14 13:33:18.602131 2024] [proxy_fcgi:error] [pid 6144] (104)Connection reset by peer: [client 95.32.199.37:53446] AH01075: Error dispatching request to :, referer: https://gcba.ru/?back_url_admin=%2Fbitrix%2Fadmin%2Fupdate_system.php%3Frefresh%3DY%26lang%3Dru
[Wed Feb 14 13:33:21.403152 2024] [proxy_fcgi:error] [pid 6123] [client 95.32.199.37:53444] AH01068: Got bogus version 54, referer: https://gcba.ru/?back_url_admin=%2Fbitrix%2Fadmin%2Fupdate_system.php%3Frefresh%3DY%26lang%3Dru
[Wed Feb 14 13:33:49.575732 2024] [proxy_fcgi:error] [pid 5962] [client 95.32.199.37:53468] AH01068: Got bogus version 54, referer: https://gcba.ru/?back_url_admin=%2Fbitrix%2Fadmin%2Fupdate_system.php%3Frefresh%3DY%26lang%3Dru
[Wed Feb 14 13:35:09.541005 2024] [proxy_fcgi:error] [pid 5965] (104)Connection reset by peer: [client 95.32.199.37:53566] AH01075: Error dispatching request to :, referer: https://gcba.ru/bitrix/admin/update_system.php?refresh=Y&lang=ru
[Wed Feb 14 13:37:20.591333 2024] [proxy_fcgi:error] [pid 5688] (104)Connection reset by peer: [client 95.32.199.37:53698] AH01075: Error dispatching request to :, referer: https://gcba.ru/bitrix/admin/update_system.php?refresh=Y&lang=ru
[Wed Feb 14 13:41:10.292484 2024] [proxy_fcgi:error] [pid 29741] [client 95.32.199.37:53848] AH01068: Got bogus version 176, referer: https://gcba.ru/bitrix/admin/fileman_medialib_admin.php?lang=ru&type=1
[Wed Feb 14 13:41:21.650888 2024] [proxy_fcgi:error] [pid 5688] [client 95.32.199.37:53852] AH01068: Got bogus version 176, referer: https://gcba.ru/bitrix/admin/fileman_medialib_admin.php?lang=ru&type=1
[Wed Feb 14 13:42:39.491612 2024] [proxy_fcgi:error] [pid 6123] [client 95.32.199.37:53900] AH01068: Got bogus version 114, referer: https://gcba.ru/bitrix/admin/fileman_admin.php?PAGEN_1=1&SIZEN_1=20&lang=ru&site=s1&path=%2Fupload&show_perms_for=0&fu_action=
[Wed Feb 14 13:47:54.042345 2024] [proxy_fcgi:error] [pid 5962] [client 95.32.199.37:54020] AH01068: Got bogus version 51
[Thu Feb 15 01:17:37.825566 2024] [proxy_fcgi:error] [pid 5965] [client 91.108.240.52:35628] AH01068: Got bogus version 184
[Thu Feb 15 05:59:19.268345 2024] [proxy_fcgi:error] [pid 6145] (70007)The timeout specified has expired: [client 66.249.65.107:43320] AH01075: Error dispatching request to :
[Fri Feb 16 05:21:45.683837 2024] [proxy_fcgi:error] [pid 6123] (70007)The timeout specified has expired: [client 46.151.27.193:53318] AH01075: Error dispatching request to :, referer: https://gcba.ru/
[Fri Feb 16 05:47:54.845489 2024] [proxy_fcgi:error] [pid 29741] [client 43.135.143.95:53970] AH01068: Got bogus version 100, referer: https://gcba.ru/
[Fri Feb 16 07:43:08.592145 2024] [proxy_fcgi:error] [pid 6145] (70007)The timeout specified has expired: [client 66.249.79.5:56966] AH01075: Error dispatching request to :
[Sat Feb 17 12:29:52.757452 2024] [proxy_fcgi:error] [pid 5688] [client 51.81.41.83:48802] AH01068: Got bogus version 100, referer: https://gcba.ru/
[Sat Feb 17 14:22:46.454611 2024] [proxy_fcgi:error] [pid 29741] (70007)The timeout specified has expired: [client 94.103.80.119:50968] AH01075: Error dispatching request to :, referer: https://gcba.ru/
[Sat Feb 17 14:27:16.053397 2024] [proxy_fcgi:error] [pid 5688] [client 94.228.169.107:51072] AH01068: Got bogus version 32, referer: https://gcba.ru/
[Sat Feb 17 14:34:04.794332 2024] [proxy_fcgi:error] [pid 29741] [client 71.169.173.30:51204] AH01068: Got bogus version 100, referer: https://gcba.ru/
[Sat Feb 17 15:05:40.162979 2024] [proxy_fcgi:error] [pid 5688] [client 104.180.13.57:51766] AH01068: Got bogus version 100, referer: https://gcba.ru/
[Sat Feb 17 19:22:27.585370 2024] [proxy_fcgi:error] [pid 6123] [client 104.189.166.241:56946] AH01068: Got bogus version 100, referer: https://gcba.ru/
[Sun Feb 18 03:45:01.698704 2024] [proxy_fcgi:error] [pid 29741] [client 69.10.62.42:38892] AH01068: Got bogus version 52, referer: https://gcba.ru/
[Sun Feb 18 04:52:39.674000 2024] [proxy_fcgi:error] [pid 5688] [client 207.182.76.110:40282] AH01068: Got bogus version 100, referer: https://gcba.ru/
[Sun Feb 18 05:40:41.566003 2024] [proxy_fcgi:error] [pid 6123] [client 79.137.206.177:41240] AH01068: Got bogus version 32, referer: https://gcba.ru/95f33f6732e3.php
[Sun Feb 18 06:49:16.605686 2024] [proxy_fcgi:error] [pid 30768] [client 81.19.141.209:42596] AH01068: Got bogus version 52, referer: https://gcba.ru/
[Mon Feb 19 09:38:04.357179 2024] [proxy_fcgi:error] [pid 29741] (70007)The timeout specified has expired: [client 66.249.79.166:46678] AH01075: Error dispatching request to :
[Mon Feb 19 21:18:29.907694 2024] [proxy_fcgi:error] [pid 6123] (70007)The timeout specified has expired: [client 66.249.79.166:60676] AH01075: Error dispatching request to :
[Tue Feb 20 05:27:25.199606 2024] [proxy_fcgi:error] [pid 6145] (70007)The timeout specified has expired: [client 62.122.184.194:41866] AH01075: Error dispatching request to :, referer: https://gcba.ru/
[Tue Feb 20 05:33:18.391278 2024] [proxy_fcgi:error] [pid 5688] (70007)The timeout specified has expired: [client 162.214.111.61:41970] AH01075: Error dispatching request to :, referer: https://gcba.ru/
[Tue Feb 20 15:22:38.745858 2024] [proxy_fcgi:error] [pid 6319] [client 194.33.191.47:53882] AH01068: Got bogus version 32
[Tue Feb 20 15:24:09.334689 2024] [proxy_fcgi:error] [pid 5965] [client 194.33.191.47:53938] AH01068: Got bogus version 32
[Tue Feb 20 15:26:54.765637 2024] [proxy_fcgi:error] [pid 30768] [client 194.33.191.47:53986] AH01068: Got bogus version 32
[Tue Feb 20 15:27:58.712416 2024] [proxy_fcgi:error] [pid 6319] [client 194.33.191.47:54010] AH01068: Got bogus version 32
[Tue Feb 20 15:31:44.557451 2024] [proxy_fcgi:error] [pid 29741] [client 194.33.191.47:54108] AH01068: Got bogus version 32
[Tue Feb 20 15:32:44.417656 2024] [proxy_fcgi:error] [pid 5962] [client 194.33.191.47:54132] AH01068: Got bogus version 32
[Tue Feb 20 15:33:48.132216 2024] [proxy_fcgi:error] [pid 30768] [client 194.33.191.47:54204] AH01068: Got bogus version 32
[Tue Feb 20 15:35:17.922654 2024] [proxy_fcgi:error] [pid 6319] [client 194.33.191.47:54266] AH01068: Got bogus version 32
[Tue Feb 20 15:40:11.982868 2024] [proxy_fcgi:error] [pid 5962] [client 194.33.191.47:54374] AH01068: Got bogus version 32
[Tue Feb 20 15:41:48.682731 2024] [proxy_fcgi:error] [pid 29741] [client 194.33.191.47:54406] AH01068: Got bogus version 32
[Tue Feb 20 15:46:59.533198 2024] [proxy_fcgi:error] [pid 6145] [client 194.33.191.47:54546] AH01068: Got bogus version 32
[Tue Feb 20 19:39:12.877995 2024] [proxy_fcgi:error] [pid 6123] (70007)The timeout specified has expired: [client 66.249.79.166:58938] AH01075: Error dispatching request to :
[Wed Feb 21 08:40:29.268690 2024] [proxy_fcgi:error] [pid 6123] [client 79.137.206.177:45076] AH01068: Got bogus version 32, referer: https://gcba.ru/95f33f6732e3.php
[Wed Feb 21 21:06:11.973713 2024] [proxy_fcgi:error] [pid 6319] [client 5.252.118.211:59186] AH01068: Got bogus version 184
[Thu Feb 22 03:23:46.947696 2024] [proxy_fcgi:error] [pid 29741] [client 73.190.248.57:38506] AH01068: Got bogus version 100, referer: https://gcba.ru/
[Thu Feb 22 03:47:46.604399 2024] [proxy_fcgi:error] [pid 9524] [client 74.84.150.86:38988] AH01068: Got bogus version 52
[Thu Feb 22 04:04:29.201277 2024] [proxy_fcgi:error] [pid 6123] [client 92.204.137.70:39308] AH01068: Got bogus version 100, referer: https://gcba.ru/
[Thu Feb 22 05:15:57.500266 2024] [proxy_fcgi:error] [pid 30768] [client 5.182.87.46:40694] AH01068: Got bogus version 184
[Thu Feb 22 05:19:25.119093 2024] [proxy_fcgi:error] [pid 9524] [client 92.29.18.0:40762] AH01068: Got bogus version 100, referer: https://gcba.ru/
[Thu Feb 22 05:44:39.170516 2024] [proxy_fcgi:error] [pid 6145] [client 195.26.39.91:41246] AH01068: Got bogus version 100, referer: https://gcba.ru/
[Thu Feb 22 06:06:19.133721 2024] [proxy_fcgi:error] [pid 10614] [client 50.84.75.158:41728] AH01068: Got bogus version 100, referer: https://gcba.ru/
[Thu Feb 22 06:44:47.605703 2024] [proxy_fcgi:error] [pid 9524] [client 89.46.110.229:42506] AH01068: Got bogus version 100, referer: https://gcba.ru/
[Fri Mar 01 03:39:16.794303 2024] [access_compat:error] [pid 12773] [client 46.226.166.50:34870] AH01797: client denied by server configuration: /var/www/vhosts/gcba.ru/httpdocs/bitrix/modules/main/admin/restore.php
[Fri Mar 01 03:39:51.593505 2024] [access_compat:error] [pid 12772] [client 46.226.166.50:34880] AH01797: client denied by server configuration: /var/www/vhosts/gcba.ru/httpdocs/bitrix/modules/main/admin/restore.php
[Thu Mar 07 08:04:52.914357 2024] [access_compat:error] [pid 15884] [client 46.226.166.50:33092] AH01797: client denied by server configuration: /var/www/vhosts/gcba.ru/httpdocs/bitrix/modules/main/admin/restore.php
[Thu Mar 07 08:05:08.236009 2024] [access_compat:error] [pid 15889] [client 46.226.166.50:33102] AH01797: client denied by server configuration: /var/www/vhosts/gcba.ru/httpdocs/bitrix/modules/main/admin/restore.php
[Mon Mar 11 04:11:32.678254 2024] [access_compat:error] [pid 8264] [client 46.226.166.50:59116] AH01797: client denied by server configuration: /var/www/vhosts/gcba.ru/httpdocs/bitrix/modules/main/admin/restore.php
[Mon Mar 11 04:11:38.904387 2024] [access_compat:error] [pid 8263] [client 46.226.166.50:59124] AH01797: client denied by server configuration: /var/www/vhosts/gcba.ru/httpdocs/bitrix/modules/main/admin/restore.php
[Wed Mar 13 04:22:23.572043 2024] [access_compat:error] [pid 8260] [client 46.226.166.50:58840] AH01797: client denied by server configuration: /var/www/vhosts/gcba.ru/httpdocs/bitrix/modules/main/admin/restore.php
[Wed Mar 13 04:31:48.872171 2024] [access_compat:error] [pid 23326] [client 46.226.166.50:59032] AH01797: client denied by server configuration: /var/www/vhosts/gcba.ru/httpdocs/bitrix/modules/main/admin/restore.php
[Thu Mar 14 23:09:09.467160 2024] [access_compat:error] [pid 8263] [client 46.226.166.50:59490] AH01797: client denied by server configuration: /var/www/vhosts/gcba.ru/httpdocs/bitrix/modules/main/admin/restore.php
[Thu Mar 14 23:16:18.058291 2024] [access_compat:error] [pid 8260] [client 46.226.166.50:59662] AH01797: client denied by server configuration: /var/www/vhosts/gcba.ru/httpdocs/bitrix/modules/main/admin/restore.php
[Sat Apr 06 10:05:43.862449 2024] [log_config:warn] [pid 19089] (28)No space left on device: [client 89.253.231.240:58808] AH00646: Error writing to /var/www/vhosts/system/gcba.ru/logs/access_ssl_log, referer: https://gcba.ru/
[Sat Apr 06 10:05:54.854851 2024] [log_config:warn] [pid 19087] (28)No space left on device: [client 89.253.231.240:58816] AH00646: Error writing to /var/www/vhosts/system/gcba.ru/logs/access_ssl_log
[Sat Apr 06 10:10:01.520675 2024] [log_config:warn] [pid 19091] (28)No space left on device: [client 89.253.231.240:58938] AH00646: Error writing to /var/www/vhosts/system/gcba.ru/logs/access_ssl_log
[Sat Apr 06 10:10:01.828582 2024] [log_config:warn] [pid 19090] (28)No space left on device: [client 89.253.231.240:58940] AH00646: Error writing to /var/www/vhosts/system/gcba.ru/logs/access_ssl_log
[Sat Apr 06 10:10:58.637381 2024] [log_config:warn] [pid 19681] (28)No space left on device: [client 89.253.231.240:58976] AH00646: Error writing to /var/www/vhosts/system/gcba.ru/logs/access_ssl_log
[Sat Apr 06 10:12:13.023368 2024] [log_config:warn] [pid 19088] (28)No space left on device: [client 89.253.231.240:59018] AH00646: Error writing to /var/www/vhosts/system/gcba.ru/logs/access_ssl_log, referer: http://89.253.231.240:80/
[Sat Apr 06 10:13:33.647353 2024] [log_config:warn] [pid 19089] (28)No space left on device: [client 89.253.231.240:59060] AH00646: Error writing to /var/www/vhosts/system/gcba.ru/logs/access_ssl_log
[Sat Apr 06 10:15:04.031729 2024] [log_config:warn] [pid 19087] (28)No space left on device: [client 89.253.231.240:59108] AH00646: Error writing to /var/www/vhosts/system/gcba.ru/logs/access_ssl_log
[Sat Apr 06 10:15:34.069509 2024] [log_config:warn] [pid 19091] (28)No space left on device: [client 89.253.231.240:59128] AH00646: Error writing to /var/www/vhosts/system/gcba.ru/logs/access_ssl_log
[Sat Apr 06 10:41:26.767830 2024] [log_config:warn] [pid 19088] (28)No space left on device: [client 89.253.231.240:59936] AH00646: Error writing to /var/www/vhosts/system/gcba.ru/logs/access_ssl_log
[Sat Apr 06 11:45:03.926275 2024] [log_config:warn] [pid 19089] (28)No space left on device: [client 89.253.231.240:33686] AH00646: Error writing to /var/www/vhosts/system/gcba.ru/logs/access_ssl_log
[Sat Apr 06 11:47:03.862286 2024] [log_config:warn] [pid 19087] (28)No space left on device: [client 89.253.231.240:33756] AH00646: Error writing to /var/www/vhosts/system/gcba.ru/logs/access_ssl_log
[Sat Apr 06 13:15:04.587572 2024] [log_config:warn] [pid 19091] (28)No space left on device: [client 89.253.231.240:36460] AH00646: Error writing to /var/www/vhosts/system/gcba.ru/logs/access_ssl_log
[Sat Apr 06 13:15:09.242182 2024] [log_config:warn] [pid 19090] (28)No space left on device: [client 89.253.231.240:36468] AH00646: Error writing to /var/www/vhosts/system/gcba.ru/logs/access_ssl_log, referer: https://gcba.ru/news/metodologiya/otchetnost-pfr/
[Sat Apr 06 13:53:36.843195 2024] [log_config:warn] [pid 19681] (28)No space left on device: [client 89.253.231.240:37622] AH00646: Error writing to /var/www/vhosts/system/gcba.ru/logs/access_ssl_log
[Sat Apr 06 14:25:57.886904 2024] [log_config:warn] [pid 19088] (28)No space left on device: [client 89.253.231.240:38604] AH00646: Error writing to /var/www/vhosts/system/gcba.ru/logs/access_ssl_log
[Sat Apr 06 14:45:03.509049 2024] [log_config:warn] [pid 19089] (28)No space left on device: [client 89.253.231.240:39146] AH00646: Error writing to /var/[Fri Apr 19 20:11:17.757939 2024] [access_compat:error] [pid 6389] [client 89.253.231.240:50348] AH01797: client denied by server configuration: /var/www/vhosts/gcba.ru/httpdocs/bitrix/modules/main/include/prolog_after.php
[Fri Apr 19 20:35:21.893359 2024] [access_compat:error] [pid 8064] [client 89.253.231.240:51160] AH01797: client denied by server configuration: /var/www/vhosts/gcba.ru/httpdocs/bitrix/modules/main/bx_root.php
[Fri Apr 19 21:16:03.881925 2024] [access_compat:error] [pid 6389] [client 89.253.231.240:52572] AH01797: client denied by server configuration: /var/www/vhosts/gcba.ru/httpdocs/bitrix/modules/ldap
[Fri Apr 19 21:16:05.570074 2024] [access_compat:error] [pid 6370] [client 89.253.231.240:52574] AH01797: client denied by server configuration: /var/www/vhosts/gcba.ru/httpdocs/bitrix/modules/ldap
[Sat Apr 20 02:12:32.303050 2024] [access_compat:error] [pid 18749] [client 89.253.231.240:34346] AH01797: client denied by server configuration: /var/www/vhosts/gcba.ru/httpdocs/bitrix/modules/main/spread.php
[Sat Apr 20 05:01:29.709499 2024] [access_compat:error] [pid 17419] [client 89.253.231.240:40276] AH01797: client denied by server configuration: /var/www/vhosts/gcba.ru/httpdocs/bitrix/modules/main/include/prolog.php
[Sat Apr 20 15:10:06.284968 2024] [authz_core:error] [pid 12168] [client 89.253.231.240:60706] AH01630: client denied by server configuration: /var/www/vhosts/gcba.ru/httpdocs/.htaccess, referer: https://www.gcba.ru/.htaccess
[Mon Apr 29 01:22:09.238536 2024] [log_config:warn] [pid 16428] (28)No space left on device: [client 89.253.231.240:42436] AH00646: Error writing to /var/www/vhosts/system/gcba.ru/logs/access_ssl_log
[Mon Apr 29 01:24:41.545118 2024] [log_config:warn] [pid 18290] (28)No space left on device: [client 89.253.231.240:42572] AH00646: Error writing to /var/www/vhosts/system/gcba.ru/logs/access_ssl_log
[Mon Apr 29 01:31:26.226449 2024] [log_config:warn] [pid 8487] (28)No space left on device: [client 89.253.231.240:42910] AH00646: Error writing to /var/www/vhosts/system/gcba.ru/logs/access_ssl_log
[Mon Apr 29 01:34:14.597848 2024] [log_config:warn] [pid 18506] (28)No space left on device: [client 89.253.231.240:43044] AH00646: Error writing to /var/www/vhosts/system/gcba.ru/logs/access_ssl_log
[Mon Apr 29 01:38:00.571763 2024] [log_config:warn] [pid 16428] (28)No space left on device: [client 89.253.231.240:43262] AH00646: Error writing to /var/www/vhosts/system/gcba.ru/logs/access_ssl_log
[Mon Apr 29 01:38:09.094952 2024] [log_config:warn] [pid 18290] (28)No space left on device: [client 89.253.231.240:43268] AH00646: Error writing to /var/www/vhosts/system/gcba.ru/logs/access_ssl_log
[Mon Apr 29 01:43:27.081651 2024] [log_config:warn] [pid 8487] (28)No space left on device: [client 89.253.231.240:43544] AH00646: Error writing to /var/www/vhosts/system/gcba.ru/logs/access_ssl_log
[Mon Apr 29 01:53:23.380308 2024] [log_config:warn] [pid 18506] (28)No space left on device: [client 89.253.231.240:44036] AH00646: Error writing to /var/www/vhosts/system/gcba.ru/logs/access_ssl_log
[Mon Apr 29 01:59:32.683681 2024] [log_config:warn] [pid 18738] (28)No space left on device: [client 89.253.231.240:44362] AH00646: Error writing to /var/www/vhosts/system/gcba.ru/logs/access_ssl_log
[Mon Apr 29 02:08:41.622280 2024] [log_config:warn] [pid 18290] (28)No space left on device: [client 89.253.231.240:44830] AH00646: Error writing to /var/www/vhosts/system/gcba.ru/logs/access_ssl_log
[Mon Apr 29 02:12:15.956077 2024] [log_config:warn] [pid 8487] (28)No space left on device: [client 89.253.231.240:45010] AH00646: Error writing to /var/www/vhosts/system/gcba.ru/logs/access_ssl_log
[Mon Apr 29 02:14:22.604361 2024] [log_config:warn] [pid 18506] (28)No space left on device: [client 89.253.231.240:45120] AH00646: Error writing to /var/www/vhosts/system/gcba.ru/logs/access_ssl_log
[Mon Apr 29 02:15:45.191688 2024] [log_config:warn] [pid 18738] (28)No space left on device: [client 89.253.231.240:45198] AH00646: Error writing to /var/www/vhosts/system/gcba.ru/logs/access_ssl_log
[Mon Apr 29 02:1[Fri May 03 22:42:59.995111 2024] [access_compat:error] [pid 18506] [client 89.253.231.240:51238] AH01797: client denied by server configuration: /var/www/vhosts/gcba.ru/httpdocs/bitrix/modules/fileman/admin/fileman_html_editor_action.php
[Fri May 03 22:43:00.429894 2024] [access_compat:error] [pid 21130] [client 89.253.231.240:51244] AH01797: client denied by server configuration: /var/www/vhosts/gcba.ru/httpdocs/bitrix/modules/fileman/admin/fileman_html_editor_action.php
[Sat May 04 00:13:29.191016 2024] [access_compat:error] [pid 16428] [client 89.253.231.240:53656] AH01797: client denied by server configuration: /var/www/vhosts/gcba.ru/httpdocs/bitrix/modules/vote/install/tools/uf.php
[Sat May 04 00:13:29.220489 2024] [access_compat:error] [pid 8487] [client 89.253.231.240:53658] AH01797: client denied by server configuration: /var/www/vhosts/gcba.ru/httpdocs/bitrix/modules/vote/tools/uf.php
[Sun May 05 12:47:41.377058 2024] [proxy_fcgi:error] [pid 21102] (70007)The timeout specified has expired: [client 89.253.231.240:54390] AH01075: Error dispatching request to :
[Sun May 05 12:49:07.830979 2024] [proxy_fcgi:error] [pid 21130] (70007)The timeout specified has expired: [client 89.253.231.240:54434] AH01075: Error dispatching request to :
[Tue May 07 18:57:32.843470 2024] [proxy_fcgi:error] [pid 32572] (70007)The timeout specified has expired: [client 89.253.231.240:52774] AH01075: Error dispatching request to :
[Thu May 09 07:26:28.291504 2024] [proxy_fcgi:error] [pid 13698] (70007)The timeout specified has expired: [client 89.253.231.240:52404] AH01075: Error dispatching request to :
[Thu May 09 19:50:55.845449 2024] [access_compat:error] [pid 6437] [client 89.253.231.240:44778] AH01797: client denied by server configuration: /var/www/vhosts/gcba.ru/httpdocs/bitrix/modules/fileman/admin/fileman_html_editor_action.php
[Thu May 09 19:50:59.531954 2024] [access_compat:error] [pid 28486] [client 89.253.231.240:44788] AH01797: client denied by server configuration: /var/www/vhosts/gcba.ru/httpdocs/bitrix/modules/fileman/admin/fileman_html_editor_action.php
[Thu May 09 20:37:53.882197 2024] [access_compat:error] [pid 32572] [client 89.253.231.240:46058] AH01797: client denied by server configuration: /var/www/vhosts/gcba.ru/httpdocs/bitrix/modules/vote/install/tools/uf.php
[Thu May 09 20:37:53.905913 2024] [access_compat:error] [pid 29360] [client 89.253.231.240:46060] AH01797: client denied by server configuration: /var/www/vhosts/gcba.ru/httpdocs/bitrix/modules/vote/tools/uf.php
[Fri May 10 09:03:47.255968 2024] [proxy_fcgi:error] [pid 6437] (70007)The timeout specified has expired: [client 89.253.231.240:38760] AH01075: Error dispatching request to :, referer: http://www.gcba.ru/services/?SECTION_ID=8
[Fri May 10 19:07:38.233343 2024] [access_compat:error] [pid 29360] [client 89.253.231.240:54574] AH01797: client denied by server configuration: /var/www/vhosts/gcba.ru/httpdocs/bitrix/modules/vote/install/tools/uf.php
[Fri May 10 19:07:38.250125 2024] [access_compat:error] [pid 32572] [client 89.253.231.240:54576] AH01797: client denied by server configuration: /var/www/vhosts/gcba.ru/httpdocs/bitrix/modules/vote/tools/uf.php
[Sat May 11 10:22:31.737656 2024] [proxy_fcgi:error] [pid 28486] [client 89.253.231.240:50112] AH01068: Got bogus version 184
[Sat May 11 16:21:00.445336 2024] [proxy_fcgi:error] [pid 23990] [client 89.253.231.240:58836] AH01068: Got bogus version 100, referer: https://gcba.ru/
[Mon May 13 08:06:59.459246 2024] [log_config:warn] [pid 28486] (28)No space left on device: [client 89.253.231.240:37936] AH00646: Error writing to /var/www/vhosts/system/gcba.ru/logs/access_ssl_log
[Mon May 13 08:07:03.909224 2024] [log_config:warn] [pid 27532] (28)No space left on device: [client 89.253.231.240:37944] AH00646: Error writing to /var/www/vhosts/system/gcba.ru/logs/access_ssl_log
[Mon May 13 08:07:07.444162 2024] [log_config:warn] [pid 28135] (28)No space left on device: [client 89.253.231.240:37948] AH00646: Error writing to /var/www/vhosts/system/gcba.ru/logs/access_ssl_log
[Mon May 13 08:07:13.016865 202[Tue Jun 11 00:09:20.712976 2024] [proxy_fcgi:error] [pid 12253] (70007)The timeout specified has expired: [client 40.77.167.20:50254] AH01075: Error dispatching request to :
[Sun Jun 16 21:10:34.313536 2024] [access_compat:error] [pid 12251] [client 46.226.166.50:42174] AH01797: client denied by server configuration: /var/www/vhosts/gcba.ru/httpdocs/bitrix/modules/main/admin/restore.php
[Sun Jun 16 21:10:37.385375 2024] [access_compat:error] [pid 12256] [client 46.226.166.50:42182] AH01797: client denied by server configuration: /var/www/vhosts/gcba.ru/httpdocs/bitrix/modules/main/admin/restore.php
[Mon Jun 17 03:50:25.313766 2024] [access_compat:error] [pid 12254] [client 46.226.166.50:46870] AH01797: client denied by server configuration: /var/www/vhosts/gcba.ru/httpdocs/bitrix/modules/main/admin/restore.php
[Mon Jun 17 03:50:49.410133 2024] [access_compat:error] [pid 12255] [client 46.226.166.50:46896] AH01797: client denied by server configuration: /var/www/vhosts/gcba.ru/httpdocs/bitrix/modules/main/admin/restore.php
[Tue Jun 18 21:43:20.845473 2024] [access_compat:error] [pid 12253] [client 46.226.166.50:54360] AH01797: client denied by server configuration: /var/www/vhosts/gcba.ru/httpdocs/bitrix/modules/main/admin/restore.php
[Tue Jun 18 21:43:21.194945 2024] [access_compat:error] [pid 12251] [client 46.226.166.50:54362] AH01797: client denied by server configuration: /var/www/vhosts/gcba.ru/httpdocs/bitrix/modules/main/admin/restore.php
[Wed Jun 19 15:06:02.156616 2024] [proxy_fcgi:error] [pid 12251] [client 104.164.173.149:49078] AH01068: Got bogus version 52
[Thu Jun 20 10:09:23.610614 2024] [proxy_fcgi:error] [pid 29245] [client 46.226.166.50:42768] AH01068: Got bogus version 32, referer: https://gcba.ru/
[Wed Jun 26 23:05:20.974233 2024] [access_compat:error] [pid 29231] [client 46.226.166.50:43678] AH01797: client denied by server configuration: /var/www/vhosts/gcba.ru/httpdocs/bitrix/modules/main/admin/restore.php
[Wed Jun 26 23:07:31.985376 2024] [access_compat:error] [pid 7842] [client 46.226.166.50:43726] AH01797: client denied by server configuration: /var/www/vhosts/gcba.ru/httpdocs/bitrix/modules/main/admin/restore.php
[Sat Jun 29 18:56:09.823459 2024] [autoindex:error] [pid 3727] [client 91.92.254.72:43362] AH01276: Cannot serve directory /var/www/vhosts/gcba.ru/httpdocs/.well-known/: No matching DirectoryIndex (index.php,index.html) found, and server-generated directory index forbidden by Options directive
[Thu Jul 04 04:22:33.151782 2024] [proxy_fcgi:error] [pid 15305] (70007)The timeout specified has expired: [client 46.226.166.50:42560] AH01075: Error dispatching request to :
[Thu Jul 11 09:39:32.129075 2024] [proxy_fcgi:error] [pid 12008] (70007)The timeout specified has expired: [client 91.92.254.72:50922] AH01075: Error dispatching request to :
[Wed Jul 17 13:49:30.223690 2024] [proxy_fcgi:error] [pid 15307] [client 81.209.177.145:51484] AH01068: Got bogus version 114
[Wed Jul 17 13:55:14.517380 2024] [proxy_fcgi:error] [pid 15305] [client 81.209.177.145:51678] AH01068: Got bogus version 128
[Thu Jul 18 05:34:32.267814 2024] [proxy_fcgi:error] [pid 19625] [client 46.243.227.188:48160] AH01068: Got bogus version 114
[Fri Jul 19 19:08:48.418729 2024] [proxy_fcgi:error] [pid 19625] [client 46.226.166.50:45604] AH01068: Got bogus version 53, referer: https://gcba.ru/
[Mon Jul 22 03:35:13.922585 2024] [proxy_fcgi:error] [pid 28041] [client 5.252.118.211:45538] AH01068: Got bogus version 53, referer: https://gcba.ru/
[Thu Jul 25 17:05:45.323726 2024] [proxy_fcgi:error] [pid 28041] (70007)The timeout specified has expired: [client 66.249.79.4:35756] AH01075: Error dispatching request to :, referer: https://gcba.ru/news/pravo/po-dolgam-firmy-budet-platit-ee-khozyain/
[Fri Jul 26 03:15:06.402131 2024] [proxy_fcgi:error] [pid 28040] [client 46.226.166.50:50470] AH01068: Got bogus version 184
[Fri Jul 26 14:02:53.729876 2024] [proxy_fcgi:error] [pid 10006] [client 46.226.166.50:38200] AH01068: Got bogus version 32, referer: https://gcba.ru/
[Fri Jul 26 20:31:07.057067 2024] [proxy_fcgi:error] [pid 28042] [client 79.137.206.177:48040] AH01068: Got bogus version 184
[Sat Jul 27 07:22:55.419056 2024] [proxy_fcgi:error] [pid 28042] [client 79.137.206.177:37482] AH01068: Got bogus version 32, referer: https://gcba.ru/
[Sat Jul 27 11:47:25.808130 2024] [proxy_fcgi:error] [pid 28041] (70007)The timeout specified has expired: [client 66.249.66.44:44302] AH01075: Error dispatching request to :, referer: https://gcba.ru/eng/
[Sat Jul 27 13:59:50.897231 2024] [proxy_fcgi:error] [pid 27556] [client 91.108.240.52:47682] AH01068: Got bogus version 184
[Sat Jul 27 15:10:00.104440 2024] [proxy_fcgi:error] [pid 28040] [client 23.20.234.238:49404] AH01068: Got bogus version 100, referer: https://gcba.ru/
[Sat Jul 27 20:56:59.821292 2024] [proxy_fcgi:error] [pid 10023] [client 46.226.166.50:58068] AH01068: Got bogus version 32, referer: https://gcba.ru/
[Mon Jul 29 00:38:07.566543 2024] [log_config:warn] [pid 31779] (28)No space left on device: [client 188.166.26.88:45248] AH00646: Error writing to /var/www/vhosts/system/gcba.ru/logs/access_ssl_log
[Mon Jul 29 00:38:08.141644 2024] [log_config:warn] [pid 31778] (28)No space left on device: [client 162.19.230.94:45252] AH00646: Error writing to /var/www/vhosts/system/gcba.ru/logs/access_ssl_log
[Mon Jul 29 00:38:31.153260 2024] [log_config:warn] [pid 31781] (28)No space left on device: [client 104.168.147.248:45266] AH00646: Error writing to /var/www/vhosts/system/gcba.ru/logs/access_ssl_log
[Mon Jul 29 00:38:33.818585 2024] [log_config:warn] [pid 31782] (28)No space left on device: [client 104.168.147.248:45270] AH00646: Error writing to /var/www/vhosts/system/gcba.ru/logs/access_ssl_log, referer: https://gcba.ru/
[Mon Jul 29 00:38:35.540129 2024] [log_config:warn] [pid 31780] (28)No space left on device: [client 104.168.147.248:45272] AH00646: Error writing to /var/www/vhosts/system/gcba.ru/logs/access_ssl_log, referer: https://gcba.ru/
[Mon Jul 29 00:38:37.854015 2024] [log_config:warn] [pid 31779] (28)No space left on device: [client 104.168.147.248:45274] AH00646: Error writing to /var/www/vhosts/system/gcba.ru/logs/access_ssl_log, referer: https://gcba.ru/
[Mon Jul 29 00:38:42.362058 2024] [log_config:warn] [pid 31778] (28)No space left on device: [client 104.168.147.248:45276] AH00646: Error writing to /var/www/vhosts/system/gcba.ru/logs/access_ssl_log, referer: https://gcba.ru/
[Mon Jul 29 00:38:44.935352 2024] [log_config:warn] [pid 31781] (28)No space left on device: [client 104.168.147.248:45278] AH00646: Error writing to /var/www/vhosts/system/gcba.ru/logs/access_ssl_log, referer: https://gcba.ru/
[Mon Jul 29 00:38:46.827831 2024] [log_config:warn] [pid 31782] (28)No space left on device: [client 104.168.147.248:45284] AH00646: Error writing to /var/www/vhosts/system/gcba.ru/logs/access_ssl_log, referer: https://gcba.ru/
[Mon Jul 29 00:38:48.047255 2024] [log_config:warn] [pid 31780] (28)No space left on device: [client 104.168.147.248:45286] AH00646: Error writing to /var/www/vhosts/system/gcba.ru/logs/access_ssl_log, referer: https://gcba.ru/
[Mon Jul 29 00:38:48.904184 2024] [log_config:warn] [pid 31779] (28)No space left on device: [client 104.168.147.248:45288] AH00646: Error writing to /var/www/vhosts/system/gcba.ru/logs/access_ssl_log, referer: https://gcba.ru/
[Mon Jul 29 00:38:50.310127 2024] [log_config:warn] [pid 31778] (28)No space left on device: [client 104.168.147.248:45290] AH00646: Error writing to /var/www/vhosts/system/gcba.ru/logs/access_ssl_log, referer: https://gcba.ru/
[Mon Jul 29 00:38:51.532624 2024] [log_config:warn] [pid 31781] (28)No space left on device: [client 104.168.147.248:45294] AH00646: Error writing to /var/www/vhosts/system/gcba.ru/logs/access_ssl_log, referer: https://gcba.ru/
[Mon Jul 29 00:38:53.076610 2024] [log_config:warn] [pid 31782] (28)No space left on device: [client 104.168.147.248:45296] AH00646: Error writing to /var/www/vhosts/system/gcba.ru/logs/access_ssl_log, referer: https://gcba.ru/
[Mon Jul 29 00:38:54.880987 2024] [log_config:warn] [pid 31780] (28)No space left on device: [client 104.168.147.248:45298] AH00646: Error [Tue Jul 30 15:59:50.742111 2024] [proxy_fcgi:error] [pid 31779] [client 5.252.118.211:43158] AH01068: Got bogus version 53, referer: https://gcba.ru/
[Tue Jul 30 21:59:43.692131 2024] [proxy_fcgi:error] [pid 31779] [client 46.226.166.50:52424] AH01068: Got bogus version 32, referer: https://gcba.ru/
[Thu Aug 01 00:34:19.223283 2024] [log_config:warn] [pid 31782] (28)No space left on device: [client 88.201.251.215:35138] AH00646: Error writing to /var/www/vhosts/system/gcba.ru/logs/access_ssl_log, referer: https://gcba.ru/
[Thu Aug 01 01:16:52.843453 2024] [log_config:warn] [pid 31779] (28)No space left on device: [client 93.158.91.235:36106] AH00646: Error writing to /var/www/vhosts/system/gcba.ru/logs/access_ssl_log, referer: http://gcba.ru/
[Thu Aug 01 01:38:04.390236 2024] [log_config:warn] [pid 31781] (28)No space left on device: [client 45.81.136.71:36580] AH00646: Error writing to /var/www/vhosts/system/gcba.ru/logs/access_ssl_log, referer: http://gcba.ru/
[Thu Aug 01 01:38:10.202733 2024] [log_config:warn] [pid 31778] (28)No space left on device: [client 45.81.136.71:36586] AH00646: Error writing to /var/www/vhosts/system/gcba.ru/logs/access_ssl_log, referer: https://gcba.ru/
[Thu Aug 01 01:59:29.174602 2024] [log_config:warn] [pid 31780] (28)No space left on device: [client 57.151.35.8:37030] AH00646: Error writing to /var/www/vhosts/system/gcba.ru/logs/access_ssl_log
[Thu Aug 01 02:11:08.334380 2024] [log_config:warn] [pid 31782] (28)No space left on device: [client 46.226.166.50:37306] AH00646: Error writing to /var/www/vhosts/system/gcba.ru/logs/access_ssl_log
[Thu Aug 01 02:11:10.552990 2024] [log_config:warn] [pid 31779] (28)No space left on device: [client 46.226.166.50:37314] AH00646: Error writing to /var/www/vhosts/system/gcba.ru/logs/access_ssl_log
[Thu Aug 01 03:20:21.644471 2024] [log_config:warn] [pid 31780] (28)No space left on device: [client 54.36.148.12:38854] AH00646: Error writing to /var/www/vhosts/system/gcba.ru/logs/access_ssl_log
[Thu Aug 01 03:28:45.338142 2024] [log_config:warn] [pid 26492] (28)No space left on device: [client 185.191.171.17:39030] AH00646: Error writing to /var/www/vhosts/system/gcba.ru/logs/access_ssl_log
[Thu Aug 01 04:16:49.328855 2024] [log_config:warn] [pid 31782] (28)No space left on device: [client 66.249.66.38:40058] AH00646: Error writing to /var/www/vhosts/system/gcba.ru/logs/access_ssl_log
[Thu Aug 01 04:40:39.570825 2024] [log_config:warn] [pid 31779] (28)No space left on device: [client 52.167.144.180:40640] AH00646: Error writing to /var/www/vhosts/system/gcba.ru/logs/access_ssl_log
[Thu Aug 01 04:51:29.847445 2024] [log_config:warn] [pid 31781] (28)No space left on device: [client 79.137.206.177:40884] AH00646: Error writing to /var/www/vhosts/system/gcba.ru/logs/access_ssl_log
[Thu Aug 01 04:51:41.978007 2024] [log_config:warn] [pid 31778] (28)No space left on device: [client 79.137.206.177:40886] AH00646: Error writing to /var/www/vhosts/system/gcba.ru/logs/access_ssl_log, referer: https://gcba.ru/
[Thu Aug 01 04:51:42.595787 2024] [log_config:warn] [pid 31780] (28)No space left on device: [client 79.137.206.177:40894] AH00646: Error writing to /var/www/vhosts/system/gcba.ru/logs/access_ssl_log, referer: https://gcba.ru/bitrix/tools/composite_data.php
[Thu Aug 01 04:51:44.063759 2024] [log_config:warn] [pid 26492] (28)No space left on device: [client 79.137.206.177:40896] AH00646: Error writing to /var/www/vhosts/system/gcba.ru/logs/access_ssl_log, referer: https://gcba.ru/bitrix/tools/html_editor_action.php
[Thu Aug 01 04:51:45.537672 2024] [log_config:warn] [pid 31782] (28)No space left on device: [client 79.137.206.177:40900] AH00646: Error writing to /var/www/vhosts/system/gcba.ru/logs/access_ssl_log, referer: https://gcba.ru/bitrix/tools/html_editor_action.php
[Thu Aug 01 04:51:46.137751 2024] [log_config:warn] [pid 31779] (28)No space left on device: [client 79.137.206.177:40904] AH00646: Error writing to /var/www/vhosts/system/gcba.ru/logs/access_ssl_log, referer: https://gcba.ru/bitrix/tools/html_editor_action.php
[Thu Aug 01 04:51:49.786923 202[Fri Aug 02 03:04:02.093707 2024] [proxy_fcgi:error] [pid 31780] [client 46.226.166.50:44616] AH01068: Got bogus version 32, referer: https://gcba.ru/95f33f6732e3.php
[Fri Aug 02 19:25:07.266128 2024] [proxy_fcgi:error] [pid 31779] [client 79.137.206.177:40040] AH01068: Got bogus version 184
[Fri Aug 02 20:35:24.779199 2024] [proxy_fcgi:error] [pid 31778] (70007)The timeout specified has expired: [client 91.92.254.72:41658] AH01075: Error dispatching request to :
