[Fri Aug 02 21:13:25.750787 2024] [proxy_fcgi:error] [pid 31780] (70007)The timeout specified has expired: [client 77.222.112.83:42518] AH01075: Error dispatching request to :, referer: https://gcba.ru/
[Sun Aug 04 20:33:20.762713 2024] [proxy_fcgi:error] [pid 19657] (70007)The timeout specified has expired: [client 212.193.117.245:57184] AH01075: Error dispatching request to :
[Mon Aug 05 15:09:53.451653 2024] [proxy_fcgi:error] [pid 19658] (70007)The timeout specified has expired: [client 66.249.73.76:56112] AH01075: Error dispatching request to :
[Mon Aug 05 18:51:45.218353 2024] [proxy_fcgi:error] [pid 19659] (70007)The timeout specified has expired: [client 62.122.184.194:60324] AH01075: Error dispatching request to :, referer: https://gcba.ru/
[Tue Aug 06 10:32:28.981787 2024] [log_config:warn] [pid 29612] (28)No space left on device: [client 79.137.206.177:51732] AH00646: Error writing to /var/www/vhosts/system/gcba.ru/logs/access_ssl_log, referer: https://gcba.ru/bitrix/tools/vote/uf.php?attachId[ENTITY_TYPE]=CFileUploader&attachId[ENTITY_ID][events][onFileIsStarted][]=CAllAgent&attachId[ENTITY_ID][events][onFileIsStarted][]=Update&attachId[MODULE_ID]=vote&action=vote
[Tue Aug 06 10:32:29.360061 2024] [log_config:warn] [pid 19659] (28)No space left on device: [client 79.137.206.177:51734] AH00646: Error writing to /var/www/vhosts/system/gcba.ru/logs/access_ssl_log, referer: https://gcba.ru/bitrix/tools/vote/uf.php?attachId[ENTITY_TYPE]=CFileUploader&attachId[ENTITY_ID][events][onFileIsStarted][]=CAllAgent&attachId[ENTITY_ID][events][onFileIsStarted][]=Update&attachId[MODULE_ID]=vote&action=vote
[Tue Aug 06 10:32:29.815929 2024] [log_config:warn] [pid 8678] (28)No space left on device: [client 79.137.206.177:51738] AH00646: Error writing to /var/www/vhosts/system/gcba.ru/logs/access_ssl_log, referer: https://gcba.ru/bitrix/tools/vote/uf.php?attachId[ENTITY_TYPE]=CFileUploader&attachId[ENTITY_ID][events][onFileIsStarted][]=CAllAgent&attachId[ENTITY_ID][events][onFileIsStarted][]=Update&attachId[MODULE_ID]=vote&action=vote
[Tue Aug 06 10:32:30.200242 2024] [log_config:warn] [pid 19658] (28)No space left on device: [client 79.137.206.177:51740] AH00646: Error writing to /var/www/vhosts/system/gcba.ru/logs/access_ssl_log, referer: https://gcba.ru/bitrix/tools/vote/uf.php?attachId[ENTITY_TYPE]=CFileUploader&attachId[ENTITY_ID][events][onFileIsStarted][]=CAllAgent&attachId[ENTITY_ID][events][onFileIsStarted][]=Update&attachId[MODULE_ID]=vote&action=vote
[Tue Aug 06 10:32:30.562047 2024] [log_config:warn] [pid 19656] (28)No space left on device: [client 79.137.206.177:51742] AH00646: Error writing to /var/www/vhosts/system/gcba.ru/logs/access_ssl_log, referer: https://gcba.ru/bitrix/tools/vote/uf.php?attachId[ENTITY_TYPE]=CFileUploader&attachId[ENTITY_ID][events][onFileIsStarted][]=CAllAgent&attachId[ENTITY_ID][events][onFileIsStarted][]=Update&attachId[MODULE_ID]=vote&action=vote
[Tue Aug 06 10:33:45.776515 2024] [log_config:warn] [pid 19660] (28)No space left on device: [client 79.137.206.177:51764] AH00646: Error writing to /var/www/vhosts/system/gcba.ru/logs/access_ssl_log, referer: https://gcba.ru/bitrix/tools/vote/uf.php?attachId[ENTITY_TYPE]=CFileUploader&attachId[ENTITY_ID][events][onFileIsStarted][]=CAllAgent&attachId[ENTITY_ID][events][onFileIsStarted][]=Update&attachId[MODULE_ID]=vote&action=vote
[Tue Aug 06 10:33:47.076241 2024] [log_config:warn] [pid 19657] (28)No space left on device: [client 79.137.206.177:51766] AH00646: Error writing to /var/www/vhosts/system/gcba.ru/logs/access_ssl_log, referer: https://gcba.ru/bitrix/tools/vote/uf.php?attachId[Wed Sep 04 15:07:15.057941 2024] [proxy_fcgi:error] [pid 9386] [client 205.169.39.74:44866] AH01068: Got bogus version 55
[Fri Sep 06 11:08:00.963145 2024] [access_compat:error] [pid 6413] [client 89.253.231.240:42096] AH01797: client denied by server configuration: /var/www/vhosts/gcba.ru/httpdocs/upload/tmp/test.php
[Fri Sep 06 11:08:00.987358 2024] [access_compat:error] [pid 6415] [client 89.253.231.240:42100] AH01797: client denied by server configuration: /var/www/vhosts/gcba.ru/httpdocs/upload/tmp/test.php.any
[Fri Sep 06 11:08:01.013622 2024] [access_compat:error] [pid 6411] [client 89.253.231.240:42104] AH01797: client denied by server configuration: /var/www/vhosts/gcba.ru/httpdocs/upload/tmp/test.py
[Mon Sep 09 02:47:12.003957 2024] [access_compat:error] [pid 24212] [client 46.226.166.50:43322] AH01797: client denied by server configuration: /var/www/vhosts/gcba.ru/httpdocs/bitrix/modules/main/admin/restore.php
[Mon Sep 09 02:47:19.611868 2024] [access_compat:error] [pid 24211] [client 46.226.166.50:43324] AH01797: client denied by server configuration: /var/www/vhosts/gcba.ru/httpdocs/bitrix/modules/main/admin/restore.php
[Mon Sep 09 05:53:10.587394 2024] [access_compat:error] [pid 24213] [client 46.226.166.50:44978] AH01797: client denied by server configuration: /var/www/vhosts/gcba.ru/httpdocs/bitrix/modules/main/admin/restore.php
[Mon Sep 09 05:53:10.788468 2024] [access_compat:error] [pid 24214] [client 46.226.166.50:44980] AH01797: client denied by server configuration: /var/www/vhosts/gcba.ru/httpdocs/bitrix/modules/main/admin/restore.php
[Tue Sep 10 12:03:11.540198 2024] [log_config:warn] [pid 3956] (28)No space left on device: [client 185.191.171.2:33602] AH00646: Error writing to /var/www/vhosts/system/gcba.ru/logs/access_ssl_log
[Tue Sep 10 12:06:47.728488 2024] [log_config:warn] [pid 24215] (28)No space left on device: [client 85.208.96.196:33634] AH00646: Error writing to /var/www/vhosts/system/gcba.ru/logs/access_ssl_log
[Tue Sep 10 12:17:30.949848 2024] [log_config:warn] [pid 24212] (28)No space left on device: [client 185.191.171.17:33708] AH00646: Error writing to /var/www/vhosts/system/gcba.ru/logs/access_ssl_log
[Tue Sep 10 12:18:30.604826 2024] [log_config:warn] [pid 24214] (28)No space left on device: [client 185.191.171.6:33716] AH00646: Error writing to /var/www/vhosts/system/gcba.ru/logs/access_ssl_log
[Tue Sep 10 12:27:20.931329 2024] [log_config:warn] [pid 24213] (28)No space left on device: [client 85.208.96.197:33780] AH00646: Error writing to /var/www/vhosts/system/gcba.ru/logs/access_ssl_log
[Tue Sep 10 12:47:08.181619 2024] [log_config:warn] [pid 24212] (28)No space left on device: [client 212.193.117.245:33930] AH00646: Error writing to /var/www/vhosts/system/gcba.ru/logs/access_ssl_log
[Tue Sep 10 12:47:21.363186 2024] [log_config:warn] [pid 24214] (28)No space left on device: [client 212.193.117.245:33932] AH00646: Error writing to /var/www/vhosts/system/gcba.ru/logs/access_ssl_log
[Tue Sep 10 12:47:31.188854 2024] [log_config:warn] [pid 24213] (28)No space left on device: [client 212.193.117.245:33934] AH00646: Error writing to /var/www/vhosts/system/gcba.ru/logs/access_ssl_log
[Tue Sep 10 12:47:43.007080 2024] [log_config:warn] [pid 3956] (28)No space left on device: [client 212.193.117.245:33940] AH00646: Error writing to /var/www/vhosts/system/gcba.ru/logs/access_ssl_log
[Tue Sep 10 12:47:54.023995 2024] [log_config:warn] [pid 24215] (28)No space left on device: [client 212.193.117.245:33944] AH00646: Error writing to /var/www/vhosts/system/gcba.ru/logs/access_ssl_log
[Tue Sep 10 12:48:04.599771 2024] [log_config:warn] [pid 24211] (28)No space left on device: [client 212.193.117.245:33946] AH00646: Error writing to /var/www/vhosts/system/gcba.ru/logs/access_ssl_log
[Tue Sep 10 12:48:17.101849 2024] [log_config:warn] [pid 24212] (28)No space left on device: [client 212.193.117.245:33948] AH00646: Error writing to /var/www/vhosts/system/gcba.ru/logs/access_ssl_log
[Tue Sep 10 12:48:27.006543 2024] [log_config:warn] [pid 24214] (28)No space left on device: [client 212.193.11[Mon Sep 16 01:09:48.358899 2024] [proxy_fcgi:error] [pid 28132] [client 217.196.107.80:35436] AH01071: Got error 'PHP message: PHP Fatal error:  Uncaught TypeError: fwrite(): Argument #1 ($stream) must be of type resource, bool given in /var/www/vhosts/gcba.ru/httpdocs/95f33f6732e3.php(1) : eval()'d code:16\nStack trace:\n#0 /var/www/vhosts/gcba.ru/httpdocs/95f33f6732e3.php(1) : eval()'d code(16): fwrite()\n#1 /var/www/vhosts/gcba.ru/httpdocs/95f33f6732e3.php(1): eval()\n#2 {main}\n  thrown in /var/www/vhosts/gcba.ru/httpdocs/95f33f6732e3.php(1) : eval()'d code on line 16', referer: https://gcba.ru/95f33f6732e3.php
[Mon Sep 16 03:18:48.544294 2024] [proxy_fcgi:error] [pid 22838] [client 15.237.116.157:36198] AH01071: Got error 'PHP message: PHP Fatal error:  Uncaught TypeError: array_map(): Argument #1 ($callback) must be a valid callback or null, function "create_function" not found or invalid function name in /var/www/vhosts/gcba.ru/httpdocs/a06cb/index.php:274\nStack trace:\n#0 /var/www/vhosts/gcba.ru/httpdocs/a06cb/index.php(274): array_map()\n#1 {main}\n  thrown in /var/www/vhosts/gcba.ru/httpdocs/a06cb/index.php on line 274', referer: https://gcba.ru/a06cb/index.php
[Mon Sep 16 03:36:38.716261 2024] [proxy_fcgi:error] [pid 28132] [client 15.237.116.157:36448] AH01071: Got error 'PHP message: PHP Fatal error:  Uncaught TypeError: array_map(): Argument #1 ($callback) must be a valid callback or null, function "create_function" not found or invalid function name in /var/www/vhosts/gcba.ru/httpdocs/a06cb/index.php:274\nStack trace:\n#0 /var/www/vhosts/gcba.ru/httpdocs/a06cb/index.php(274): array_map()\n#1 {main}\n  thrown in /var/www/vhosts/gcba.ru/httpdocs/a06cb/index.php on line 274'
[Mon Sep 16 04:00:40.349578 2024] [log_config:warn] [pid 28132] (28)No space left on device: [client 195.123.227.30:36598] AH00646: Error writing to /var/www/vhosts/system/gcba.ru/logs/access_ssl_log, referer: https://gcba.ru/?success=5ebc99f6818ff0fc3d0079c7c5f48a6b
[Mon Sep 16 04:00:55.581961 2024] [log_config:warn] [pid 22630] (28)No space left on device: [client 175.16.56.104:36602] AH00646: Error writing to /var/www/vhosts/system/gcba.ru/logs/access_ssl_log
[Mon Sep 16 04:02:08.423538 2024] [log_config:warn] [pid 17207] (28)No space left on device: [client 175.16.56.104:36610] AH00646: Error writing to /var/www/vhosts/system/gcba.ru/logs/access_ssl_log
[Mon Sep 16 04:03:16.911516 2024] [log_config:warn] [pid 22838] (28)No space left on device: [client 217.196.107.80:36616] AH00646: Error writing to /var/www/vhosts/system/gcba.ru/logs/access_ssl_log
[Mon Sep 16 04:04:36.915945 2024] [log_config:warn] [pid 22376] (28)No space left on device: [client 54.36.149.71:36622] AH00646: Error writing to /var/www/vhosts/system/gcba.ru/logs/access_ssl_log
[Mon Sep 16 04:06:49.065941 2024] [log_config:warn] [pid 28132] (28)No space left on device: [client 217.196.107.80:36634] AH00646: Error writing to /var/www/vhosts/system/gcba.ru/logs/access_ssl_log
[Mon Sep 16 04:08:23.775105 2024] [log_config:warn] [pid 22630] (28)No space left on device: [client 98.96.193.67:36646] AH00646: Error writing to /var/www/vhosts/system/gcba.ru/logs/access_ssl_log
[Mon Sep 16 04:12:29.148274 2024] [log_config:warn] [pid 17207] (28)No space left on device: [client 85.208.96.197:36668] AH00646: Error writing to /var/www/vhosts/system/gcba.ru/logs/access_ssl_log
[Mon Sep 16 04:22:44.985349 2024] [log_config:warn] [pid 22376] (28)No space left on device: [client 46.101.72.116:36724] AH00646: Error writing to /var/www/vhosts/system/gcba.ru/logs/access_ssl_log
[Mon Sep 16 04:27:06.714686 2024] [log_config:warn] [pid 28132] (28)No space left on device: [client 37.99.18.24:36750] AH00646: Error writing to /var/www/vhosts/system/gcba.ru/logs/access_ssl_log, referer: https://gcba.ru/
[Mon Sep 16 04:27:07.286065 2024] [log_config:warn] [pid 22630] (28)No space left on device: [client 37.99.18.24:36752] AH00646: Error writing to /var/www/vhosts/system/gcba.ru/logs/access_ssl_log, referer: https://gcba.ru/
[Mon Sep 16 04:28:04.858041 2024] [log_config:warn] [pid 17207] (28)No[Fri Oct 04 06:51:36.740633 2024] [proxy_fcgi:error] [pid 1706] [client 85.208.96.201:58396] AH01068: Got bogus version 114
[Sat Oct 05 17:46:57.948827 2024] [log_config:warn] [pid 2680] (28)No space left on device: [client 66.249.69.170:48858] AH00646: Error writing to /var/www/vhosts/system/gcba.ru/logs/access_ssl_log
[Sat Oct 05 17:49:35.967646 2024] [log_config:warn] [pid 2664] (28)No space left on device: [client 54.36.149.91:48876] AH00646: Error writing to /var/www/vhosts/system/gcba.ru/logs/access_ssl_log
[Sat Oct 05 17:53:50.068424 2024] [log_config:warn] [pid 7195] (28)No space left on device: [client 66.249.69.170:48896] AH00646: Error writing to /var/www/vhosts/system/gcba.ru/logs/access_ssl_log
[Sat Oct 05 17:54:29.645350 2024] [log_config:warn] [pid 2655] (28)No space left on device: [client 66.249.69.172:48902] AH00646: Error writing to /var/www/vhosts/system/gcba.ru/logs/access_ssl_log
[Sat Oct 05 17:59:36.666740 2024] [log_config:warn] [pid 2650] (28)No space left on device: [client 66.249.69.170:48930] AH00646: Error writing to /var/www/vhosts/system/gcba.ru/logs/access_ssl_log
[Sat Oct 05 18:03:56.718073 2024] [log_config:warn] [pid 2654] (28)No space left on device: [client 54.36.149.19:48956] AH00646: Error writing to /var/www/vhosts/system/gcba.ru/logs/access_ssl_log
[Sat Oct 05 18:04:21.636781 2024] [log_config:warn] [pid 2680] (28)No space left on device: [client 66.249.69.171:48962] AH00646: Error writing to /var/www/vhosts/system/gcba.ru/logs/access_ssl_log
[Sat Oct 05 18:05:21.950000 2024] [log_config:warn] [pid 2668] (28)No space left on device: [client 66.249.69.171:48968] AH00646: Error writing to /var/www/vhosts/system/gcba.ru/logs/access_ssl_log
[Sat Oct 05 18:09:23.064873 2024] [log_config:warn] [pid 2664] (28)No space left on device: [client 66.249.69.172:48990] AH00646: Error writing to /var/www/vhosts/system/gcba.ru/logs/access_ssl_log
[Sat Oct 05 18:09:24.024936 2024] [log_config:warn] [pid 7195] (28)No space left on device: [client 66.249.69.170:48992] AH00646: Error writing to /var/www/vhosts/system/gcba.ru/logs/access_ssl_log
[Sat Oct 05 18:09:24.198055 2024] [log_config:warn] [pid 2655] (28)No space left on device: [client 66.249.69.170:48994] AH00646: Error writing to /var/www/vhosts/system/gcba.ru/logs/access_ssl_log
[Sat Oct 05 18:09:28.427042 2024] [log_config:warn] [pid 2650] (28)No space left on device: [client 66.249.69.171:48996] AH00646: Error writing to /var/www/vhosts/system/gcba.ru/logs/access_ssl_log
[Sat Oct 05 18:12:24.668501 2024] [log_config:warn] [pid 2654] (28)No space left on device: [client 66.249.69.172:49014] AH00646: Error writing to /var/www/vhosts/system/gcba.ru/logs/access_ssl_log
[Sat Oct 05 18:14:25.137537 2024] [log_config:warn] [pid 2680] (28)No space left on device: [client 66.249.69.171:49024] AH00646: Error writing to /var/www/vhosts/system/gcba.ru/logs/access_ssl_log
[Sat Oct 05 18:14:25.841128 2024] [log_config:warn] [pid 2668] (28)No space left on device: [client 66.249.69.171:49026] AH00646: Error writing to /var/www/vhosts/system/gcba.ru/logs/access_ssl_log
[Sat Oct 05 18:14:26.529489 2024] [log_config:warn] [pid 2664] (28)No space left on device: [client 66.249.69.171:49028] AH00646: Error writing to /var/www/vhosts/system/gcba.ru/logs/access_ssl_log
[Sat Oct 05 18:15:26.979391 2024] [log_config:warn] [pid 7195] (28)No space left on device: [client 66.249.69.172:49034] AH00646: Error writing to /var/www/vhosts/system/gcba.ru/logs/access_ssl_log
[Sat Oct 05 18:18:13.881763 2024] [log_config:warn] [pid 2655] (28)No space left on device: [client 85.208.96.195:49054] AH00646: Error writing to /var/www/vhosts/system/gcba.ru/logs/access_ssl_log
[Sat Oct 05 18:18:17.225005 2024] [log_config:warn] [pid 2650] (28)No space left on device: [client 54.36.149.57:49056] AH00646: Error writing to /var/www/vhosts/system/gcba.ru/logs/access_ssl_log
[Sat Oct 05 18:18:27.464970 2024] [log_config:warn] [pid 2654] (28)No space left on device: [client 66.249.69.171:49058] AH00646: Error writing to /var/www/vhosts/system/gcba.ru/logs/access_ssl_log
[Sat Oct 05 18:[Mon Oct 07 05:41:30.111033 2024] [proxy_fcgi:error] [pid 2664] [client 185.191.171.3:38184] AH01068: Got bogus version 97
[Mon Oct 07 12:43:07.636703 2024] [proxy_fcgi:error] [pid 2664] [client 85.208.96.193:43970] AH01068: Got bogus version 97
[Mon Oct 07 14:05:18.712104 2024] [proxy_fcgi:error] [pid 2668] [client 85.208.96.206:45078] AH01068: Got bogus version 97
[Mon Oct 07 17:54:06.919139 2024] [proxy_fcgi:error] [pid 2668] [client 85.208.96.200:48038] AH01068: Got bogus version 97
[Tue Oct 08 01:11:32.737567 2024] [proxy_fcgi:error] [pid 20701] [client 85.208.96.194:53038] AH01068: Got bogus version 97
[Tue Oct 08 10:32:00.125962 2024] [log_config:warn] [pid 20727] (28)No space left on device: [client 185.191.171.7:59114] AH00646: Error writing to /var/www/vhosts/system/gcba.ru/logs/access_ssl_log
[Tue Oct 08 10:33:51.988812 2024] [log_config:warn] [pid 20701] (28)No space left on device: [client 85.208.96.198:59126] AH00646: Error writing to /var/www/vhosts/system/gcba.ru/logs/access_ssl_log
[Tue Oct 08 10:34:00.932101 2024] [log_config:warn] [pid 20706] (28)No space left on device: [client 193.203.10.227:59128] AH00646: Error writing to /var/www/vhosts/system/gcba.ru/logs/access_ssl_log
[Tue Oct 08 10:34:08.608037 2024] [log_config:warn] [pid 21024] (28)No space left on device: [client 85.208.96.205:59136] AH00646: Error writing to /var/www/vhosts/system/gcba.ru/logs/access_ssl_log
[Tue Oct 08 10:35:49.683385 2024] [log_config:warn] [pid 20727] (28)No space left on device: [client 185.191.171.3:59150] AH00646: Error writing to /var/www/vhosts/system/gcba.ru/logs/access_ssl_log
[Tue Oct 08 10:36:22.779704 2024] [log_config:warn] [pid 20701] (28)No space left on device: [client 85.208.96.197:59156] AH00646: Error writing to /var/www/vhosts/system/gcba.ru/logs/access_ssl_log
[Tue Oct 08 10:36:26.358344 2024] [log_config:warn] [pid 20706] (28)No space left on device: [client 85.208.96.195:59158] AH00646: Error writing to /var/www/vhosts/system/gcba.ru/logs/access_ssl_log
[Tue Oct 08 10:38:12.236136 2024] [log_config:warn] [pid 21024] (28)No space left on device: [client 193.203.11.33:59172] AH00646: Error writing to /var/www/vhosts/system/gcba.ru/logs/access_ssl_log
[Tue Oct 08 10:38:23.543572 2024] [log_config:warn] [pid 20646] (28)No space left on device: [client 85.208.96.202:59174] AH00646: Error writing to /var/www/vhosts/system/gcba.ru/logs/access_ssl_log
[Tue Oct 08 10:38:33.867267 2024] [log_config:warn] [pid 20727] (28)No space left on device: [client 66.249.66.35:59176] AH00646: Error writing to /var/www/vhosts/system/gcba.ru/logs/access_ssl_log
[Tue Oct 08 10:39:49.687972 2024] [log_config:warn] [pid 20701] (28)No space left on device: [client 212.34.144.202:59182] AH00646: Error writing to /var/www/vhosts/system/gcba.ru/logs/access_ssl_log, referer: https://gcba.ru/
[Tue Oct 08 10:40:41.495677 2024] [log_config:warn] [pid 20706] (28)No space left on device: [client 85.208.96.202:59188] AH00646: Error writing to /var/www/vhosts/system/gcba.ru/logs/access_ssl_log
[Tue Oct 08 10:43:27.036650 2024] [log_config:warn] [pid 21024] (28)No space left on device: [client 51.81.46.212:59206] AH00646: Error writing to /var/www/vhosts/system/gcba.ru/logs/access_ssl_log
[Tue Oct 08 10:43:45.693959 2024] [log_config:warn] [pid 20646] (28)No space left on device: [client 85.208.96.212:59208] AH00646: Error writing to /var/www/vhosts/system/gcba.ru/logs/access_ssl_log
[Tue Oct 08 10:44:34.307437 2024] [log_config:warn] [pid 20727] (28)No space left on device: [client 66.249.66.37:59214] AH00646: Error writing to /var/www/vhosts/system/gcba.ru/logs/access_ssl_log
[Tue Oct 08 10:44:57.978717 2024] [log_config:warn] [pid 20701] (28)No space left on device: [client 85.208.96.200:59216] AH00646: Error writing to /var/www/vhosts/system/gcba.ru/logs/access_ssl_log
[Tue Oct 08 10:47:34.760138 2024] [log_config:warn] [pid 20706] (28)No space left on device: [client 66.249.66.37:59232] AH00646: Error writing to /var/www/vhosts/system/gcba.ru/logs/access_ssl_log
[Tue Oct 08 10:47:54.869019 2024] [log_config:warn] [pid 21024] (28)No s[Tue Nov 12 09:51:19.014547 2024] [proxy_fcgi:error] [pid 21910] [client 95.163.152.143:43058] AH01071: Got error 'PHP message: PHP Fatal error:  Uncaught TypeError: fwrite(): Argument #1 ($stream) must be of type resource, bool given in /var/www/vhosts/gcba.ru/httpdocs/95f33f6732e3.php(1) : eval()'d code:16\nStack trace:\n#0 /var/www/vhosts/gcba.ru/httpdocs/95f33f6732e3.php(1) : eval()'d code(16): fwrite()\n#1 /var/www/vhosts/gcba.ru/httpdocs/95f33f6732e3.php(1): eval()\n#2 {main}\n  thrown in /var/www/vhosts/gcba.ru/httpdocs/95f33f6732e3.php(1) : eval()'d code on line 16', referer: https://gcba.ru/95f33f6732e3.php
[Tue Nov 12 15:14:31.861055 2024] [proxy_fcgi:error] [pid 21910] [client 150.241.80.73:45806] AH01071: Got error 'PHP message: PHP Fatal error:  Uncaught TypeError: fwrite(): Argument #1 ($stream) must be of type resource, bool given in /var/www/vhosts/gcba.ru/httpdocs/95f33f6732e3.php(1) : eval()'d code:16\nStack trace:\n#0 /var/www/vhosts/gcba.ru/httpdocs/95f33f6732e3.php(1) : eval()'d code(16): fwrite()\n#1 /var/www/vhosts/gcba.ru/httpdocs/95f33f6732e3.php(1): eval()\n#2 {main}\n  thrown in /var/www/vhosts/gcba.ru/httpdocs/95f33f6732e3.php(1) : eval()'d code on line 16', referer: https://gcba.ru/95f33f6732e3.php
[Tue Nov 12 17:06:41.028408 2024] [proxy_fcgi:error] [pid 1542] [client 45.138.74.176:46786] AH01071: Got error 'PHP message: PHP Fatal error:  Uncaught TypeError: fwrite(): Argument #1 ($stream) must be of type resource, bool given in /var/www/vhosts/gcba.ru/httpdocs/95f33f6732e3.php(1) : eval()'d code:16\nStack trace:\n#0 /var/www/vhosts/gcba.ru/httpdocs/95f33f6732e3.php(1) : eval()'d code(16): fwrite()\n#1 /var/www/vhosts/gcba.ru/httpdocs/95f33f6732e3.php(1): eval()\n#2 {main}\n  thrown in /var/www/vhosts/gcba.ru/httpdocs/95f33f6732e3.php(1) : eval()'d code on line 16', referer: https://gcba.ru/95f33f6732e3.php
[Wed Nov 13 04:10:16.242022 2024] [proxy_fcgi:error] [pid 4255] [client 79.137.248.92:53278] AH01071: Got error 'PHP message: PHP Fatal error:  Uncaught TypeError: fwrite(): Argument #1 ($stream) must be of type resource, bool given in /var/www/vhosts/gcba.ru/httpdocs/95f33f6732e3.php(1) : eval()'d code:16\nStack trace:\n#0 /var/www/vhosts/gcba.ru/httpdocs/95f33f6732e3.php(1) : eval()'d code(16): fwrite()\n#1 /var/www/vhosts/gcba.ru/httpdocs/95f33f6732e3.php(1): eval()\n#2 {main}\n  thrown in /var/www/vhosts/gcba.ru/httpdocs/95f33f6732e3.php(1) : eval()'d code on line 16', referer: https://gcba.ru/95f33f6732e3.php
[Wed Nov 13 06:59:09.143047 2024] [proxy_fcgi:error] [pid 4257] (70007)The timeout specified has expired: [client 66.249.66.37:54538] AH01075: Error dispatching request to :
[Wed Nov 13 07:49:48.180595 2024] [proxy_fcgi:error] [pid 4254] [client 79.137.248.92:54904] AH01071: Got error 'PHP message: PHP Fatal error:  Uncaught TypeError: fwrite(): Argument #1 ($stream) must be of type resource, bool given in /var/www/vhosts/gcba.ru/httpdocs/95f33f6732e3.php(1) : eval()'d code:16\nStack trace:\n#0 /var/www/vhosts/gcba.ru/httpdocs/95f33f6732e3.php(1) : eval()'d code(16): fwrite()\n#1 /var/www/vhosts/gcba.ru/httpdocs/95f33f6732e3.php(1): eval()\n#2 {main}\n  thrown in /var/www/vhosts/gcba.ru/httpdocs/95f33f6732e3.php(1) : eval()'d code on line 16', referer: https://gcba.ru/95f33f6732e3.php
[Thu Nov 14 03:04:35.354552 2024] [access_compat:error] [pid 4257] [client 217.196.107.80:34764] AH01797: client denied by server configuration: /var/www/vhosts/gcba.ru/httpdocs/bitrix/modules/main/admin/restore.php
[Thu Nov 14 04:16:11.417721 2024] [proxy_fcgi:error] [pid 1858] [client 150.241.85.177:35952] AH01071: Got error 'PHP message: PHP Fatal error:  Uncaught TypeError: fwrite(): Argument #1 ($stream) must be of type resource, bool given in /var/www/vhosts/gcba.ru/httpdocs/95f33f6732e3.php(1) : eval()'d code:16\nStack trace:\n#0 /var/www/vhosts/gcba.ru/httpdocs/95f33f6732e3.php(1) : eval()'d code(16): fwrite()\n#1 /var/www/vhosts/gcba.ru/httpdocs/95f33f6732e3.php(1): eval()\n#2 {main}\n  thrown in /var/www/vhosts/gcba.ru/httpdocs/95f33f6732e3.php(1) : eval()'d code on line 16', referer: https://gcba.ru/95f33f6732e3.php
[Thu Nov 14 05:31:17.064317 2024] [proxy_fcgi:error] [pid 1857] [client 150.241.85.177:36404] AH01071: Got error 'PHP message: PHP Fatal error:  Uncaught TypeError: fwrite(): Argument #1 ($stream) must be of type resource, bool given in /var/www/vhosts/gcba.ru/httpdocs/95f33f6732e3.php(1) : eval()'d code:16\nStack trace:\n#0 /var/www/vhosts/gcba.ru/httpdocs/95f33f6732e3.php(1) : eval()'d code(16): fwrite()\n#1 /var/www/vhosts/gcba.ru/httpdocs/95f33f6732e3.php(1): eval()\n#2 {main}\n  thrown in /var/www/vhosts/gcba.ru/httpdocs/95f33f6732e3.php(1) : eval()'d code on line 16', referer: https://gcba.ru/95f33f6732e3.php
[Thu Nov 14 08:56:00.438030 2024] [proxy_fcgi:error] [pid 1861] [client 150.241.85.177:37718] AH01071: Got error 'PHP message: PHP Fatal error:  Uncaught TypeError: fwrite(): Argument #1 ($stream) must be of type resource, bool given in /var/www/vhosts/gcba.ru/httpdocs/95f33f6732e3.php(1) : eval()'d code:16\nStack trace:\n#0 /var/www/vhosts/gcba.ru/httpdocs/95f33f6732e3.php(1) : eval()'d code(16): fwrite()\n#1 /var/www/vhosts/gcba.ru/httpdocs/95f33f6732e3.php(1): eval()\n#2 {main}\n  thrown in /var/www/vhosts/gcba.ru/httpdocs/95f33f6732e3.php(1) : eval()'d code on line 16', referer: https://gcba.ru/95f33f6732e3.php
[Fri Nov 15 02:55:06.998975 2024] [proxy_fcgi:error] [pid 24538] [client 87.251.77.180:54672] AH01071: Got error 'PHP message: PHP Fatal error:  Uncaught TypeError: fwrite(): Argument #1 ($stream) must be of type resource, bool given in /var/www/vhosts/gcba.ru/httpdocs/95f33f6732e3.php(1) : eval()'d code:16\nStack trace:\n#0 /var/www/vhosts/gcba.ru/httpdocs/95f33f6732e3.php(1) : eval()'d code(16): fwrite()\n#1 /var/www/vhosts/gcba.ru/httpdocs/95f33f6732e3.php(1): eval()\n#2 {main}\n  thrown in /var/www/vhosts/gcba.ru/httpdocs/95f33f6732e3.php(1) : eval()'d code on line 16', referer: https://gcba.ru/95f33f6732e3.php
[Fri Nov 15 04:38:21.831246 2024] [proxy_fcgi:error] [pid 24605] [client 87.251.77.180:59988] AH01071: Got error 'PHP message: PHP Fatal error:  Uncaught TypeError: fwrite(): Argument #1 ($stream) must be of type resource, bool given in /var/www/vhosts/gcba.ru/httpdocs/95f33f6732e3.php(1) : eval()'d code:16\nStack trace:\n#0 /var/www/vhosts/gcba.ru/httpdocs/95f33f6732e3.php(1) : eval()'d code(16): fwrite()\n#1 /var/www/vhosts/gcba.ru/httpdocs/95f33f6732e3.php(1): eval()\n#2 {main}\n  thrown in /var/www/vhosts/gcba.ru/httpdocs/95f33f6732e3.php(1) : eval()'d code on line 16', referer: https://gcba.ru/95f33f6732e3.php
[Fri Nov 15 05:06:29.647312 2024] [proxy_fcgi:error] [pid 1185] [client 193.233.16.52:33462] AH01071: Got error 'PHP message: PHP Fatal error:  Uncaught TypeError: fwrite(): Argument #1 ($stream) must be of type resource, bool given in /var/www/vhosts/gcba.ru/httpdocs/95f33f6732e3.php(1) : eval()'d code:16\nStack trace:\n#0 /var/www/vhosts/gcba.ru/httpdocs/95f33f6732e3.php(1) : eval()'d code(16): fwrite()\n#1 /var/www/vhosts/gcba.ru/httpdocs/95f33f6732e3.php(1): eval()\n#2 {main}\n  thrown in /var/www/vhosts/gcba.ru/httpdocs/95f33f6732e3.php(1) : eval()'d code on line 16', referer: https://gcba.ru/95f33f6732e3.php
[Fri Nov 15 09:46:25.068866 2024] [proxy_fcgi:error] [pid 26404] [client 87.251.77.180:42902] AH01071: Got error 'PHP message: PHP Fatal error:  Uncaught TypeError: fwrite(): Argument #1 ($stream) must be of type resource, bool given in /var/www/vhosts/gcba.ru/httpdocs/95f33f6732e3.php(1) : eval()'d code:16\nStack trace:\n#0 /var/www/vhosts/gcba.ru/httpdocs/95f33f6732e3.php(1) : eval()'d code(16): fwrite()\n#1 /var/www/vhosts/gcba.ru/httpdocs/95f33f6732e3.php(1): eval()\n#2 {main}\n  thrown in /var/www/vhosts/gcba.ru/httpdocs/95f33f6732e3.php(1) : eval()'d code on line 16', referer: https://gcba.ru/95f33f6732e3.php
[Fri Nov 15 09:47:44.241216 2024] [proxy_fcgi:error] [pid 27141] [client 193.233.16.52:42934] AH01071: Got error 'PHP message: PHP Fatal error:  Uncaught TypeError: fwrite(): Argument #1 ($stream) must be of type resource, bool given in /var/www/vhosts/gcba.ru/httpdocs/95f33f6732e3.php(1) : eval()'d code:16\nStack trace:\n#0 /var/www/vhosts/gcba.ru/httpdocs/95f33f6732e3.php(1) : eval()'d code(16): fwrite()\n#1 /var/www/vhosts/gcba.ru/httpdocs/95f33f6732e3.php(1): eval()\n#2 {main}\n  thrown in /var/www/vhosts/gcba.ru/httpdocs/95f33f6732e3.php(1) : eval()'d code on line 16', referer: https://gcba.ru/95f33f6732e3.php
[Fri Nov 15 16:46:22.027120 2024] [log_config:warn] [pid 15976] (28)No space left on device: [client 13.64.229.66:55388] AH00646: Error writing to /var/www/vhosts/system/gcba.ru/logs/access_ssl_log
[Fri Nov 15 16:46:51.444535 2024] [log_config:warn] [pid 801] (28)No space left on device: [client 24.210.103.247:55390] AH00646: Error writing to /var/www/vhosts/system/gcba.ru/logs/access_ssl_log
[Fri Nov 15 16:47:33.320533 2024] [log_config:warn] [pid 23818] (28)No space left on device: [client 40.69.152.34:55398] AH00646: Error writing to /var/www/vhosts/system/gcba.ru/logs/access_ssl_log
[Fri Nov 15 16:47:35.191945 2024] [log_config:warn] [pid 26518] (28)No space left on device: [client 52.143.97.249:55400] AH00646: Error writing to /var/www/vhosts/system/gcba.ru/logs/access_ssl_log
[Fri Nov 15 16:47:45.833156 2024] [log_config:warn] [pid 23406] (28)No space left on device: [client 73.103.123.153:55402] AH00646: Error writing to /var/www/vhosts/system/gcba.ru/logs/access_ssl_log
[Fri Nov 15 16:48:15.748433 2024] [log_config:warn] [pid 15976] (28)No space left on device: [client 184.162.108.88:55408] AH00646: Error writing to /var/www/vhosts/system/gcba.ru/logs/access_ssl_log
[Fri Nov 15 16:48:30.595372 2024] [log_config:warn] [pid 801] (28)No space left on device: [client 13.64.229.66:55410] AH00646: Error writing to /var/www/vhosts/system/gcba.ru/logs/access_ssl_log
[Fri Nov 15 16:48:39.704024 2024] [log_config:warn] [pid 23818] (28)No space left on device: [client 13.64.229.66:55412] AH00646: Error writing to /var/www/vhosts/system/gcba.ru/logs/access_ssl_log
[Fri Nov 15 16:48:42.416449 2024] [log_config:warn] [pid 26518] (28)No space left on device: [client 52.168.53.211:55414] AH00646: Error writing to /var/www/vhosts/system/gcba.ru/logs/access_ssl_log
[Fri Nov 15 16:48:51.254063 2024] [log_config:warn] [pid 23406] (28)No space left on device: [client 40.114.94.144:55416] AH00646: Error writing to /var/www/vhosts/system/gcba.ru/logs/access_ssl_log
[Fri Nov 15 16:48:59.005469 2024] [log_config:warn] [pid 15976] (28)No space left on device: [client 52.156.85.196:55418] AH00646: Error writing to /var/www/vhosts/system/gcba.ru/logs/access_ssl_log
[Fri Nov 15 16:49:10.672372 2024] [log_config:warn] [pid 801] (28)No space left on device: [client 24.210.103.247:55422] AH00646: Error writing to /var/www/vhosts/system/gcba.ru/logs/access_ssl_log
[Fri Nov 15 16:49:15.881729 2024] [log_config:warn] [pid 23818] (28)No space left on device: [client 13.64.229.66:55426] AH00646: Error writing to /var/www/vhosts/system/gcba.ru/logs/access_ssl_log
[Fri Nov 15 16:49:20.044332 2024] [log_config:warn] [pid 26518] (28)No space left on device: [client 98.97.14.38:55428] AH00646: Error writing to /var/www/vhosts/system/gcba.ru/logs/access_ssl_log
[Fri Nov 15 16:49:20.403321 2024] [log_config:warn] [pid 23406] (28)No space left on device: [client 13.64.229.66:55430] AH00646: Error writing to /var/www/vhosts/system/gcba.ru/logs/access_ssl_log
[Fri Nov 15 16:49:22.459163 2024] [log_config:warn] [pid 15976] (28)No space left on device: [client 137.116.65.95:55432] AH00646: Error writing to /var/www/vhosts/system/gcba.ru/logs/access_ssl_log
[Fri Nov 15 16:49:27.047616 2024] [log_config:warn] [pid 801] (28)No space left on device: [client 52.156.85.196:55434] AH00646: Error writing to /var/www/vhosts/system/gcba.ru/logs/access_ssl_log
[Fri Nov 15 16:49:36.460765 2024] [log_config:warn] [pid 23818] (28)No space left on device: [client 13.68.23.72:55436] AH00646: Error writing to /var/www/vhosts/system/gcba.ru/logs/access_ssl_log
[Fri Nov 15 16:49:55.848690 2024] [log_config:warn] [pid 26518] (28)No space left on device: [client 13.68.23.72:55440] AH00646: Error writing to /var/www/vhosts/system/gcba.ru/logs/access_ssl_log
[Fri Nov 15 16:49:58.029512 2024] [lo[Mon Nov 18 01:50:23.643334 2024] [proxy_fcgi:error] [pid 24279] [client 62.60.249.135:59904] AH01071: Got error 'PHP message: PHP Fatal error:  Uncaught TypeError: fwrite(): Argument #1 ($stream) must be of type resource, bool given in /var/www/vhosts/gcba.ru/httpdocs/95f33f6732e3.php(1) : eval()'d code:16\nStack trace:\n#0 /var/www/vhosts/gcba.ru/httpdocs/95f33f6732e3.php(1) : eval()'d code(16): fwrite()\n#1 /var/www/vhosts/gcba.ru/httpdocs/95f33f6732e3.php(1): eval()\n#2 {main}\n  thrown in /var/www/vhosts/gcba.ru/httpdocs/95f33f6732e3.php(1) : eval()'d code on line 16', referer: https://gcba.ru/95f33f6732e3.php
[Mon Nov 18 04:41:47.212071 2024] [proxy_fcgi:error] [pid 27148] [client 62.60.249.135:35212] AH01071: Got error 'PHP message: PHP Fatal error:  Uncaught TypeError: fwrite(): Argument #1 ($stream) must be of type resource, bool given in /var/www/vhosts/gcba.ru/httpdocs/95f33f6732e3.php(1) : eval()'d code:16\nStack trace:\n#0 /var/www/vhosts/gcba.ru/httpdocs/95f33f6732e3.php(1) : eval()'d code(16): fwrite()\n#1 /var/www/vhosts/gcba.ru/httpdocs/95f33f6732e3.php(1): eval()\n#2 {main}\n  thrown in /var/www/vhosts/gcba.ru/httpdocs/95f33f6732e3.php(1) : eval()'d code on line 16', referer: https://gcba.ru/95f33f6732e3.php
[Mon Nov 18 08:04:02.294041 2024] [proxy_fcgi:error] [pid 15630] [client 62.60.249.135:38386] AH01071: Got error 'PHP message: PHP Fatal error:  Uncaught TypeError: fwrite(): Argument #1 ($stream) must be of type resource, bool given in /var/www/vhosts/gcba.ru/httpdocs/95f33f6732e3.php(1) : eval()'d code:16\nStack trace:\n#0 /var/www/vhosts/gcba.ru/httpdocs/95f33f6732e3.php(1) : eval()'d code(16): fwrite()\n#1 /var/www/vhosts/gcba.ru/httpdocs/95f33f6732e3.php(1): eval()\n#2 {main}\n  thrown in /var/www/vhosts/gcba.ru/httpdocs/95f33f6732e3.php(1) : eval()'d code on line 16', referer: https://gcba.ru/95f33f6732e3.php
[Tue Nov 19 00:20:12.489625 2024] [log_config:warn] [pid 24279] (28)No space left on device: [client 159.203.19.58:48006] AH00646: Error writing to /var/www/vhosts/system/gcba.ru/logs/access_ssl_log
[Tue Nov 19 00:20:16.113259 2024] [proxy_fcgi:error] [pid 27148] [client 158.247.231.95:48008] AH01071: Got error 'PHP message: PHP Fatal error:  Uncaught ValueError: Path cannot be empty in /var/www/vhosts/gcba.ru/httpdocs/294b12067c.php:87\nStack trace:\n#0 /var/www/vhosts/gcba.ru/httpdocs/294b12067c.php(87): copy()\n#1 {main}\n  thrown in /var/www/vhosts/gcba.ru/httpdocs/294b12067c.php on line 87'
[Tue Nov 19 00:20:16.113689 2024] [log_config:warn] [pid 27148] (28)No space left on device: [client 158.247.231.95:48008] AH00646: Error writing to /var/www/vhosts/system/gcba.ru/logs/access_ssl_log
[Tue Nov 19 00:20:21.730114 2024] [log_config:warn] [pid 19957] (28)No space left on device: [client 158.247.231.95:48010] AH00646: Error writing to /var/www/vhosts/system/gcba.ru/logs/access_ssl_log
[Tue Nov 19 00:20:27.521898 2024] [log_config:warn] [pid 15630] (28)No space left on device: [client 134.209.104.17:48016] AH00646: Error writing to /var/www/vhosts/system/gcba.ru/logs/access_ssl_log
[Tue Nov 19 00:20:33.510189 2024] [log_config:warn] [pid 28989] (28)No space left on device: [client 95.213.130.226:48018] AH00646: Error writing to /var/www/vhosts/system/gcba.ru/logs/access_ssl_log
[Tue Nov 19 00:20:34.031373 2024] [log_config:warn] [pid 24279] (28)No space left on device: [client 185.26.122.41:48020] AH00646: Error writing to /var/www/vhosts/system/gcba.ru/logs/access_ssl_log
[Tue Nov 19 00:22:49.037828 2024] [log_config:warn] [pid 27148] (28)No space left on device: [client 137.116.65.95:48038] AH00646: Error writing to /var/www/vhosts/system/gcba.ru/logs/access_ssl_log
[Tue Nov 19 00:23:22.662700 2024] [log_config:warn] [pid 19957] (28)No space left on device: [client 137.116.65.95:48040] AH00646: Error writing to /var/www/vhosts/system/gcba.ru/logs/access_ssl_log
[Tue Nov 19 00:23:30.936659 2024] [log_config:warn] [pid 15630] (28)No space left on device: [client 52.156.85.196:48046] AH00646: Error writing to /var/www/vhosts/system/gcba.ru/logs/access_ssl_log
[Tue Nov 19 00:23:31.322486 [Mon Jan 20 12:23:55.963535 2025] [proxy_fcgi:error] [pid 559] [client 85.208.96.207:37360] AH01071: Got error 'Primary script unknown'
[Mon Jan 20 12:24:20.325967 2025] [proxy_fcgi:error] [pid 32559] [client 185.191.171.15:37372] AH01071: Got error 'Primary script unknown'
[Mon Jan 20 12:24:24.492791 2025] [proxy_fcgi:error] [pid 4044] [client 185.191.171.7:37374] AH01071: Got error 'Primary script unknown'
[Mon Jan 20 12:27:06.050442 2025] [proxy_fcgi:error] [pid 1809] [client 185.191.171.13:37454] AH01071: Got error 'Primary script unknown'
[Mon Jan 20 12:29:55.760596 2025] [proxy_fcgi:error] [pid 559] [client 185.191.171.6:37526] AH01071: Got error 'Primary script unknown'
[Mon Jan 20 12:31:55.792164 2025] [proxy_fcgi:error] [pid 32559] [client 185.191.171.8:37576] AH01071: Got error 'Primary script unknown'
[Mon Jan 20 12:34:12.218355 2025] [proxy_fcgi:error] [pid 4044] [client 185.191.171.16:37626] AH01071: Got error 'Primary script unknown'
[Mon Jan 20 12:35:24.832143 2025] [proxy_fcgi:error] [pid 32034] [client 85.208.96.204:37666] AH01071: Got error 'Primary script unknown'
[Mon Jan 20 12:37:19.171991 2025] [proxy_fcgi:error] [pid 1809] [client 85.208.96.200:37712] AH01071: Got error 'Primary script unknown'
[Mon Jan 20 12:40:11.229502 2025] [proxy_fcgi:error] [pid 559] [client 85.208.96.197:37776] AH01071: Got error 'Primary script unknown'
[Mon Jan 20 12:42:33.267228 2025] [proxy_fcgi:error] [pid 32559] [client 85.208.96.194:37832] AH01071: Got error 'Primary script unknown'
[Mon Jan 20 12:47:36.102468 2025] [proxy_fcgi:error] [pid 32034] [client 185.191.171.1:37958] AH01071: Got error 'Primary script unknown'
[Mon Jan 20 12:49:11.561770 2025] [proxy_fcgi:error] [pid 1809] [client 185.191.171.3:38022] AH01071: Got error 'Primary script unknown'
[Mon Jan 20 12:57:21.066423 2025] [proxy_fcgi:error] [pid 32034] [client 85.208.96.206:38248] AH01071: Got error 'Primary script unknown'
[Mon Jan 20 12:57:47.366213 2025] [proxy_fcgi:error] [pid 1809] [client 85.208.96.200:38260] AH01071: Got error 'Primary script unknown'
[Mon Jan 20 12:59:32.582695 2025] [proxy_fcgi:error] [pid 4044] [client 85.208.96.195:38308] AH01071: Got error 'Primary script unknown'
[Mon Jan 20 13:02:52.017350 2025] [proxy_fcgi:error] [pid 32034] [client 185.191.171.2:38392] AH01071: Got error 'Primary script unknown'
[Mon Jan 20 13:05:08.368434 2025] [proxy_fcgi:error] [pid 4044] [client 206.189.19.19:38490] AH01071: Got error 'Primary script unknown'
[Mon Jan 20 13:05:08.519943 2025] [proxy_fcgi:error] [pid 32034] [client 206.189.19.19:38492] AH01071: Got error 'Primary script unknown'
[Mon Jan 20 13:05:08.671396 2025] [proxy_fcgi:error] [pid 1809] [client 206.189.19.19:38494] AH01071: Got error 'Primary script unknown'
[Mon Jan 20 13:05:08.830697 2025] [proxy_fcgi:error] [pid 559] [client 206.189.19.19:38496] AH01071: Got error 'Primary script unknown'
[Mon Jan 20 13:05:09.140015 2025] [proxy_fcgi:error] [pid 4044] [client 206.189.19.19:38500] AH01071: Got error 'Primary script unknown'
[Mon Jan 20 13:05:09.293053 2025] [proxy_fcgi:error] [pid 32034] [client 206.189.19.19:38502] AH01071: Got error 'Primary script unknown'
[Mon Jan 20 13:05:09.456259 2025] [proxy_fcgi:error] [pid 1809] [client 206.189.19.19:38506] AH01071: Got error 'Primary script unknown'
[Mon Jan 20 13:05:09.605509 2025] [proxy_fcgi:error] [pid 559] [client 206.189.19.19:38508] AH01071: Got error 'Primary script unknown'
[Mon Jan 20 13:05:09.762307 2025] [proxy_fcgi:error] [pid 32559] [client 206.189.19.19:38510] AH01071: Got error 'Primary script unknown'
[Mon Jan 20 13:05:09.917119 2025] [proxy_fcgi:error] [pid 4044] [client 206.189.19.19:38512] AH01071: Got error 'Primary script unknown'
[Mon Jan 20 13:05:10.075565 2025] [proxy_fcgi:error] [pid 32034] [client 206.189.19.19:38514] AH01071: Got error 'Primary script unknown'
[Mon Jan 20 13:05:10.231702 2025] [proxy_fcgi:error] [pid 1809] [client 206.189.19.19:38516] AH01071: Got error 'Primary script unknown'
[Mon Jan 20 13:05:10.382914 2025] [proxy_fcgi:error] [pid 559] [client 206.189.19.19:38520] AH01071: Got error 'Primary script unknown'
[Mon Jan 20 13:05:10.540981 2025] [proxy_fcgi:error] [pid 32559] [client 206.189.19.19:38522] AH01071: Got error 'Primary script unknown'
[Mon Jan 20 13:05:10.690574 2025] [proxy_fcgi:error] [pid 4044] [client 206.189.19.19:38524] AH01071: Got error 'Primary script unknown'
[Mon Jan 20 13:05:10.837081 2025] [proxy_fcgi:error] [pid 32034] [client 206.189.19.19:38526] AH01071: Got error 'Primary script unknown'
[Mon Jan 20 13:05:10.981803 2025] [proxy_fcgi:error] [pid 1809] [client 206.189.19.19:38530] AH01071: Got error 'Primary script unknown'
[Mon Jan 20 13:05:27.095152 2025] [proxy_fcgi:error] [pid 12282] [client 185.191.171.8:38546] AH01071: Got error 'Primary script unknown'
[Mon Jan 20 13:08:57.634735 2025] [proxy_fcgi:error] [pid 12281] [client 185.191.171.12:38654] AH01071: Got error 'Primary script unknown'
[Mon Jan 20 13:09:25.182141 2025] [proxy_fcgi:error] [pid 12284] [client 185.191.171.18:38662] AH01071: Got error 'Primary script unknown'
[Mon Jan 20 13:16:48.510571 2025] [proxy_fcgi:error] [pid 12283] [client 185.191.171.9:38880] AH01071: Got error 'Primary script unknown'
[Mon Jan 20 13:17:05.103137 2025] [proxy_fcgi:error] [pid 12281] [client 18.218.3.189:38886] AH01071: Got error 'Primary script unknown', referer: http://gcba.ru/wordpress
[Mon Jan 20 13:17:05.751572 2025] [proxy_fcgi:error] [pid 12285] [client 18.218.3.189:38890] AH01071: Got error 'Primary script unknown', referer: http://gcba.ru/wp
[Mon Jan 20 13:17:06.099740 2025] [proxy_fcgi:error] [pid 12282] [client 18.218.3.189:38892] AH01071: Got error 'Primary script unknown', referer: http://gcba.ru/bc
[Mon Jan 20 13:17:06.449750 2025] [proxy_fcgi:error] [pid 12283] [client 18.218.3.189:38894] AH01071: Got error 'Primary script unknown', referer: http://gcba.ru/bk
[Mon Jan 20 13:17:06.878605 2025] [proxy_fcgi:error] [pid 12281] [client 18.218.3.189:38898] AH01071: Got error 'Primary script unknown', referer: http://gcba.ru/backup
[Mon Jan 20 13:17:07.281224 2025] [proxy_fcgi:error] [pid 12284] [client 18.218.3.189:38900] AH01071: Got error 'Primary script unknown', referer: http://gcba.ru/old
[Mon Jan 20 13:17:07.690283 2025] [proxy_fcgi:error] [pid 12285] [client 18.218.3.189:38902] AH01071: Got error 'Primary script unknown', referer: http://gcba.ru/new
[Mon Jan 20 13:17:08.163186 2025] [proxy_fcgi:error] [pid 12282] [client 18.218.3.189:38904] AH01071: Got error 'Primary script unknown', referer: http://gcba.ru/main
[Mon Jan 20 13:17:08.675707 2025] [proxy_fcgi:error] [pid 12283] [client 18.218.3.189:38906] AH01071: Got error 'Primary script unknown', referer: http://gcba.ru/home
[Mon Jan 20 13:20:06.946717 2025] [proxy_fcgi:error] [pid 12281] [client 185.191.171.12:38982] AH01071: Got error 'Primary script unknown'
[Mon Jan 20 13:20:28.924994 2025] [proxy_fcgi:error] [pid 12284] [client 85.208.96.194:38986] AH01071: Got error 'Primary script unknown'
[Mon Jan 20 13:23:03.518037 2025] [proxy_fcgi:error] [pid 12282] [client 85.208.96.194:39052] AH01071: Got error 'Primary script unknown'
[Mon Jan 20 13:24:47.036153 2025] [proxy_fcgi:error] [pid 12283] [client 85.208.96.194:39104] AH01071: Got error 'Primary script unknown'
[Mon Jan 20 13:27:00.811204 2025] [proxy_fcgi:error] [pid 12281] [client 185.191.171.12:39168] AH01071: Got error 'Primary script unknown'
[Mon Jan 20 13:29:26.120608 2025] [proxy_fcgi:error] [pid 12284] [client 85.208.96.210:39222] AH01071: Got error 'Primary script unknown'
[Mon Jan 20 13:33:37.791992 2025] [proxy_fcgi:error] [pid 12285] [client 85.208.96.209:39314] AH01071: Got error 'Primary script unknown'
[Mon Jan 20 13:33:40.332067 2025] [proxy_fcgi:error] [pid 12282] [client 185.191.171.5:39318] AH01071: Got error 'Primary script unknown'
[Mon Jan 20 13:33:42.606782 2025] [proxy_fcgi:error] [pid 12283] [client 85.208.96.206:39320] AH01071: Got error 'Primary script unknown'
[Mon Jan 20 13:34:09.369002 2025] [proxy_fcgi:error] [pid 12281] [client 185.191.171.6:39338] AH01071: Got error 'Primary script unknown'
[Mon Jan 20 13:43:46.732470 2025] [proxy_fcgi:error] [pid 12284] [client 85.208.96.211:39568] AH01071: Got error 'Primary script unknown'
[Mon Jan 20 13:44:02.819605 2025] [proxy_fcgi:error] [pid 12285] [client 185.191.171.9:39574] AH01071: Got error 'Primary script unknown'
[Mon Jan 20 13:44:10.526827 2025] [proxy_fcgi:error] [pid 12282] [client 185.191.171.12:39578] AH01071: Got error 'Primary script unknown'
[Mon Jan 20 13:47:50.719713 2025] [proxy_fcgi:error] [pid 12281] [client 85.208.96.209:39674] AH01071: Got error 'Primary script unknown'
[Mon Jan 20 13:48:23.062768 2025] [proxy_fcgi:error] [pid 12284] [client 185.191.171.16:39690] AH01071: Got error 'Primary script unknown'
[Mon Jan 20 13:52:06.955640 2025] [proxy_fcgi:error] [pid 12285] [client 185.191.171.16:39790] AH01071: Got error 'Primary script unknown'
[Mon Jan 20 13:55:29.446132 2025] [proxy_fcgi:error] [pid 12283] [client 85.208.96.201:39876] AH01071: Got error 'Primary script unknown'
[Mon Jan 20 13:55:55.623582 2025] [proxy_fcgi:error] [pid 12281] [client 85.208.96.199:39888] AH01071: Got error 'Primary script unknown'
[Mon Jan 20 13:57:13.346451 2025] [proxy_fcgi:error] [pid 12284] [client 185.191.171.6:39920] AH01071: Got error 'Primary script unknown'
[Mon Jan 20 13:57:16.255647 2025] [proxy_fcgi:error] [pid 12285] [client 85.208.96.206:39922] AH01071: Got error 'Primary script unknown'
[Mon Jan 20 13:57:46.169772 2025] [proxy_fcgi:error] [pid 12282] [client 85.208.96.209:39936] AH01071: Got error 'Primary script unknown'
[Mon Jan 20 13:59:05.139559 2025] [proxy_fcgi:error] [pid 12283] [client 185.191.171.11:39972] AH01071: Got error 'Primary script unknown'
[Mon Jan 20 13:59:55.057815 2025] [proxy_fcgi:error] [pid 12281] [client 85.208.96.193:39994] AH01071: Got error 'Primary script unknown'
[Mon Jan 20 13:59:57.095895 2025] [proxy_fcgi:error] [pid 12284] [client 85.208.96.209:39996] AH01071: Got error 'Primary script unknown'
[Mon Jan 20 14:00:58.779930 2025] [proxy_fcgi:error] [pid 12285] [client 185.191.171.6:40022] AH01071: Got error 'Primary script unknown'
[Mon Jan 20 14:02:12.582520 2025] [proxy_fcgi:error] [pid 12282] [client 185.191.171.6:40048] AH01071: Got error 'Primary script unknown'
[Mon Jan 20 14:05:21.129926 2025] [proxy_fcgi:error] [pid 12283] [client 185.191.171.15:40126] AH01071: Got error 'Primary script unknown'
[Mon Jan 20 14:07:55.958004 2025] [proxy_fcgi:error] [pid 12281] [client 85.208.96.197:40192] AH01071: Got error 'Primary script unknown'
[Mon Jan 20 14:10:40.094177 2025] [proxy_fcgi:error] [pid 12282] [client 85.208.96.197:40256] AH01071: Got error 'Primary script unknown'
[Mon Jan 20 14:10:49.051788 2025] [proxy_fcgi:error] [pid 12283] [client 85.208.96.195:40266] AH01071: Got error 'Primary script unknown'
[Mon Jan 20 14:18:51.447099 2025] [proxy_fcgi:error] [pid 12282] [client 85.208.96.195:40472] AH01071: Got error 'Primary script unknown'
[Mon Jan 20 14:20:15.891867 2025] [proxy_fcgi:error] [pid 12283] [client 185.191.171.16:40506] AH01071: Got error 'Primary script unknown'
[Mon Jan 20 14:20:30.456130 2025] [proxy_fcgi:error] [pid 12281] [client 85.208.96.193:40510] AH01071: Got error 'Primary script unknown'
[Mon Jan 20 14:22:26.657677 2025] [proxy_fcgi:error] [pid 12284] [client 85.208.96.194:40562] AH01071: Got error 'Primary script unknown'
[Mon Jan 20 14:24:11.732648 2025] [proxy_fcgi:error] [pid 12282] [client 185.191.171.5:40610] AH01071: Got error 'Primary script unknown'
[Mon Jan 20 14:25:04.858126 2025] [proxy_fcgi:error] [pid 12283] [client 85.208.96.195:40632] AH01071: Got error 'Primary script unknown'
[Mon Jan 20 14:28:06.637654 2025] [proxy_fcgi:error] [pid 12281] [client 85.208.96.196:40710] AH01071: Got error 'Primary script unknown'
[Mon Jan 20 14:28:28.784957 2025] [proxy_fcgi:error] [pid 12284] [client 85.208.96.209:40718] AH01071: Got error 'Primary script unknown'
[Mon Jan 20 14:29:15.568197 2025] [proxy_fcgi:error] [pid 12285] [client 185.191.171.7:40736] AH01071: Got error 'Primary script unknown'
[Mon Jan 20 14:31:48.120743 2025] [proxy_fcgi:error] [pid 12284] [client 185.191.171.16:40802] AH01071: Got error 'Primary script unknown'
[Mon Jan 20 14:31:54.724870 2025] [proxy_fcgi:error] [pid 12285] [client 149.88.22.69:40806] AH01071: Got error 'Primary script unknown'
[Mon Jan 20 14:31:54.780395 2025] [proxy_fcgi:error] [pid 12282] [client 149.88.22.69:40808] AH01071: Got error 'Primary script unknown'
[Mon Jan 20 14:31:54.983559 2025] [proxy_fcgi:error] [pid 12283] [client 149.88.22.69:40810] AH01071: Got error 'Primary script unknown'
[Mon Jan 20 14:31:55.021749 2025] [proxy_fcgi:error] [pid 12281] [client 149.88.22.69:40812] AH01071: Got error 'Primary script unknown'
[Mon Jan 20 14:31:55.222098 2025] [proxy_fcgi:error] [pid 12284] [client 149.88.22.69:40814] AH01071: Got error 'Primary script unknown'
[Mon Jan 20 14:31:55.261000 2025] [proxy_fcgi:error] [pid 12285] [client 149.88.22.69:40816] AH01071: Got error 'Primary script unknown'
[Mon Jan 20 14:31:55.496957 2025] [proxy_fcgi:error] [pid 12282] [client 149.88.22.69:40818] AH01071: Got error 'Primary script unknown'
[Mon Jan 20 14:31:55.553883 2025] [proxy_fcgi:error] [pid 12283] [client 149.88.22.69:40820] AH01071: Got error 'Primary script unknown'
[Mon Jan 20 14:31:55.791281 2025] [proxy_fcgi:error] [pid 12281] [client 149.88.22.69:40822] AH01071: Got error 'Primary script unknown'
