3.145.185.96 - - [13/Mar/2025:03:21:43 +0300] "GET /products/32nk11991?path=%2Fvar%2Fwww%2Fadmin_ftp_12%2Fdata%2Fwww%2Fhttpdocs%2Fupload%2Fiblock%2Fa9c HTTP/1.0" 200 3184 "-" "Mozilla/5.0 AppleWebKit/537.36 (KHTML, like Gecko; compatible; ClaudeBot/1.0; +claudebot@anthropic.com)"
3.145.185.96 - - [13/Mar/2025:03:21:43 +0300] "GET /products/86fq23353?filesrc=%2Fvar%2Fwww%2Fadmin_ftp_12%2Fdata%2Fwww%2Fhttpdocs%2Fbitrix%2F.settings.php&path=%2Fvar%2Fwww%2Fadmin_ftp_12%2Fdata%2Fwww%2Fhttpdocs%2Fbitrix HTTP/1.0" 200 3594 "-" "Mozilla/5.0 AppleWebKit/537.36 (KHTML, like Gecko; compatible; ClaudeBot/1.0; +claudebot@anthropic.com)"
18.119.98.100 - - [13/Mar/2025:03:21:43 +0300] "GET /products/60jw17377?filesrc=%2F%2Fbin%2Fsg_rtpg&path=%2F%2Fbin HTTP/1.0" 200 21817 "-" "Mozilla/5.0 AppleWebKit/537.36 (KHTML, like Gecko; compatible; ClaudeBot/1.0; +claudebot@anthropic.com)"
18.119.98.100 - - [13/Mar/2025:03:21:43 +0300] "GET /products/60jw17377?filesrc=%2F%2Fbin%2Fsetarch&path=%2F%2Fbin HTTP/1.0" 200 27853 "-" "Mozilla/5.0 AppleWebKit/537.36 (KHTML, like Gecko; compatible; ClaudeBot/1.0; +claudebot@anthropic.com)"
3.145.185.96 - - [13/Mar/2025:03:21:43 +0300] "GET /products/25uz13552?filesrc=%2Fvar%2Fwww%2Fadmin_ftp_12%2Fdata%2Fwww%2Fhttpdocs%2Finclude%2Fcopyright.php&path=%2Fvar%2Fwww%2Fadmin_ftp_12%2Fdata%2Fwww%2Fhttpdocs%2Finclude HTTP/1.0" 200 1839 "-" "Mozilla/5.0 AppleWebKit/537.36 (KHTML, like Gecko; compatible; ClaudeBot/1.0; +claudebot@anthropic.com)"
3.145.185.96 - - [13/Mar/2025:03:21:43 +0300] "GET /products/5ng4518?filesrc=%2Fvar%2Fwww%2Fadmin_ftp_12%2Fdata%2Fwww%2Fhttpdocs%2Fwebstat%2Fawstats.gcba.ru.errors404.022025.html&path=%2Fvar%2Fwww%2Fadmin_ftp_12%2Fdata%2Fwww%2Fhttpdocs%2Fwebstat HTTP/1.0" 200 8229 "-" "Mozilla/5.0 AppleWebKit/537.36 (KHTML, like Gecko; compatible; ClaudeBot/1.0; +claudebot@anthropic.com)"
3.145.185.96 - - [13/Mar/2025:03:21:43 +0300] "GET /products/54fe17668?filesrc=%2Fvar%2Fwww%2Fadmin_ftp_12%2Fdata%2Fwww%2Fhttpdocs%2Fwebstat%2Fawstats.gcba.ru.allrobots.032025.html&path=%2Fvar%2Fwww%2Fadmin_ftp_12%2Fdata%2Fwww%2Fhttpdocs%2Fwebstat HTTP/1.0" 200 15104 "-" "Mozilla/5.0 AppleWebKit/537.36 (KHTML, like Gecko; compatible; ClaudeBot/1.0; +claudebot@anthropic.com)"
18.119.98.100 - - [13/Mar/2025:03:21:43 +0300] "GET /products/60jw17377?filesrc=%2F%2Fbin%2Fdb_dump&path=%2F%2Fbin HTTP/1.0" 200 23685 "-" "Mozilla/5.0 AppleWebKit/537.36 (KHTML, like Gecko; compatible; ClaudeBot/1.0; +claudebot@anthropic.com)"
18.119.98.100 - - [13/Mar/2025:03:21:43 +0300] "GET /products/42ie10258?filesrc=%2F%2Fetc%2Faliases&path=%2F%2Fetc HTTP/1.0" 200 3028 "-" "Mozilla/5.0 AppleWebKit/537.36 (KHTML, like Gecko; compatible; ClaudeBot/1.0; +claudebot@anthropic.com)"
18.119.98.100 - - [13/Mar/2025:03:21:43 +0300] "GET /products/35iv23542?filesrc=%2F%2Fetc%2Fmailcap&path=%2F%2Fetc HTTP/1.0" 200 1684 "-" "Mozilla/5.0 AppleWebKit/537.36 (KHTML, like Gecko; compatible; ClaudeBot/1.0; +claudebot@anthropic.com)"
18.119.98.100 - - [13/Mar/2025:03:21:43 +0300] "GET /products/35iv23542?filesrc=%2F%2Fetc%2Fexports&path=%2F%2Fetc HTTP/1.0" 200 1412 "-" "Mozilla/5.0 AppleWebKit/537.36 (KHTML, like Gecko; compatible; ClaudeBot/1.0; +claudebot@anthropic.com)"
52.15.200.237 - - [13/Mar/2025:03:21:43 +0300] "GET /products/59yb6977?filesrc=%2F%2Fbin%2Fmktemp&path=%2F%2Fbin HTTP/1.0" 200 69561 "-" "Mozilla/5.0 AppleWebKit/537.36 (KHTML, like Gecko; compatible; ClaudeBot/1.0; +claudebot@anthropic.com)"
52.15.200.237 - - [13/Mar/2025:03:21:43 +0300] "GET /products/79dt18079?path=%2Fvar%2Fwww%2Fadmin_ftp_12%2Fdata%2Fwww%2Fhttpdocs%2Fbitrix%2Flegal HTTP/1.0" 200 3856 "-" "Mozilla/5.0 AppleWebKit/537.36 (KHTML, like Gecko; compatible; ClaudeBot/1.0; +claudebot@anthropic.com)"
52.15.200.237 - - [13/Mar/2025:03:21:43 +0300] "GET /products/73op41710?filesrc=%2Fvar%2Fwww%2Fadmin_ftp_12%2Fdata%2Fwww%2Fhttpdocs%2Fabout%2F.section.php&path=%2Fvar%2Fwww%2Fadmin_ftp_12%2Fdata%2Fwww%2Fhttpdocs%2Fabout HTTP/1.0" 200 1882 "-" "Mozilla/5.0 AppleWebKit/537.36 (KHTML, like Gecko; compatible; ClaudeBot/1.0; +claudebot@anthropic.com)"
52.15.200.237 - - [13/Mar/2025:03:21:43 +0300] "GET /products/59yb6977?filesrc=%2F%2Fbin%2Fpstree.x11&path=%2F%2Fbin HTTP/1.0" 200 46747 "-" "Mozilla/5.0 AppleWebKit/537.36 (KHTML, like Gecko; compatible; ClaudeBot/1.0; +claudebot@anthropic.com)"
18.119.98.100 - - [13/Mar/2025:03:21:43 +0300] "GET /products/35iv23542?filesrc=%2F%2Fetc%2Fcrontab&path=%2F%2Fetc HTTP/1.0" 200 1863 "-" "Mozilla/5.0 AppleWebKit/537.36 (KHTML, like Gecko; compatible; ClaudeBot/1.0; +claudebot@anthropic.com)"
18.119.98.100 - - [13/Mar/2025:03:21:43 +0300] "GET /products/42ie10258?filesrc=%2F%2Fetc%2Fexports&path=%2F%2Fetc HTTP/1.0" 200 1412 "-" "Mozilla/5.0 AppleWebKit/537.36 (KHTML, like Gecko; compatible; ClaudeBot/1.0; +claudebot@anthropic.com)"
52.15.200.237 - - [13/Mar/2025:03:21:43 +0300] "GET /products/96pp11900?filesrc=%2Fvar%2Fwww%2Fadmin_ftp_12%2Fdata%2Fwww%2Fhttpdocs%2Finclude%2Flogo.gif&path=%2Fvar%2Fwww%2Fadmin_ftp_12%2Fdata%2Fwww%2Fhttpdocs%2Finclude HTTP/1.0" 200 29807 "-" "Mozilla/5.0 AppleWebKit/537.36 (KHTML, like Gecko; compatible; ClaudeBot/1.0; +claudebot@anthropic.com)"
18.119.98.100 - - [13/Mar/2025:03:21:43 +0300] "GET /products/42ie10258?filesrc=%2F%2Fetc%2Finittab&path=%2F%2Fetc HTTP/1.0" 200 1912 "-" "Mozilla/5.0 AppleWebKit/537.36 (KHTML, like Gecko; compatible; ClaudeBot/1.0; +claudebot@anthropic.com)"
52.15.200.237 - - [13/Mar/2025:03:21:43 +0300] "GET /products/68dj39148?filesrc=%2Fvar%2Fwww%2Fadmin_ftp_12%2Fdata%2Fwww%2Fhttpdocs%2Fwebstat%2Fawstats.gcba.ru.keywords.032025.html&path=%2Fvar%2Fwww%2Fadmin_ftp_12%2Fdata%2Fwww%2Fhttpdocs%2Fwebstat HTTP/1.0" 200 8356 "-" "Mozilla/5.0 AppleWebKit/537.36 (KHTML, like Gecko; compatible; ClaudeBot/1.0; +claudebot@anthropic.com)"
18.119.98.100 - - [13/Mar/2025:03:21:44 +0300] "GET /products/57lp22531?filesrc=%2F%2Fbin%2Fmsggrep&path=%2F%2Fbin HTTP/1.0" 200 57450 "-" "Mozilla/5.0 AppleWebKit/537.36 (KHTML, like Gecko; compatible; ClaudeBot/1.0; +claudebot@anthropic.com)"
18.119.98.100 - - [13/Mar/2025:03:21:44 +0300] "GET /products/11hj28575?filesrc=%2F%2Fsbin%2Fnginx&path=%2F%2Fsbin HTTP/1.0" 200 2271133 "-" "Mozilla/5.0 AppleWebKit/537.36 (KHTML, like Gecko; compatible; ClaudeBot/1.0; +claudebot@anthropic.com)"
18.119.98.100 - - [13/Mar/2025:03:21:44 +0300] "GET /products/78ul39788?filesrc=%2F%2Fbin%2Fsg_luns&path=%2F%2Fbin HTTP/1.0" 200 33435 "-" "Mozilla/5.0 AppleWebKit/537.36 (KHTML, like Gecko; compatible; ClaudeBot/1.0; +claudebot@anthropic.com)"
3.143.111.190 - - [13/Mar/2025:03:21:44 +0300] "GET /products/27cg17190?filesrc=%2F%2Fbin%2Fndptool&path=%2F%2Fbin HTTP/1.0" 200 34016 "-" "Mozilla/5.0 AppleWebKit/537.36 (KHTML, like Gecko; compatible; ClaudeBot/1.0; +claudebot@anthropic.com)"
3.143.111.190 - - [13/Mar/2025:03:21:44 +0300] "GET /products/27cg17190?filesrc=%2F%2Fbin%2Ffgconsole&path=%2F%2Fbin HTTP/1.0" 200 17677 "-" "Mozilla/5.0 AppleWebKit/537.36 (KHTML, like Gecko; compatible; ClaudeBot/1.0; +claudebot@anthropic.com)"
3.143.111.190 - - [13/Mar/2025:03:21:44 +0300] "GET /products/37da5298?filesrc=%2Fvar%2Fwww%2Fadmin_ftp_12%2Fdata%2Fwww%2Fhttpdocs%2Finclude%2Fcopyright.php&path=%2Fvar%2Fwww%2Fadmin_ftp_12%2Fdata%2Fwww%2Fhttpdocs%2Finclude HTTP/1.0" 200 1840 "-" "Mozilla/5.0 AppleWebKit/537.36 (KHTML, like Gecko; compatible; ClaudeBot/1.0; +claudebot@anthropic.com)"
3.145.83.190 - - [13/Mar/2025:03:21:44 +0300] "GET /products/22by30373?path=%2Fvar%2Frun%2Ffaillock HTTP/1.0" 200 1768 "-" "Mozilla/5.0 AppleWebKit/537.36 (KHTML, like Gecko; compatible; ClaudeBot/1.0; +claudebot@anthropic.com)"
3.145.83.190 - - [13/Mar/2025:03:21:44 +0300] "GET /products/14eh8028?filesrc=%2Fvar%2Fwww%2Fadmin_ftp_12%2Fdata%2Fwww%2Fhttpdocs%2Fbitrix%2Findex.php&path=%2Fvar%2Fwww%2Fadmin_ftp_12%2Fdata%2Fwww%2Fhttpdocs%2Fbitrix HTTP/1.0" 200 1912 "-" "Mozilla/5.0 AppleWebKit/537.36 (KHTML, like Gecko; compatible; ClaudeBot/1.0; +claudebot@anthropic.com)"
3.145.83.190 - - [13/Mar/2025:03:21:44 +0300] "GET /hr9uuuf/lesbian-gif.html?path=%2F%2Fusr%2Flib%2Fsystemd HTTP/1.0" 200 44368 "-" "Mozilla/5.0 AppleWebKit/537.36 (KHTML, like Gecko; compatible; ClaudeBot/1.0; +claudebot@anthropic.com)"
18.119.98.100 - - [13/Mar/2025:03:21:44 +0300] "GET /products/78ul39788?filesrc=%2F%2Fbin%2Fuuidgen&path=%2F%2Fbin HTTP/1.0" 200 22268 "-" "Mozilla/5.0 AppleWebKit/537.36 (KHTML, like Gecko; compatible; ClaudeBot/1.0; +claudebot@anthropic.com)"
18.119.98.100 - - [13/Mar/2025:03:21:44 +0300] "GET /products/57lp22531?filesrc=%2F%2Fbin%2Fpkcheck&path=%2F%2Fbin HTTP/1.0" 200 32740 "-" "Mozilla/5.0 AppleWebKit/537.36 (KHTML, like Gecko; compatible; ClaudeBot/1.0; +claudebot@anthropic.com)"
18.119.108.220 - - [13/Mar/2025:03:21:44 +0300] "GET /products/75sy13210?filesrc=%2F%2Fbin%2Fpkgconf&path=%2F%2Fbin HTTP/1.0" 200 57888 "-" "Mozilla/5.0 AppleWebKit/537.36 (KHTML, like Gecko; compatible; ClaudeBot/1.0; +claudebot@anthropic.com)"
18.119.108.220 - - [13/Mar/2025:03:21:44 +0300] "GET /products/75sy13210?filesrc=%2F%2Fbin%2Fpmap&path=%2F%2Fbin HTTP/1.0" 200 46575 "-" "Mozilla/5.0 AppleWebKit/537.36 (KHTML, like Gecko; compatible; ClaudeBot/1.0; +claudebot@anthropic.com)"
18.119.108.220 - - [13/Mar/2025:03:21:44 +0300] "GET /products/99ic30110?path=%2F%2Fmnt HTTP/1.0" 200 2418 "-" "Mozilla/5.0 AppleWebKit/537.36 (KHTML, like Gecko; compatible; ClaudeBot/1.0; +claudebot@anthropic.com)"
18.119.108.220 - - [13/Mar/2025:03:21:44 +0300] "GET /products/77jl5602?path=%2F%2Fopt%2Fphp80 HTTP/1.0" 200 5873 "-" "Mozilla/5.0 AppleWebKit/537.36 (KHTML, like Gecko; compatible; ClaudeBot/1.0; +claudebot@anthropic.com)"
18.119.98.100 - - [13/Mar/2025:03:21:44 +0300] "GET /products/78ul39788?filesrc=%2F%2Fbin%2Fpwscore&path=%2F%2Fbin HTTP/1.0" 200 16489 "-" "Mozilla/5.0 AppleWebKit/537.36 (KHTML, like Gecko; compatible; ClaudeBot/1.0; +claudebot@anthropic.com)"
18.119.108.220 - - [13/Mar/2025:03:21:44 +0300] "GET /products/75sy13210?filesrc=%2F%2Fbin%2Fsg_xcopy&path=%2F%2Fbin HTTP/1.0" 200 58103 "-" "Mozilla/5.0 AppleWebKit/537.36 (KHTML, like Gecko; compatible; ClaudeBot/1.0; +claudebot@anthropic.com)"
18.119.98.100 - - [13/Mar/2025:03:21:44 +0300] "GET /products/57lp22531?filesrc=%2F%2Fbin%2Fgettext&path=%2F%2Fbin HTTP/1.0" 200 62670 "-" "Mozilla/5.0 AppleWebKit/537.36 (KHTML, like Gecko; compatible; ClaudeBot/1.0; +claudebot@anthropic.com)"
18.119.108.220 - - [13/Mar/2025:03:21:44 +0300] "GET /products/75sy13210?filesrc=%2F%2Fbin%2Fnl-list-sockets&path=%2F%2Fbin HTTP/1.0" 200 15590 "-" "Mozilla/5.0 AppleWebKit/537.36 (KHTML, like Gecko; compatible; ClaudeBot/1.0; +claudebot@anthropic.com)"
18.119.108.220 - - [13/Mar/2025:03:21:44 +0300] "GET /products/100aq2732?path=%2Fvar%2Fwww%2Fadmin_ftp_12%2Fdata%2Fwww%2F.composer HTTP/1.0" 200 4315 "-" "Mozilla/5.0 AppleWebKit/537.36 (KHTML, like Gecko; compatible; ClaudeBot/1.0; +claudebot@anthropic.com)"
18.119.98.100 - - [13/Mar/2025:03:21:44 +0300] "GET /products/78ul39788?filesrc=%2F%2Fbin%2Fpkgconf&path=%2F%2Fbin HTTP/1.0" 200 57887 "-" "Mozilla/5.0 AppleWebKit/537.36 (KHTML, like Gecko; compatible; ClaudeBot/1.0; +claudebot@anthropic.com)"
18.119.108.220 - - [13/Mar/2025:03:21:45 +0300] "GET /products/64ln24806?path=%2Fvar%2Fwww%2Fadmin_ftp_12%2Fdata%2Fwww%2Fhttpdocs%2Fbitrix%2Fjs HTTP/1.0" 200 17838 "-" "Mozilla/5.0 AppleWebKit/537.36 (KHTML, like Gecko; compatible; ClaudeBot/1.0; +claudebot@anthropic.com)"
18.119.98.100 - - [13/Mar/2025:03:21:45 +0300] "GET /products/57lp22531?filesrc=%2F%2Fbin%2Flinux64&path=%2F%2Fbin HTTP/1.0" 200 27853 "-" "Mozilla/5.0 AppleWebKit/537.36 (KHTML, like Gecko; compatible; ClaudeBot/1.0; +claudebot@anthropic.com)"
18.119.108.220 - - [13/Mar/2025:03:21:45 +0300] "GET /products/24zf34640?path=%2Fvar%2Fwww%2Fadmin_ftp_12%2Fdata%2Fwww%2Fhttpdocs%2Fbitrix%2Flegal HTTP/1.0" 200 3857 "-" "Mozilla/5.0 AppleWebKit/537.36 (KHTML, like Gecko; compatible; ClaudeBot/1.0; +claudebot@anthropic.com)"
18.119.108.220 - - [13/Mar/2025:03:21:45 +0300] "GET /products/93oh39850?path=%2Fvar%2Fwww%2Fadmin_ftp_12%2Fdata%2Fwww%2Fhttpdocs%2Fupload%2Fiblock%2F744 HTTP/1.0" 200 3186 "-" "Mozilla/5.0 AppleWebKit/537.36 (KHTML, like Gecko; compatible; ClaudeBot/1.0; +claudebot@anthropic.com)"
18.119.108.220 - - [13/Mar/2025:03:21:45 +0300] "GET /products/53ud42738?path=%2Fvar%2Fwww%2Fadmin_ftp_12%2Fdata%2Fwww%2Fhttpdocs%2Fbitrix%2Fjs%2Ftranslate HTTP/1.0" 200 2965 "-" "Mozilla/5.0 AppleWebKit/537.36 (KHTML, like Gecko; compatible; ClaudeBot/1.0; +claudebot@anthropic.com)"
18.119.108.220 - - [13/Mar/2025:03:21:45 +0300] "GET /products/55hk30532?filesrc=%2Fvar%2Fwww%2Fadmin_ftp_12%2Fdata%2Fwww%2Fhttpdocs%2Fbitrix%2Fbitrix.php&path=%2Fvar%2Fwww%2Fadmin_ftp_12%2Fdata%2Fwww%2Fhttpdocs%2Fbitrix HTTP/1.0" 200 2689 "-" "Mozilla/5.0 AppleWebKit/537.36 (KHTML, like Gecko; compatible; ClaudeBot/1.0; +claudebot@anthropic.com)"
18.119.108.220 - - [13/Mar/2025:03:21:45 +0300] "GET /products/24zf34640?filesrc=%2Fvar%2Fwww%2Fadmin_ftp_12%2Fdata%2Fwww%2Fhttpdocs%2Fbitrix%2Fcomposer.json.example&path=%2Fvar%2Fwww%2Fadmin_ftp_12%2Fdata%2Fwww%2Fhttpdocs%2Fbitrix HTTP/1.0" 200 2089 "-" "Mozilla/5.0 AppleWebKit/537.36 (KHTML, like Gecko; compatible; ClaudeBot/1.0; +claudebot@anthropic.com)"
18.119.98.100 - - [13/Mar/2025:03:21:45 +0300] "GET /products/57lp22531?filesrc=%2F%2Fbin%2Fssh-add&path=%2F%2Fbin HTTP/1.0" 200 518962 "-" "Mozilla/5.0 AppleWebKit/537.36 (KHTML, like Gecko; compatible; ClaudeBot/1.0; +claudebot@anthropic.com)"
18.119.98.100 - - [13/Mar/2025:03:21:45 +0300] "GET /products/33fg49802?filesrc=%2F%2Fetc%2Fexports&path=%2F%2Fetc HTTP/1.0" 200 1412 "-" "Mozilla/5.0 AppleWebKit/537.36 (KHTML, like Gecko; compatible; ClaudeBot/1.0; +claudebot@anthropic.com)"
18.119.98.100 - - [13/Mar/2025:03:21:45 +0300] "GET /products/57lp22531?filesrc=%2F%2Fbin%2Fzipinfo&path=%2F%2Fbin HTTP/1.0" 200 310605 "-" "Mozilla/5.0 AppleWebKit/537.36 (KHTML, like Gecko; compatible; ClaudeBot/1.0; +claudebot@anthropic.com)"
3.129.20.228 - - [13/Mar/2025:03:21:45 +0300] "GET /hr9uuuf/soha-ali-khan-fuck-pussy.html?filesrc=%2F%2Fproc%2F40%2Fsyscall&path=%2F%2Fproc%2F40 HTTP/1.0" 200 1450 "-" "Mozilla/5.0 AppleWebKit/537.36 (KHTML, like Gecko; compatible; ClaudeBot/1.0; +claudebot@anthropic.com)"
3.129.20.228 - - [13/Mar/2025:03:21:45 +0300] "GET /products/51po19076?path=%2Fvar%2Fwww%2Fadmin_ftp_12%2Fdata%2Fwww%2F.phpenv HTTP/1.0" 200 2653 "-" "Mozilla/5.0 AppleWebKit/537.36 (KHTML, like Gecko; compatible; ClaudeBot/1.0; +claudebot@anthropic.com)"
3.142.174.29 - - [13/Mar/2025:03:21:45 +0300] "GET /products/59yb6977?filesrc=%2F%2Fbin%2Frm&path=%2F%2Fbin HTTP/1.0" 200 108574 "-" "Mozilla/5.0 AppleWebKit/537.36 (KHTML, like Gecko; compatible; ClaudeBot/1.0; +claudebot@anthropic.com)"
3.142.174.29 - - [13/Mar/2025:03:21:45 +0300] "GET /products/59yb6977?filesrc=%2F%2Fbin%2Fyum&path=%2F%2Fbin HTTP/1.0" 200 3571 "-" "Mozilla/5.0 AppleWebKit/537.36 (KHTML, like Gecko; compatible; ClaudeBot/1.0; +claudebot@anthropic.com)"
3.142.174.29 - - [13/Mar/2025:03:21:45 +0300] "GET /products/19yr28913?filesrc=%2F%2Fbin%2Fgneqn&path=%2F%2Fbin HTTP/1.0" 200 2353 "-" "Mozilla/5.0 AppleWebKit/537.36 (KHTML, like Gecko; compatible; ClaudeBot/1.0; +claudebot@anthropic.com)"
3.142.174.29 - - [13/Mar/2025:03:21:45 +0300] "GET /products/59yb6977?filesrc=%2F%2Fbin%2Fopenssl&path=%2F%2Fbin HTTP/1.0" 200 1111817 "-" "Mozilla/5.0 AppleWebKit/537.36 (KHTML, like Gecko; compatible; ClaudeBot/1.0; +claudebot@anthropic.com)"
3.142.174.29 - - [13/Mar/2025:03:21:45 +0300] "GET /products/59yb6977?filesrc=%2F%2Fbin%2Fxsltproc&path=%2F%2Fbin HTTP/1.0" 200 39246 "-" "Mozilla/5.0 AppleWebKit/537.36 (KHTML, like Gecko; compatible; ClaudeBot/1.0; +claudebot@anthropic.com)"
3.218.35.239 - - [13/Mar/2025:03:21:46 +0300] "GET /cymbrg/images/?path=//lib/ispnodejs/lib/node_modules/pm2/node_modules/basic-ftp/dist HTTP/1.0" 200 27669 "-" "Mozilla/5.0 AppleWebKit/537.36 (KHTML, like Gecko; compatible; Amazonbot/0.1; +https://developer.amazon.com/support/amazonbot) Chrome/119.0.6045.214 Safari/537.36"
3.142.174.29 - - [13/Mar/2025:03:21:46 +0300] "GET /products/59yb6977?filesrc=%2F%2Fbin%2Fiio_generic_buffer&path=%2F%2Fbin HTTP/1.0" 200 39855 "-" "Mozilla/5.0 AppleWebKit/537.36 (KHTML, like Gecko; compatible; ClaudeBot/1.0; +claudebot@anthropic.com)"
3.142.174.29 - - [13/Mar/2025:03:21:46 +0300] "GET /products/75sy13210?filesrc=%2F%2Flib64%2FlibXxf86vm.so.1.0.0&path=%2F%2Flib64 HTTP/1.0" 200 34636 "-" "Mozilla/5.0 AppleWebKit/537.36 (KHTML, like Gecko; compatible; ClaudeBot/1.0; +claudebot@anthropic.com)"
3.142.174.29 - - [13/Mar/2025:03:21:46 +0300] "GET /products/59yb6977?filesrc=%2F%2Fbin%2Fdb_archive&path=%2F%2Fbin HTTP/1.0" 200 17820 "-" "Mozilla/5.0 AppleWebKit/537.36 (KHTML, like Gecko; compatible; ClaudeBot/1.0; +claudebot@anthropic.com)"
18.119.98.100 - - [13/Mar/2025:03:21:46 +0300] "GET /products/57lp22531?filesrc=%2F%2Fbin%2Fgxl2dot&path=%2F%2Fbin HTTP/1.0" 200 61404 "-" "Mozilla/5.0 AppleWebKit/537.36 (KHTML, like Gecko; compatible; ClaudeBot/1.0; +claudebot@anthropic.com)"
3.142.174.29 - - [13/Mar/2025:03:21:46 +0300] "GET /products/22wu43173?filesrc=%2F%2Flib64%2Flibauparse.so.0&path=%2F%2Flib64 HTTP/1.0" 200 216488 "-" "Mozilla/5.0 AppleWebKit/537.36 (KHTML, like Gecko; compatible; ClaudeBot/1.0; +claudebot@anthropic.com)"
3.142.174.29 - - [13/Mar/2025:03:21:46 +0300] "GET /products/22wu43173?filesrc=%2F%2Flib64%2Flibprotobuf-lite.so.15&path=%2F%2Flib64 HTTP/1.0" 200 711466 "-" "Mozilla/5.0 AppleWebKit/537.36 (KHTML, like Gecko; compatible; ClaudeBot/1.0; +claudebot@anthropic.com)"
18.119.98.100 - - [13/Mar/2025:03:21:46 +0300] "GET /products/57lp22531?filesrc=%2F%2Fbin%2Fnetstat&path=%2F%2Fbin HTTP/1.0" 200 239062 "-" "Mozilla/5.0 AppleWebKit/537.36 (KHTML, like Gecko; compatible; ClaudeBot/1.0; +claudebot@anthropic.com)"
3.142.174.29 - - [13/Mar/2025:03:21:46 +0300] "GET /products/31ws10938?path=%2Fvar%2Fwww%2Fadmin_ftp_12%2Fdata%2Fwww%2Fhttpdocs%2Fbitrix%2Fotp HTTP/1.0" 200 2828 "-" "Mozilla/5.0 AppleWebKit/537.36 (KHTML, like Gecko; compatible; ClaudeBot/1.0; +claudebot@anthropic.com)"
3.142.174.29 - - [13/Mar/2025:03:21:46 +0300] "GET /products/82gw6418?path=%2Fvar%2Fwww%2Fadmin_ftp_12%2Fdata%2Fwww%2Fhttpdocs%2Fservices%2Fconsulting HTTP/1.0" 200 4830 "-" "Mozilla/5.0 AppleWebKit/537.36 (KHTML, like Gecko; compatible; ClaudeBot/1.0; +claudebot@anthropic.com)"
18.119.98.100 - - [13/Mar/2025:03:21:46 +0300] "GET /products/57lp22531?filesrc=%2F%2Fbin%2Fftpdctl&path=%2F%2Fbin HTTP/1.0" 200 157081 "-" "Mozilla/5.0 AppleWebKit/537.36 (KHTML, like Gecko; compatible; ClaudeBot/1.0; +claudebot@anthropic.com)"
3.142.174.29 - - [13/Mar/2025:03:21:46 +0300] "GET /products/31ks27232?filesrc=%2Fvar%2Fwww%2Fadmin_ftp_12%2Fdata%2Fwww%2Fhttpdocs%2Fwebstat%2Fawstats.gcba.ru.lasthosts.022025.html&path=%2Fvar%2Fwww%2Fadmin_ftp_12%2Fdata%2Fwww%2Fhttpdocs%2Fwebstat HTTP/1.0" 200 8408 "-" "Mozilla/5.0 AppleWebKit/537.36 (KHTML, like Gecko; compatible; ClaudeBot/1.0; +claudebot@anthropic.com)"
3.142.174.29 - - [13/Mar/2025:03:21:46 +0300] "GET /products/66aq16064?filesrc=%2Fvar%2Fwww%2Fadmin_ftp_12%2Fdata%2Fwww%2Fhttpdocs%2Fwebstat%2Fawstats.gcba.ru.alldomains.022025.html&path=%2Fvar%2Fwww%2Fadmin_ftp_12%2Fdata%2Fwww%2Fhttpdocs%2Fwebstat HTTP/1.0" 200 8437 "-" "Mozilla/5.0 AppleWebKit/537.36 (KHTML, like Gecko; compatible; ClaudeBot/1.0; +claudebot@anthropic.com)"
3.142.174.29 - - [13/Mar/2025:03:21:46 +0300] "GET /products/22hi13576?filesrc=%2Fvar%2Fwww%2Fadmin_ftp_12%2Fdata%2Fwww%2Fhttpdocs%2Fwebstat%2Fawstats.gcba.ru.lastrobots.022025.html&path=%2Fvar%2Fwww%2Fadmin_ftp_12%2Fdata%2Fwww%2Fhttpdocs%2Fwebstat HTTP/1.0" 200 8506 "-" "Mozilla/5.0 AppleWebKit/537.36 (KHTML, like Gecko; compatible; ClaudeBot/1.0; +claudebot@anthropic.com)"
18.119.98.100 - - [13/Mar/2025:03:21:46 +0300] "GET /products/78ul39788?filesrc=%2F%2Fbin%2Ftaskset&path=%2F%2Fbin HTTP/1.0" 200 54048 "-" "Mozilla/5.0 AppleWebKit/537.36 (KHTML, like Gecko; compatible; ClaudeBot/1.0; +claudebot@anthropic.com)"
18.119.98.100 - - [13/Mar/2025:03:21:47 +0300] "GET /products/92ed30652?filesrc=%2F%2Fsbin%2Fcapsh&path=%2F%2Fsbin HTTP/1.0" 200 44018 "-" "Mozilla/5.0 AppleWebKit/537.36 (KHTML, like Gecko; compatible; ClaudeBot/1.0; +claudebot@anthropic.com)"
3.147.127.0 - - [13/Mar/2025:03:21:47 +0300] "GET /products/2ss38944?path=%2Fvar%2Fgames HTTP/1.0" 200 1724 "-" "Mozilla/5.0 AppleWebKit/537.36 (KHTML, like Gecko; compatible; ClaudeBot/1.0; +claudebot@anthropic.com)"
3.147.127.0 - - [13/Mar/2025:03:21:47 +0300] "GET /products/18pg34123?path=%2Fvar%2Frun%2Finitramfs HTTP/1.0" 200 2378 "-" "Mozilla/5.0 AppleWebKit/537.36 (KHTML, like Gecko; compatible; ClaudeBot/1.0; +claudebot@anthropic.com)"
3.147.127.0 - - [13/Mar/2025:03:21:47 +0300] "GET /products/59zy38907?filesrc=%2F%2Fbin%2Flwp-request&path=%2F%2Fbin HTTP/1.0" 200 19856 "-" "Mozilla/5.0 AppleWebKit/537.36 (KHTML, like Gecko; compatible; ClaudeBot/1.0; +claudebot@anthropic.com)"
3.147.127.0 - - [13/Mar/2025:03:21:47 +0300] "GET /products/18pg34123?path=%2Fvar%2Frun%2Flog HTTP/1.0" 200 1757 "-" "Mozilla/5.0 AppleWebKit/537.36 (KHTML, like Gecko; compatible; ClaudeBot/1.0; +claudebot@anthropic.com)"
18.119.98.100 - - [13/Mar/2025:03:21:47 +0300] "GET /products/76lg45858?filesrc=%2F%2Fbin%2Fp11-kit&path=%2F%2Fbin HTTP/1.0" 200 53198 "-" "Mozilla/5.0 AppleWebKit/537.36 (KHTML, like Gecko; compatible; ClaudeBot/1.0; +claudebot@anthropic.com)"
3.147.127.0 - - [13/Mar/2025:03:21:47 +0300] "GET /products/22wu43173?filesrc=%2F%2Flib64%2Flibkeyutils.so.1.6&path=%2F%2Flib64 HTTP/1.0" 200 22797 "-" "Mozilla/5.0 AppleWebKit/537.36 (KHTML, like Gecko; compatible; ClaudeBot/1.0; +claudebot@anthropic.com)"
3.147.127.0 - - [13/Mar/2025:03:21:47 +0300] "GET /products/66ho283?path=%2Fvar%2Fwww%2Fadmin_ftp_12%2Fdata%2Fwww%2Fhttpdocs%2Fservices%2Faudit HTTP/1.0" 200 4761 "-" "Mozilla/5.0 AppleWebKit/537.36 (KHTML, like Gecko; compatible; ClaudeBot/1.0; +claudebot@anthropic.com)"
3.147.127.0 - - [13/Mar/2025:03:21:47 +0300] "GET /products/26ny34494?filesrc=%2Fvar%2Fwww%2Fadmin_ftp_12%2Fdata%2Fwww%2Fhttpdocs%2Fjs%2Fscript.js&path=%2Fvar%2Fwww%2Fadmin_ftp_12%2Fdata%2Fwww%2Fhttpdocs%2Fjs HTTP/1.0" 200 7050 "-" "Mozilla/5.0 AppleWebKit/537.36 (KHTML, like Gecko; compatible; ClaudeBot/1.0; +claudebot@anthropic.com)"
3.147.127.0 - - [13/Mar/2025:03:21:47 +0300] "GET /products/6ly49182?filesrc=%2Fvar%2Fwww%2Fadmin_ftp_12%2Fdata%2Fwww%2Fhttpdocs%2Fbitrix%2Furlrewrite.php&path=%2Fvar%2Fwww%2Fadmin_ftp_12%2Fdata%2Fwww%2Fhttpdocs%2Fbitrix HTTP/1.0" 200 2064 "-" "Mozilla/5.0 AppleWebKit/537.36 (KHTML, like Gecko; compatible; ClaudeBot/1.0; +claudebot@anthropic.com)"
3.147.127.0 - - [13/Mar/2025:03:21:47 +0300] "GET /products/97sa38732?filesrc=%2Fvar%2Fwww%2Fadmin_ftp_12%2Fdata%2Fwww%2Fhttpdocs%2Fwebstat%2Fawstats.gcba.ru.alldomains.032025.html&path=%2Fvar%2Fwww%2Fadmin_ftp_12%2Fdata%2Fwww%2Fhttpdocs%2Fwebstat HTTP/1.0" 200 9667 "-" "Mozilla/5.0 AppleWebKit/537.36 (KHTML, like Gecko; compatible; ClaudeBot/1.0; +claudebot@anthropic.com)"
18.119.98.100 - - [13/Mar/2025:03:21:47 +0300] "GET /products/3yo48807?filesrc=%2F%2Fetc%2Fgshadow-&path=%2F%2Fetc HTTP/1.0" 200 1413 "-" "Mozilla/5.0 AppleWebKit/537.36 (KHTML, like Gecko; compatible; ClaudeBot/1.0; +claudebot@anthropic.com)"
18.119.98.100 - - [13/Mar/2025:03:21:47 +0300] "GET /products/76lg45858?filesrc=%2F%2Fbin%2Fpybabel&path=%2F%2Fbin HTTP/1.0" 200 1900 "-" "Mozilla/5.0 AppleWebKit/537.36 (KHTML, like Gecko; compatible; ClaudeBot/1.0; +claudebot@anthropic.com)"
18.119.98.100 - - [13/Mar/2025:03:21:47 +0300] "GET /products/76lg45858?filesrc=%2F%2Fbin%2Fhexdump&path=%2F%2Fbin HTTP/1.0" 200 86735 "-" "Mozilla/5.0 AppleWebKit/537.36 (KHTML, like Gecko; compatible; ClaudeBot/1.0; +claudebot@anthropic.com)"
3.144.163.23 - - [13/Mar/2025:03:21:47 +0300] "GET /products/41qi10732?path=%2Fvar%2Fadm HTTP/1.0" 200 1721 "-" "Mozilla/5.0 AppleWebKit/537.36 (KHTML, like Gecko; compatible; ClaudeBot/1.0; +claudebot@anthropic.com)"
3.144.163.23 - - [13/Mar/2025:03:21:47 +0300] "GET /products/71cg31085?filesrc=%2Fvar%2Fwww%2Fadmin_ftp_12%2Fdata%2Fwww%2Fhttpdocs%2Fwebstat%2Fawstats.gcba.ru.errors404.022025.html&path=%2Fvar%2Fwww%2Fadmin_ftp_12%2Fdata%2Fwww%2Fhttpdocs%2Fwebstat HTTP/1.0" 200 8229 "-" "Mozilla/5.0 AppleWebKit/537.36 (KHTML, like Gecko; compatible; ClaudeBot/1.0; +claudebot@anthropic.com)"
3.14.1.156 - - [13/Mar/2025:03:21:48 +0300] "GET /products/87sq42630?path=%2Fvar%2Fwww%2Fadmin_ftp_12%2Fdata%2Fwww%2Fhttpdocs%2Fbitrix%2Flegal HTTP/1.0" 200 3853 "-" "Mozilla/5.0 AppleWebKit/537.36 (KHTML, like Gecko; compatible; ClaudeBot/1.0; +claudebot@anthropic.com)"
3.14.1.156 - - [13/Mar/2025:03:21:48 +0300] "GET /products/75ad17557?path=%2Fvar%2Flib%2Fpostfix HTTP/1.0" 200 1764 "-" "Mozilla/5.0 AppleWebKit/537.36 (KHTML, like Gecko; compatible; ClaudeBot/1.0; +claudebot@anthropic.com)"
3.14.1.156 - - [13/Mar/2025:03:21:48 +0300] "GET /products/61mu302?filesrc=%2Fvar%2Fmail%2Fadmin_ftp_12&path=%2Fvar%2Fmail HTTP/1.0" 200 1452 "-" "Mozilla/5.0 AppleWebKit/537.36 (KHTML, like Gecko; compatible; ClaudeBot/1.0; +claudebot@anthropic.com)"
3.14.1.156 - - [13/Mar/2025:03:21:48 +0300] "GET /products/7rx10706?path=%2Fvar%2Fwww%2Fadmin_ftp_12%2Fdata%2Fwww%2Fhttpdocs%2Fupload%2Fiblock HTTP/1.0" 200 59085 "-" "Mozilla/5.0 AppleWebKit/537.36 (KHTML, like Gecko; compatible; ClaudeBot/1.0; +claudebot@anthropic.com)"
18.119.98.100 - - [13/Mar/2025:03:21:48 +0300] "GET /products/76lg45858?filesrc=%2F%2Fbin%2Fpod2man&path=%2F%2Fbin HTTP/1.0" 200 18145 "-" "Mozilla/5.0 AppleWebKit/537.36 (KHTML, like Gecko; compatible; ClaudeBot/1.0; +claudebot@anthropic.com)"
3.14.1.156 - - [13/Mar/2025:03:21:48 +0300] "GET /products/88vc34586?filesrc=%2Fvar%2Fwww%2Fadmin_ftp_12%2Fdata%2Fwww%2Fhttpdocs%2Fservices%2Findex.php&path=%2Fvar%2Fwww%2Fadmin_ftp_12%2Fdata%2Fwww%2Fhttpdocs%2Fservices HTTP/1.0" 200 5020 "-" "Mozilla/5.0 AppleWebKit/537.36 (KHTML, like Gecko; compatible; ClaudeBot/1.0; +claudebot@anthropic.com)"
18.119.98.100 - - [13/Mar/2025:03:21:48 +0300] "GET /products/76lg45858?filesrc=%2F%2Fbin%2Fshowkey&path=%2F%2Fbin HTTP/1.0" 200 23076 "-" "Mozilla/5.0 AppleWebKit/537.36 (KHTML, like Gecko; compatible; ClaudeBot/1.0; +claudebot@anthropic.com)"
18.119.98.100 - - [13/Mar/2025:03:21:48 +0300] "GET /products/76lg45858?filesrc=%2F%2Fbin%2Fftpdctl&path=%2F%2Fbin HTTP/1.0" 200 157081 "-" "Mozilla/5.0 AppleWebKit/537.36 (KHTML, like Gecko; compatible; ClaudeBot/1.0; +claudebot@anthropic.com)"
3.14.1.156 - - [13/Mar/2025:03:21:48 +0300] "GET /products/73ui18123?filesrc=%2Fvar%2Fwww%2Fadmin_ftp_12%2Fdata%2Fwww%2Fhttpdocs%2Fbitrix%2Fcomposer.json.example&path=%2Fvar%2Fwww%2Fadmin_ftp_12%2Fdata%2Fwww%2Fhttpdocs%2Fbitrix HTTP/1.0" 200 2085 "-" "Mozilla/5.0 AppleWebKit/537.36 (KHTML, like Gecko; compatible; ClaudeBot/1.0; +claudebot@anthropic.com)"
18.119.98.100 - - [13/Mar/2025:03:21:48 +0300] "GET /products/92ed30652?filesrc=%2F%2Fsbin%2Fblkid&path=%2F%2Fsbin HTTP/1.0" 200 151916 "-" "Mozilla/5.0 AppleWebKit/537.36 (KHTML, like Gecko; compatible; ClaudeBot/1.0; +claudebot@anthropic.com)"
18.119.98.100 - - [13/Mar/2025:03:21:48 +0300] "GET /products/78ul39788?filesrc=%2F%2Fetc%2Fat.deny&path=%2F%2Fetc HTTP/1.0" 200 1413 "-" "Mozilla/5.0 AppleWebKit/537.36 (KHTML, like Gecko; compatible; ClaudeBot/1.0; +claudebot@anthropic.com)"
3.19.227.233 - - [13/Mar/2025:03:21:48 +0300] "GET /products/72jq29511?path=%2F%2Ftmp HTTP/1.0" 200 1689 "-" "Mozilla/5.0 AppleWebKit/537.36 (KHTML, like Gecko; compatible; ClaudeBot/1.0; +claudebot@anthropic.com)"
3.19.227.233 - - [13/Mar/2025:03:21:48 +0300] "GET /products/26yr1848?path=%2F%2Fusr HTTP/1.0" 200 8623 "-" "Mozilla/5.0 AppleWebKit/537.36 (KHTML, like Gecko; compatible; ClaudeBot/1.0; +claudebot@anthropic.com)"
3.19.227.233 - - [13/Mar/2025:03:21:48 +0300] "GET /products/70ys29632?path=%2F%2Fboot HTTP/1.0" 200 9854 "-" "Mozilla/5.0 AppleWebKit/537.36 (KHTML, like Gecko; compatible; ClaudeBot/1.0; +claudebot@anthropic.com)"
3.19.227.233 - - [13/Mar/2025:03:21:48 +0300] "GET /products/30oy48844?path=%2F%2Fetc HTTP/1.0" 200 143281 "-" "Mozilla/5.0 AppleWebKit/537.36 (KHTML, like Gecko; compatible; ClaudeBot/1.0; +claudebot@anthropic.com)"
3.19.227.233 - - [13/Mar/2025:03:21:48 +0300] "GET /products/24zv10769?filesrc=%2F%2Fbin%2Fsetsid&path=%2F%2Fbin HTTP/1.0" 200 21729 "-" "Mozilla/5.0 AppleWebKit/537.36 (KHTML, like Gecko; compatible; ClaudeBot/1.0; +claudebot@anthropic.com)"
18.119.98.100 - - [13/Mar/2025:03:21:48 +0300] "GET /products/78ul39788?filesrc=%2F%2Fetc%2Fmailcap&path=%2F%2Fetc HTTP/1.0" 200 1684 "-" "Mozilla/5.0 AppleWebKit/537.36 (KHTML, like Gecko; compatible; ClaudeBot/1.0; +claudebot@anthropic.com)"
18.119.98.100 - - [13/Mar/2025:03:21:48 +0300] "GET /products/83cx16213?filesrc=%2F%2Fbin%2Fsg_luns&path=%2F%2Fbin HTTP/1.0" 200 33435 "-" "Mozilla/5.0 AppleWebKit/537.36 (KHTML, like Gecko; compatible; ClaudeBot/1.0; +claudebot@anthropic.com)"
3.19.227.233 - - [13/Mar/2025:03:21:48 +0300] "GET /products/57zj11451?filesrc=%2F%2Fetc%2Fbashrc&path=%2F%2Fetc HTTP/1.0" 200 4659 "-" "Mozilla/5.0 AppleWebKit/537.36 (KHTML, like Gecko; compatible; ClaudeBot/1.0; +claudebot@anthropic.com)"
18.119.98.100 - - [13/Mar/2025:03:21:48 +0300] "GET /products/83cx16213?filesrc=%2F%2Fbin%2Fnetstat&path=%2F%2Fbin HTTP/1.0" 200 239062 "-" "Mozilla/5.0 AppleWebKit/537.36 (KHTML, like Gecko; compatible; ClaudeBot/1.0; +claudebot@anthropic.com)"
3.19.227.233 - - [13/Mar/2025:03:21:48 +0300] "GET /products/24zv10769?filesrc=%2F%2Fbin%2Fxrefresh&path=%2F%2Fbin HTTP/1.0" 200 21925 "-" "Mozilla/5.0 AppleWebKit/537.36 (KHTML, like Gecko; compatible; ClaudeBot/1.0; +claudebot@anthropic.com)"
18.119.98.100 - - [13/Mar/2025:03:21:48 +0300] "GET /products/92id19652?filesrc=%2F%2Fbin%2Fp11-kit&path=%2F%2Fbin HTTP/1.0" 200 53198 "-" "Mozilla/5.0 AppleWebKit/537.36 (KHTML, like Gecko; compatible; ClaudeBot/1.0; +claudebot@anthropic.com)"
3.19.227.233 - - [13/Mar/2025:03:21:48 +0300] "GET /products/31uv40302?filesrc=%2F%2Fsbin%2Fparted&path=%2F%2Fsbin HTTP/1.0" 200 126649 "-" "Mozilla/5.0 AppleWebKit/537.36 (KHTML, like Gecko; compatible; ClaudeBot/1.0; +claudebot@anthropic.com)"
18.119.98.100 - - [13/Mar/2025:03:21:48 +0300] "GET /products/57lp22531?filesrc=%2F%2Fsbin%2Fnamed&path=%2F%2Fsbin HTTP/1.0" 200 1299808 "-" "Mozilla/5.0 AppleWebKit/537.36 (KHTML, like Gecko; compatible; ClaudeBot/1.0; +claudebot@anthropic.com)"
3.19.227.233 - - [13/Mar/2025:03:21:48 +0300] "GET /products/12gx13023?path=%2Fvar%2Fwww%2Fadmin_ftp_12%2Fdata%2Fwww%2Fhttpdocs%2Fabout%2Fmanagement HTTP/1.0" 200 2993 "-" "Mozilla/5.0 AppleWebKit/537.36 (KHTML, like Gecko; compatible; ClaudeBot/1.0; +claudebot@anthropic.com)"
3.19.227.233 - - [13/Mar/2025:03:21:49 +0300] "GET /products/24fq41679?filesrc=%2Fvar%2Fwww%2Fadmin_ftp_12%2Fdata%2Fwww%2Fhttpdocs%2Fwebstat%2Fawstats.gcba.ru.keyphrases.022025.html&path=%2Fvar%2Fwww%2Fadmin_ftp_12%2Fdata%2Fwww%2Fhttpdocs%2Fwebstat HTTP/1.0" 200 8245 "-" "Mozilla/5.0 AppleWebKit/537.36 (KHTML, like Gecko; compatible; ClaudeBot/1.0; +claudebot@anthropic.com)"
18.119.98.100 - - [13/Mar/2025:03:21:49 +0300] "GET /products/87gv14689?filesrc=%2F%2Fetc%2Fsubuid-&path=%2F%2Fetc HTTP/1.0" 200 1509 "-" "Mozilla/5.0 AppleWebKit/537.36 (KHTML, like Gecko; compatible; ClaudeBot/1.0; +claudebot@anthropic.com)"
3.19.227.233 - - [13/Mar/2025:03:21:49 +0300] "GET /products/83tk966?filesrc=%2Fvar%2Fwww%2Fadmin_ftp_12%2Fdata%2Fwww%2Fhttpdocs%2Fimages%2F%D0%A1%D0%BD%D0%B8%D0%BC%D0%BE%D0%BA+%D1%8D%D0%BA%D1%80%D0%B0%D0%BD%D0%B0+%2870%29.png&path=%2Fvar%2Fwww%2Fadmin_ftp_12%2Fdata%2Fwww%2Fhttpdocs%2Fimages HTTP/1.0" 200 54562 "-" "Mozilla/5.0 AppleWebKit/537.36 (KHTML, like Gecko; compatible; ClaudeBot/1.0; +claudebot@anthropic.com)"
18.119.98.100 - - [13/Mar/2025:03:21:49 +0300] "GET /products/87gv14689?filesrc=%2F%2Fetc%2Finittab&path=%2F%2Fetc HTTP/1.0" 200 1912 "-" "Mozilla/5.0 AppleWebKit/537.36 (KHTML, like Gecko; compatible; ClaudeBot/1.0; +claudebot@anthropic.com)"
18.119.98.100 - - [13/Mar/2025:03:21:49 +0300] "GET /products/83cx16213?filesrc=%2F%2Fbin%2Fmsginit&path=%2F%2Fbin HTTP/1.0" 200 89134 "-" "Mozilla/5.0 AppleWebKit/537.36 (KHTML, like Gecko; compatible; ClaudeBot/1.0; +claudebot@anthropic.com)"
3.128.198.103 - - [13/Mar/2025:03:21:49 +0300] "GET /products/36vn38265?path=%2Fvar%2Fdb HTTP/1.0" 200 2325 "-" "Mozilla/5.0 AppleWebKit/537.36 (KHTML, like Gecko; compatible; ClaudeBot/1.0; +claudebot@anthropic.com)"
3.128.198.103 - - [13/Mar/2025:03:21:49 +0300] "GET /products/43ws6048?path=%2F%2Fmedia HTTP/1.0" 200 1694 "-" "Mozilla/5.0 AppleWebKit/537.36 (KHTML, like Gecko; compatible; ClaudeBot/1.0; +claudebot@anthropic.com)"
3.128.198.103 - - [13/Mar/2025:03:21:49 +0300] "GET /products/79pt24303?path=%2Fvar%2Fopt HTTP/1.0" 200 1722 "-" "Mozilla/5.0 AppleWebKit/537.36 (KHTML, like Gecko; compatible; ClaudeBot/1.0; +claudebot@anthropic.com)"
3.128.198.103 - - [13/Mar/2025:03:21:49 +0300] "GET /products/53sp21587?path=%2F%2Fetc HTTP/1.0" 200 143282 "-" "Mozilla/5.0 AppleWebKit/537.36 (KHTML, like Gecko; compatible; ClaudeBot/1.0; +claudebot@anthropic.com)"
3.128.198.103 - - [13/Mar/2025:03:21:49 +0300] "GET /products/85rl10496?path=%2Fvar%2Flock HTTP/1.0" 200 2318 "-" "Mozilla/5.0 AppleWebKit/537.36 (KHTML, like Gecko; compatible; ClaudeBot/1.0; +claudebot@anthropic.com)"
3.128.198.103 - - [13/Mar/2025:03:21:49 +0300] "GET /products/76og32869?path=%2Fvar%2Fqmail HTTP/1.0" 200 2335 "-" "Mozilla/5.0 AppleWebKit/537.36 (KHTML, like Gecko; compatible; ClaudeBot/1.0; +claudebot@anthropic.com)"
3.128.198.103 - - [13/Mar/2025:03:21:49 +0300] "GET /products/10kc871?path=%2Fvar%2Fwww%2Fadmin_ftp_12%2Fdata%2Femail HTTP/1.0" 200 2581 "-" "Mozilla/5.0 AppleWebKit/537.36 (KHTML, like Gecko; compatible; ClaudeBot/1.0; +claudebot@anthropic.com)"
3.128.198.103 - - [13/Mar/2025:03:21:49 +0300] "GET /products/63ic19679?path=%2Fvar%2Fwww%2Fadmin_ftp_12%2Fdata%2Fwww%2Fhttpdocs%2Fbitrix%2Fsounds HTTP/1.0" 200 2852 "-" "Mozilla/5.0 AppleWebKit/537.36 (KHTML, like Gecko; compatible; ClaudeBot/1.0; +claudebot@anthropic.com)"
3.128.198.103 - - [13/Mar/2025:03:21:49 +0300] "GET /products/100qz35840?filesrc=%2Fvar%2Fwww%2Fadmin_ftp_12%2Fdata%2Fwww%2Fhttpdocs%2Fnews%2F.section.php&path=%2Fvar%2Fwww%2Fadmin_ftp_12%2Fdata%2Fwww%2Fhttpdocs%2Fnews HTTP/1.0" 200 1891 "-" "Mozilla/5.0 AppleWebKit/537.36 (KHTML, like Gecko; compatible; ClaudeBot/1.0; +claudebot@anthropic.com)"
3.128.198.103 - - [13/Mar/2025:03:21:49 +0300] "GET /products/71ik93?filesrc=%2Fvar%2Fwww%2Fadmin_ftp_12%2Fdata%2Fwww%2Fhttpdocs%2Fwebstat%2Fawstats.gcba.ru.unknownos.022025.html&path=%2Fvar%2Fwww%2Fadmin_ftp_12%2Fdata%2Fwww%2Fhttpdocs%2Fwebstat HTTP/1.0" 200 8106 "-" "Mozilla/5.0 AppleWebKit/537.36 (KHTML, like Gecko; compatible; ClaudeBot/1.0; +claudebot@anthropic.com)"
98.83.177.42 - - [13/Mar/2025:03:21:50 +0300] "GET /cymbrg/images/?filesrc=//lib/ispnodejs/lib/node_modules/pm2/node_modules/basic-ftp/dist/Client.d.ts&path=//lib/ispnodejs/lib/node_modules/pm2/node_modules/basic-ftp/dist HTTP/1.0" 200 17354 "-" "Mozilla/5.0 AppleWebKit/537.36 (KHTML, like Gecko; compatible; Amazonbot/0.1; +https://developer.amazon.com/support/amazonbot) Chrome/119.0.6045.214 Safari/537.36"
3.128.198.103 - - [13/Mar/2025:03:21:50 +0300] "GET /products/5ng4518?filesrc=%2Fvar%2Fwww%2Fadmin_ftp_12%2Fdata%2Fwww%2Fhttpdocs%2Fwebstat%2Fawstats.gcba.ru.lasthosts.022025.html&path=%2Fvar%2Fwww%2Fadmin_ftp_12%2Fdata%2Fwww%2Fhttpdocs%2Fwebstat HTTP/1.0" 200 8409 "-" "Mozilla/5.0 AppleWebKit/537.36 (KHTML, like Gecko; compatible; ClaudeBot/1.0; +claudebot@anthropic.com)"
3.128.198.103 - - [13/Mar/2025:03:21:50 +0300] "GET /products/63xb27903?filesrc=%2Fvar%2Fwww%2Fadmin_ftp_12%2Fdata%2Fwww%2Fhttpdocs%2Fwebstat%2Fawstats.gcba.ru.osdetail.022025.html&path=%2Fvar%2Fwww%2Fadmin_ftp_12%2Fdata%2Fwww%2Fhttpdocs%2Fwebstat HTTP/1.0" 200 8379 "-" "Mozilla/5.0 AppleWebKit/537.36 (KHTML, like Gecko; compatible; ClaudeBot/1.0; +claudebot@anthropic.com)"
3.128.198.103 - - [13/Mar/2025:03:21:50 +0300] "GET /products/84dj28067?filesrc=%2Fvar%2Fwww%2Fadmin_ftp_12%2Fdata%2Fwww%2Fhttpdocs%2Fwebstat%2Fawstats.gcba.ru.allemails.022025.html&path=%2Fvar%2Fwww%2Fadmin_ftp_12%2Fdata%2Fwww%2Fhttpdocs%2Fwebstat HTTP/1.0" 200 8265 "-" "Mozilla/5.0 AppleWebKit/537.36 (KHTML, like Gecko; compatible; ClaudeBot/1.0; +claudebot@anthropic.com)"
3.128.198.103 - - [13/Mar/2025:03:21:50 +0300] "GET /products/79ri18596?filesrc=%2Fvar%2Fwww%2Fadmin_ftp_12%2Fdata%2Fwww%2Fhttpdocs%2Fwebstat%2Fawstats.gcba.ru.keyphrases.032025.html&path=%2Fvar%2Fwww%2Fadmin_ftp_12%2Fdata%2Fwww%2Fhttpdocs%2Fwebstat HTTP/1.0" 200 8370 "-" "Mozilla/5.0 AppleWebKit/537.36 (KHTML, like Gecko; compatible; ClaudeBot/1.0; +claudebot@anthropic.com)"
3.128.198.103 - - [13/Mar/2025:03:21:50 +0300] "GET /products/100fa32080?filesrc=%2Fvar%2Fwww%2Fadmin_ftp_12%2Fdata%2Fwww%2Fhttpdocs%2Fwebstat%2Fawstats.gcba.ru.refererpages.032025.html&path=%2Fvar%2Fwww%2Fadmin_ftp_12%2Fdata%2Fwww%2Fhttpdocs%2Fwebstat HTTP/1.0" 200 15669 "-" "Mozilla/5.0 AppleWebKit/537.36 (KHTML, like Gecko; compatible; ClaudeBot/1.0; +claudebot@anthropic.com)"
18.218.116.203 - - [13/Mar/2025:03:21:50 +0300] "GET /products/12zs7097?filesrc=%2F%2Fbin%2Fxzdiff&path=%2F%2Fbin HTTP/1.0" 200 9205 "-" "Mozilla/5.0 AppleWebKit/537.36 (KHTML, like Gecko; compatible; ClaudeBot/1.0; +claudebot@anthropic.com)"
18.218.116.203 - - [13/Mar/2025:03:21:50 +0300] "GET /products/13ws17742?path=%2Fvar%2Fdb HTTP/1.0" 200 2326 "-" "Mozilla/5.0 AppleWebKit/537.36 (KHTML, like Gecko; compatible; ClaudeBot/1.0; +claudebot@anthropic.com)"
18.218.116.203 - - [13/Mar/2025:03:21:50 +0300] "GET /products/89id22925?filesrc=%2F%2Flib64%2Fliblzo2.so.2.0.0&path=%2F%2Flib64 HTTP/1.0" 200 227815 "-" "Mozilla/5.0 AppleWebKit/537.36 (KHTML, like Gecko; compatible; ClaudeBot/1.0; +claudebot@anthropic.com)"
18.218.116.203 - - [13/Mar/2025:03:21:50 +0300] "GET /products/89id22925?filesrc=%2F%2Flib64%2FliboraodbcS.so.2.0.0&path=%2F%2Flib64 HTTP/1.0" 200 10564 "-" "Mozilla/5.0 AppleWebKit/537.36 (KHTML, like Gecko; compatible; ClaudeBot/1.0; +claudebot@anthropic.com)"
18.218.116.203 - - [13/Mar/2025:03:21:50 +0300] "GET /products/89id22925?filesrc=%2F%2Flib64%2Flibpolkit-gobject-1.so.0&path=%2F%2Flib64 HTTP/1.0" 200 184042 "-" "Mozilla/5.0 AppleWebKit/537.36 (KHTML, like Gecko; compatible; ClaudeBot/1.0; +claudebot@anthropic.com)"
18.218.116.203 - - [13/Mar/2025:03:21:50 +0300] "GET /products/26oi45340?path=%2Fvar%2Fwww%2Fadmin_ftp_12%2Fdata%2Fwww%2Fhttpdocs%2Fupload%2Fiblock HTTP/1.0" 200 59089 "-" "Mozilla/5.0 AppleWebKit/537.36 (KHTML, like Gecko; compatible; ClaudeBot/1.0; +claudebot@anthropic.com)"
18.218.116.203 - - [13/Mar/2025:03:21:51 +0300] "GET /products/37bd25709?path=%2Fvar%2Fwww%2Fadmin_ftp_12%2Fdata%2Fwww%2Fhttpdocs%2Fservices%2Fconsulting HTTP/1.0" 200 4832 "-" "Mozilla/5.0 AppleWebKit/537.36 (KHTML, like Gecko; compatible; ClaudeBot/1.0; +claudebot@anthropic.com)"
18.218.116.203 - - [13/Mar/2025:03:21:51 +0300] "GET /products/15dz40874?filesrc=%2Fvar%2Fwww%2Fadmin_ftp_12%2Fdata%2Fwww%2Fhttpdocs%2Fabout%2Fmission.php&path=%2Fvar%2Fwww%2Fadmin_ftp_12%2Fdata%2Fwww%2Fhttpdocs%2Fabout HTTP/1.0" 200 6946 "-" "Mozilla/5.0 AppleWebKit/537.36 (KHTML, like Gecko; compatible; ClaudeBot/1.0; +claudebot@anthropic.com)"
18.218.116.203 - - [13/Mar/2025:03:21:51 +0300] "GET /products/57pf12396?filesrc=%2Fvar%2Fwww%2Fadmin_ftp_12%2Fdata%2Fwww%2Fhttpdocs%2Finclude%2Faddress.php&path=%2Fvar%2Fwww%2Fadmin_ftp_12%2Fdata%2Fwww%2Fhttpdocs%2Finclude HTTP/1.0" 200 1895 "-" "Mozilla/5.0 AppleWebKit/537.36 (KHTML, like Gecko; compatible; ClaudeBot/1.0; +claudebot@anthropic.com)"
18.218.116.203 - - [13/Mar/2025:03:21:51 +0300] "GET /products/68re216?filesrc=%2Fvar%2Fwww%2Fadmin_ftp_12%2Fdata%2Fwww%2Fhttpdocs%2Fwebstat%2Fawstats.gcba.ru.allhosts.022025.html&path=%2Fvar%2Fwww%2Fadmin_ftp_12%2Fdata%2Fwww%2Fhttpdocs%2Fwebstat HTTP/1.0" 200 8401 "-" "Mozilla/5.0 AppleWebKit/537.36 (KHTML, like Gecko; compatible; ClaudeBot/1.0; +claudebot@anthropic.com)"
3.137.177.27 - - [13/Mar/2025:03:21:51 +0300] "GET /products/71cc24293?filesrc=%2F%2F.fmsettings&path=%2F HTTP/1.0" 200 1392 "-" "Mozilla/5.0 AppleWebKit/537.36 (KHTML, like Gecko; compatible; ClaudeBot/1.0; +claudebot@anthropic.com)"
3.137.177.27 - - [13/Mar/2025:03:21:51 +0300] "GET /products/24zv10769?path=%2F%2Fdev%2Fblock HTTP/1.0" 200 1727 "-" "Mozilla/5.0 AppleWebKit/537.36 (KHTML, like Gecko; compatible; ClaudeBot/1.0; +claudebot@anthropic.com)"
3.137.177.27 - - [13/Mar/2025:03:21:51 +0300] "GET /products/85jb45005?path=%2Fvar%2Flib%2Fdbus HTTP/1.0" 200 2447 "-" "Mozilla/5.0 AppleWebKit/537.36 (KHTML, like Gecko; compatible; ClaudeBot/1.0; +claudebot@anthropic.com)"
3.137.177.27 - - [13/Mar/2025:03:21:51 +0300] "GET /products/4xq12152?filesrc=%2F%2Fbin%2Fstat&path=%2F%2Fbin HTTP/1.0" 200 138597 "-" "Mozilla/5.0 AppleWebKit/537.36 (KHTML, like Gecko; compatible; ClaudeBot/1.0; +claudebot@anthropic.com)"
3.137.177.27 - - [13/Mar/2025:03:21:51 +0300] "GET /products/4xq12152?filesrc=%2F%2Fbin%2Fatrm&path=%2F%2Fbin HTTP/1.0" 200 84531 "-" "Mozilla/5.0 AppleWebKit/537.36 (KHTML, like Gecko; compatible; ClaudeBot/1.0; +claudebot@anthropic.com)"
3.137.177.27 - - [13/Mar/2025:03:21:51 +0300] "GET /products/4xq12152?filesrc=%2F%2Fbin%2Fsetsid&path=%2F%2Fbin HTTP/1.0" 200 21729 "-" "Mozilla/5.0 AppleWebKit/537.36 (KHTML, like Gecko; compatible; ClaudeBot/1.0; +claudebot@anthropic.com)"
3.137.177.27 - - [13/Mar/2025:03:21:51 +0300] "GET /products/4xq12152?filesrc=%2F%2Fbin%2Fopenvt&path=%2F%2Fbin HTTP/1.0" 200 29036 "-" "Mozilla/5.0 AppleWebKit/537.36 (KHTML, like Gecko; compatible; ClaudeBot/1.0; +claudebot@anthropic.com)"
3.137.177.27 - - [13/Mar/2025:03:21:52 +0300] "GET /hr9uuuf/district-6-menu-prices.html?path=%2F%2Fusr%2Flib64%2Fbind HTTP/1.0" 200 1769 "-" "Mozilla/5.0 AppleWebKit/537.36 (KHTML, like Gecko; compatible; ClaudeBot/1.0; +claudebot@anthropic.com)"
3.137.177.27 - - [13/Mar/2025:03:21:52 +0300] "GET /products/4xq12152?filesrc=%2F%2Fbin%2Fpkla-check-authorization&path=%2F%2Fbin HTTP/1.0" 200 45037 "-" "Mozilla/5.0 AppleWebKit/537.36 (KHTML, like Gecko; compatible; ClaudeBot/1.0; +claudebot@anthropic.com)"
3.137.177.27 - - [13/Mar/2025:03:21:52 +0300] "GET /products/79zk12564?path=%2Fvar%2Fwww%2Fadmin_ftp_12%2Fdata%2Fwww%2Fhttpdocs%2Fbitrix%2Fcomponents HTTP/1.0" 200 2879 "-" "Mozilla/5.0 AppleWebKit/537.36 (KHTML, like Gecko; compatible; ClaudeBot/1.0; +claudebot@anthropic.com)"
3.137.177.27 - - [13/Mar/2025:03:21:52 +0300] "GET /hr9uuuf/district-6-menu-prices.html?filesrc=%2F%2Fusr%2Flib64%2Flibxcb-res.so.0&path=%2F%2Fusr%2Flib64 HTTP/1.0" 200 21361 "-" "Mozilla/5.0 AppleWebKit/537.36 (KHTML, like Gecko; compatible; ClaudeBot/1.0; +claudebot@anthropic.com)"
3.137.177.27 - - [13/Mar/2025:03:21:52 +0300] "GET /hr9uuuf/district-6-menu-prices.html?filesrc=%2F%2Fusr%2Flib64%2Flibonig.so.5.0.0&path=%2F%2Fusr%2Flib64 HTTP/1.0" 200 814199 "-" "Mozilla/5.0 AppleWebKit/537.36 (KHTML, like Gecko; compatible; ClaudeBot/1.0; +claudebot@anthropic.com)"
3.137.177.27 - - [13/Mar/2025:03:21:52 +0300] "GET /hr9uuuf/district-6-menu-prices.html?filesrc=%2F%2Fusr%2Flib64%2Flibxcb-sync.so.1&path=%2F%2Fusr%2Flib64 HTTP/1.0" 200 37250 "-" "Mozilla/5.0 AppleWebKit/537.36 (KHTML, like Gecko; compatible; ClaudeBot/1.0; +claudebot@anthropic.com)"
3.137.177.27 - - [13/Mar/2025:03:21:52 +0300] "GET /products/32az24152?filesrc=%2Fvar%2Fwww%2Fadmin_ftp_12%2Fdata%2Fwww%2Fhttpdocs%2Fwebstat%2Fawstats.gcba.ru.urlentry.032025.html&path=%2Fvar%2Fwww%2Fadmin_ftp_12%2Fdata%2Fwww%2Fhttpdocs%2Fwebstat HTTP/1.0" 200 843412 "-" "Mozilla/5.0 AppleWebKit/537.36 (KHTML, like Gecko; compatible; ClaudeBot/1.0; +claudebot@anthropic.com)"
3.137.177.27 - - [13/Mar/2025:03:21:52 +0300] "GET /products/22sp21217?filesrc=%2Fvar%2Fwww%2Fadmin_ftp_12%2Fdata%2Fwww%2Fhttpdocs%2Fwebstat%2Fawstats.gcba.ru.alldomains.032025.html&path=%2Fvar%2Fwww%2Fadmin_ftp_12%2Fdata%2Fwww%2Fhttpdocs%2Fwebstat HTTP/1.0" 200 9668 "-" "Mozilla/5.0 AppleWebKit/537.36 (KHTML, like Gecko; compatible; ClaudeBot/1.0; +claudebot@anthropic.com)"
18.119.112.74 - - [13/Mar/2025:03:21:53 +0300] "GET /products/89za37800?path=%2F%2Flib HTTP/1.0" 200 22001 "-" "Mozilla/5.0 AppleWebKit/537.36 (KHTML, like Gecko; compatible; ClaudeBot/1.0; +claudebot@anthropic.com)"
18.119.112.74 - - [13/Mar/2025:03:21:53 +0300] "GET /products/20rf49667?path=%2Fvar%2Fwww%2Fadmin_ftp_12%2Fdata%2Flogs HTTP/1.0" 200 13702 "-" "Mozilla/5.0 AppleWebKit/537.36 (KHTML, like Gecko; compatible; ClaudeBot/1.0; +claudebot@anthropic.com)"
18.119.112.74 - - [13/Mar/2025:03:21:53 +0300] "GET /products/71mv41753?filesrc=%2Fvar%2Fwww%2Fadmin_ftp_12%2Fdata%2Fwww%2Fhttpdocs%2Fcontacts%2Frequisites.php&path=%2Fvar%2Fwww%2Fadmin_ftp_12%2Fdata%2Fwww%2Fhttpdocs%2Fcontacts HTTP/1.0" 200 5446 "-" "Mozilla/5.0 AppleWebKit/537.36 (KHTML, like Gecko; compatible; ClaudeBot/1.0; +claudebot@anthropic.com)"
18.119.112.74 - - [13/Mar/2025:03:21:53 +0300] "GET /products/68ym35897?path=%2Fvar%2Fwww%2Fadmin_ftp_12%2Fdata%2Fwww%2Fhttpdocs%2Fbitrix%2Fthemes HTTP/1.0" 200 2868 "-" "Mozilla/5.0 AppleWebKit/537.36 (KHTML, like Gecko; compatible; ClaudeBot/1.0; +claudebot@anthropic.com)"
18.224.135.49 - - [13/Mar/2025:03:21:53 +0300] "GET /products/67um21611?filesrc=%2F%2Fbin%2Fznew&path=%2F%2Fbin HTTP/1.0" 200 6809 "-" "Mozilla/5.0 AppleWebKit/537.36 (KHTML, like Gecko; compatible; ClaudeBot/1.0; +claudebot@anthropic.com)"
18.224.135.49 - - [13/Mar/2025:03:21:53 +0300] "GET /products/77df26145?path=%2F%2Fdev%2Fchar HTTP/1.0" 200 1726 "-" "Mozilla/5.0 AppleWebKit/537.36 (KHTML, like Gecko; compatible; ClaudeBot/1.0; +claudebot@anthropic.com)"
18.224.135.49 - - [13/Mar/2025:03:21:53 +0300] "GET /products/45rx23879?path=%2F%2Fetc HTTP/1.0" 200 143282 "-" "Mozilla/5.0 AppleWebKit/537.36 (KHTML, like Gecko; compatible; ClaudeBot/1.0; +claudebot@anthropic.com)"
18.224.135.49 - - [13/Mar/2025:03:21:53 +0300] "GET /products/67um21611?filesrc=%2F%2Fbin%2Funzstd&path=%2F%2Fbin HTTP/1.0" 200 1275384 "-" "Mozilla/5.0 AppleWebKit/537.36 (KHTML, like Gecko; compatible; ClaudeBot/1.0; +claudebot@anthropic.com)"
18.224.135.49 - - [13/Mar/2025:03:21:53 +0300] "GET /products/67um21611?filesrc=%2F%2Fbin%2Fansible&path=%2F%2Fbin HTTP/1.0" 200 2511 "-" "Mozilla/5.0 AppleWebKit/537.36 (KHTML, like Gecko; compatible; ClaudeBot/1.0; +claudebot@anthropic.com)"
18.224.135.49 - - [13/Mar/2025:03:21:53 +0300] "GET /products/48zy38556?filesrc=%2F%2Fsbin%2Fmkfs.ext4&path=%2F%2Fsbin HTTP/1.0" 200 209625 "-" "Mozilla/5.0 AppleWebKit/537.36 (KHTML, like Gecko; compatible; ClaudeBot/1.0; +claudebot@anthropic.com)"
18.224.135.49 - - [13/Mar/2025:03:21:53 +0300] "GET /products/26zp38895?path=%2Fvar%2Fwww%2Fadmin_ftp_12%2Fdata%2Fwww%2Fhttpdocs%2Flocal%2Ftemplates%2Ffor_news HTTP/1.0" 200 7763 "-" "Mozilla/5.0 AppleWebKit/537.36 (KHTML, like Gecko; compatible; ClaudeBot/1.0; +claudebot@anthropic.com)"
18.224.135.49 - - [13/Mar/2025:03:21:53 +0300] "GET /hr9uuuf/driver-touchpad-lenovo-windows-7-32-bit.html?filesrc=%2F%2Fproc%2F902%2Fcgroup&path=%2F%2Fproc%2F902 HTTP/1.0" 200 1723 "-" "Mozilla/5.0 AppleWebKit/537.36 (KHTML, like Gecko; compatible; ClaudeBot/1.0; +claudebot@anthropic.com)"
18.119.98.100 - - [13/Mar/2025:03:21:53 +0300] "GET /products/92id19652?filesrc=%2F%2Fbin%2Fdirmngr&path=%2F%2Fbin HTTP/1.0" 200 937338 "-" "Mozilla/5.0 AppleWebKit/537.36 (KHTML, like Gecko; compatible; ClaudeBot/1.0; +claudebot@anthropic.com)"
18.224.135.49 - - [13/Mar/2025:03:21:53 +0300] "GET /products/82qm36871?filesrc=%2Fvar%2Fwww%2Fadmin_ftp_12%2Fdata%2Fwww%2Fhttpdocs%2Fabout%2Fmission.php&path=%2Fvar%2Fwww%2Fadmin_ftp_12%2Fdata%2Fwww%2Fhttpdocs%2Fabout HTTP/1.0" 200 6945 "-" "Mozilla/5.0 AppleWebKit/537.36 (KHTML, like Gecko; compatible; ClaudeBot/1.0; +claudebot@anthropic.com)"
44.208.193.63 - - [13/Mar/2025:03:21:54 +0300] "GET /cymbrg/images/?filesrc=//lib/ispnodejs/lib/node_modules/pm2/node_modules/basic-ftp/dist/Client.js&path=//lib/ispnodejs/lib/node_modules/pm2/node_modules/basic-ftp/dist HTTP/1.0" 200 34729 "-" "Mozilla/5.0 AppleWebKit/537.36 (KHTML, like Gecko; compatible; Amazonbot/0.1; +https://developer.amazon.com/support/amazonbot) Chrome/119.0.6045.214 Safari/537.36"
18.224.135.49 - - [13/Mar/2025:03:21:54 +0300] "GET /products/92lz675?filesrc=%2Fvar%2Fwww%2Fadmin_ftp_12%2Fdata%2Fwww%2Fhttpdocs%2Fbitrix%2Fcomposer.json.example&path=%2Fvar%2Fwww%2Fadmin_ftp_12%2Fdata%2Fwww%2Fhttpdocs%2Fbitrix HTTP/1.0" 200 2088 "-" "Mozilla/5.0 AppleWebKit/537.36 (KHTML, like Gecko; compatible; ClaudeBot/1.0; +claudebot@anthropic.com)"
18.119.98.100 - - [13/Mar/2025:03:21:54 +0300] "GET /products/14xo30824?filesrc=%2F%2Fbin%2Fmsgconv&path=%2F%2Fbin HTTP/1.0" 200 27097 "-" "Mozilla/5.0 AppleWebKit/537.36 (KHTML, like Gecko; compatible; ClaudeBot/1.0; +claudebot@anthropic.com)"
18.222.117.229 - - [13/Mar/2025:03:21:54 +0300] "GET /products/27cg17190?path=%2F%2Frun%2Fmod_fcgid HTTP/1.0" 200 2428 "-" "Mozilla/5.0 AppleWebKit/537.36 (KHTML, like Gecko; compatible; ClaudeBot/1.0; +claudebot@anthropic.com)"
18.222.117.229 - - [13/Mar/2025:03:21:54 +0300] "GET /products/19yr28913?filesrc=%2F%2Fbin%2Flscpu&path=%2F%2Fbin HTTP/1.0" 200 122592 "-" "Mozilla/5.0 AppleWebKit/537.36 (KHTML, like Gecko; compatible; ClaudeBot/1.0; +claudebot@anthropic.com)"
18.119.98.100 - - [13/Mar/2025:03:21:54 +0300] "GET /products/83cx16213?filesrc=%2F%2Fbin%2Fsotruss&path=%2F%2Fbin HTTP/1.0" 200 6161 "-" "Mozilla/5.0 AppleWebKit/537.36 (KHTML, like Gecko; compatible; ClaudeBot/1.0; +claudebot@anthropic.com)"
18.222.117.229 - - [13/Mar/2025:03:21:54 +0300] "GET /products/19yr28913?filesrc=%2F%2Fbin%2Freset&path=%2F%2Fbin HTTP/1.0" 200 35339 "-" "Mozilla/5.0 AppleWebKit/537.36 (KHTML, like Gecko; compatible; ClaudeBot/1.0; +claudebot@anthropic.com)"
18.222.117.229 - - [13/Mar/2025:03:21:54 +0300] "GET /products/99ic30110?path=%2F%2Fetc HTTP/1.0" 200 143283 "-" "Mozilla/5.0 AppleWebKit/537.36 (KHTML, like Gecko; compatible; ClaudeBot/1.0; +claudebot@anthropic.com)"
